May 04 18:18:29.511860 n-d-712142-11 devstack@placement-api.service[75075]: DEBUG placement.requestlog [req-61238ff5-2851-44eb-9595-06bfd1ef9f25 req-00ce3315-fa3e-4bab-9eac-172054e5c75e None None] Starting request: 10.222.0.60 "GET /placement/allocation_candidates?limit=1000&resources=DISK_GB%3A1%2CMEMORY_MB%3A1024%2CVCPU%3A1&root_required=%21COMPUTE_STATUS_DISABLED" {{(pid=75075) __call__ /opt/stack/placement/placement/requestlog.py:55}}
May 04 18:18:29.576810 n-d-712142-11 devstack@placement-api.service[75075]: DEBUG placement.objects.research_context [req-61238ff5-2851-44eb-9595-06bfd1ef9f25 req-00ce3315-fa3e-4bab-9eac-172054e5c75e service placement] getting providers with 1 DISK_GB {{(pid=75075) __init__ /opt/stack/placement/placement/objects/research_context.py:126}}
May 04 18:18:29.595831 n-d-712142-11 devstack@placement-api.service[75075]: DEBUG placement.objects.research_context [req-61238ff5-2851-44eb-9595-06bfd1ef9f25 req-00ce3315-fa3e-4bab-9eac-172054e5c75e service placement] getting providers with 1024 MEMORY_MB {{(pid=75075) __init__ /opt/stack/placement/placement/objects/research_context.py:126}}
May 04 18:18:29.610568 n-d-712142-11 devstack@placement-api.service[75075]: DEBUG placement.objects.research_context [req-61238ff5-2851-44eb-9595-06bfd1ef9f25 req-00ce3315-fa3e-4bab-9eac-172054e5c75e service placement] getting providers with 1 VCPU {{(pid=75075) __init__ /opt/stack/placement/placement/objects/research_context.py:126}}
May 04 18:18:29.624729 n-d-712142-11 devstack@placement-api.service[75075]: DEBUG placement.objects.research_context [req-61238ff5-2851-44eb-9595-06bfd1ef9f25 req-00ce3315-fa3e-4bab-9eac-172054e5c75e service placement] found 2 providers with available 1 DISK_GB {{(pid=75075) get_provider_ids_matching /opt/stack/placement/placement/objects/research_context.py:549}}
May 04 18:18:29.626885 n-d-712142-11 devstack@placement-api.service[75075]: DEBUG placement.objects.research_context [req-61238ff5-2851-44eb-9595-06bfd1ef9f25 req-00ce3315-fa3e-4bab-9eac-172054e5c75e service placement] found 2 providers with available 1024 MEMORY_MB {{(pid=75075) get_provider_ids_matching /opt/stack/placement/placement/objects/research_context.py:549}}
May 04 18:18:29.627651 n-d-712142-11 devstack@placement-api.service[75075]: DEBUG placement.objects.research_context [req-61238ff5-2851-44eb-9595-06bfd1ef9f25 req-00ce3315-fa3e-4bab-9eac-172054e5c75e service placement] found 2 providers after filtering by previous result {{(pid=75075) get_provider_ids_matching /opt/stack/placement/placement/objects/research_context.py:580}}
May 04 18:18:29.628738 n-d-712142-11 devstack@placement-api.service[75075]: DEBUG placement.objects.research_context [req-61238ff5-2851-44eb-9595-06bfd1ef9f25 req-00ce3315-fa3e-4bab-9eac-172054e5c75e service placement] found 2 providers with available 1 VCPU {{(pid=75075) get_provider_ids_matching /opt/stack/placement/placement/objects/research_context.py:549}}
May 04 18:18:29.629229 n-d-712142-11 devstack@placement-api.service[75075]: DEBUG placement.objects.research_context [req-61238ff5-2851-44eb-9595-06bfd1ef9f25 req-00ce3315-fa3e-4bab-9eac-172054e5c75e service placement] found 2 providers after filtering by previous result {{(pid=75075) get_provider_ids_matching /opt/stack/placement/placement/objects/research_context.py:580}}
May 04 18:18:29.659513 n-d-712142-11 devstack@placement-api.service[75075]: DEBUG placement.objects.allocation_candidate [req-61238ff5-2851-44eb-9595-06bfd1ef9f25 req-00ce3315-fa3e-4bab-9eac-172054e5c75e service placement] RequestGroup(use_same_provider=False, resources={DISK_GB:1, MEMORY_MB:1024, VCPU:1}, traits=[], aggregates=[]) (suffix '') returned 2 matches {{(pid=75075) _get_by_requests /opt/stack/placement/placement/objects/allocation_candidate.py:145}}
May 04 18:18:29.660237 n-d-712142-11 devstack@placement-api.service[75075]: DEBUG placement.objects.allocation_candidate [req-61238ff5-2851-44eb-9595-06bfd1ef9f25 req-00ce3315-fa3e-4bab-9eac-172054e5c75e service placement] Merging candidates yields 2 allocation requests and 2 provider summaries {{(pid=75075) _merge_candidates /opt/stack/placement/placement/objects/allocation_candidate.py:783}}
May 04 18:18:29.663970 n-d-712142-11 devstack@placement-api.service[75075]: INFO placement.requestlog [req-61238ff5-2851-44eb-9595-06bfd1ef9f25 req-00ce3315-fa3e-4bab-9eac-172054e5c75e service placement] 10.222.0.60 "GET /placement/allocation_candidates?limit=1000&resources=DISK_GB%3A1%2CMEMORY_MB%3A1024%2CVCPU%3A1&root_required=%21COMPUTE_STATUS_DISABLED" status: 200 len: 1309 microversion: 1.35
May 04 18:18:29.664451 n-d-712142-11 devstack@placement-api.service[75075]: [pid: 75075|app: 0|req: 367/733] 10.222.0.60 () {60 vars in 1506 bytes} [Tue May 4 18:18:29 2021] GET /placement/allocation_candidates?limit=1000&resources=DISK_GB%3A1%2CMEMORY_MB%3A1024%2CVCPU%3A1&root_required=%21COMPUTE_STATUS_DISABLED => generated 1309 bytes in 153 msecs (HTTP/1.1 200) 8 headers in 297 bytes (1 switches on core 0)
May 04 18:18:29.779548 n-d-712142-11 devstack@placement-api.service[75076]: DEBUG placement.requestlog [req-61238ff5-2851-44eb-9595-06bfd1ef9f25 req-85a658f0-ce55-47ed-9df5-5e73fc9d42c1 None None] Starting request: 10.222.0.60 "GET /placement/allocations/f122f23d-5d13-4c86-9c83-64ad382531a1" {{(pid=75076) __call__ /opt/stack/placement/placement/requestlog.py:55}}
May 04 18:18:29.795772 n-d-712142-11 devstack@placement-api.service[75076]: INFO placement.requestlog [req-61238ff5-2851-44eb-9595-06bfd1ef9f25 req-85a658f0-ce55-47ed-9df5-5e73fc9d42c1 service placement] 10.222.0.60 "GET /placement/allocations/f122f23d-5d13-4c86-9c83-64ad382531a1" status: 200 len: 19 microversion: 1.28
May 04 18:18:29.799546 n-d-712142-11 devstack@placement-api.service[75076]: [pid: 75076|app: 0|req: 367/734] 10.222.0.60 () {60 vars in 1380 bytes} [Tue May 4 18:18:29 2021] GET /placement/allocations/f122f23d-5d13-4c86-9c83-64ad382531a1 => generated 19 bytes in 20 msecs (HTTP/1.1 200) 8 headers in 295 bytes (1 switches on core 0)
May 04 18:18:29.808992 n-d-712142-11 devstack@placement-api.service[75075]: DEBUG placement.requestlog [req-61238ff5-2851-44eb-9595-06bfd1ef9f25 req-d859a904-7554-4919-9358-ff1e53bf8a71 None None] Starting request: 10.222.0.60 "PUT /placement/allocations/f122f23d-5d13-4c86-9c83-64ad382531a1" {{(pid=75075) __call__ /opt/stack/placement/placement/requestlog.py:55}}
May 04 18:18:29.912758 n-d-712142-11 devstack@placement-api.service[75075]: DEBUG placement.handlers.allocation [req-61238ff5-2851-44eb-9595-06bfd1ef9f25 req-d859a904-7554-4919-9358-ff1e53bf8a71 service placement] Successfully wrote allocations [, , ] {{(pid=75075) _create_allocations /opt/stack/placement/placement/handlers/allocation.py:435}}
May 04 18:18:29.914009 n-d-712142-11 devstack@placement-api.service[75075]: INFO placement.requestlog [req-61238ff5-2851-44eb-9595-06bfd1ef9f25 req-d859a904-7554-4919-9358-ff1e53bf8a71 service placement] 10.222.0.60 "PUT /placement/allocations/f122f23d-5d13-4c86-9c83-64ad382531a1" status: 204 len: 0 microversion: 1.35
May 04 18:18:29.914009 n-d-712142-11 devstack@placement-api.service[75075]: [pid: 75075|app: 0|req: 368/735] 10.222.0.60 () {64 vars in 1433 bytes} [Tue May 4 18:18:29 2021] PUT /placement/allocations/f122f23d-5d13-4c86-9c83-64ad382531a1 => generated 0 bytes in 105 msecs (HTTP/1.1 204) 5 headers in 199 bytes (2 switches on core 0)
May 04 18:18:30.634862 n-d-712142-11 devstack@placement-api.service[75076]: DEBUG placement.requestlog [req-61238ff5-2851-44eb-9595-06bfd1ef9f25 req-fcc27d9c-7127-445d-9f03-ac3f906e8539 None None] Starting request: 10.222.0.10 "GET /placement/allocations/f122f23d-5d13-4c86-9c83-64ad382531a1" {{(pid=75076) __call__ /opt/stack/placement/placement/requestlog.py:55}}
May 04 18:18:30.657250 n-d-712142-11 devstack@placement-api.service[75076]: INFO placement.requestlog [req-61238ff5-2851-44eb-9595-06bfd1ef9f25 req-fcc27d9c-7127-445d-9f03-ac3f906e8539 service placement] 10.222.0.10 "GET /placement/allocations/f122f23d-5d13-4c86-9c83-64ad382531a1" status: 200 len: 260 microversion: 1.28
May 04 18:18:30.658229 n-d-712142-11 devstack@placement-api.service[75076]: [pid: 75076|app: 0|req: 368/736] 10.222.0.10 () {60 vars in 1378 bytes} [Tue May 4 18:18:30 2021] GET /placement/allocations/f122f23d-5d13-4c86-9c83-64ad382531a1 => generated 260 bytes in 23 msecs (HTTP/1.1 200) 8 headers in 296 bytes (1 switches on core 0)
May 04 18:18:37.973974 n-d-712142-11 devstack@placement-api.service[75075]: DEBUG placement.requestlog [req-f86a85ee-e7a1-4709-a069-8d863d775e53 req-913f1099-5e26-44b4-9211-590c8c378dc9 None None] Starting request: 10.222.0.10 "GET /placement/resource_providers/d91ac869-5405-4724-baa8-e0810a9988ce/allocations" {{(pid=75075) __call__ /opt/stack/placement/placement/requestlog.py:55}}
May 04 18:18:38.018898 n-d-712142-11 devstack@placement-api.service[75075]: INFO placement.requestlog [req-f86a85ee-e7a1-4709-a069-8d863d775e53 req-913f1099-5e26-44b4-9211-590c8c378dc9 service placement] 10.222.0.10 "GET /placement/resource_providers/d91ac869-5405-4724-baa8-e0810a9988ce/allocations" status: 200 len: 343 microversion: 1.0
May 04 18:18:38.019654 n-d-712142-11 devstack@placement-api.service[75075]: [pid: 75075|app: 0|req: 369/737] 10.222.0.10 () {58 vars in 1391 bytes} [Tue May 4 18:18:37 2021] GET /placement/resource_providers/d91ac869-5405-4724-baa8-e0810a9988ce/allocations => generated 343 bytes in 46 msecs (HTTP/1.1 200) 6 headers in 224 bytes (1 switches on core 0)
May 04 18:19:07.190316 n-d-712142-11 devstack@placement-api.service[75076]: DEBUG placement.requestlog [req-e2581071-4f56-488a-9c36-25e287a10b90 req-f727e4ac-e15a-4d18-a239-f64b30d67390 None None] Starting request: 10.222.0.10 "GET /placement/allocations/7344aa53-74f3-4402-ac2e-f83da295a874" {{(pid=75076) __call__ /opt/stack/placement/placement/requestlog.py:55}}
May 04 18:19:07.215205 n-d-712142-11 devstack@placement-api.service[75076]: INFO placement.requestlog [req-e2581071-4f56-488a-9c36-25e287a10b90 req-f727e4ac-e15a-4d18-a239-f64b30d67390 service placement] 10.222.0.10 "GET /placement/allocations/7344aa53-74f3-4402-ac2e-f83da295a874" status: 200 len: 260 microversion: 1.28
May 04 18:19:07.216594 n-d-712142-11 devstack@placement-api.service[75076]: [pid: 75076|app: 0|req: 369/738] 10.222.0.10 () {60 vars in 1378 bytes} [Tue May 4 18:19:07 2021] GET /placement/allocations/7344aa53-74f3-4402-ac2e-f83da295a874 => generated 260 bytes in 27 msecs (HTTP/1.1 200) 8 headers in 296 bytes (1 switches on core 0)
May 04 18:19:07.224827 n-d-712142-11 devstack@placement-api.service[75075]: DEBUG placement.requestlog [req-e2581071-4f56-488a-9c36-25e287a10b90 req-c2f4997f-1854-47e5-84ac-48ba8986992b None None] Starting request: 10.222.0.10 "PUT /placement/allocations/7344aa53-74f3-4402-ac2e-f83da295a874" {{(pid=75075) __call__ /opt/stack/placement/placement/requestlog.py:55}}
May 04 18:19:07.331327 n-d-712142-11 devstack@placement-api.service[75075]: DEBUG placement.handlers.allocation [req-e2581071-4f56-488a-9c36-25e287a10b90 req-c2f4997f-1854-47e5-84ac-48ba8986992b service placement] Successfully wrote allocations [, , ] {{(pid=75075) _create_allocations /opt/stack/placement/placement/handlers/allocation.py:435}}
May 04 18:19:07.331957 n-d-712142-11 devstack@placement-api.service[75075]: INFO placement.requestlog [req-e2581071-4f56-488a-9c36-25e287a10b90 req-c2f4997f-1854-47e5-84ac-48ba8986992b service placement] 10.222.0.10 "PUT /placement/allocations/7344aa53-74f3-4402-ac2e-f83da295a874" status: 204 len: 0 microversion: 1.28
May 04 18:19:07.332549 n-d-712142-11 devstack@placement-api.service[75075]: [pid: 75075|app: 0|req: 370/739] 10.222.0.10 () {64 vars in 1431 bytes} [Tue May 4 18:19:07 2021] PUT /placement/allocations/7344aa53-74f3-4402-ac2e-f83da295a874 => generated 0 bytes in 108 msecs (HTTP/1.1 204) 5 headers in 199 bytes (1 switches on core 0)
May 04 18:19:19.648507 n-d-712142-11 devstack@placement-api.service[75076]: DEBUG placement.requestlog [req-79a698cd-a4b5-4b3b-8da8-514f94087c02 req-2f9e4df4-6a12-463b-bacb-96da6629583d None None] Starting request: 10.222.0.24 "GET /placement/allocations/5250d265-256c-4b8b-842a-3ead5ec8f2f8" {{(pid=75076) __call__ /opt/stack/placement/placement/requestlog.py:55}}
May 04 18:19:19.684470 n-d-712142-11 devstack@placement-api.service[75076]: INFO placement.requestlog [req-79a698cd-a4b5-4b3b-8da8-514f94087c02 req-2f9e4df4-6a12-463b-bacb-96da6629583d service placement] 10.222.0.24 "GET /placement/allocations/5250d265-256c-4b8b-842a-3ead5ec8f2f8" status: 200 len: 260 microversion: 1.28
May 04 18:19:19.686222 n-d-712142-11 devstack@placement-api.service[75076]: [pid: 75076|app: 0|req: 370/740] 10.222.0.24 () {60 vars in 1378 bytes} [Tue May 4 18:19:19 2021] GET /placement/allocations/5250d265-256c-4b8b-842a-3ead5ec8f2f8 => generated 260 bytes in 38 msecs (HTTP/1.1 200) 8 headers in 296 bytes (1 switches on core 0)
May 04 18:19:19.696661 n-d-712142-11 devstack@placement-api.service[75075]: DEBUG placement.requestlog [req-79a698cd-a4b5-4b3b-8da8-514f94087c02 req-c3fd74c5-e8e4-4857-86f8-d5797e09cd78 None None] Starting request: 10.222.0.24 "PUT /placement/allocations/5250d265-256c-4b8b-842a-3ead5ec8f2f8" {{(pid=75075) __call__ /opt/stack/placement/placement/requestlog.py:55}}
May 04 18:19:19.770571 n-d-712142-11 devstack@placement-api.service[75076]: DEBUG placement.requestlog [req-b0a27e9a-4e5d-43a5-a89b-019f47efd06e req-bce4bd94-0972-416f-8018-ada2a72985c4 None None] Starting request: 10.222.0.60 "GET /placement/allocation_candidates?limit=1000&resources=DISK_GB%3A1%2CMEMORY_MB%3A1024%2CVCPU%3A1&root_required=%21COMPUTE_STATUS_DISABLED" {{(pid=75076) __call__ /opt/stack/placement/placement/requestlog.py:55}}
May 04 18:19:19.807565 n-d-712142-11 devstack@placement-api.service[75076]: DEBUG placement.objects.research_context [req-b0a27e9a-4e5d-43a5-a89b-019f47efd06e req-bce4bd94-0972-416f-8018-ada2a72985c4 service placement] getting providers with 1 DISK_GB {{(pid=75076) __init__ /opt/stack/placement/placement/objects/research_context.py:126}}
May 04 18:19:19.816637 n-d-712142-11 devstack@placement-api.service[75076]: DEBUG placement.objects.research_context [req-b0a27e9a-4e5d-43a5-a89b-019f47efd06e req-bce4bd94-0972-416f-8018-ada2a72985c4 service placement] getting providers with 1024 MEMORY_MB {{(pid=75076) __init__ /opt/stack/placement/placement/objects/research_context.py:126}}
May 04 18:19:19.836271 n-d-712142-11 devstack@placement-api.service[75076]: DEBUG placement.objects.research_context [req-b0a27e9a-4e5d-43a5-a89b-019f47efd06e req-bce4bd94-0972-416f-8018-ada2a72985c4 service placement] getting providers with 1 VCPU {{(pid=75076) __init__ /opt/stack/placement/placement/objects/research_context.py:126}}
May 04 18:19:19.851278 n-d-712142-11 devstack@placement-api.service[75076]: DEBUG placement.objects.research_context [req-b0a27e9a-4e5d-43a5-a89b-019f47efd06e req-bce4bd94-0972-416f-8018-ada2a72985c4 service placement] found 2 providers with available 1 DISK_GB {{(pid=75076) get_provider_ids_matching /opt/stack/placement/placement/objects/research_context.py:549}}
May 04 18:19:19.851874 n-d-712142-11 devstack@placement-api.service[75076]: DEBUG placement.objects.research_context [req-b0a27e9a-4e5d-43a5-a89b-019f47efd06e req-bce4bd94-0972-416f-8018-ada2a72985c4 service placement] found 2 providers with available 1024 MEMORY_MB {{(pid=75076) get_provider_ids_matching /opt/stack/placement/placement/objects/research_context.py:549}}
May 04 18:19:19.856976 n-d-712142-11 devstack@placement-api.service[75076]: DEBUG placement.objects.research_context [req-b0a27e9a-4e5d-43a5-a89b-019f47efd06e req-bce4bd94-0972-416f-8018-ada2a72985c4 service placement] found 2 providers after filtering by previous result {{(pid=75076) get_provider_ids_matching /opt/stack/placement/placement/objects/research_context.py:580}}
May 04 18:19:19.857723 n-d-712142-11 devstack@placement-api.service[75076]: DEBUG placement.objects.research_context [req-b0a27e9a-4e5d-43a5-a89b-019f47efd06e req-bce4bd94-0972-416f-8018-ada2a72985c4 service placement] found 2 providers with available 1 VCPU {{(pid=75076) get_provider_ids_matching /opt/stack/placement/placement/objects/research_context.py:549}}
May 04 18:19:19.858220 n-d-712142-11 devstack@placement-api.service[75076]: DEBUG placement.objects.research_context [req-b0a27e9a-4e5d-43a5-a89b-019f47efd06e req-bce4bd94-0972-416f-8018-ada2a72985c4 service placement] found 2 providers after filtering by previous result {{(pid=75076) get_provider_ids_matching /opt/stack/placement/placement/objects/research_context.py:580}}
May 04 18:19:19.858779 n-d-712142-11 devstack@placement-api.service[75075]: DEBUG placement.handlers.allocation [req-79a698cd-a4b5-4b3b-8da8-514f94087c02 req-c3fd74c5-e8e4-4857-86f8-d5797e09cd78 service placement] Successfully wrote allocations [, , ] {{(pid=75075) _create_allocations /opt/stack/placement/placement/handlers/allocation.py:435}}
May 04 18:19:19.859367 n-d-712142-11 devstack@placement-api.service[75075]: INFO placement.requestlog [req-79a698cd-a4b5-4b3b-8da8-514f94087c02 req-c3fd74c5-e8e4-4857-86f8-d5797e09cd78 service placement] 10.222.0.24 "PUT /placement/allocations/5250d265-256c-4b8b-842a-3ead5ec8f2f8" status: 204 len: 0 microversion: 1.28
May 04 18:19:19.859901 n-d-712142-11 devstack@placement-api.service[75075]: [pid: 75075|app: 0|req: 371/741] 10.222.0.24 () {64 vars in 1431 bytes} [Tue May 4 18:19:19 2021] PUT /placement/allocations/5250d265-256c-4b8b-842a-3ead5ec8f2f8 => generated 0 bytes in 164 msecs (HTTP/1.1 204) 5 headers in 199 bytes (2 switches on core 0)
May 04 18:19:19.886525 n-d-712142-11 devstack@placement-api.service[75076]: DEBUG placement.objects.allocation_candidate [req-b0a27e9a-4e5d-43a5-a89b-019f47efd06e req-bce4bd94-0972-416f-8018-ada2a72985c4 service placement] RequestGroup(use_same_provider=False, resources={DISK_GB:1, MEMORY_MB:1024, VCPU:1}, traits=[], aggregates=[]) (suffix '') returned 2 matches {{(pid=75076) _get_by_requests /opt/stack/placement/placement/objects/allocation_candidate.py:145}}
May 04 18:19:19.888420 n-d-712142-11 devstack@placement-api.service[75076]: DEBUG placement.objects.allocation_candidate [req-b0a27e9a-4e5d-43a5-a89b-019f47efd06e req-bce4bd94-0972-416f-8018-ada2a72985c4 service placement] Merging candidates yields 2 allocation requests and 2 provider summaries {{(pid=75076) _merge_candidates /opt/stack/placement/placement/objects/allocation_candidate.py:783}}
May 04 18:19:19.892364 n-d-712142-11 devstack@placement-api.service[75076]: INFO placement.requestlog [req-b0a27e9a-4e5d-43a5-a89b-019f47efd06e req-bce4bd94-0972-416f-8018-ada2a72985c4 service placement] 10.222.0.60 "GET /placement/allocation_candidates?limit=1000&resources=DISK_GB%3A1%2CMEMORY_MB%3A1024%2CVCPU%3A1&root_required=%21COMPUTE_STATUS_DISABLED" status: 200 len: 1309 microversion: 1.35
May 04 18:19:19.893202 n-d-712142-11 devstack@placement-api.service[75076]: [pid: 75076|app: 0|req: 371/742] 10.222.0.60 () {60 vars in 1506 bytes} [Tue May 4 18:19:19 2021] GET /placement/allocation_candidates?limit=1000&resources=DISK_GB%3A1%2CMEMORY_MB%3A1024%2CVCPU%3A1&root_required=%21COMPUTE_STATUS_DISABLED => generated 1309 bytes in 123 msecs (HTTP/1.1 200) 8 headers in 297 bytes (2 switches on core 0)
May 04 18:19:20.038861 n-d-712142-11 devstack@placement-api.service[75075]: DEBUG placement.requestlog [req-b0a27e9a-4e5d-43a5-a89b-019f47efd06e req-9ba757bd-1394-4a06-b419-c9e1127e504b None None] Starting request: 10.222.0.60 "GET /placement/allocations/dd444413-5913-491c-8d16-e186c7ba8fed" {{(pid=75075) __call__ /opt/stack/placement/placement/requestlog.py:55}}
May 04 18:19:20.058461 n-d-712142-11 devstack@placement-api.service[75075]: INFO placement.requestlog [req-b0a27e9a-4e5d-43a5-a89b-019f47efd06e req-9ba757bd-1394-4a06-b419-c9e1127e504b service placement] 10.222.0.60 "GET /placement/allocations/dd444413-5913-491c-8d16-e186c7ba8fed" status: 200 len: 19 microversion: 1.28
May 04 18:19:20.061756 n-d-712142-11 devstack@placement-api.service[75075]: [pid: 75075|app: 0|req: 372/743] 10.222.0.60 () {60 vars in 1380 bytes} [Tue May 4 18:19:20 2021] GET /placement/allocations/dd444413-5913-491c-8d16-e186c7ba8fed => generated 19 bytes in 23 msecs (HTTP/1.1 200) 8 headers in 295 bytes (1 switches on core 0)
May 04 18:19:20.066700 n-d-712142-11 devstack@placement-api.service[75076]: DEBUG placement.requestlog [req-b0a27e9a-4e5d-43a5-a89b-019f47efd06e req-0b8abc2d-3a25-4856-84fe-6f686ac2c3cb None None] Starting request: 10.222.0.60 "PUT /placement/allocations/dd444413-5913-491c-8d16-e186c7ba8fed" {{(pid=75076) __call__ /opt/stack/placement/placement/requestlog.py:55}}
May 04 18:19:20.212510 n-d-712142-11 devstack@placement-api.service[75076]: DEBUG placement.handlers.allocation [req-b0a27e9a-4e5d-43a5-a89b-019f47efd06e req-0b8abc2d-3a25-4856-84fe-6f686ac2c3cb service placement] Successfully wrote allocations [, , ] {{(pid=75076) _create_allocations /opt/stack/placement/placement/handlers/allocation.py:435}}
May 04 18:19:20.213045 n-d-712142-11 devstack@placement-api.service[75076]: INFO placement.requestlog [req-b0a27e9a-4e5d-43a5-a89b-019f47efd06e req-0b8abc2d-3a25-4856-84fe-6f686ac2c3cb service placement] 10.222.0.60 "PUT /placement/allocations/dd444413-5913-491c-8d16-e186c7ba8fed" status: 204 len: 0 microversion: 1.35
May 04 18:19:20.213296 n-d-712142-11 devstack@placement-api.service[75076]: [pid: 75076|app: 0|req: 372/744] 10.222.0.60 () {64 vars in 1433 bytes} [Tue May 4 18:19:20 2021] PUT /placement/allocations/dd444413-5913-491c-8d16-e186c7ba8fed => generated 0 bytes in 148 msecs (HTTP/1.1 204) 5 headers in 199 bytes (1 switches on core 0)
May 04 18:19:20.785704 n-d-712142-11 devstack@placement-api.service[75075]: DEBUG placement.requestlog [req-b0a27e9a-4e5d-43a5-a89b-019f47efd06e req-c39804d9-bae1-43fd-a32f-0e12e23925de None None] Starting request: 10.222.0.10 "GET /placement/allocations/dd444413-5913-491c-8d16-e186c7ba8fed" {{(pid=75075) __call__ /opt/stack/placement/placement/requestlog.py:55}}
May 04 18:19:20.801441 n-d-712142-11 devstack@placement-api.service[75075]: INFO placement.requestlog [req-b0a27e9a-4e5d-43a5-a89b-019f47efd06e req-c39804d9-bae1-43fd-a32f-0e12e23925de service placement] 10.222.0.10 "GET /placement/allocations/dd444413-5913-491c-8d16-e186c7ba8fed" status: 200 len: 260 microversion: 1.28
May 04 18:19:20.802416 n-d-712142-11 devstack@placement-api.service[75075]: [pid: 75075|app: 0|req: 373/745] 10.222.0.10 () {60 vars in 1378 bytes} [Tue May 4 18:19:20 2021] GET /placement/allocations/dd444413-5913-491c-8d16-e186c7ba8fed => generated 260 bytes in 17 msecs (HTTP/1.1 200) 8 headers in 296 bytes (2 switches on core 0)
May 04 18:19:21.860193 n-d-712142-11 devstack@placement-api.service[75076]: DEBUG placement.requestlog [req-ded0b9df-7374-4cf4-907d-18723627fe84 req-6c2177d2-c618-48f7-93cf-438ca3731cdf None None] Starting request: 10.222.0.10 "GET /placement/allocations/67694a45-783b-41b7-b59a-19bc307b73a7" {{(pid=75076) __call__ /opt/stack/placement/placement/requestlog.py:55}}
May 04 18:19:21.886022 n-d-712142-11 devstack@placement-api.service[75076]: INFO placement.requestlog [req-ded0b9df-7374-4cf4-907d-18723627fe84 req-6c2177d2-c618-48f7-93cf-438ca3731cdf service placement] 10.222.0.10 "GET /placement/allocations/67694a45-783b-41b7-b59a-19bc307b73a7" status: 200 len: 246 microversion: 1.28
May 04 18:19:21.886379 n-d-712142-11 devstack@placement-api.service[75076]: [pid: 75076|app: 0|req: 373/746] 10.222.0.10 () {60 vars in 1378 bytes} [Tue May 4 18:19:21 2021] GET /placement/allocations/67694a45-783b-41b7-b59a-19bc307b73a7 => generated 246 bytes in 26 msecs (HTTP/1.1 200) 8 headers in 296 bytes (1 switches on core 0)
May 04 18:19:21.904968 n-d-712142-11 devstack@placement-api.service[75075]: DEBUG placement.requestlog [req-ded0b9df-7374-4cf4-907d-18723627fe84 req-8191f11b-54c4-4e52-b5d1-10306a2df571 None None] Starting request: 10.222.0.10 "PUT /placement/allocations/67694a45-783b-41b7-b59a-19bc307b73a7" {{(pid=75075) __call__ /opt/stack/placement/placement/requestlog.py:55}}
May 04 18:19:22.019354 n-d-712142-11 devstack@placement-api.service[75075]: DEBUG placement.handlers.allocation [req-ded0b9df-7374-4cf4-907d-18723627fe84 req-8191f11b-54c4-4e52-b5d1-10306a2df571 service placement] Successfully wrote allocations [, ] {{(pid=75075) _create_allocations /opt/stack/placement/placement/handlers/allocation.py:435}}
May 04 18:19:22.019944 n-d-712142-11 devstack@placement-api.service[75075]: INFO placement.requestlog [req-ded0b9df-7374-4cf4-907d-18723627fe84 req-8191f11b-54c4-4e52-b5d1-10306a2df571 service placement] 10.222.0.10 "PUT /placement/allocations/67694a45-783b-41b7-b59a-19bc307b73a7" status: 204 len: 0 microversion: 1.28
May 04 18:19:22.020390 n-d-712142-11 devstack@placement-api.service[75075]: [pid: 75075|app: 0|req: 374/747] 10.222.0.10 () {64 vars in 1431 bytes} [Tue May 4 18:19:21 2021] PUT /placement/allocations/67694a45-783b-41b7-b59a-19bc307b73a7 => generated 0 bytes in 116 msecs (HTTP/1.1 204) 5 headers in 199 bytes (1 switches on core 0)
May 04 18:19:23.767290 n-d-712142-11 devstack@placement-api.service[75076]: DEBUG placement.requestlog [req-98f12acc-1b59-4de6-aa55-bd8d2b50f0bc req-4a8df478-7269-4497-a7c8-201daae09e90 None None] Starting request: 10.222.0.24 "GET /placement/resource_providers/42511dce-68fe-456f-9a1d-802a67b0b2e7/allocations" {{(pid=75076) __call__ /opt/stack/placement/placement/requestlog.py:55}}
May 04 18:19:23.801104 n-d-712142-11 devstack@placement-api.service[75076]: INFO placement.requestlog [req-98f12acc-1b59-4de6-aa55-bd8d2b50f0bc req-4a8df478-7269-4497-a7c8-201daae09e90 service placement] 10.222.0.24 "GET /placement/resource_providers/42511dce-68fe-456f-9a1d-802a67b0b2e7/allocations" status: 200 len: 256 microversion: 1.0
May 04 18:19:23.802988 n-d-712142-11 devstack@placement-api.service[75076]: [pid: 75076|app: 0|req: 374/748] 10.222.0.24 () {58 vars in 1391 bytes} [Tue May 4 18:19:23 2021] GET /placement/resource_providers/42511dce-68fe-456f-9a1d-802a67b0b2e7/allocations => generated 256 bytes in 36 msecs (HTTP/1.1 200) 6 headers in 224 bytes (1 switches on core 0)
May 04 18:19:26.144847 n-d-712142-11 devstack@placement-api.service[75075]: DEBUG placement.requestlog [req-883bc95c-5e2c-4d68-801a-f06c7824bf3b req-26530538-c116-4f55-bd7a-581069021ee8 None None] Starting request: 10.222.0.10 "GET /placement/resource_providers/d91ac869-5405-4724-baa8-e0810a9988ce/allocations" {{(pid=75075) __call__ /opt/stack/placement/placement/requestlog.py:55}}
May 04 18:19:26.190290 n-d-712142-11 devstack@placement-api.service[75075]: INFO placement.requestlog [req-883bc95c-5e2c-4d68-801a-f06c7824bf3b req-26530538-c116-4f55-bd7a-581069021ee8 service placement] 10.222.0.10 "GET /placement/resource_providers/d91ac869-5405-4724-baa8-e0810a9988ce/allocations" status: 200 len: 256 microversion: 1.0
May 04 18:19:26.191272 n-d-712142-11 devstack@placement-api.service[75075]: [pid: 75075|app: 0|req: 375/749] 10.222.0.10 () {58 vars in 1391 bytes} [Tue May 4 18:19:26 2021] GET /placement/resource_providers/d91ac869-5405-4724-baa8-e0810a9988ce/allocations => generated 256 bytes in 46 msecs (HTTP/1.1 200) 6 headers in 224 bytes (1 switches on core 0)
May 04 18:19:37.803411 n-d-712142-11 devstack@placement-api.service[75076]: DEBUG placement.requestlog [req-fa67d19d-cefb-40a8-abfe-b02f7a809e48 req-6a724239-cbad-4e09-9b32-dee0309927ac None None] Starting request: 10.222.0.60 "GET /placement/allocation_candidates?limit=1000&resources=MEMORY_MB%3A1024%2CVCPU%3A1&root_required=%21COMPUTE_STATUS_DISABLED" {{(pid=75076) __call__ /opt/stack/placement/placement/requestlog.py:55}}
May 04 18:19:37.862962 n-d-712142-11 devstack@placement-api.service[75076]: DEBUG placement.objects.research_context [req-fa67d19d-cefb-40a8-abfe-b02f7a809e48 req-6a724239-cbad-4e09-9b32-dee0309927ac service placement] getting providers with 1024 MEMORY_MB {{(pid=75076) __init__ /opt/stack/placement/placement/objects/research_context.py:126}}
May 04 18:19:37.876748 n-d-712142-11 devstack@placement-api.service[75076]: DEBUG placement.objects.research_context [req-fa67d19d-cefb-40a8-abfe-b02f7a809e48 req-6a724239-cbad-4e09-9b32-dee0309927ac service placement] getting providers with 1 VCPU {{(pid=75076) __init__ /opt/stack/placement/placement/objects/research_context.py:126}}
May 04 18:19:37.891696 n-d-712142-11 devstack@placement-api.service[75076]: DEBUG placement.objects.research_context [req-fa67d19d-cefb-40a8-abfe-b02f7a809e48 req-6a724239-cbad-4e09-9b32-dee0309927ac service placement] found 2 providers with available 1024 MEMORY_MB {{(pid=75076) get_provider_ids_matching /opt/stack/placement/placement/objects/research_context.py:549}}
May 04 18:19:37.892252 n-d-712142-11 devstack@placement-api.service[75076]: DEBUG placement.objects.research_context [req-fa67d19d-cefb-40a8-abfe-b02f7a809e48 req-6a724239-cbad-4e09-9b32-dee0309927ac service placement] found 2 providers with available 1 VCPU {{(pid=75076) get_provider_ids_matching /opt/stack/placement/placement/objects/research_context.py:549}}
May 04 18:19:37.892704 n-d-712142-11 devstack@placement-api.service[75076]: DEBUG placement.objects.research_context [req-fa67d19d-cefb-40a8-abfe-b02f7a809e48 req-6a724239-cbad-4e09-9b32-dee0309927ac service placement] found 2 providers after filtering by previous result {{(pid=75076) get_provider_ids_matching /opt/stack/placement/placement/objects/research_context.py:580}}
May 04 18:19:37.920671 n-d-712142-11 devstack@placement-api.service[75076]: DEBUG placement.objects.allocation_candidate [req-fa67d19d-cefb-40a8-abfe-b02f7a809e48 req-6a724239-cbad-4e09-9b32-dee0309927ac service placement] RequestGroup(use_same_provider=False, resources={MEMORY_MB:1024, VCPU:1}, traits=[], aggregates=[]) (suffix '') returned 2 matches {{(pid=75076) _get_by_requests /opt/stack/placement/placement/objects/allocation_candidate.py:145}}
May 04 18:19:37.922522 n-d-712142-11 devstack@placement-api.service[75076]: DEBUG placement.objects.allocation_candidate [req-fa67d19d-cefb-40a8-abfe-b02f7a809e48 req-6a724239-cbad-4e09-9b32-dee0309927ac service placement] Merging candidates yields 2 allocation requests and 2 provider summaries {{(pid=75076) _merge_candidates /opt/stack/placement/placement/objects/allocation_candidate.py:783}}
May 04 18:19:37.925758 n-d-712142-11 devstack@placement-api.service[75076]: INFO placement.requestlog [req-fa67d19d-cefb-40a8-abfe-b02f7a809e48 req-6a724239-cbad-4e09-9b32-dee0309927ac service placement] 10.222.0.60 "GET /placement/allocation_candidates?limit=1000&resources=MEMORY_MB%3A1024%2CVCPU%3A1&root_required=%21COMPUTE_STATUS_DISABLED" status: 200 len: 1281 microversion: 1.35
May 04 18:19:37.927279 n-d-712142-11 devstack@placement-api.service[75076]: [pid: 75076|app: 0|req: 375/750] 10.222.0.60 () {60 vars in 1478 bytes} [Tue May 4 18:19:37 2021] GET /placement/allocation_candidates?limit=1000&resources=MEMORY_MB%3A1024%2CVCPU%3A1&root_required=%21COMPUTE_STATUS_DISABLED => generated 1281 bytes in 124 msecs (HTTP/1.1 200) 8 headers in 297 bytes (1 switches on core 0)
May 04 18:19:38.036723 n-d-712142-11 devstack@placement-api.service[75075]: DEBUG placement.requestlog [req-fa67d19d-cefb-40a8-abfe-b02f7a809e48 req-b0f5e9a1-020c-4707-a98a-3c778ff112c7 None None] Starting request: 10.222.0.60 "GET /placement/allocations/c3bf085f-e4e9-4f72-9b6b-16ff005eec00" {{(pid=75075) __call__ /opt/stack/placement/placement/requestlog.py:55}}
May 04 18:19:38.060855 n-d-712142-11 devstack@placement-api.service[75075]: INFO placement.requestlog [req-fa67d19d-cefb-40a8-abfe-b02f7a809e48 req-b0f5e9a1-020c-4707-a98a-3c778ff112c7 service placement] 10.222.0.60 "GET /placement/allocations/c3bf085f-e4e9-4f72-9b6b-16ff005eec00" status: 200 len: 19 microversion: 1.28
May 04 18:19:38.065947 n-d-712142-11 devstack@placement-api.service[75075]: [pid: 75075|app: 0|req: 376/751] 10.222.0.60 () {60 vars in 1380 bytes} [Tue May 4 18:19:38 2021] GET /placement/allocations/c3bf085f-e4e9-4f72-9b6b-16ff005eec00 => generated 19 bytes in 29 msecs (HTTP/1.1 200) 8 headers in 295 bytes (1 switches on core 0)
May 04 18:19:38.067215 n-d-712142-11 devstack@placement-api.service[75076]: DEBUG placement.requestlog [req-fa67d19d-cefb-40a8-abfe-b02f7a809e48 req-ea74a09a-5b34-489d-9c56-e6c38b26dfac None None] Starting request: 10.222.0.60 "PUT /placement/allocations/c3bf085f-e4e9-4f72-9b6b-16ff005eec00" {{(pid=75076) __call__ /opt/stack/placement/placement/requestlog.py:55}}
May 04 18:19:38.145604 n-d-712142-11 devstack@placement-api.service[75076]: DEBUG placement.handlers.allocation [req-fa67d19d-cefb-40a8-abfe-b02f7a809e48 req-ea74a09a-5b34-489d-9c56-e6c38b26dfac service placement] Successfully wrote allocations [, ] {{(pid=75076) _create_allocations /opt/stack/placement/placement/handlers/allocation.py:435}}
May 04 18:19:38.146381 n-d-712142-11 devstack@placement-api.service[75076]: INFO placement.requestlog [req-fa67d19d-cefb-40a8-abfe-b02f7a809e48 req-ea74a09a-5b34-489d-9c56-e6c38b26dfac service placement] 10.222.0.60 "PUT /placement/allocations/c3bf085f-e4e9-4f72-9b6b-16ff005eec00" status: 204 len: 0 microversion: 1.35
May 04 18:19:38.148278 n-d-712142-11 devstack@placement-api.service[75076]: [pid: 75076|app: 0|req: 376/752] 10.222.0.60 () {64 vars in 1433 bytes} [Tue May 4 18:19:38 2021] PUT /placement/allocations/c3bf085f-e4e9-4f72-9b6b-16ff005eec00 => generated 0 bytes in 81 msecs (HTTP/1.1 204) 5 headers in 199 bytes (1 switches on core 0)
May 04 18:19:38.682556 n-d-712142-11 devstack@placement-api.service[75075]: DEBUG placement.requestlog [req-fa67d19d-cefb-40a8-abfe-b02f7a809e48 req-607ba3d4-d8c5-4e56-904a-cf2ebdbce3a8 None None] Starting request: 10.222.0.24 "GET /placement/allocations/c3bf085f-e4e9-4f72-9b6b-16ff005eec00" {{(pid=75075) __call__ /opt/stack/placement/placement/requestlog.py:55}}
May 04 18:19:38.718006 n-d-712142-11 devstack@placement-api.service[75075]: INFO placement.requestlog [req-fa67d19d-cefb-40a8-abfe-b02f7a809e48 req-607ba3d4-d8c5-4e56-904a-cf2ebdbce3a8 service placement] 10.222.0.24 "GET /placement/allocations/c3bf085f-e4e9-4f72-9b6b-16ff005eec00" status: 200 len: 246 microversion: 1.28
May 04 18:19:38.718554 n-d-712142-11 devstack@placement-api.service[75075]: [pid: 75075|app: 0|req: 377/753] 10.222.0.24 () {60 vars in 1378 bytes} [Tue May 4 18:19:38 2021] GET /placement/allocations/c3bf085f-e4e9-4f72-9b6b-16ff005eec00 => generated 246 bytes in 40 msecs (HTTP/1.1 200) 8 headers in 296 bytes (1 switches on core 0)
May 04 18:20:19.883124 n-d-712142-11 devstack@placement-api.service[75076]: DEBUG placement.requestlog [req-272ba9f5-1317-44d0-990f-2db8c9422a74 req-938023e9-792f-4959-a9d4-bd35194b578d None None] Starting request: 10.222.0.60 "GET /placement/allocation_candidates?limit=1000&resources=DISK_GB%3A1%2CMEMORY_MB%3A1024%2CVCPU%3A1&root_required=%21COMPUTE_STATUS_DISABLED" {{(pid=75076) __call__ /opt/stack/placement/placement/requestlog.py:55}}
May 04 18:20:19.937873 n-d-712142-11 devstack@placement-api.service[75076]: DEBUG placement.objects.research_context [req-272ba9f5-1317-44d0-990f-2db8c9422a74 req-938023e9-792f-4959-a9d4-bd35194b578d service placement] getting providers with 1 DISK_GB {{(pid=75076) __init__ /opt/stack/placement/placement/objects/research_context.py:126}}
May 04 18:20:19.949878 n-d-712142-11 devstack@placement-api.service[75076]: DEBUG placement.objects.research_context [req-272ba9f5-1317-44d0-990f-2db8c9422a74 req-938023e9-792f-4959-a9d4-bd35194b578d service placement] getting providers with 1024 MEMORY_MB {{(pid=75076) __init__ /opt/stack/placement/placement/objects/research_context.py:126}}
May 04 18:20:19.959809 n-d-712142-11 devstack@placement-api.service[75076]: DEBUG placement.objects.research_context [req-272ba9f5-1317-44d0-990f-2db8c9422a74 req-938023e9-792f-4959-a9d4-bd35194b578d service placement] getting providers with 1 VCPU {{(pid=75076) __init__ /opt/stack/placement/placement/objects/research_context.py:126}}
May 04 18:20:19.977448 n-d-712142-11 devstack@placement-api.service[75076]: DEBUG placement.objects.research_context [req-272ba9f5-1317-44d0-990f-2db8c9422a74 req-938023e9-792f-4959-a9d4-bd35194b578d service placement] found 2 providers with available 1 DISK_GB {{(pid=75076) get_provider_ids_matching /opt/stack/placement/placement/objects/research_context.py:549}}
May 04 18:20:19.977971 n-d-712142-11 devstack@placement-api.service[75076]: DEBUG placement.objects.research_context [req-272ba9f5-1317-44d0-990f-2db8c9422a74 req-938023e9-792f-4959-a9d4-bd35194b578d service placement] found 2 providers with available 1024 MEMORY_MB {{(pid=75076) get_provider_ids_matching /opt/stack/placement/placement/objects/research_context.py:549}}
May 04 18:20:19.978655 n-d-712142-11 devstack@placement-api.service[75076]: DEBUG placement.objects.research_context [req-272ba9f5-1317-44d0-990f-2db8c9422a74 req-938023e9-792f-4959-a9d4-bd35194b578d service placement] found 2 providers after filtering by previous result {{(pid=75076) get_provider_ids_matching /opt/stack/placement/placement/objects/research_context.py:580}}
May 04 18:20:19.979133 n-d-712142-11 devstack@placement-api.service[75076]: DEBUG placement.objects.research_context [req-272ba9f5-1317-44d0-990f-2db8c9422a74 req-938023e9-792f-4959-a9d4-bd35194b578d service placement] found 2 providers with available 1 VCPU {{(pid=75076) get_provider_ids_matching /opt/stack/placement/placement/objects/research_context.py:549}}
May 04 18:20:19.979924 n-d-712142-11 devstack@placement-api.service[75076]: DEBUG placement.objects.research_context [req-272ba9f5-1317-44d0-990f-2db8c9422a74 req-938023e9-792f-4959-a9d4-bd35194b578d service placement] found 2 providers after filtering by previous result {{(pid=75076) get_provider_ids_matching /opt/stack/placement/placement/objects/research_context.py:580}}
May 04 18:20:20.006614 n-d-712142-11 devstack@placement-api.service[75076]: DEBUG placement.objects.allocation_candidate [req-272ba9f5-1317-44d0-990f-2db8c9422a74 req-938023e9-792f-4959-a9d4-bd35194b578d service placement] RequestGroup(use_same_provider=False, resources={DISK_GB:1, MEMORY_MB:1024, VCPU:1}, traits=[], aggregates=[]) (suffix '') returned 2 matches {{(pid=75076) _get_by_requests /opt/stack/placement/placement/objects/allocation_candidate.py:145}}
May 04 18:20:20.007816 n-d-712142-11 devstack@placement-api.service[75076]: DEBUG placement.objects.allocation_candidate [req-272ba9f5-1317-44d0-990f-2db8c9422a74 req-938023e9-792f-4959-a9d4-bd35194b578d service placement] Merging candidates yields 2 allocation requests and 2 provider summaries {{(pid=75076) _merge_candidates /opt/stack/placement/placement/objects/allocation_candidate.py:783}}
May 04 18:20:20.009458 n-d-712142-11 devstack@placement-api.service[75076]: INFO placement.requestlog [req-272ba9f5-1317-44d0-990f-2db8c9422a74 req-938023e9-792f-4959-a9d4-bd35194b578d service placement] 10.222.0.60 "GET /placement/allocation_candidates?limit=1000&resources=DISK_GB%3A1%2CMEMORY_MB%3A1024%2CVCPU%3A1&root_required=%21COMPUTE_STATUS_DISABLED" status: 200 len: 1309 microversion: 1.35
May 04 18:20:20.016498 n-d-712142-11 devstack@placement-api.service[75076]: [pid: 75076|app: 0|req: 377/754] 10.222.0.60 () {60 vars in 1506 bytes} [Tue May 4 18:20:19 2021] GET /placement/allocation_candidates?limit=1000&resources=DISK_GB%3A1%2CMEMORY_MB%3A1024%2CVCPU%3A1&root_required=%21COMPUTE_STATUS_DISABLED => generated 1309 bytes in 134 msecs (HTTP/1.1 200) 8 headers in 297 bytes (1 switches on core 0)
May 04 18:20:20.079158 n-d-712142-11 devstack@placement-api.service[75075]: DEBUG placement.requestlog [req-272ba9f5-1317-44d0-990f-2db8c9422a74 req-8d0298b9-c977-44f6-ad7a-b3d8a4a346d5 None None] Starting request: 10.222.0.60 "GET /placement/allocations/5d40a66a-b8a3-472b-a65b-243e66e78c80" {{(pid=75075) __call__ /opt/stack/placement/placement/requestlog.py:55}}
May 04 18:20:20.094415 n-d-712142-11 devstack@placement-api.service[75075]: INFO placement.requestlog [req-272ba9f5-1317-44d0-990f-2db8c9422a74 req-8d0298b9-c977-44f6-ad7a-b3d8a4a346d5 service placement] 10.222.0.60 "GET /placement/allocations/5d40a66a-b8a3-472b-a65b-243e66e78c80" status: 200 len: 19 microversion: 1.28
May 04 18:20:20.100632 n-d-712142-11 devstack@placement-api.service[75075]: [pid: 75075|app: 0|req: 378/755] 10.222.0.60 () {60 vars in 1380 bytes} [Tue May 4 18:20:20 2021] GET /placement/allocations/5d40a66a-b8a3-472b-a65b-243e66e78c80 => generated 19 bytes in 22 msecs (HTTP/1.1 200) 8 headers in 295 bytes (1 switches on core 0)
May 04 18:20:20.102802 n-d-712142-11 devstack@placement-api.service[75076]: DEBUG placement.requestlog [req-272ba9f5-1317-44d0-990f-2db8c9422a74 req-3216ea7a-b0d9-4039-8725-e926e00e4b58 None None] Starting request: 10.222.0.60 "PUT /placement/allocations/5d40a66a-b8a3-472b-a65b-243e66e78c80" {{(pid=75076) __call__ /opt/stack/placement/placement/requestlog.py:55}}
May 04 18:20:20.202965 n-d-712142-11 devstack@placement-api.service[75076]: DEBUG placement.handlers.allocation [req-272ba9f5-1317-44d0-990f-2db8c9422a74 req-3216ea7a-b0d9-4039-8725-e926e00e4b58 service placement] Successfully wrote allocations [, , ] {{(pid=75076) _create_allocations /opt/stack/placement/placement/handlers/allocation.py:435}}
May 04 18:20:20.203788 n-d-712142-11 devstack@placement-api.service[75076]: INFO placement.requestlog [req-272ba9f5-1317-44d0-990f-2db8c9422a74 req-3216ea7a-b0d9-4039-8725-e926e00e4b58 service placement] 10.222.0.60 "PUT /placement/allocations/5d40a66a-b8a3-472b-a65b-243e66e78c80" status: 204 len: 0 microversion: 1.35
May 04 18:20:20.212200 n-d-712142-11 devstack@placement-api.service[75076]: [pid: 75076|app: 0|req: 378/756] 10.222.0.60 () {64 vars in 1433 bytes} [Tue May 4 18:20:20 2021] PUT /placement/allocations/5d40a66a-b8a3-472b-a65b-243e66e78c80 => generated 0 bytes in 102 msecs (HTTP/1.1 204) 5 headers in 199 bytes (1 switches on core 0)
May 04 18:20:20.888503 n-d-712142-11 devstack@placement-api.service[75075]: DEBUG placement.requestlog [req-272ba9f5-1317-44d0-990f-2db8c9422a74 req-7d25918a-a871-41d4-8d86-7ebb98ccb5ff None None] Starting request: 10.222.0.10 "GET /placement/allocations/5d40a66a-b8a3-472b-a65b-243e66e78c80" {{(pid=75075) __call__ /opt/stack/placement/placement/requestlog.py:55}}
May 04 18:20:21.088245 n-d-712142-11 devstack@placement-api.service[75075]: INFO placement.requestlog [req-272ba9f5-1317-44d0-990f-2db8c9422a74 req-7d25918a-a871-41d4-8d86-7ebb98ccb5ff service placement] 10.222.0.10 "GET /placement/allocations/5d40a66a-b8a3-472b-a65b-243e66e78c80" status: 200 len: 260 microversion: 1.28
May 04 18:20:21.089098 n-d-712142-11 devstack@placement-api.service[75075]: [pid: 75075|app: 0|req: 379/757] 10.222.0.10 () {60 vars in 1378 bytes} [Tue May 4 18:20:20 2021] GET /placement/allocations/5d40a66a-b8a3-472b-a65b-243e66e78c80 => generated 260 bytes in 201 msecs (HTTP/1.1 200) 8 headers in 296 bytes (1 switches on core 0)
May 04 18:20:21.308869 n-d-712142-11 devstack@placement-api.service[75076]: DEBUG placement.requestlog [req-272ba9f5-1317-44d0-990f-2db8c9422a74 req-dfa9f1ea-1213-4232-97bf-1093729d12b0 None None] Starting request: 10.222.0.10 "GET /placement/resource_providers?in_tree=d91ac869-5405-4724-baa8-e0810a9988ce" {{(pid=75076) __call__ /opt/stack/placement/placement/requestlog.py:55}}
May 04 18:20:21.349227 n-d-712142-11 devstack@placement-api.service[75076]: INFO placement.requestlog [req-272ba9f5-1317-44d0-990f-2db8c9422a74 req-dfa9f1ea-1213-4232-97bf-1093729d12b0 service placement] 10.222.0.10 "GET /placement/resource_providers?in_tree=d91ac869-5405-4724-baa8-e0810a9988ce" status: 200 len: 865 microversion: 1.14
May 04 18:20:21.355668 n-d-712142-11 devstack@placement-api.service[75076]: [pid: 75076|app: 0|req: 379/758] 10.222.0.10 () {60 vars in 1377 bytes} [Tue May 4 18:20:21 2021] GET /placement/resource_providers?in_tree=d91ac869-5405-4724-baa8-e0810a9988ce => generated 865 bytes in 47 msecs (HTTP/1.1 200) 6 headers in 225 bytes (1 switches on core 0)
May 04 18:20:21.360943 n-d-712142-11 devstack@placement-api.service[75075]: DEBUG placement.requestlog [req-272ba9f5-1317-44d0-990f-2db8c9422a74 req-e861b560-7baf-475e-af74-7b84bc64d1c1 None None] Starting request: 10.222.0.10 "GET /placement/resource_providers/d91ac869-5405-4724-baa8-e0810a9988ce/inventories" {{(pid=75075) __call__ /opt/stack/placement/placement/requestlog.py:55}}
May 04 18:20:21.393648 n-d-712142-11 devstack@placement-api.service[75075]: INFO placement.requestlog [req-272ba9f5-1317-44d0-990f-2db8c9422a74 req-e861b560-7baf-475e-af74-7b84bc64d1c1 service placement] 10.222.0.10 "GET /placement/resource_providers/d91ac869-5405-4724-baa8-e0810a9988ce/inventories" status: 200 len: 399 microversion: 1.0
May 04 18:20:21.394483 n-d-712142-11 devstack@placement-api.service[75075]: [pid: 75075|app: 0|req: 380/759] 10.222.0.10 () {58 vars in 1391 bytes} [Tue May 4 18:20:21 2021] GET /placement/resource_providers/d91ac869-5405-4724-baa8-e0810a9988ce/inventories => generated 399 bytes in 34 msecs (HTTP/1.1 200) 6 headers in 224 bytes (1 switches on core 0)
May 04 18:20:21.407118 n-d-712142-11 devstack@placement-api.service[75076]: DEBUG placement.requestlog [req-272ba9f5-1317-44d0-990f-2db8c9422a74 req-ebe2e464-7727-4e6b-96c6-0d89b00b1a6f None None] Starting request: 10.222.0.10 "GET /placement/resource_providers/d91ac869-5405-4724-baa8-e0810a9988ce/aggregates" {{(pid=75076) __call__ /opt/stack/placement/placement/requestlog.py:55}}
May 04 18:20:21.425511 n-d-712142-11 devstack@placement-api.service[75076]: INFO placement.requestlog [req-272ba9f5-1317-44d0-990f-2db8c9422a74 req-ebe2e464-7727-4e6b-96c6-0d89b00b1a6f service placement] 10.222.0.10 "GET /placement/resource_providers/d91ac869-5405-4724-baa8-e0810a9988ce/aggregates" status: 200 len: 55 microversion: 1.19
May 04 18:20:21.426439 n-d-712142-11 devstack@placement-api.service[75076]: [pid: 75076|app: 0|req: 380/760] 10.222.0.10 () {60 vars in 1432 bytes} [Tue May 4 18:20:21 2021] GET /placement/resource_providers/d91ac869-5405-4724-baa8-e0810a9988ce/aggregates => generated 55 bytes in 20 msecs (HTTP/1.1 200) 8 headers in 295 bytes (1 switches on core 0)
May 04 18:20:21.436302 n-d-712142-11 devstack@placement-api.service[75075]: DEBUG placement.requestlog [req-272ba9f5-1317-44d0-990f-2db8c9422a74 req-cad4b5cf-2073-40ed-9e57-c87305df4dbf None None] Starting request: 10.222.0.10 "GET /placement/resource_providers/d91ac869-5405-4724-baa8-e0810a9988ce/traits" {{(pid=75075) __call__ /opt/stack/placement/placement/requestlog.py:55}}
May 04 18:20:21.475011 n-d-712142-11 devstack@placement-api.service[75075]: INFO placement.requestlog [req-272ba9f5-1317-44d0-990f-2db8c9422a74 req-cad4b5cf-2073-40ed-9e57-c87305df4dbf service placement] 10.222.0.10 "GET /placement/resource_providers/d91ac869-5405-4724-baa8-e0810a9988ce/traits" status: 200 len: 213 microversion: 1.6
May 04 18:20:21.475821 n-d-712142-11 devstack@placement-api.service[75075]: [pid: 75075|app: 0|req: 381/761] 10.222.0.10 () {60 vars in 1419 bytes} [Tue May 4 18:20:21 2021] GET /placement/resource_providers/d91ac869-5405-4724-baa8-e0810a9988ce/traits => generated 213 bytes in 40 msecs (HTTP/1.1 200) 6 headers in 224 bytes (1 switches on core 0)
May 04 18:20:23.698477 n-d-712142-11 devstack@placement-api.service[75076]: DEBUG placement.requestlog [req-8157599d-b7f7-4dc1-aa87-7aeafa41c517 req-d4980bd8-b4d6-46fc-847a-9e4ec6363670 None None] Starting request: 10.222.0.24 "GET /placement/resource_providers/42511dce-68fe-456f-9a1d-802a67b0b2e7/allocations" {{(pid=75076) __call__ /opt/stack/placement/placement/requestlog.py:55}}
May 04 18:20:23.821220 n-d-712142-11 devstack@placement-api.service[75076]: INFO placement.requestlog [req-8157599d-b7f7-4dc1-aa87-7aeafa41c517 req-d4980bd8-b4d6-46fc-847a-9e4ec6363670 service placement] 10.222.0.24 "GET /placement/resource_providers/42511dce-68fe-456f-9a1d-802a67b0b2e7/allocations" status: 200 len: 343 microversion: 1.0
May 04 18:20:23.821579 n-d-712142-11 devstack@placement-api.service[75076]: [pid: 75076|app: 0|req: 381/762] 10.222.0.24 () {58 vars in 1391 bytes} [Tue May 4 18:20:23 2021] GET /placement/resource_providers/42511dce-68fe-456f-9a1d-802a67b0b2e7/allocations => generated 343 bytes in 126 msecs (HTTP/1.1 200) 6 headers in 224 bytes (1 switches on core 0)
May 04 18:20:23.862214 n-d-712142-11 devstack@placement-api.service[75075]: DEBUG placement.requestlog [req-8157599d-b7f7-4dc1-aa87-7aeafa41c517 req-d7821127-b4cf-499e-bfa0-07b63419bd59 None None] Starting request: 10.222.0.24 "GET /placement/resource_providers?in_tree=42511dce-68fe-456f-9a1d-802a67b0b2e7" {{(pid=75075) __call__ /opt/stack/placement/placement/requestlog.py:55}}
May 04 18:20:23.884627 n-d-712142-11 devstack@placement-api.service[75075]: INFO placement.requestlog [req-8157599d-b7f7-4dc1-aa87-7aeafa41c517 req-d7821127-b4cf-499e-bfa0-07b63419bd59 service placement] 10.222.0.24 "GET /placement/resource_providers?in_tree=42511dce-68fe-456f-9a1d-802a67b0b2e7" status: 200 len: 865 microversion: 1.14
May 04 18:20:23.885273 n-d-712142-11 devstack@placement-api.service[75075]: [pid: 75075|app: 0|req: 382/763] 10.222.0.24 () {60 vars in 1377 bytes} [Tue May 4 18:20:23 2021] GET /placement/resource_providers?in_tree=42511dce-68fe-456f-9a1d-802a67b0b2e7 => generated 865 bytes in 23 msecs (HTTP/1.1 200) 6 headers in 225 bytes (1 switches on core 0)
May 04 18:20:23.893430 n-d-712142-11 devstack@placement-api.service[75076]: DEBUG placement.requestlog [req-8157599d-b7f7-4dc1-aa87-7aeafa41c517 req-cd4eae69-b924-462a-a663-a87c550d1555 None None] Starting request: 10.222.0.24 "GET /placement/resource_providers/42511dce-68fe-456f-9a1d-802a67b0b2e7/inventories" {{(pid=75076) __call__ /opt/stack/placement/placement/requestlog.py:55}}
