May 04 18:29:38.184678 n-d-712142-11 sudo[112107]: ubuntu : TTY=unknown ; PWD=/ ; USER=root ; COMMAND=/usr/local/bin/cinder-rootwrap /etc/cinder/rootwrap.conf lvremove --config activation { retry_deactivation = 1} -f stack-volumes-lvmdriver-1/volume-5f6b3281-9c8d-4eb9-b5cc-0217691625ec
May 04 18:29:38.185813 n-d-712142-11 sudo[112107]: pam_unix(sudo:session): session opened for user root by (uid=0)
May 04 18:29:38.800704 n-d-712142-11 sudo[112107]: pam_unix(sudo:session): session closed for user root
May 04 18:29:38.804110 n-d-712142-11 cinder-volume[83032]: DEBUG oslo_concurrency.processutils [None req-50f72128-2aa2-4a73-a589-df2372aba7ff tempest-VolumeSnapshotQuotasNegativeTestJSON-1388369956 None] CMD "sudo cinder-rootwrap /etc/cinder/rootwrap.conf lvremove --config activation { retry_deactivation = 1} -f stack-volumes-lvmdriver-1/volume-5f6b3281-9c8d-4eb9-b5cc-0217691625ec" returned: 0 in 0.638s {{(pid=83032) execute /usr/local/lib/python3.8/dist-packages/oslo_concurrency/processutils.py:422}}
May 04 18:29:38.806515 n-d-712142-11 cinder-volume[83032]: INFO cinder.volume.drivers.lvm [None req-50f72128-2aa2-4a73-a589-df2372aba7ff tempest-VolumeSnapshotQuotasNegativeTestJSON-1388369956 None] Successfully deleted volume: 5f6b3281-9c8d-4eb9-b5cc-0217691625ec
May 04 18:29:38.813103 n-d-712142-11 sudo[112105]: pam_unix(sudo:session): session closed for user root
May 04 18:29:38.824898 n-d-712142-11 cinder-volume[83032]: DEBUG oslo_concurrency.processutils [None req-550009a0-549e-48bd-b0c6-25cff442f9bc tempest-GroupSnapshotsTest-178155528 None] CMD "sudo cinder-rootwrap /etc/cinder/rootwrap.conf lvremove --config activation { retry_deactivation = 1} -f stack-volumes-lvmdriver-1/_snapshot-1030638d-9f53-4c0e-90a7-24753c1cff71" returned: 0 in 0.767s {{(pid=83032) execute /usr/local/lib/python3.8/dist-packages/oslo_concurrency/processutils.py:422}}
May 04 18:29:38.829480 n-d-712142-11 cinder-volume[83032]: DEBUG oslo_concurrency.processutils [None req-550009a0-549e-48bd-b0c6-25cff442f9bc tempest-GroupSnapshotsTest-178155528 None] Running cmd (subprocess): sudo cinder-rootwrap /etc/cinder/rootwrap.conf env LC_ALL=C lvs --noheadings --unit=g -o vg_name,name,size --nosuffix --readonly stack-volumes-lvmdriver-1/_snapshot-60dd3650-ece5-4076-8cd5-50dc0f30f591 {{(pid=83032) execute /usr/local/lib/python3.8/dist-packages/oslo_concurrency/processutils.py:384}}
May 04 18:29:38.862014 n-d-712142-11 sudo[112156]: ubuntu : TTY=unknown ; PWD=/ ; USER=root ; COMMAND=/usr/local/bin/cinder-rootwrap /etc/cinder/rootwrap.conf env LC_ALL=C lvs --noheadings --unit=g -o vg_name,name,size --nosuffix --readonly stack-volumes-lvmdriver-1/_snapshot-60dd3650-ece5-4076-8cd5-50dc0f30f591
May 04 18:29:38.864998 n-d-712142-11 sudo[112156]: pam_unix(sudo:session): session opened for user root by (uid=0)
May 04 18:29:38.938628 n-d-712142-11 cinder-volume[83032]: DEBUG cinder.quota [None req-50f72128-2aa2-4a73-a589-df2372aba7ff tempest-VolumeSnapshotQuotasNegativeTestJSON-1388369956 None] Created reservations ['72949b93-2216-44b4-991e-33ab56c2366a', 'b4158b96-3d3c-4ab1-864c-e5678907d76d', '654635a4-e7a1-42d1-9f27-4e08e71da5c4', 'ed476927-7c27-4cf8-8552-c74a2be44406'] {{(pid=83032) reserve /opt/stack/cinder/cinder/quota.py:755}}
May 04 18:29:39.044594 n-d-712142-11 cinder-volume[83032]: DEBUG cinder.volume.drivers.lvm [None req-50f72128-2aa2-4a73-a589-df2372aba7ff tempest-VolumeSnapshotQuotasNegativeTestJSON-1388369956 None] Updating volume stats {{(pid=83032) _update_volume_stats /opt/stack/cinder/cinder/volume/drivers/lvm.py:214}}
May 04 18:29:39.045725 n-d-712142-11 cinder-volume[83032]: DEBUG oslo_concurrency.processutils [None req-50f72128-2aa2-4a73-a589-df2372aba7ff tempest-VolumeSnapshotQuotasNegativeTestJSON-1388369956 None] Running cmd (subprocess): sudo cinder-rootwrap /etc/cinder/rootwrap.conf env LC_ALL=C vgs --noheadings --unit=g -o name,size,free,lv_count,uuid --separator : --nosuffix stack-volumes-lvmdriver-1 {{(pid=83032) execute /usr/local/lib/python3.8/dist-packages/oslo_concurrency/processutils.py:384}}
May 04 18:29:39.089075 n-d-712142-11 sudo[112158]: ubuntu : TTY=unknown ; PWD=/ ; USER=root ; COMMAND=/usr/local/bin/cinder-rootwrap /etc/cinder/rootwrap.conf env LC_ALL=C vgs --noheadings --unit=g -o name,size,free,lv_count,uuid --separator : --nosuffix stack-volumes-lvmdriver-1
May 04 18:29:39.089886 n-d-712142-11 sudo[112158]: pam_unix(sudo:session): session opened for user root by (uid=0)
May 04 18:29:39.539114 n-d-712142-11 sudo[112156]: pam_unix(sudo:session): session closed for user root
May 04 18:29:39.542087 n-d-712142-11 cinder-volume[83032]: DEBUG oslo_concurrency.processutils [None req-550009a0-549e-48bd-b0c6-25cff442f9bc tempest-GroupSnapshotsTest-178155528 None] CMD "sudo cinder-rootwrap /etc/cinder/rootwrap.conf env LC_ALL=C lvs --noheadings --unit=g -o vg_name,name,size --nosuffix --readonly stack-volumes-lvmdriver-1/_snapshot-60dd3650-ece5-4076-8cd5-50dc0f30f591" returned: 0 in 0.712s {{(pid=83032) execute /usr/local/lib/python3.8/dist-packages/oslo_concurrency/processutils.py:422}}
May 04 18:29:39.545092 n-d-712142-11 cinder-volume[83032]: DEBUG oslo_concurrency.processutils [None req-550009a0-549e-48bd-b0c6-25cff442f9bc tempest-GroupSnapshotsTest-178155528 None] Running cmd (subprocess): sudo cinder-rootwrap /etc/cinder/rootwrap.conf lvremove --config activation { retry_deactivation = 1} -f stack-volumes-lvmdriver-1/_snapshot-60dd3650-ece5-4076-8cd5-50dc0f30f591 {{(pid=83032) execute /usr/local/lib/python3.8/dist-packages/oslo_concurrency/processutils.py:384}}
May 04 18:29:39.583611 n-d-712142-11 sudo[112161]: ubuntu : TTY=unknown ; PWD=/ ; USER=root ; COMMAND=/usr/local/bin/cinder-rootwrap /etc/cinder/rootwrap.conf lvremove --config activation { retry_deactivation = 1} -f stack-volumes-lvmdriver-1/_snapshot-60dd3650-ece5-4076-8cd5-50dc0f30f591
May 04 18:29:39.586100 n-d-712142-11 sudo[112161]: pam_unix(sudo:session): session opened for user root by (uid=0)
May 04 18:29:40.041808 n-d-712142-11 sudo[112158]: pam_unix(sudo:session): session closed for user root
May 04 18:29:40.044860 n-d-712142-11 cinder-volume[83032]: DEBUG oslo_concurrency.processutils [None req-50f72128-2aa2-4a73-a589-df2372aba7ff tempest-VolumeSnapshotQuotasNegativeTestJSON-1388369956 None] CMD "sudo cinder-rootwrap /etc/cinder/rootwrap.conf env LC_ALL=C vgs --noheadings --unit=g -o name,size,free,lv_count,uuid --separator : --nosuffix stack-volumes-lvmdriver-1" returned: 0 in 0.998s {{(pid=83032) execute /usr/local/lib/python3.8/dist-packages/oslo_concurrency/processutils.py:422}}
May 04 18:29:40.047736 n-d-712142-11 cinder-volume[83032]: DEBUG oslo_concurrency.processutils [None req-50f72128-2aa2-4a73-a589-df2372aba7ff tempest-VolumeSnapshotQuotasNegativeTestJSON-1388369956 None] Running cmd (subprocess): sudo cinder-rootwrap /etc/cinder/rootwrap.conf env LC_ALL=C lvs --noheadings --unit=g -o vg_name,name,size --nosuffix --readonly stack-volumes-lvmdriver-1 {{(pid=83032) execute /usr/local/lib/python3.8/dist-packages/oslo_concurrency/processutils.py:384}}
May 04 18:29:40.153871 n-d-712142-11 sudo[112175]: ubuntu : TTY=unknown ; PWD=/ ; USER=root ; COMMAND=/usr/local/bin/cinder-rootwrap /etc/cinder/rootwrap.conf env LC_ALL=C lvs --noheadings --unit=g -o vg_name,name,size --nosuffix --readonly stack-volumes-lvmdriver-1
May 04 18:29:40.154754 n-d-712142-11 sudo[112175]: pam_unix(sudo:session): session opened for user root by (uid=0)
May 04 18:29:40.384176 n-d-712142-11 sudo[112161]: pam_unix(sudo:session): session closed for user root
May 04 18:29:40.387630 n-d-712142-11 cinder-volume[83032]: DEBUG oslo_concurrency.processutils [None req-550009a0-549e-48bd-b0c6-25cff442f9bc tempest-GroupSnapshotsTest-178155528 None] CMD "sudo cinder-rootwrap /etc/cinder/rootwrap.conf lvremove --config activation { retry_deactivation = 1} -f stack-volumes-lvmdriver-1/_snapshot-60dd3650-ece5-4076-8cd5-50dc0f30f591" returned: 0 in 0.842s {{(pid=83032) execute /usr/local/lib/python3.8/dist-packages/oslo_concurrency/processutils.py:422}}
May 04 18:29:40.602619 n-d-712142-11 cinder-volume[83032]: WARNING cinder.quota [None req-550009a0-549e-48bd-b0c6-25cff442f9bc tempest-GroupSnapshotsTest-178155528 None] Deprecated: Default quota for resource: gigabytes_tempest-GroupSnapshotsTest-volume-type-1798000451 is set by the default quota flag: quota_gigabytes_tempest-GroupSnapshotsTest-volume-type-1798000451, it is now deprecated. Please use the default quota class for default quota.
May 04 18:29:40.603929 n-d-712142-11 cinder-volume[83032]: WARNING cinder.quota [None req-550009a0-549e-48bd-b0c6-25cff442f9bc tempest-GroupSnapshotsTest-178155528 None] Deprecated: Default quota for resource: snapshots_tempest-GroupSnapshotsTest-volume-type-1798000451 is set by the default quota flag: quota_snapshots_tempest-GroupSnapshotsTest-volume-type-1798000451, it is now deprecated. Please use the default quota class for default quota.
May 04 18:29:40.651611 n-d-712142-11 cinder-volume[83032]: DEBUG cinder.quota [None req-550009a0-549e-48bd-b0c6-25cff442f9bc tempest-GroupSnapshotsTest-178155528 None] Created reservations ['a29ffc1f-f7d5-4a8d-b7c0-fab5b98a9e7a', '1421c149-6425-4dcc-9b3a-56cb34c51b26', 'bef8c156-4d6d-4741-820a-b39a9fbe84c8', 'bb9b143c-a065-4646-a6fa-41f83601dee3'] {{(pid=83032) reserve /opt/stack/cinder/cinder/quota.py:755}}
May 04 18:29:40.815639 n-d-712142-11 sudo[112175]: pam_unix(sudo:session): session closed for user root
May 04 18:29:40.819586 n-d-712142-11 cinder-volume[83032]: DEBUG oslo_concurrency.processutils [None req-50f72128-2aa2-4a73-a589-df2372aba7ff tempest-VolumeSnapshotQuotasNegativeTestJSON-1388369956 None] CMD "sudo cinder-rootwrap /etc/cinder/rootwrap.conf env LC_ALL=C lvs --noheadings --unit=g -o vg_name,name,size --nosuffix --readonly stack-volumes-lvmdriver-1" returned: 0 in 0.772s {{(pid=83032) execute /usr/local/lib/python3.8/dist-packages/oslo_concurrency/processutils.py:422}}
May 04 18:29:40.827498 n-d-712142-11 cinder-volume[83032]: DEBUG cinder.manager [None req-50f72128-2aa2-4a73-a589-df2372aba7ff tempest-VolumeSnapshotQuotasNegativeTestJSON-1388369956 None] Notifying Schedulers of capabilities ... {{(pid=83032) _publish_service_capabilities /opt/stack/cinder/cinder/manager.py:197}}
May 04 18:29:40.836993 n-d-712142-11 cinder-volume[83032]: INFO cinder.volume.manager [None req-50f72128-2aa2-4a73-a589-df2372aba7ff tempest-VolumeSnapshotQuotasNegativeTestJSON-1388369956 None] Deleted volume successfully.
May 04 18:29:40.866868 n-d-712142-11 cinder-volume[83032]: DEBUG cinder.coordination [None req-50f72128-2aa2-4a73-a589-df2372aba7ff tempest-VolumeSnapshotQuotasNegativeTestJSON-1388369956 None] Lock "b'cinder-5f6b3281-9c8d-4eb9-b5cc-0217691625ec-delete_volume'" released by "delete_volume" :: held 3.973s {{(pid=83032) _synchronized /opt/stack/cinder/cinder/coordination.py:158}}
May 04 18:29:40.908560 n-d-712142-11 cinder-volume[83032]: DEBUG cinder.quota [None req-550009a0-549e-48bd-b0c6-25cff442f9bc tempest-GroupSnapshotsTest-178155528 None] Created reservations ['7cc18e34-82b2-4044-8942-c736a8d7b965', 'd3ad2881-1955-47ee-9cfc-9e7bbc4622b8', '84880705-eff6-4ce2-b3f9-4e7524f0794f', 'ce84888c-b747-4f74-a8cd-8462feed5fd6'] {{(pid=83032) reserve /opt/stack/cinder/cinder/quota.py:755}}
May 04 18:29:41.029120 n-d-712142-11 cinder-volume[83032]: INFO cinder.volume.manager [None req-550009a0-549e-48bd-b0c6-25cff442f9bc tempest-GroupSnapshotsTest-178155528 None] group_snapshot c0f43ebf-3ccf-476a-a8ab-a433615d89c0: deleted successfully
May 04 18:29:41.624772 n-d-712142-11 cinder-volume[83032]: INFO cinder.volume.targets.iscsi [None req-fc9a57a4-97f9-4ab5-95d9-c5e9e1041f9c tempest-GroupSnapshotsTest-178155528 None] Skipping remove_export. No iscsi_target is presently exported for volume: 0af18808-74da-4743-996f-d3cdd748dfe9
May 04 18:29:41.626554 n-d-712142-11 cinder-volume[83032]: DEBUG oslo_concurrency.processutils [None req-fc9a57a4-97f9-4ab5-95d9-c5e9e1041f9c tempest-GroupSnapshotsTest-178155528 None] Running cmd (subprocess): sudo cinder-rootwrap /etc/cinder/rootwrap.conf env LC_ALL=C lvs --noheadings --unit=g -o vg_name,name,size --nosuffix --readonly stack-volumes-lvmdriver-1/volume-0af18808-74da-4743-996f-d3cdd748dfe9 {{(pid=83032) execute /usr/local/lib/python3.8/dist-packages/oslo_concurrency/processutils.py:384}}
May 04 18:29:41.666090 n-d-712142-11 sudo[112220]: ubuntu : TTY=unknown ; PWD=/ ; USER=root ; COMMAND=/usr/local/bin/cinder-rootwrap /etc/cinder/rootwrap.conf env LC_ALL=C lvs --noheadings --unit=g -o vg_name,name,size --nosuffix --readonly stack-volumes-lvmdriver-1/volume-0af18808-74da-4743-996f-d3cdd748dfe9
May 04 18:29:41.670495 n-d-712142-11 sudo[112220]: pam_unix(sudo:session): session opened for user root by (uid=0)
May 04 18:29:42.474316 n-d-712142-11 sudo[112220]: pam_unix(sudo:session): session closed for user root
May 04 18:29:42.478236 n-d-712142-11 cinder-volume[83032]: DEBUG oslo_concurrency.processutils [None req-fc9a57a4-97f9-4ab5-95d9-c5e9e1041f9c tempest-GroupSnapshotsTest-178155528 None] CMD "sudo cinder-rootwrap /etc/cinder/rootwrap.conf env LC_ALL=C lvs --noheadings --unit=g -o vg_name,name,size --nosuffix --readonly stack-volumes-lvmdriver-1/volume-0af18808-74da-4743-996f-d3cdd748dfe9" returned: 0 in 0.851s {{(pid=83032) execute /usr/local/lib/python3.8/dist-packages/oslo_concurrency/processutils.py:422}}
May 04 18:29:42.479951 n-d-712142-11 cinder-volume[83032]: DEBUG oslo_concurrency.processutils [None req-fc9a57a4-97f9-4ab5-95d9-c5e9e1041f9c tempest-GroupSnapshotsTest-178155528 None] Running cmd (subprocess): sudo cinder-rootwrap /etc/cinder/rootwrap.conf env LC_ALL=C lvdisplay --noheading -C -o Attr stack-volumes-lvmdriver-1/volume-0af18808-74da-4743-996f-d3cdd748dfe9 {{(pid=83032) execute /usr/local/lib/python3.8/dist-packages/oslo_concurrency/processutils.py:384}}
May 04 18:29:42.527964 n-d-712142-11 sudo[112223]: ubuntu : TTY=unknown ; PWD=/ ; USER=root ; COMMAND=/usr/local/bin/cinder-rootwrap /etc/cinder/rootwrap.conf env LC_ALL=C lvdisplay --noheading -C -o Attr stack-volumes-lvmdriver-1/volume-0af18808-74da-4743-996f-d3cdd748dfe9
May 04 18:29:42.528762 n-d-712142-11 sudo[112223]: pam_unix(sudo:session): session opened for user root by (uid=0)
May 04 18:29:43.280237 n-d-712142-11 sudo[112223]: pam_unix(sudo:session): session closed for user root
May 04 18:29:43.282952 n-d-712142-11 cinder-volume[83032]: DEBUG oslo_concurrency.processutils [None req-fc9a57a4-97f9-4ab5-95d9-c5e9e1041f9c tempest-GroupSnapshotsTest-178155528 None] CMD "sudo cinder-rootwrap /etc/cinder/rootwrap.conf env LC_ALL=C lvdisplay --noheading -C -o Attr stack-volumes-lvmdriver-1/volume-0af18808-74da-4743-996f-d3cdd748dfe9" returned: 0 in 0.802s {{(pid=83032) execute /usr/local/lib/python3.8/dist-packages/oslo_concurrency/processutils.py:422}}
May 04 18:29:43.284752 n-d-712142-11 cinder-volume[83032]: DEBUG oslo_concurrency.processutils [None req-fc9a57a4-97f9-4ab5-95d9-c5e9e1041f9c tempest-GroupSnapshotsTest-178155528 None] Running cmd (subprocess): sudo cinder-rootwrap /etc/cinder/rootwrap.conf lvremove --config activation { retry_deactivation = 1} -f stack-volumes-lvmdriver-1/volume-0af18808-74da-4743-996f-d3cdd748dfe9 {{(pid=83032) execute /usr/local/lib/python3.8/dist-packages/oslo_concurrency/processutils.py:384}}
May 04 18:29:43.306996 n-d-712142-11 sudo[112230]: ubuntu : TTY=unknown ; PWD=/ ; USER=root ; COMMAND=/usr/local/bin/cinder-rootwrap /etc/cinder/rootwrap.conf lvremove --config activation { retry_deactivation = 1} -f stack-volumes-lvmdriver-1/volume-0af18808-74da-4743-996f-d3cdd748dfe9
May 04 18:29:43.308508 n-d-712142-11 sudo[112230]: pam_unix(sudo:session): session opened for user root by (uid=0)
May 04 18:29:43.948669 n-d-712142-11 sudo[112230]: pam_unix(sudo:session): session closed for user root
May 04 18:29:43.951338 n-d-712142-11 cinder-volume[83032]: DEBUG oslo_concurrency.processutils [None req-fc9a57a4-97f9-4ab5-95d9-c5e9e1041f9c tempest-GroupSnapshotsTest-178155528 None] CMD "sudo cinder-rootwrap /etc/cinder/rootwrap.conf lvremove --config activation { retry_deactivation = 1} -f stack-volumes-lvmdriver-1/volume-0af18808-74da-4743-996f-d3cdd748dfe9" returned: 0 in 0.666s {{(pid=83032) execute /usr/local/lib/python3.8/dist-packages/oslo_concurrency/processutils.py:422}}
May 04 18:29:43.952395 n-d-712142-11 cinder-volume[83032]: INFO cinder.volume.drivers.lvm [None req-fc9a57a4-97f9-4ab5-95d9-c5e9e1041f9c tempest-GroupSnapshotsTest-178155528 None] Successfully deleted volume: 0af18808-74da-4743-996f-d3cdd748dfe9
May 04 18:29:43.952888 n-d-712142-11 cinder-volume[83032]: INFO cinder.volume.targets.iscsi [None req-fc9a57a4-97f9-4ab5-95d9-c5e9e1041f9c tempest-GroupSnapshotsTest-178155528 None] Skipping remove_export. No iscsi_target is presently exported for volume: 3ee65653-8a04-47e5-906f-6e94ae4d9824
May 04 18:29:43.954848 n-d-712142-11 cinder-volume[83032]: DEBUG oslo_concurrency.processutils [None req-fc9a57a4-97f9-4ab5-95d9-c5e9e1041f9c tempest-GroupSnapshotsTest-178155528 None] Running cmd (subprocess): sudo cinder-rootwrap /etc/cinder/rootwrap.conf env LC_ALL=C lvs --noheadings --unit=g -o vg_name,name,size --nosuffix --readonly stack-volumes-lvmdriver-1/volume-3ee65653-8a04-47e5-906f-6e94ae4d9824 {{(pid=83032) execute /usr/local/lib/python3.8/dist-packages/oslo_concurrency/processutils.py:384}}
May 04 18:29:43.997773 n-d-712142-11 sudo[112246]: ubuntu : TTY=unknown ; PWD=/ ; USER=root ; COMMAND=/usr/local/bin/cinder-rootwrap /etc/cinder/rootwrap.conf env LC_ALL=C lvs --noheadings --unit=g -o vg_name,name,size --nosuffix --readonly stack-volumes-lvmdriver-1/volume-3ee65653-8a04-47e5-906f-6e94ae4d9824
May 04 18:29:43.998683 n-d-712142-11 sudo[112246]: pam_unix(sudo:session): session opened for user root by (uid=0)
May 04 18:29:44.525531 n-d-712142-11 sudo[112246]: pam_unix(sudo:session): session closed for user root
May 04 18:29:44.528370 n-d-712142-11 cinder-volume[83032]: DEBUG oslo_concurrency.processutils [None req-fc9a57a4-97f9-4ab5-95d9-c5e9e1041f9c tempest-GroupSnapshotsTest-178155528 None] CMD "sudo cinder-rootwrap /etc/cinder/rootwrap.conf env LC_ALL=C lvs --noheadings --unit=g -o vg_name,name,size --nosuffix --readonly stack-volumes-lvmdriver-1/volume-3ee65653-8a04-47e5-906f-6e94ae4d9824" returned: 0 in 0.574s {{(pid=83032) execute /usr/local/lib/python3.8/dist-packages/oslo_concurrency/processutils.py:422}}
May 04 18:29:44.530467 n-d-712142-11 cinder-volume[83032]: DEBUG oslo_concurrency.processutils [None req-fc9a57a4-97f9-4ab5-95d9-c5e9e1041f9c tempest-GroupSnapshotsTest-178155528 None] Running cmd (subprocess): sudo cinder-rootwrap /etc/cinder/rootwrap.conf env LC_ALL=C lvdisplay --noheading -C -o Attr stack-volumes-lvmdriver-1/volume-3ee65653-8a04-47e5-906f-6e94ae4d9824 {{(pid=83032) execute /usr/local/lib/python3.8/dist-packages/oslo_concurrency/processutils.py:384}}
May 04 18:29:44.551573 n-d-712142-11 sudo[112251]: ubuntu : TTY=unknown ; PWD=/ ; USER=root ; COMMAND=/usr/local/bin/cinder-rootwrap /etc/cinder/rootwrap.conf env LC_ALL=C lvdisplay --noheading -C -o Attr stack-volumes-lvmdriver-1/volume-3ee65653-8a04-47e5-906f-6e94ae4d9824
May 04 18:29:44.552368 n-d-712142-11 sudo[112251]: pam_unix(sudo:session): session opened for user root by (uid=0)
May 04 18:29:45.022560 n-d-712142-11 sudo[112251]: pam_unix(sudo:session): session closed for user root
May 04 18:29:45.025257 n-d-712142-11 cinder-volume[83032]: DEBUG oslo_concurrency.processutils [None req-fc9a57a4-97f9-4ab5-95d9-c5e9e1041f9c tempest-GroupSnapshotsTest-178155528 None] CMD "sudo cinder-rootwrap /etc/cinder/rootwrap.conf env LC_ALL=C lvdisplay --noheading -C -o Attr stack-volumes-lvmdriver-1/volume-3ee65653-8a04-47e5-906f-6e94ae4d9824" returned: 0 in 0.494s {{(pid=83032) execute /usr/local/lib/python3.8/dist-packages/oslo_concurrency/processutils.py:422}}
May 04 18:29:45.027523 n-d-712142-11 cinder-volume[83032]: DEBUG oslo_concurrency.processutils [None req-fc9a57a4-97f9-4ab5-95d9-c5e9e1041f9c tempest-GroupSnapshotsTest-178155528 None] Running cmd (subprocess): sudo cinder-rootwrap /etc/cinder/rootwrap.conf lvremove --config activation { retry_deactivation = 1} -f stack-volumes-lvmdriver-1/volume-3ee65653-8a04-47e5-906f-6e94ae4d9824 {{(pid=83032) execute /usr/local/lib/python3.8/dist-packages/oslo_concurrency/processutils.py:384}}
May 04 18:29:45.053607 n-d-712142-11 sudo[112255]: ubuntu : TTY=unknown ; PWD=/ ; USER=root ; COMMAND=/usr/local/bin/cinder-rootwrap /etc/cinder/rootwrap.conf lvremove --config activation { retry_deactivation = 1} -f stack-volumes-lvmdriver-1/volume-3ee65653-8a04-47e5-906f-6e94ae4d9824
May 04 18:29:45.055528 n-d-712142-11 sudo[112255]: pam_unix(sudo:session): session opened for user root by (uid=0)
May 04 18:29:45.582142 n-d-712142-11 sudo[112255]: pam_unix(sudo:session): session closed for user root
May 04 18:29:45.585218 n-d-712142-11 cinder-volume[83032]: DEBUG oslo_concurrency.processutils [None req-fc9a57a4-97f9-4ab5-95d9-c5e9e1041f9c tempest-GroupSnapshotsTest-178155528 None] CMD "sudo cinder-rootwrap /etc/cinder/rootwrap.conf lvremove --config activation { retry_deactivation = 1} -f stack-volumes-lvmdriver-1/volume-3ee65653-8a04-47e5-906f-6e94ae4d9824" returned: 0 in 0.557s {{(pid=83032) execute /usr/local/lib/python3.8/dist-packages/oslo_concurrency/processutils.py:422}}
May 04 18:29:45.587382 n-d-712142-11 cinder-volume[83032]: INFO cinder.volume.drivers.lvm [None req-fc9a57a4-97f9-4ab5-95d9-c5e9e1041f9c tempest-GroupSnapshotsTest-178155528 None] Successfully deleted volume: 3ee65653-8a04-47e5-906f-6e94ae4d9824
May 04 18:29:45.735028 n-d-712142-11 cinder-volume[83032]: DEBUG cinder.quota [None req-fc9a57a4-97f9-4ab5-95d9-c5e9e1041f9c tempest-GroupSnapshotsTest-178155528 None] Created reservations ['681170a8-867e-4476-8446-7bdbc8cf7a87'] {{(pid=83032) reserve /opt/stack/cinder/cinder/quota.py:755}}
May 04 18:29:45.763689 n-d-712142-11 cinder-volume[83032]: WARNING cinder.quota [None req-fc9a57a4-97f9-4ab5-95d9-c5e9e1041f9c tempest-GroupSnapshotsTest-178155528 None] Deprecated: Default quota for resource: volumes_tempest-GroupSnapshotsTest-volume-type-1798000451 is set by the default quota flag: quota_volumes_tempest-GroupSnapshotsTest-volume-type-1798000451, it is now deprecated. Please use the default quota class for default quota.
May 04 18:29:45.784677 n-d-712142-11 cinder-volume[83032]: DEBUG cinder.quota [None req-fc9a57a4-97f9-4ab5-95d9-c5e9e1041f9c tempest-GroupSnapshotsTest-178155528 None] Created reservations ['9ee53aa1-1140-497c-863a-cbe467abadcc', '4067f295-bed6-4e18-a5cb-0bb7392cd2b0', '854b1078-1949-4963-aed5-cef04f9c5cb8', '551ff06a-3eea-4920-a4b4-388e09071ec7'] {{(pid=83032) reserve /opt/stack/cinder/cinder/quota.py:755}}
May 04 18:29:45.911612 n-d-712142-11 cinder-volume[83032]: DEBUG cinder.quota [None req-fc9a57a4-97f9-4ab5-95d9-c5e9e1041f9c tempest-GroupSnapshotsTest-178155528 None] Created reservations ['c668419c-f3a3-4595-907b-b2927dfbe805', '679cf40b-9a7a-4606-ba01-285dab823900', 'caeaafe3-7f94-4788-9d09-60522c60d012', '0f1d1ff0-e8b5-4597-849a-2cbb19e597d0'] {{(pid=83032) reserve /opt/stack/cinder/cinder/quota.py:755}}
May 04 18:29:46.082242 n-d-712142-11 cinder-volume[83032]: DEBUG cinder.volume.drivers.lvm [None req-fc9a57a4-97f9-4ab5-95d9-c5e9e1041f9c tempest-GroupSnapshotsTest-178155528 None] Updating volume stats {{(pid=83032) _update_volume_stats /opt/stack/cinder/cinder/volume/drivers/lvm.py:214}}
May 04 18:29:46.083528 n-d-712142-11 cinder-volume[83032]: DEBUG oslo_concurrency.processutils [None req-fc9a57a4-97f9-4ab5-95d9-c5e9e1041f9c tempest-GroupSnapshotsTest-178155528 None] Running cmd (subprocess): sudo cinder-rootwrap /etc/cinder/rootwrap.conf env LC_ALL=C vgs --noheadings --unit=g -o name,size,free,lv_count,uuid --separator : --nosuffix stack-volumes-lvmdriver-1 {{(pid=83032) execute /usr/local/lib/python3.8/dist-packages/oslo_concurrency/processutils.py:384}}
May 04 18:29:46.113682 n-d-712142-11 sudo[112261]: ubuntu : TTY=unknown ; PWD=/ ; USER=root ; COMMAND=/usr/local/bin/cinder-rootwrap /etc/cinder/rootwrap.conf env LC_ALL=C vgs --noheadings --unit=g -o name,size,free,lv_count,uuid --separator : --nosuffix stack-volumes-lvmdriver-1
May 04 18:29:46.114843 n-d-712142-11 sudo[112261]: pam_unix(sudo:session): session opened for user root by (uid=0)
May 04 18:29:46.619070 n-d-712142-11 sudo[112261]: pam_unix(sudo:session): session closed for user root
May 04 18:29:46.621588 n-d-712142-11 cinder-volume[83032]: DEBUG oslo_concurrency.processutils [None req-fc9a57a4-97f9-4ab5-95d9-c5e9e1041f9c tempest-GroupSnapshotsTest-178155528 None] CMD "sudo cinder-rootwrap /etc/cinder/rootwrap.conf env LC_ALL=C vgs --noheadings --unit=g -o name,size,free,lv_count,uuid --separator : --nosuffix stack-volumes-lvmdriver-1" returned: 0 in 0.537s {{(pid=83032) execute /usr/local/lib/python3.8/dist-packages/oslo_concurrency/processutils.py:422}}
May 04 18:29:46.624538 n-d-712142-11 cinder-volume[83032]: DEBUG oslo_concurrency.processutils [None req-fc9a57a4-97f9-4ab5-95d9-c5e9e1041f9c tempest-GroupSnapshotsTest-178155528 None] Running cmd (subprocess): sudo cinder-rootwrap /etc/cinder/rootwrap.conf env LC_ALL=C lvs --noheadings --unit=g -o vg_name,name,size --nosuffix --readonly stack-volumes-lvmdriver-1 {{(pid=83032) execute /usr/local/lib/python3.8/dist-packages/oslo_concurrency/processutils.py:384}}
May 04 18:29:46.657093 n-d-712142-11 sudo[112264]: ubuntu : TTY=unknown ; PWD=/ ; USER=root ; COMMAND=/usr/local/bin/cinder-rootwrap /etc/cinder/rootwrap.conf env LC_ALL=C lvs --noheadings --unit=g -o vg_name,name,size --nosuffix --readonly stack-volumes-lvmdriver-1
May 04 18:29:46.658073 n-d-712142-11 sudo[112264]: pam_unix(sudo:session): session opened for user root by (uid=0)
May 04 18:29:47.215694 n-d-712142-11 sudo[112264]: pam_unix(sudo:session): session closed for user root
May 04 18:29:47.233036 n-d-712142-11 cinder-volume[83032]: DEBUG oslo_concurrency.processutils [None req-fc9a57a4-97f9-4ab5-95d9-c5e9e1041f9c tempest-GroupSnapshotsTest-178155528 None] CMD "sudo cinder-rootwrap /etc/cinder/rootwrap.conf env LC_ALL=C lvs --noheadings --unit=g -o vg_name,name,size --nosuffix --readonly stack-volumes-lvmdriver-1" returned: 0 in 0.608s {{(pid=83032) execute /usr/local/lib/python3.8/dist-packages/oslo_concurrency/processutils.py:422}}
May 04 18:29:47.235615 n-d-712142-11 cinder-volume[83032]: DEBUG cinder.manager [None req-fc9a57a4-97f9-4ab5-95d9-c5e9e1041f9c tempest-GroupSnapshotsTest-178155528 None] Notifying Schedulers of capabilities ... {{(pid=83032) _publish_service_capabilities /opt/stack/cinder/cinder/manager.py:197}}
May 04 18:29:47.245660 n-d-712142-11 cinder-volume[83032]: INFO cinder.volume.manager [None req-452686c0-5227-4da0-a9ff-fb6c4d00149d tempest-GroupSnapshotsTest-178155528 None] Group tempest-GroupSnapshotsTest-Group-252907110: creating
May 04 18:29:47.253480 n-d-712142-11 cinder-volume[83032]: INFO cinder.volume.manager [None req-fc9a57a4-97f9-4ab5-95d9-c5e9e1041f9c tempest-GroupSnapshotsTest-178155528 None] Delete group completed successfully.
May 04 18:29:47.269007 n-d-712142-11 cinder-volume[83032]: INFO cinder.volume.manager [None req-452686c0-5227-4da0-a9ff-fb6c4d00149d tempest-GroupSnapshotsTest-178155528 None] Group tempest-GroupSnapshotsTest-Group-252907110: created successfully
May 04 18:29:47.292225 n-d-712142-11 cinder-volume[83032]: INFO cinder.volume.manager [None req-452686c0-5227-4da0-a9ff-fb6c4d00149d tempest-GroupSnapshotsTest-178155528 None] Create group completed successfully.
May 04 18:29:49.027421 n-d-712142-11 cinder-volume[83032]: DEBUG cinder.volume.flows.manager.create_volume [None req-c038fb2e-3948-464a-be1b-4f4f340504d3 tempest-GroupSnapshotsTest-178155528 None] Volume reschedule parameters: True retry: {'num_attempts': 1, 'backends': ['n-d-712142-11@lvmdriver-1#lvmdriver-1'], 'hosts': ['n-d-712142-11@lvmdriver-1#lvmdriver-1']} {{(pid=83032) get_flow /opt/stack/cinder/cinder/volume/flows/manager/create_volume.py:1263}}
May 04 18:29:49.034019 n-d-712142-11 cinder-volume[83032]: WARNING stevedore.named [None req-c038fb2e-3948-464a-be1b-4f4f340504d3 tempest-GroupSnapshotsTest-178155528 None] Could not load cinder.keymgr.conf_key_mgr.ConfKeyManager
May 04 18:29:49.034782 n-d-712142-11 cinder-volume[83032]: WARNING castellan.key_manager [None req-c038fb2e-3948-464a-be1b-4f4f340504d3 tempest-GroupSnapshotsTest-178155528 None] Deprecation Warning : cinder.keymgr.conf_key_mgr.ConfKeyManager is not a stevedore based driver, trying to load it as a class: stevedore.exception.NoMatches: No 'castellan.drivers' driver found, looking for 'cinder.keymgr.conf_key_mgr.ConfKeyManager'
May 04 18:29:49.053845 n-d-712142-11 cinder-volume[83032]: DEBUG cinder.volume.manager [None req-c038fb2e-3948-464a-be1b-4f4f340504d3 tempest-GroupSnapshotsTest-178155528 None] Flow 'volume_create_manager' (b46ddf68-5635-4e41-8acf-8776fde5261a) transitioned into state 'RUNNING' from state 'PENDING' {{(pid=83032) _flow_receiver /usr/local/lib/python3.8/dist-packages/taskflow/listeners/logging.py:141}}
May 04 18:29:49.057711 n-d-712142-11 cinder-volume[83032]: DEBUG cinder.volume.manager [None req-c038fb2e-3948-464a-be1b-4f4f340504d3 tempest-GroupSnapshotsTest-178155528 None] Task 'cinder.volume.flows.manager.create_volume.ExtractVolumeRefTask;volume:create' (5576b7c3-17bb-4b1b-927b-2c1d0b7d672c) transitioned into state 'RUNNING' from state 'PENDING' {{(pid=83032) _task_receiver /usr/local/lib/python3.8/dist-packages/taskflow/listeners/logging.py:190}}
May 04 18:29:49.081545 n-d-712142-11 cinder-volume[83032]: DEBUG oslo_db.sqlalchemy.engines [None req-c038fb2e-3948-464a-be1b-4f4f340504d3 tempest-GroupSnapshotsTest-178155528 None] MySQL server mode set to STRICT_TRANS_TABLES,STRICT_ALL_TABLES,NO_ZERO_IN_DATE,NO_ZERO_DATE,ERROR_FOR_DIVISION_BY_ZERO,TRADITIONAL,NO_ENGINE_SUBSTITUTION {{(pid=83032) _check_effective_sql_mode /usr/local/lib/python3.8/dist-packages/oslo_db/sqlalchemy/engines.py:314}}
May 04 18:29:49.110639 n-d-712142-11 cinder-volume[83032]: DEBUG cinder.volume.manager [None req-c038fb2e-3948-464a-be1b-4f4f340504d3 tempest-GroupSnapshotsTest-178155528 None] Task 'cinder.volume.flows.manager.create_volume.ExtractVolumeRefTask;volume:create' (5576b7c3-17bb-4b1b-927b-2c1d0b7d672c) transitioned into state 'SUCCESS' from state 'RUNNING' with result 'Volume(_name_id=None,admin_metadata=,attach_status='detached',availability_zone='nova',bootable=False,cluster=,cluster_name=None,consistencygroup=,consistencygroup_id=None,created_at=2021-05-04T18:29:49Z,deleted=False,deleted_at=None,display_description=None,display_name='tempest-GroupSnapshotsTest-Volume-1650886924',ec2_id=None,encryption_key_id=None,glance_metadata=,group=,group_id=e651217d-3b45-4902-ad23-92e93de73662,host='n-d-712142-11@lvmdriver-1#lvmdriver-1',id=a6f826e0-4ab8-4817-9755-af4ae8c823ba,launched_at=None,metadata={},migration_status=None,multiattach=False,previous_status=None,project_id='74955a52b3a04e928b6554875da59aed',provider_auth=None,provider_geometry=None,provider_id=None,provider_location=None,replication_driver_data=None,replication_extended_status=None,replication_status=None,scheduled_at=2021-05-04T18:29:49Z,service_uuid=None,shared_targets=True,size=1,snapshot_id=None,snapshots=,source_volid=None,status='creating',terminated_at=None,updated_at=2021-05-04T18:29:49Z,user_id='d3944bd13c2f426c8db8db5c2c78071f',volume_attachment=,volume_type=VolumeType(f1aee4b0-824c-48c0-a7f1-4609ae805473),volume_type_id=f1aee4b0-824c-48c0-a7f1-4609ae805473)' {{(pid=83032) _task_receiver /usr/local/lib/python3.8/dist-packages/taskflow/listeners/logging.py:178}}
May 04 18:29:49.113347 n-d-712142-11 cinder-volume[83032]: DEBUG cinder.volume.manager [None req-c038fb2e-3948-464a-be1b-4f4f340504d3 tempest-GroupSnapshotsTest-178155528 None] Task 'cinder.volume.flows.manager.create_volume.OnFailureRescheduleTask;volume:create' (5f3e31bb-c1de-48d2-b9d7-10869b363568) transitioned into state 'RUNNING' from state 'PENDING' {{(pid=83032) _task_receiver /usr/local/lib/python3.8/dist-packages/taskflow/listeners/logging.py:190}}
May 04 18:29:49.116679 n-d-712142-11 cinder-volume[83032]: DEBUG cinder.volume.manager [None req-c038fb2e-3948-464a-be1b-4f4f340504d3 tempest-GroupSnapshotsTest-178155528 None] Task 'cinder.volume.flows.manager.create_volume.OnFailureRescheduleTask;volume:create' (5f3e31bb-c1de-48d2-b9d7-10869b363568) transitioned into state 'SUCCESS' from state 'RUNNING' with result 'None' {{(pid=83032) _task_receiver /usr/local/lib/python3.8/dist-packages/taskflow/listeners/logging.py:178}}
May 04 18:29:49.119196 n-d-712142-11 cinder-volume[83032]: DEBUG cinder.volume.manager [None req-c038fb2e-3948-464a-be1b-4f4f340504d3 tempest-GroupSnapshotsTest-178155528 None] Task 'cinder.volume.flows.manager.create_volume.ExtractVolumeSpecTask;volume:create' (ce89ed21-810f-4af6-a4a9-09751957034c) transitioned into state 'RUNNING' from state 'PENDING' {{(pid=83032) _task_receiver /usr/local/lib/python3.8/dist-packages/taskflow/listeners/logging.py:190}}
May 04 18:29:49.121770 n-d-712142-11 cinder-volume[83032]: DEBUG cinder.volume.manager [None req-c038fb2e-3948-464a-be1b-4f4f340504d3 tempest-GroupSnapshotsTest-178155528 None] Task 'cinder.volume.flows.manager.create_volume.ExtractVolumeSpecTask;volume:create' (ce89ed21-810f-4af6-a4a9-09751957034c) transitioned into state 'SUCCESS' from state 'RUNNING' with result '{'status': 'creating', 'type': 'raw', 'volume_id': 'a6f826e0-4ab8-4817-9755-af4ae8c823ba', 'volume_name': 'volume-a6f826e0-4ab8-4817-9755-af4ae8c823ba', 'volume_size': 1}' {{(pid=83032) _task_receiver /usr/local/lib/python3.8/dist-packages/taskflow/listeners/logging.py:178}}
May 04 18:29:49.124190 n-d-712142-11 cinder-volume[83032]: DEBUG cinder.volume.manager [None req-c038fb2e-3948-464a-be1b-4f4f340504d3 tempest-GroupSnapshotsTest-178155528 None] Task 'cinder.volume.flows.manager.create_volume.NotifyVolumeActionTask;volume:create, create.start' (5b4b464b-aab6-4a2a-8018-bd30a9268231) transitioned into state 'RUNNING' from state 'PENDING' {{(pid=83032) _task_receiver /usr/local/lib/python3.8/dist-packages/taskflow/listeners/logging.py:190}}
May 04 18:29:49.127055 n-d-712142-11 cinder-volume[83032]: DEBUG cinder.volume.manager [None req-c038fb2e-3948-464a-be1b-4f4f340504d3 tempest-GroupSnapshotsTest-178155528 None] Task 'cinder.volume.flows.manager.create_volume.NotifyVolumeActionTask;volume:create, create.start' (5b4b464b-aab6-4a2a-8018-bd30a9268231) transitioned into state 'SUCCESS' from state 'RUNNING' with result 'None' {{(pid=83032) _task_receiver /usr/local/lib/python3.8/dist-packages/taskflow/listeners/logging.py:178}}
May 04 18:29:49.129357 n-d-712142-11 cinder-volume[83032]: DEBUG cinder.volume.manager [None req-c038fb2e-3948-464a-be1b-4f4f340504d3 tempest-GroupSnapshotsTest-178155528 None] Task 'cinder.volume.flows.manager.create_volume.CreateVolumeFromSpecTask;volume:create' (46b6d8f9-5682-48a2-89c5-4d2d36bbeda3) transitioned into state 'RUNNING' from state 'PENDING' {{(pid=83032) _task_receiver /usr/local/lib/python3.8/dist-packages/taskflow/listeners/logging.py:190}}
May 04 18:29:49.151052 n-d-712142-11 cinder-volume[83032]: INFO cinder.volume.flows.manager.create_volume [None req-c038fb2e-3948-464a-be1b-4f4f340504d3 tempest-GroupSnapshotsTest-178155528 None] Volume a6f826e0-4ab8-4817-9755-af4ae8c823ba: being created as raw with specification: {'status': 'creating', 'volume_name': 'volume-a6f826e0-4ab8-4817-9755-af4ae8c823ba', 'volume_size': 1}
May 04 18:29:49.152458 n-d-712142-11 cinder-volume[83032]: DEBUG oslo_concurrency.processutils [None req-c038fb2e-3948-464a-be1b-4f4f340504d3 tempest-GroupSnapshotsTest-178155528 None] Running cmd (subprocess): sudo cinder-rootwrap /etc/cinder/rootwrap.conf env LC_ALL=C lvcreate -n volume-a6f826e0-4ab8-4817-9755-af4ae8c823ba stack-volumes-lvmdriver-1 -L 1g {{(pid=83032) execute /usr/local/lib/python3.8/dist-packages/oslo_concurrency/processutils.py:384}}
May 04 18:29:49.184502 n-d-712142-11 sudo[112268]: ubuntu : TTY=unknown ; PWD=/ ; USER=root ; COMMAND=/usr/local/bin/cinder-rootwrap /etc/cinder/rootwrap.conf env LC_ALL=C lvcreate -n volume-a6f826e0-4ab8-4817-9755-af4ae8c823ba stack-volumes-lvmdriver-1 -L 1g
May 04 18:29:49.195108 n-d-712142-11 sudo[112268]: pam_unix(sudo:session): session opened for user root by (uid=0)
May 04 18:29:49.840140 n-d-712142-11 sudo[112268]: pam_unix(sudo:session): session closed for user root
May 04 18:29:49.843019 n-d-712142-11 cinder-volume[83032]: DEBUG oslo_concurrency.processutils [None req-c038fb2e-3948-464a-be1b-4f4f340504d3 tempest-GroupSnapshotsTest-178155528 None] CMD "sudo cinder-rootwrap /etc/cinder/rootwrap.conf env LC_ALL=C lvcreate -n volume-a6f826e0-4ab8-4817-9755-af4ae8c823ba stack-volumes-lvmdriver-1 -L 1g" returned: 0 in 0.690s {{(pid=83032) execute /usr/local/lib/python3.8/dist-packages/oslo_concurrency/processutils.py:422}}
May 04 18:29:49.846633 n-d-712142-11 cinder-volume[83032]: DEBUG cinder.volume.manager [None req-c038fb2e-3948-464a-be1b-4f4f340504d3 tempest-GroupSnapshotsTest-178155528 None] Task 'cinder.volume.flows.manager.create_volume.CreateVolumeFromSpecTask;volume:create' (46b6d8f9-5682-48a2-89c5-4d2d36bbeda3) transitioned into state 'SUCCESS' from state 'RUNNING' with result '{'status': 'creating', 'volume_name': 'volume-a6f826e0-4ab8-4817-9755-af4ae8c823ba', 'volume_size': 1}' {{(pid=83032) _task_receiver /usr/local/lib/python3.8/dist-packages/taskflow/listeners/logging.py:178}}
May 04 18:29:49.848971 n-d-712142-11 cinder-volume[83032]: DEBUG cinder.volume.manager [None req-c038fb2e-3948-464a-be1b-4f4f340504d3 tempest-GroupSnapshotsTest-178155528 None] Task 'cinder.volume.flows.manager.create_volume.CreateVolumeOnFinishTask;volume:create, create.end' (0ae6becb-d205-4591-981a-22d15c2f4e8c) transitioned into state 'RUNNING' from state 'PENDING' {{(pid=83032) _task_receiver /usr/local/lib/python3.8/dist-packages/taskflow/listeners/logging.py:190}}
May 04 18:29:49.861825 n-d-712142-11 cinder-volume[83032]: INFO cinder.volume.flows.manager.create_volume [None req-c038fb2e-3948-464a-be1b-4f4f340504d3 tempest-GroupSnapshotsTest-178155528 None] Volume volume-a6f826e0-4ab8-4817-9755-af4ae8c823ba (a6f826e0-4ab8-4817-9755-af4ae8c823ba): created successfully
May 04 18:29:49.864851 n-d-712142-11 cinder-volume[83032]: DEBUG cinder.volume.manager [None req-c038fb2e-3948-464a-be1b-4f4f340504d3 tempest-GroupSnapshotsTest-178155528 None] Task 'cinder.volume.flows.manager.create_volume.CreateVolumeOnFinishTask;volume:create, create.end' (0ae6becb-d205-4591-981a-22d15c2f4e8c) transitioned into state 'SUCCESS' from state 'RUNNING' with result 'None' {{(pid=83032) _task_receiver /usr/local/lib/python3.8/dist-packages/taskflow/listeners/logging.py:178}}
May 04 18:29:49.869008 n-d-712142-11 cinder-volume[83032]: DEBUG cinder.volume.manager [None req-c038fb2e-3948-464a-be1b-4f4f340504d3 tempest-GroupSnapshotsTest-178155528 None] Flow 'volume_create_manager' (b46ddf68-5635-4e41-8acf-8776fde5261a) transitioned into state 'SUCCESS' from state 'RUNNING' {{(pid=83032) _flow_receiver /usr/local/lib/python3.8/dist-packages/taskflow/listeners/logging.py:141}}
May 04 18:29:49.879436 n-d-712142-11 cinder-volume[83032]: INFO cinder.volume.manager [None req-c038fb2e-3948-464a-be1b-4f4f340504d3 tempest-GroupSnapshotsTest-178155528 None] Created volume successfully.
May 04 18:29:50.603040 n-d-712142-11 cinder-volume[83032]: INFO cinder.volume.manager [None req-8a997d68-a995-4f1d-98e6-c266edf4ab38 tempest-GroupSnapshotsTest-178155528 None] GroupSnapshot 04f06d35-0b95-49fb-acd2-8197b0233c09: creating.
May 04 18:29:50.634529 n-d-712142-11 cinder-volume[83032]: DEBUG cinder.volume.manager [None req-8a997d68-a995-4f1d-98e6-c266edf4ab38 tempest-GroupSnapshotsTest-178155528 None] Group snapshot 04f06d35-0b95-49fb-acd2-8197b0233c09: creating. {{(pid=83032) create_group_snapshot /opt/stack/cinder/cinder/volume/manager.py:3983}}
May 04 18:29:50.706012 n-d-712142-11 cinder-volume[83032]: DEBUG oslo_concurrency.processutils [None req-8a997d68-a995-4f1d-98e6-c266edf4ab38 tempest-GroupSnapshotsTest-178155528 None] Running cmd (subprocess): sudo cinder-rootwrap /etc/cinder/rootwrap.conf env LC_ALL=C lvs --noheadings --unit=g -o vg_name,name,size --nosuffix --readonly stack-volumes-lvmdriver-1/volume-a6f826e0-4ab8-4817-9755-af4ae8c823ba {{(pid=83032) execute /usr/local/lib/python3.8/dist-packages/oslo_concurrency/processutils.py:384}}
May 04 18:29:50.740416 n-d-712142-11 sudo[112303]: ubuntu : TTY=unknown ; PWD=/ ; USER=root ; COMMAND=/usr/local/bin/cinder-rootwrap /etc/cinder/rootwrap.conf env LC_ALL=C lvs --noheadings --unit=g -o vg_name,name,size --nosuffix --readonly stack-volumes-lvmdriver-1/volume-a6f826e0-4ab8-4817-9755-af4ae8c823ba
May 04 18:29:50.743041 n-d-712142-11 sudo[112303]: pam_unix(sudo:session): session opened for user root by (uid=0)
May 04 18:29:51.307123 n-d-712142-11 sudo[112303]: pam_unix(sudo:session): session closed for user root
May 04 18:29:51.309631 n-d-712142-11 cinder-volume[83032]: DEBUG oslo_concurrency.processutils [None req-8a997d68-a995-4f1d-98e6-c266edf4ab38 tempest-GroupSnapshotsTest-178155528 None] CMD "sudo cinder-rootwrap /etc/cinder/rootwrap.conf env LC_ALL=C lvs --noheadings --unit=g -o vg_name,name,size --nosuffix --readonly stack-volumes-lvmdriver-1/volume-a6f826e0-4ab8-4817-9755-af4ae8c823ba" returned: 0 in 0.603s {{(pid=83032) execute /usr/local/lib/python3.8/dist-packages/oslo_concurrency/processutils.py:422}}
May 04 18:29:51.311421 n-d-712142-11 cinder-volume[83032]: DEBUG oslo_concurrency.processutils [None req-8a997d68-a995-4f1d-98e6-c266edf4ab38 tempest-GroupSnapshotsTest-178155528 None] Running cmd (subprocess): sudo cinder-rootwrap /etc/cinder/rootwrap.conf env LC_ALL=C lvcreate --name _snapshot-dc249c88-bb6a-4bc2-9204-d49a5421b963 --snapshot stack-volumes-lvmdriver-1/volume-a6f826e0-4ab8-4817-9755-af4ae8c823ba -L 1.00g {{(pid=83032) execute /usr/local/lib/python3.8/dist-packages/oslo_concurrency/processutils.py:384}}
May 04 18:29:51.332438 n-d-712142-11 sudo[112308]: ubuntu : TTY=unknown ; PWD=/ ; USER=root ; COMMAND=/usr/local/bin/cinder-rootwrap /etc/cinder/rootwrap.conf env LC_ALL=C lvcreate --name _snapshot-dc249c88-bb6a-4bc2-9204-d49a5421b963 --snapshot stack-volumes-lvmdriver-1/volume-a6f826e0-4ab8-4817-9755-af4ae8c823ba -L 1.00g
May 04 18:29:51.333527 n-d-712142-11 sudo[112308]: pam_unix(sudo:session): session opened for user root by (uid=0)
May 04 18:29:52.172512 n-d-712142-11 sudo[112308]: pam_unix(sudo:session): session closed for user root
May 04 18:29:52.175719 n-d-712142-11 cinder-volume[83032]: DEBUG oslo_concurrency.processutils [None req-8a997d68-a995-4f1d-98e6-c266edf4ab38 tempest-GroupSnapshotsTest-178155528 None] CMD "sudo cinder-rootwrap /etc/cinder/rootwrap.conf env LC_ALL=C lvcreate --name _snapshot-dc249c88-bb6a-4bc2-9204-d49a5421b963 --snapshot stack-volumes-lvmdriver-1/volume-a6f826e0-4ab8-4817-9755-af4ae8c823ba -L 1.00g" returned: 0 in 0.864s {{(pid=83032) execute /usr/local/lib/python3.8/dist-packages/oslo_concurrency/processutils.py:422}}
May 04 18:29:52.316366 n-d-712142-11 cinder-volume[83032]: INFO cinder.volume.manager [None req-8a997d68-a995-4f1d-98e6-c266edf4ab38 tempest-GroupSnapshotsTest-178155528 None] group_snapshot 04f06d35-0b95-49fb-acd2-8197b0233c09: created successfully
May 04 18:29:53.017974 n-d-712142-11 cinder-volume[83032]: INFO cinder.volume.manager [None req-c81a756c-6447-4c17-9f0d-23a35ab52659 tempest-GroupSnapshotsTest-178155528 None] group_snapshot 04f06d35-0b95-49fb-acd2-8197b0233c09: deleting
May 04 18:29:53.054306 n-d-712142-11 cinder-volume[83032]: DEBUG cinder.volume.manager [None req-c81a756c-6447-4c17-9f0d-23a35ab52659 tempest-GroupSnapshotsTest-178155528 None] group_snapshot 04f06d35-0b95-49fb-acd2-8197b0233c09: deleting {{(pid=83032) delete_group_snapshot /opt/stack/cinder/cinder/volume/manager.py:4152}}
May 04 18:29:53.064256 n-d-712142-11 cinder-volume[83032]: DEBUG oslo_concurrency.processutils [None req-c81a756c-6447-4c17-9f0d-23a35ab52659 tempest-GroupSnapshotsTest-178155528 None] Running cmd (subprocess): sudo cinder-rootwrap /etc/cinder/rootwrap.conf env LC_ALL=C lvs --noheadings --unit=g -o vg_name,name,size --nosuffix --readonly stack-volumes-lvmdriver-1/_snapshot-dc249c88-bb6a-4bc2-9204-d49a5421b963 {{(pid=83032) execute /usr/local/lib/python3.8/dist-packages/oslo_concurrency/processutils.py:384}}
May 04 18:29:53.095629 n-d-712142-11 sudo[112421]: ubuntu : TTY=unknown ; PWD=/ ; USER=root ; COMMAND=/usr/local/bin/cinder-rootwrap /etc/cinder/rootwrap.conf env LC_ALL=C lvs --noheadings --unit=g -o vg_name,name,size --nosuffix --readonly stack-volumes-lvmdriver-1/_snapshot-dc249c88-bb6a-4bc2-9204-d49a5421b963
May 04 18:29:53.097471 n-d-712142-11 sudo[112421]: pam_unix(sudo:session): session opened for user root by (uid=0)
May 04 18:29:53.814843 n-d-712142-11 sudo[112421]: pam_unix(sudo:session): session closed for user root
May 04 18:29:53.817574 n-d-712142-11 cinder-volume[83032]: DEBUG oslo_concurrency.processutils [None req-c81a756c-6447-4c17-9f0d-23a35ab52659 tempest-GroupSnapshotsTest-178155528 None] CMD "sudo cinder-rootwrap /etc/cinder/rootwrap.conf env LC_ALL=C lvs --noheadings --unit=g -o vg_name,name,size --nosuffix --readonly stack-volumes-lvmdriver-1/_snapshot-dc249c88-bb6a-4bc2-9204-d49a5421b963" returned: 0 in 0.753s {{(pid=83032) execute /usr/local/lib/python3.8/dist-packages/oslo_concurrency/processutils.py:422}}
May 04 18:29:53.822012 n-d-712142-11 cinder-volume[83032]: DEBUG oslo_concurrency.processutils [None req-c81a756c-6447-4c17-9f0d-23a35ab52659 tempest-GroupSnapshotsTest-178155528 None] Running cmd (subprocess): sudo cinder-rootwrap /etc/cinder/rootwrap.conf lvremove --config activation { retry_deactivation = 1} -f stack-volumes-lvmdriver-1/_snapshot-dc249c88-bb6a-4bc2-9204-d49a5421b963 {{(pid=83032) execute /usr/local/lib/python3.8/dist-packages/oslo_concurrency/processutils.py:384}}
May 04 18:29:53.857930 n-d-712142-11 sudo[112424]: ubuntu : TTY=unknown ; PWD=/ ; USER=root ; COMMAND=/usr/local/bin/cinder-rootwrap /etc/cinder/rootwrap.conf lvremove --config activation { retry_deactivation = 1} -f stack-volumes-lvmdriver-1/_snapshot-dc249c88-bb6a-4bc2-9204-d49a5421b963
May 04 18:29:53.859284 n-d-712142-11 sudo[112424]: pam_unix(sudo:session): session opened for user root by (uid=0)
May 04 18:29:54.697723 n-d-712142-11 sudo[112424]: pam_unix(sudo:session): session closed for user root
May 04 18:29:54.699896 n-d-712142-11 cinder-volume[83032]: DEBUG oslo_concurrency.processutils [None req-c81a756c-6447-4c17-9f0d-23a35ab52659 tempest-GroupSnapshotsTest-178155528 None] CMD "sudo cinder-rootwrap /etc/cinder/rootwrap.conf lvremove --config activation { retry_deactivation = 1} -f stack-volumes-lvmdriver-1/_snapshot-dc249c88-bb6a-4bc2-9204-d49a5421b963" returned: 0 in 0.878s {{(pid=83032) execute /usr/local/lib/python3.8/dist-packages/oslo_concurrency/processutils.py:422}}
May 04 18:29:54.789297 n-d-712142-11 cinder-volume[83032]: WARNING cinder.quota [None req-c81a756c-6447-4c17-9f0d-23a35ab52659 tempest-GroupSnapshotsTest-178155528 None] Deprecated: Default quota for resource: gigabytes_tempest-GroupSnapshotsTest-volume-type-399349727 is set by the default quota flag: quota_gigabytes_tempest-GroupSnapshotsTest-volume-type-399349727, it is now deprecated. Please use the default quota class for default quota.
May 04 18:29:54.790411 n-d-712142-11 cinder-volume[83032]: WARNING cinder.quota [None req-c81a756c-6447-4c17-9f0d-23a35ab52659 tempest-GroupSnapshotsTest-178155528 None] Deprecated: Default quota for resource: snapshots_tempest-GroupSnapshotsTest-volume-type-399349727 is set by the default quota flag: quota_snapshots_tempest-GroupSnapshotsTest-volume-type-399349727, it is now deprecated. Please use the default quota class for default quota.
May 04 18:29:54.808795 n-d-712142-11 cinder-volume[83032]: DEBUG cinder.quota [None req-c81a756c-6447-4c17-9f0d-23a35ab52659 tempest-GroupSnapshotsTest-178155528 None] Created reservations ['a3342375-2590-49c2-b4f6-a9a1c3f79c55', 'a203e3dd-ad4c-4042-8abf-264a6b320516', 'a22d5452-0ba8-42ed-85c5-baedd530913a', '7761ba45-3680-4068-974e-5e52d4e15d6d'] {{(pid=83032) reserve /opt/stack/cinder/cinder/quota.py:755}}
May 04 18:29:54.856067 n-d-712142-11 cinder-volume[83032]: INFO cinder.volume.manager [None req-c81a756c-6447-4c17-9f0d-23a35ab52659 tempest-GroupSnapshotsTest-178155528 None] group_snapshot 04f06d35-0b95-49fb-acd2-8197b0233c09: deleted successfully
May 04 18:29:55.872628 n-d-712142-11 cinder-volume[83032]: INFO cinder.volume.targets.iscsi [None req-4625c5d7-1381-4c8f-a7f1-5141bbd993d7 tempest-GroupSnapshotsTest-178155528 None] Skipping remove_export. No iscsi_target is presently exported for volume: a6f826e0-4ab8-4817-9755-af4ae8c823ba
May 04 18:29:55.874726 n-d-712142-11 cinder-volume[83032]: DEBUG oslo_concurrency.processutils [None req-4625c5d7-1381-4c8f-a7f1-5141bbd993d7 tempest-GroupSnapshotsTest-178155528 None] Running cmd (subprocess): sudo cinder-rootwrap /etc/cinder/rootwrap.conf env LC_ALL=C lvs --noheadings --unit=g -o vg_name,name,size --nosuffix --readonly stack-volumes-lvmdriver-1/volume-a6f826e0-4ab8-4817-9755-af4ae8c823ba {{(pid=83032) execute /usr/local/lib/python3.8/dist-packages/oslo_concurrency/processutils.py:384}}
May 04 18:29:55.925818 n-d-712142-11 sudo[112482]: ubuntu : TTY=unknown ; PWD=/ ; USER=root ; COMMAND=/usr/local/bin/cinder-rootwrap /etc/cinder/rootwrap.conf env LC_ALL=C lvs --noheadings --unit=g -o vg_name,name,size --nosuffix --readonly stack-volumes-lvmdriver-1/volume-a6f826e0-4ab8-4817-9755-af4ae8c823ba
May 04 18:29:55.928426 n-d-712142-11 sudo[112482]: pam_unix(sudo:session): session opened for user root by (uid=0)
May 04 18:29:56.589083 n-d-712142-11 sudo[112482]: pam_unix(sudo:session): session closed for user root
