May 04 17:23:13.649679 n-d-712141-9 devstack@n-api.service[89491]: INFO nova.api.openstack.requestlog [req-249f493c-0217-4140-af9b-3da1c97d1389 req-8104dea9-002e-4360-9a3a-a2cfe000ab0e service nova] 10.222.0.47 "POST /compute/v2.1/os-server-external-events" status: 200 len: 185 microversion: 2.1 time: 0.108216
May 04 17:23:13.650315 n-d-712141-9 devstack@n-api.service[89491]: [pid: 89491|app: 0|req: 221/367] 10.222.0.47 () {64 vars in 1318 bytes} [Tue May 4 17:23:13 2021] POST /compute/v2.1/os-server-external-events => generated 185 bytes in 113 msecs (HTTP/1.1 200) 9 headers in 357 bytes (2 switches on core 0)
May 04 17:23:13.726130 n-d-712141-9 devstack@n-api.service[89491]: DEBUG nova.api.openstack.wsgi [None req-5819f3b3-5f71-4c05-8ef2-f2742f362d98 tempest-LiveAutoBlockMigrationV225Test-1562815695 tempest-LiveAutoBlockMigrationV225Test-1562815695-project] Calling method '>' {{(pid=89491) _process_stack /opt/stack/nova/nova/api/openstack/wsgi.py:513}}
May 04 17:23:13.727071 n-d-712141-9 devstack@n-api.service[89491]: DEBUG nova.compute.api [None req-5819f3b3-5f71-4c05-8ef2-f2742f362d98 tempest-LiveAutoBlockMigrationV225Test-1562815695 tempest-LiveAutoBlockMigrationV225Test-1562815695-project] [instance: d1bfeb5c-9f3b-48e6-b5af-8e0ab74417cb] Fetching instance by UUID {{(pid=89491) get /opt/stack/nova/nova/compute/api.py:2790}}
May 04 17:23:13.744599 n-d-712141-9 devstack@n-api.service[89491]: DEBUG oslo_concurrency.lockutils [None req-5819f3b3-5f71-4c05-8ef2-f2742f362d98 tempest-LiveAutoBlockMigrationV225Test-1562815695 tempest-LiveAutoBlockMigrationV225Test-1562815695-project] Lock "8c7eb3c3-1a9f-4fd1-9244-93a97c6fa513" acquired by "nova.context.set_target_cell..get_or_set_cached_cell_and_set_connections" :: waited 0.000s {{(pid=89491) inner /usr/local/lib/python3.8/dist-packages/oslo_concurrency/lockutils.py:355}}
May 04 17:23:13.745565 n-d-712141-9 devstack@n-api.service[89491]: DEBUG oslo_concurrency.lockutils [None req-5819f3b3-5f71-4c05-8ef2-f2742f362d98 tempest-LiveAutoBlockMigrationV225Test-1562815695 tempest-LiveAutoBlockMigrationV225Test-1562815695-project] Lock "8c7eb3c3-1a9f-4fd1-9244-93a97c6fa513" released by "nova.context.set_target_cell..get_or_set_cached_cell_and_set_connections" :: held 0.001s {{(pid=89491) inner /usr/local/lib/python3.8/dist-packages/oslo_concurrency/lockutils.py:367}}
May 04 17:23:13.746570 n-d-712141-9 devstack@n-api.service[89491]: DEBUG oslo_concurrency.lockutils [None req-5819f3b3-5f71-4c05-8ef2-f2742f362d98 tempest-LiveAutoBlockMigrationV225Test-1562815695 tempest-LiveAutoBlockMigrationV225Test-1562815695-project] Lock "8c7eb3c3-1a9f-4fd1-9244-93a97c6fa513" acquired by "nova.context.set_target_cell..get_or_set_cached_cell_and_set_connections" :: waited 0.000s {{(pid=89491) inner /usr/local/lib/python3.8/dist-packages/oslo_concurrency/lockutils.py:355}}
May 04 17:23:13.747243 n-d-712141-9 devstack@n-api.service[89491]: DEBUG oslo_concurrency.lockutils [None req-5819f3b3-5f71-4c05-8ef2-f2742f362d98 tempest-LiveAutoBlockMigrationV225Test-1562815695 tempest-LiveAutoBlockMigrationV225Test-1562815695-project] Lock "8c7eb3c3-1a9f-4fd1-9244-93a97c6fa513" released by "nova.context.set_target_cell..get_or_set_cached_cell_and_set_connections" :: held 0.001s {{(pid=89491) inner /usr/local/lib/python3.8/dist-packages/oslo_concurrency/lockutils.py:367}}
May 04 17:23:14.046995 n-d-712141-9 devstack@n-api.service[89490]: DEBUG nova.policy [None req-0449d52a-c84f-4ac8-8512-4dec5c12c825 tempest-ServersAdminTestJSON-1201662459 tempest-ServersAdminTestJSON-1201662459-project] Policy check for os_compute_api:os-extended-server-attributes failed with credentials {'is_admin': False, 'user_id': '97d838d8af1342989f362a8bbd50de35', 'user_domain_id': 'default', 'system_scope': None, 'domain_id': None, 'project_id': '069e69f090994473ba67639429989165', 'project_domain_id': 'default', 'roles': ['member', 'reader'], 'is_admin_project': True, 'service_user_id': None, 'service_user_domain_id': None, 'service_project_id': None, 'service_project_domain_id': None, 'service_roles': []} {{(pid=89490) authorize /opt/stack/nova/nova/policy.py:199}}
May 04 17:23:14.063353 n-d-712141-9 devstack@n-api.service[89490]: INFO nova.api.openstack.requestlog [None req-0449d52a-c84f-4ac8-8512-4dec5c12c825 tempest-ServersAdminTestJSON-1201662459 tempest-ServersAdminTestJSON-1201662459-project] 10.222.0.47 "GET /compute/v2.1/servers/8c3f9d44-c107-43c1-8d66-637cbe833951" status: 200 len: 1462 microversion: 2.1 time: 0.448339
May 04 17:23:14.066270 n-d-712141-9 devstack@n-api.service[89490]: [pid: 89490|app: 0|req: 147/368] 10.222.0.47 () {58 vars in 1236 bytes} [Tue May 4 17:23:13 2021] GET /compute/v2.1/servers/8c3f9d44-c107-43c1-8d66-637cbe833951 => generated 1462 bytes in 453 msecs (HTTP/1.1 200) 9 headers in 358 bytes (1 switches on core 0)
May 04 17:23:14.076764 n-d-712141-9 devstack@n-api.service[89490]: DEBUG nova.api.openstack.wsgi [None req-88dc7ffe-62dc-440a-bbac-83b1c55885fe tempest-LiveMigrationTest-1158681322 tempest-LiveMigrationTest-1158681322-project] Calling method '>' {{(pid=89490) _process_stack /opt/stack/nova/nova/api/openstack/wsgi.py:513}}
May 04 17:23:14.077433 n-d-712141-9 devstack@n-api.service[89490]: DEBUG nova.compute.api [None req-88dc7ffe-62dc-440a-bbac-83b1c55885fe tempest-LiveMigrationTest-1158681322 tempest-LiveMigrationTest-1158681322-project] [instance: 8d221327-ee29-4dc2-a20e-b5490b2843b9] Fetching instance by UUID {{(pid=89490) get /opt/stack/nova/nova/compute/api.py:2790}}
May 04 17:23:14.092925 n-d-712141-9 devstack@n-api.service[89490]: DEBUG oslo_concurrency.lockutils [None req-88dc7ffe-62dc-440a-bbac-83b1c55885fe tempest-LiveMigrationTest-1158681322 tempest-LiveMigrationTest-1158681322-project] Lock "8c7eb3c3-1a9f-4fd1-9244-93a97c6fa513" acquired by "nova.context.set_target_cell..get_or_set_cached_cell_and_set_connections" :: waited 0.000s {{(pid=89490) inner /usr/local/lib/python3.8/dist-packages/oslo_concurrency/lockutils.py:355}}
May 04 17:23:14.093390 n-d-712141-9 devstack@n-api.service[89490]: DEBUG oslo_concurrency.lockutils [None req-88dc7ffe-62dc-440a-bbac-83b1c55885fe tempest-LiveMigrationTest-1158681322 tempest-LiveMigrationTest-1158681322-project] Lock "8c7eb3c3-1a9f-4fd1-9244-93a97c6fa513" released by "nova.context.set_target_cell..get_or_set_cached_cell_and_set_connections" :: held 0.001s {{(pid=89490) inner /usr/local/lib/python3.8/dist-packages/oslo_concurrency/lockutils.py:367}}
May 04 17:23:14.094356 n-d-712141-9 devstack@n-api.service[89490]: DEBUG oslo_concurrency.lockutils [None req-88dc7ffe-62dc-440a-bbac-83b1c55885fe tempest-LiveMigrationTest-1158681322 tempest-LiveMigrationTest-1158681322-project] Lock "8c7eb3c3-1a9f-4fd1-9244-93a97c6fa513" acquired by "nova.context.set_target_cell..get_or_set_cached_cell_and_set_connections" :: waited 0.000s {{(pid=89490) inner /usr/local/lib/python3.8/dist-packages/oslo_concurrency/lockutils.py:355}}
May 04 17:23:14.094635 n-d-712141-9 devstack@n-api.service[89490]: DEBUG oslo_concurrency.lockutils [None req-88dc7ffe-62dc-440a-bbac-83b1c55885fe tempest-LiveMigrationTest-1158681322 tempest-LiveMigrationTest-1158681322-project] Lock "8c7eb3c3-1a9f-4fd1-9244-93a97c6fa513" released by "nova.context.set_target_cell..get_or_set_cached_cell_and_set_connections" :: held 0.000s {{(pid=89490) inner /usr/local/lib/python3.8/dist-packages/oslo_concurrency/lockutils.py:367}}
May 04 17:23:14.146293 n-d-712141-9 devstack@n-api.service[89491]: DEBUG nova.policy [None req-5819f3b3-5f71-4c05-8ef2-f2742f362d98 tempest-LiveAutoBlockMigrationV225Test-1562815695 tempest-LiveAutoBlockMigrationV225Test-1562815695-project] Policy check for os_compute_api:os-extended-server-attributes failed with credentials {'is_admin': False, 'user_id': 'be52bc2dca8a4d7caeb43bf5aa85d15e', 'user_domain_id': 'default', 'system_scope': None, 'domain_id': None, 'project_id': '2e5be2b4dae2486dae5b61c32a05151e', 'project_domain_id': 'default', 'roles': ['member', 'reader'], 'is_admin_project': True, 'service_user_id': None, 'service_user_domain_id': None, 'service_project_id': None, 'service_project_domain_id': None, 'service_roles': []} {{(pid=89491) authorize /opt/stack/nova/nova/policy.py:199}}
May 04 17:23:14.161811 n-d-712141-9 devstack@n-api.service[89491]: DEBUG nova.policy [None req-5819f3b3-5f71-4c05-8ef2-f2742f362d98 tempest-LiveAutoBlockMigrationV225Test-1562815695 tempest-LiveAutoBlockMigrationV225Test-1562815695-project] Policy check for os_compute_api:servers:show:host_status failed with credentials {'is_admin': False, 'user_id': 'be52bc2dca8a4d7caeb43bf5aa85d15e', 'user_domain_id': 'default', 'system_scope': None, 'domain_id': None, 'project_id': '2e5be2b4dae2486dae5b61c32a05151e', 'project_domain_id': 'default', 'roles': ['member', 'reader'], 'is_admin_project': True, 'service_user_id': None, 'service_user_domain_id': None, 'service_project_id': None, 'service_project_domain_id': None, 'service_roles': []} {{(pid=89491) authorize /opt/stack/nova/nova/policy.py:199}}
May 04 17:23:14.164089 n-d-712141-9 devstack@n-api.service[89491]: DEBUG nova.policy [None req-5819f3b3-5f71-4c05-8ef2-f2742f362d98 tempest-LiveAutoBlockMigrationV225Test-1562815695 tempest-LiveAutoBlockMigrationV225Test-1562815695-project] Policy check for os_compute_api:servers:show:host_status:unknown-only failed with credentials {'is_admin': False, 'user_id': 'be52bc2dca8a4d7caeb43bf5aa85d15e', 'user_domain_id': 'default', 'system_scope': None, 'domain_id': None, 'project_id': '2e5be2b4dae2486dae5b61c32a05151e', 'project_domain_id': 'default', 'roles': ['member', 'reader'], 'is_admin_project': True, 'service_user_id': None, 'service_user_domain_id': None, 'service_project_id': None, 'service_project_domain_id': None, 'service_roles': []} {{(pid=89491) authorize /opt/stack/nova/nova/policy.py:199}}
May 04 17:23:14.165655 n-d-712141-9 devstack@n-api.service[89491]: INFO nova.api.openstack.requestlog [None req-5819f3b3-5f71-4c05-8ef2-f2742f362d98 tempest-LiveAutoBlockMigrationV225Test-1562815695 tempest-LiveAutoBlockMigrationV225Test-1562815695-project] 10.222.0.47 "GET /compute/v2.1/servers/d1bfeb5c-9f3b-48e6-b5af-8e0ab74417cb" status: 200 len: 1558 microversion: 2.25 time: 0.446189
May 04 17:23:14.166648 n-d-712141-9 devstack@n-api.service[89491]: [pid: 89491|app: 0|req: 222/369] 10.222.0.47 () {60 vars in 1277 bytes} [Tue May 4 17:23:13 2021] GET /compute/v2.1/servers/d1bfeb5c-9f3b-48e6-b5af-8e0ab74417cb => generated 1558 bytes in 448 msecs (HTTP/1.1 200) 9 headers in 360 bytes (1 switches on core 0)
May 04 17:23:14.172717 n-d-712141-9 devstack@n-api.service[89491]: DEBUG nova.api.openstack.wsgi [None req-6c9069af-66d3-49f1-a164-a32a0dd37e64 tempest-ServersAdminTestJSON-1201662459 tempest-ServersAdminTestJSON-1201662459-project] Calling method '>' {{(pid=89491) _process_stack /opt/stack/nova/nova/api/openstack/wsgi.py:513}}
May 04 17:23:14.173598 n-d-712141-9 devstack@n-api.service[89491]: DEBUG nova.compute.api [None req-6c9069af-66d3-49f1-a164-a32a0dd37e64 tempest-ServersAdminTestJSON-1201662459 tempest-ServersAdminTestJSON-1201662459-project] [instance: e7234efc-c650-4953-982c-b6a92ec9e8b0] Fetching instance by UUID {{(pid=89491) get /opt/stack/nova/nova/compute/api.py:2790}}
May 04 17:23:14.184891 n-d-712141-9 devstack@n-api.service[89491]: DEBUG oslo_concurrency.lockutils [None req-6c9069af-66d3-49f1-a164-a32a0dd37e64 tempest-ServersAdminTestJSON-1201662459 tempest-ServersAdminTestJSON-1201662459-project] Lock "8c7eb3c3-1a9f-4fd1-9244-93a97c6fa513" acquired by "nova.context.set_target_cell..get_or_set_cached_cell_and_set_connections" :: waited 0.000s {{(pid=89491) inner /usr/local/lib/python3.8/dist-packages/oslo_concurrency/lockutils.py:355}}
May 04 17:23:14.185592 n-d-712141-9 devstack@n-api.service[89491]: DEBUG oslo_concurrency.lockutils [None req-6c9069af-66d3-49f1-a164-a32a0dd37e64 tempest-ServersAdminTestJSON-1201662459 tempest-ServersAdminTestJSON-1201662459-project] Lock "8c7eb3c3-1a9f-4fd1-9244-93a97c6fa513" released by "nova.context.set_target_cell..get_or_set_cached_cell_and_set_connections" :: held 0.001s {{(pid=89491) inner /usr/local/lib/python3.8/dist-packages/oslo_concurrency/lockutils.py:367}}
May 04 17:23:14.186891 n-d-712141-9 devstack@n-api.service[89491]: DEBUG oslo_concurrency.lockutils [None req-6c9069af-66d3-49f1-a164-a32a0dd37e64 tempest-ServersAdminTestJSON-1201662459 tempest-ServersAdminTestJSON-1201662459-project] Lock "8c7eb3c3-1a9f-4fd1-9244-93a97c6fa513" acquired by "nova.context.set_target_cell..get_or_set_cached_cell_and_set_connections" :: waited 0.000s {{(pid=89491) inner /usr/local/lib/python3.8/dist-packages/oslo_concurrency/lockutils.py:355}}
May 04 17:23:14.187605 n-d-712141-9 devstack@n-api.service[89491]: DEBUG oslo_concurrency.lockutils [None req-6c9069af-66d3-49f1-a164-a32a0dd37e64 tempest-ServersAdminTestJSON-1201662459 tempest-ServersAdminTestJSON-1201662459-project] Lock "8c7eb3c3-1a9f-4fd1-9244-93a97c6fa513" released by "nova.context.set_target_cell..get_or_set_cached_cell_and_set_connections" :: held 0.001s {{(pid=89491) inner /usr/local/lib/python3.8/dist-packages/oslo_concurrency/lockutils.py:367}}
May 04 17:23:14.485410 n-d-712141-9 devstack@n-api.service[89490]: DEBUG nova.policy [None req-88dc7ffe-62dc-440a-bbac-83b1c55885fe tempest-LiveMigrationTest-1158681322 tempest-LiveMigrationTest-1158681322-project] Policy check for os_compute_api:os-extended-server-attributes failed with credentials {'is_admin': False, 'user_id': '20b5f088418142fbadfb49fc2d32653a', 'user_domain_id': 'default', 'system_scope': None, 'domain_id': None, 'project_id': '24250035529b4fe5adb10e1bf9279df5', 'project_domain_id': 'default', 'roles': ['member', 'reader'], 'is_admin_project': True, 'service_user_id': None, 'service_user_domain_id': None, 'service_project_id': None, 'service_project_domain_id': None, 'service_roles': []} {{(pid=89490) authorize /opt/stack/nova/nova/policy.py:199}}
May 04 17:23:14.496190 n-d-712141-9 devstack@n-api.service[89490]: INFO nova.api.openstack.requestlog [None req-88dc7ffe-62dc-440a-bbac-83b1c55885fe tempest-LiveMigrationTest-1158681322 tempest-LiveMigrationTest-1158681322-project] 10.222.0.47 "GET /compute/v2.1/servers/8d221327-ee29-4dc2-a20e-b5490b2843b9" status: 200 len: 1504 microversion: 2.1 time: 0.428701
May 04 17:23:14.496817 n-d-712141-9 devstack@n-api.service[89490]: [pid: 89490|app: 0|req: 148/370] 10.222.0.47 () {58 vars in 1236 bytes} [Tue May 4 17:23:14 2021] GET /compute/v2.1/servers/8d221327-ee29-4dc2-a20e-b5490b2843b9 => generated 1504 bytes in 430 msecs (HTTP/1.1 200) 9 headers in 358 bytes (1 switches on core 0)
May 04 17:23:14.498943 n-d-712141-9 devstack@n-api.service[89491]: DEBUG nova.policy [None req-6c9069af-66d3-49f1-a164-a32a0dd37e64 tempest-ServersAdminTestJSON-1201662459 tempest-ServersAdminTestJSON-1201662459-project] Policy check for os_compute_api:os-extended-server-attributes failed with credentials {'is_admin': False, 'user_id': '97d838d8af1342989f362a8bbd50de35', 'user_domain_id': 'default', 'system_scope': None, 'domain_id': None, 'project_id': '069e69f090994473ba67639429989165', 'project_domain_id': 'default', 'roles': ['member', 'reader'], 'is_admin_project': True, 'service_user_id': None, 'service_user_domain_id': None, 'service_project_id': None, 'service_project_domain_id': None, 'service_roles': []} {{(pid=89491) authorize /opt/stack/nova/nova/policy.py:199}}
May 04 17:23:14.504758 n-d-712141-9 devstack@n-api.service[89490]: DEBUG nova.api.openstack.wsgi [None req-bfb18721-079e-4c2a-b9a5-a17c9e463b88 tempest-TenantUsagesTestJSON-1313404944 tempest-TenantUsagesTestJSON-1313404944-project] Calling method '>' {{(pid=89490) _process_stack /opt/stack/nova/nova/api/openstack/wsgi.py:513}}
May 04 17:23:14.505618 n-d-712141-9 devstack@n-api.service[89490]: DEBUG nova.compute.api [None req-bfb18721-079e-4c2a-b9a5-a17c9e463b88 tempest-TenantUsagesTestJSON-1313404944 tempest-TenantUsagesTestJSON-1313404944-project] [instance: 43293bad-80ee-4791-b3c5-f0798acfef9b] Fetching instance by UUID {{(pid=89490) get /opt/stack/nova/nova/compute/api.py:2790}}
May 04 17:23:14.510865 n-d-712141-9 devstack@n-api.service[89491]: INFO nova.api.openstack.requestlog [None req-6c9069af-66d3-49f1-a164-a32a0dd37e64 tempest-ServersAdminTestJSON-1201662459 tempest-ServersAdminTestJSON-1201662459-project] 10.222.0.47 "GET /compute/v2.1/servers/e7234efc-c650-4953-982c-b6a92ec9e8b0" status: 200 len: 1462 microversion: 2.1 time: 0.342387
May 04 17:23:14.511603 n-d-712141-9 devstack@n-api.service[89491]: [pid: 89491|app: 0|req: 223/371] 10.222.0.47 () {58 vars in 1236 bytes} [Tue May 4 17:23:14 2021] GET /compute/v2.1/servers/e7234efc-c650-4953-982c-b6a92ec9e8b0 => generated 1462 bytes in 344 msecs (HTTP/1.1 200) 9 headers in 358 bytes (1 switches on core 0)
May 04 17:23:14.527409 n-d-712141-9 devstack@n-api.service[89490]: DEBUG oslo_concurrency.lockutils [None req-bfb18721-079e-4c2a-b9a5-a17c9e463b88 tempest-TenantUsagesTestJSON-1313404944 tempest-TenantUsagesTestJSON-1313404944-project] Lock "8c7eb3c3-1a9f-4fd1-9244-93a97c6fa513" acquired by "nova.context.set_target_cell..get_or_set_cached_cell_and_set_connections" :: waited 0.000s {{(pid=89490) inner /usr/local/lib/python3.8/dist-packages/oslo_concurrency/lockutils.py:355}}
May 04 17:23:14.527910 n-d-712141-9 devstack@n-api.service[89490]: DEBUG oslo_concurrency.lockutils [None req-bfb18721-079e-4c2a-b9a5-a17c9e463b88 tempest-TenantUsagesTestJSON-1313404944 tempest-TenantUsagesTestJSON-1313404944-project] Lock "8c7eb3c3-1a9f-4fd1-9244-93a97c6fa513" released by "nova.context.set_target_cell..get_or_set_cached_cell_and_set_connections" :: held 0.001s {{(pid=89490) inner /usr/local/lib/python3.8/dist-packages/oslo_concurrency/lockutils.py:367}}
May 04 17:23:14.533272 n-d-712141-9 devstack@n-api.service[89490]: DEBUG oslo_concurrency.lockutils [None req-bfb18721-079e-4c2a-b9a5-a17c9e463b88 tempest-TenantUsagesTestJSON-1313404944 tempest-TenantUsagesTestJSON-1313404944-project] Lock "8c7eb3c3-1a9f-4fd1-9244-93a97c6fa513" acquired by "nova.context.set_target_cell..get_or_set_cached_cell_and_set_connections" :: waited 0.000s {{(pid=89490) inner /usr/local/lib/python3.8/dist-packages/oslo_concurrency/lockutils.py:355}}
May 04 17:23:14.544951 n-d-712141-9 devstack@n-api.service[89490]: DEBUG oslo_concurrency.lockutils [None req-bfb18721-079e-4c2a-b9a5-a17c9e463b88 tempest-TenantUsagesTestJSON-1313404944 tempest-TenantUsagesTestJSON-1313404944-project] Lock "8c7eb3c3-1a9f-4fd1-9244-93a97c6fa513" released by "nova.context.set_target_cell..get_or_set_cached_cell_and_set_connections" :: held 0.005s {{(pid=89490) inner /usr/local/lib/python3.8/dist-packages/oslo_concurrency/lockutils.py:367}}
May 04 17:23:14.770220 n-d-712141-9 devstack@n-api.service[89491]: DEBUG nova.api.openstack.wsgi [None req-5b647286-0837-4660-9027-fc6855a83667 tempest-LiveAutoBlockMigrationV225Test-553899762 tempest-LiveAutoBlockMigrationV225Test-553899762-project-admin] Calling method '>' {{(pid=89491) _process_stack /opt/stack/nova/nova/api/openstack/wsgi.py:513}}
May 04 17:23:14.771000 n-d-712141-9 devstack@n-api.service[89491]: DEBUG nova.compute.api [None req-5b647286-0837-4660-9027-fc6855a83667 tempest-LiveAutoBlockMigrationV225Test-553899762 tempest-LiveAutoBlockMigrationV225Test-553899762-project-admin] [instance: d1bfeb5c-9f3b-48e6-b5af-8e0ab74417cb] Fetching instance by UUID {{(pid=89491) get /opt/stack/nova/nova/compute/api.py:2790}}
May 04 17:23:14.785119 n-d-712141-9 devstack@n-api.service[89491]: DEBUG oslo_concurrency.lockutils [None req-5b647286-0837-4660-9027-fc6855a83667 tempest-LiveAutoBlockMigrationV225Test-553899762 tempest-LiveAutoBlockMigrationV225Test-553899762-project-admin] Lock "8c7eb3c3-1a9f-4fd1-9244-93a97c6fa513" acquired by "nova.context.set_target_cell..get_or_set_cached_cell_and_set_connections" :: waited 0.000s {{(pid=89491) inner /usr/local/lib/python3.8/dist-packages/oslo_concurrency/lockutils.py:355}}
May 04 17:23:14.785860 n-d-712141-9 devstack@n-api.service[89491]: DEBUG oslo_concurrency.lockutils [None req-5b647286-0837-4660-9027-fc6855a83667 tempest-LiveAutoBlockMigrationV225Test-553899762 tempest-LiveAutoBlockMigrationV225Test-553899762-project-admin] Lock "8c7eb3c3-1a9f-4fd1-9244-93a97c6fa513" released by "nova.context.set_target_cell..get_or_set_cached_cell_and_set_connections" :: held 0.001s {{(pid=89491) inner /usr/local/lib/python3.8/dist-packages/oslo_concurrency/lockutils.py:367}}
May 04 17:23:14.786888 n-d-712141-9 devstack@n-api.service[89491]: DEBUG oslo_concurrency.lockutils [None req-5b647286-0837-4660-9027-fc6855a83667 tempest-LiveAutoBlockMigrationV225Test-553899762 tempest-LiveAutoBlockMigrationV225Test-553899762-project-admin] Lock "8c7eb3c3-1a9f-4fd1-9244-93a97c6fa513" acquired by "nova.context.set_target_cell..get_or_set_cached_cell_and_set_connections" :: waited 0.000s {{(pid=89491) inner /usr/local/lib/python3.8/dist-packages/oslo_concurrency/lockutils.py:355}}
May 04 17:23:14.787532 n-d-712141-9 devstack@n-api.service[89491]: DEBUG oslo_concurrency.lockutils [None req-5b647286-0837-4660-9027-fc6855a83667 tempest-LiveAutoBlockMigrationV225Test-553899762 tempest-LiveAutoBlockMigrationV225Test-553899762-project-admin] Lock "8c7eb3c3-1a9f-4fd1-9244-93a97c6fa513" released by "nova.context.set_target_cell..get_or_set_cached_cell_and_set_connections" :: held 0.001s {{(pid=89491) inner /usr/local/lib/python3.8/dist-packages/oslo_concurrency/lockutils.py:367}}
May 04 17:23:14.977438 n-d-712141-9 devstack@n-api.service[89490]: DEBUG nova.policy [None req-bfb18721-079e-4c2a-b9a5-a17c9e463b88 tempest-TenantUsagesTestJSON-1313404944 tempest-TenantUsagesTestJSON-1313404944-project] Policy check for os_compute_api:os-extended-server-attributes failed with credentials {'is_admin': False, 'user_id': 'faea9ea0f13a46dc831ff499fd512ff7', 'user_domain_id': 'default', 'system_scope': None, 'domain_id': None, 'project_id': '4c291e01c3e7431cad9edab73a8a28ea', 'project_domain_id': 'default', 'roles': ['member', 'reader'], 'is_admin_project': True, 'service_user_id': None, 'service_user_domain_id': None, 'service_project_id': None, 'service_project_domain_id': None, 'service_roles': []} {{(pid=89490) authorize /opt/stack/nova/nova/policy.py:199}}
May 04 17:23:15.001071 n-d-712141-9 devstack@n-api.service[89490]: INFO nova.api.openstack.requestlog [None req-bfb18721-079e-4c2a-b9a5-a17c9e463b88 tempest-TenantUsagesTestJSON-1313404944 tempest-TenantUsagesTestJSON-1313404944-project] 10.222.0.47 "GET /compute/v2.1/servers/43293bad-80ee-4791-b3c5-f0798acfef9b" status: 200 len: 1313 microversion: 2.1 time: 0.502601
May 04 17:23:15.002559 n-d-712141-9 devstack@n-api.service[89490]: [pid: 89490|app: 0|req: 149/372] 10.222.0.47 () {58 vars in 1236 bytes} [Tue May 4 17:23:14 2021] GET /compute/v2.1/servers/43293bad-80ee-4791-b3c5-f0798acfef9b => generated 1313 bytes in 505 msecs (HTTP/1.1 200) 9 headers in 358 bytes (1 switches on core 0)
May 04 17:23:15.014051 n-d-712141-9 devstack@n-api.service[89490]: DEBUG nova.api.openstack.wsgi [None req-555c4b36-e283-486d-aa20-429b41e37b99 tempest-LiveMigrationNegativeTest-282553729 tempest-LiveMigrationNegativeTest-282553729-project] Calling method '>' {{(pid=89490) _process_stack /opt/stack/nova/nova/api/openstack/wsgi.py:513}}
May 04 17:23:15.015643 n-d-712141-9 devstack@n-api.service[89490]: DEBUG nova.compute.api [None req-555c4b36-e283-486d-aa20-429b41e37b99 tempest-LiveMigrationNegativeTest-282553729 tempest-LiveMigrationNegativeTest-282553729-project] [instance: cf02853b-8e81-43cb-84c7-8816f9f8be2b] Fetching instance by UUID {{(pid=89490) get /opt/stack/nova/nova/compute/api.py:2790}}
May 04 17:23:15.030403 n-d-712141-9 devstack@n-api.service[89490]: DEBUG oslo_concurrency.lockutils [None req-555c4b36-e283-486d-aa20-429b41e37b99 tempest-LiveMigrationNegativeTest-282553729 tempest-LiveMigrationNegativeTest-282553729-project] Lock "8c7eb3c3-1a9f-4fd1-9244-93a97c6fa513" acquired by "nova.context.set_target_cell..get_or_set_cached_cell_and_set_connections" :: waited 0.000s {{(pid=89490) inner /usr/local/lib/python3.8/dist-packages/oslo_concurrency/lockutils.py:355}}
May 04 17:23:15.031336 n-d-712141-9 devstack@n-api.service[89490]: DEBUG oslo_concurrency.lockutils [None req-555c4b36-e283-486d-aa20-429b41e37b99 tempest-LiveMigrationNegativeTest-282553729 tempest-LiveMigrationNegativeTest-282553729-project] Lock "8c7eb3c3-1a9f-4fd1-9244-93a97c6fa513" released by "nova.context.set_target_cell..get_or_set_cached_cell_and_set_connections" :: held 0.001s {{(pid=89490) inner /usr/local/lib/python3.8/dist-packages/oslo_concurrency/lockutils.py:367}}
May 04 17:23:15.033208 n-d-712141-9 devstack@n-api.service[89490]: DEBUG oslo_concurrency.lockutils [None req-555c4b36-e283-486d-aa20-429b41e37b99 tempest-LiveMigrationNegativeTest-282553729 tempest-LiveMigrationNegativeTest-282553729-project] Lock "8c7eb3c3-1a9f-4fd1-9244-93a97c6fa513" acquired by "nova.context.set_target_cell..get_or_set_cached_cell_and_set_connections" :: waited 0.000s {{(pid=89490) inner /usr/local/lib/python3.8/dist-packages/oslo_concurrency/lockutils.py:355}}
May 04 17:23:15.034184 n-d-712141-9 devstack@n-api.service[89490]: DEBUG oslo_concurrency.lockutils [None req-555c4b36-e283-486d-aa20-429b41e37b99 tempest-LiveMigrationNegativeTest-282553729 tempest-LiveMigrationNegativeTest-282553729-project] Lock "8c7eb3c3-1a9f-4fd1-9244-93a97c6fa513" released by "nova.context.set_target_cell..get_or_set_cached_cell_and_set_connections" :: held 0.001s {{(pid=89490) inner /usr/local/lib/python3.8/dist-packages/oslo_concurrency/lockutils.py:367}}
May 04 17:23:15.121431 n-d-712141-9 devstack@n-api.service[89491]: DEBUG nova.objects.instance [None req-5b647286-0837-4660-9027-fc6855a83667 tempest-LiveAutoBlockMigrationV225Test-553899762 tempest-LiveAutoBlockMigrationV225Test-553899762-project-admin] Lazy-loading 'services' on Instance uuid d1bfeb5c-9f3b-48e6-b5af-8e0ab74417cb {{(pid=89491) obj_load_attr /opt/stack/nova/nova/objects/instance.py:1098}}
May 04 17:23:15.185514 n-d-712141-9 devstack@n-api.service[89491]: INFO nova.api.openstack.requestlog [None req-5b647286-0837-4660-9027-fc6855a83667 tempest-LiveAutoBlockMigrationV225Test-553899762 tempest-LiveAutoBlockMigrationV225Test-553899762-project-admin] 10.222.0.47 "GET /compute/v2.1/servers/d1bfeb5c-9f3b-48e6-b5af-8e0ab74417cb" status: 200 len: 2051 microversion: 2.25 time: 0.672652
May 04 17:23:15.186722 n-d-712141-9 devstack@n-api.service[89491]: [pid: 89491|app: 0|req: 224/373] 10.222.0.47 () {60 vars in 1277 bytes} [Tue May 4 17:23:14 2021] GET /compute/v2.1/servers/d1bfeb5c-9f3b-48e6-b5af-8e0ab74417cb => generated 2051 bytes in 674 msecs (HTTP/1.1 200) 9 headers in 360 bytes (1 switches on core 0)
May 04 17:23:15.204862 n-d-712141-9 devstack@n-api.service[89491]: DEBUG nova.api.openstack.wsgi [None req-44a739ef-5a3f-48cb-9162-3185cd0794fc tempest-ServersWithSpecificFlavorTestJSON-914998464 tempest-ServersWithSpecificFlavorTestJSON-914998464-project] Action: 'action', calling method: >, body: {"os-getConsoleOutput": {}} {{(pid=89491) _process_stack /opt/stack/nova/nova/api/openstack/wsgi.py:511}}
May 04 17:23:15.206085 n-d-712141-9 devstack@n-api.service[89491]: DEBUG nova.compute.api [None req-44a739ef-5a3f-48cb-9162-3185cd0794fc tempest-ServersWithSpecificFlavorTestJSON-914998464 tempest-ServersWithSpecificFlavorTestJSON-914998464-project] [instance: d19d08c9-1f14-46b0-a1b1-240ca929d18f] Fetching instance by UUID {{(pid=89491) get /opt/stack/nova/nova/compute/api.py:2790}}
May 04 17:23:15.215193 n-d-712141-9 devstack@n-api.service[89491]: DEBUG oslo_concurrency.lockutils [None req-44a739ef-5a3f-48cb-9162-3185cd0794fc tempest-ServersWithSpecificFlavorTestJSON-914998464 tempest-ServersWithSpecificFlavorTestJSON-914998464-project] Lock "8c7eb3c3-1a9f-4fd1-9244-93a97c6fa513" acquired by "nova.context.set_target_cell..get_or_set_cached_cell_and_set_connections" :: waited 0.000s {{(pid=89491) inner /usr/local/lib/python3.8/dist-packages/oslo_concurrency/lockutils.py:355}}
May 04 17:23:15.215645 n-d-712141-9 devstack@n-api.service[89491]: DEBUG oslo_concurrency.lockutils [None req-44a739ef-5a3f-48cb-9162-3185cd0794fc tempest-ServersWithSpecificFlavorTestJSON-914998464 tempest-ServersWithSpecificFlavorTestJSON-914998464-project] Lock "8c7eb3c3-1a9f-4fd1-9244-93a97c6fa513" released by "nova.context.set_target_cell..get_or_set_cached_cell_and_set_connections" :: held 0.001s {{(pid=89491) inner /usr/local/lib/python3.8/dist-packages/oslo_concurrency/lockutils.py:367}}
May 04 17:23:15.216427 n-d-712141-9 devstack@n-api.service[89491]: DEBUG oslo_concurrency.lockutils [None req-44a739ef-5a3f-48cb-9162-3185cd0794fc tempest-ServersWithSpecificFlavorTestJSON-914998464 tempest-ServersWithSpecificFlavorTestJSON-914998464-project] Lock "8c7eb3c3-1a9f-4fd1-9244-93a97c6fa513" acquired by "nova.context.set_target_cell..get_or_set_cached_cell_and_set_connections" :: waited 0.000s {{(pid=89491) inner /usr/local/lib/python3.8/dist-packages/oslo_concurrency/lockutils.py:355}}
May 04 17:23:15.216894 n-d-712141-9 devstack@n-api.service[89491]: DEBUG oslo_concurrency.lockutils [None req-44a739ef-5a3f-48cb-9162-3185cd0794fc tempest-ServersWithSpecificFlavorTestJSON-914998464 tempest-ServersWithSpecificFlavorTestJSON-914998464-project] Lock "8c7eb3c3-1a9f-4fd1-9244-93a97c6fa513" released by "nova.context.set_target_cell..get_or_set_cached_cell_and_set_connections" :: held 0.000s {{(pid=89491) inner /usr/local/lib/python3.8/dist-packages/oslo_concurrency/lockutils.py:367}}
May 04 17:23:15.305598 n-d-712141-9 devstack@n-api.service[89491]: INFO nova.api.openstack.requestlog [None req-44a739ef-5a3f-48cb-9162-3185cd0794fc tempest-ServersWithSpecificFlavorTestJSON-914998464 tempest-ServersWithSpecificFlavorTestJSON-914998464-project] 10.222.0.47 "POST /compute/v2.1/servers/d19d08c9-1f14-46b0-a1b1-240ca929d18f/action" status: 200 len: 24561 microversion: 2.1 time: 0.116900
May 04 17:23:15.305598 n-d-712141-9 devstack@n-api.service[89491]: [pid: 89491|app: 0|req: 225/374] 10.222.0.47 () {60 vars in 1278 bytes} [Tue May 4 17:23:15 2021] POST /compute/v2.1/servers/d19d08c9-1f14-46b0-a1b1-240ca929d18f/action => generated 24561 bytes in 119 msecs (HTTP/1.1 200) 9 headers in 359 bytes (1 switches on core 0)
May 04 17:23:15.313064 n-d-712141-9 devstack@n-api.service[89491]: DEBUG nova.api.openstack.wsgi [None req-f65dc1c7-51d3-4e3f-ab76-97e7e52e1c78 tempest-ServersAdminTestJSON-1201662459 tempest-ServersAdminTestJSON-1201662459-project] Action: 'create', calling method: >, body: {"server": {"name": "tempest-ServersAdminTestJSON-server-1580385585", "imageRef": "d2ffd296-6c47-41ca-9135-05c3d28b3c2b", "flavorRef": "452"}, "os:scheduler_hints": {"same_host": "e7234efc-c650-4953-982c-b6a92ec9e8b0"}} {{(pid=89491) _process_stack /opt/stack/nova/nova/api/openstack/wsgi.py:511}}
May 04 17:23:15.345500 n-d-712141-9 devstack@n-api.service[89490]: DEBUG nova.policy [None req-555c4b36-e283-486d-aa20-429b41e37b99 tempest-LiveMigrationNegativeTest-282553729 tempest-LiveMigrationNegativeTest-282553729-project] Policy check for os_compute_api:os-extended-server-attributes failed with credentials {'is_admin': False, 'user_id': '9c8661158a1648f58ebcbe0c74a98f91', 'user_domain_id': 'default', 'system_scope': None, 'domain_id': None, 'project_id': 'f46d18fe3efc4a5b98a4f7c3d53e2f02', 'project_domain_id': 'default', 'roles': ['member', 'reader'], 'is_admin_project': True, 'service_user_id': None, 'service_user_domain_id': None, 'service_project_id': None, 'service_project_domain_id': None, 'service_roles': []} {{(pid=89490) authorize /opt/stack/nova/nova/policy.py:199}}
May 04 17:23:15.358017 n-d-712141-9 devstack@n-api.service[89490]: INFO nova.api.openstack.requestlog [None req-555c4b36-e283-486d-aa20-429b41e37b99 tempest-LiveMigrationNegativeTest-282553729 tempest-LiveMigrationNegativeTest-282553729-project] 10.222.0.47 "GET /compute/v2.1/servers/cf02853b-8e81-43cb-84c7-8816f9f8be2b" status: 200 len: 1318 microversion: 2.1 time: 0.354082
May 04 17:23:15.359194 n-d-712141-9 devstack@n-api.service[89490]: [pid: 89490|app: 0|req: 150/375] 10.222.0.47 () {58 vars in 1236 bytes} [Tue May 4 17:23:15 2021] GET /compute/v2.1/servers/cf02853b-8e81-43cb-84c7-8816f9f8be2b => generated 1318 bytes in 356 msecs (HTTP/1.1 200) 9 headers in 358 bytes (1 switches on core 0)
May 04 17:23:15.372948 n-d-712141-9 devstack@n-api.service[89490]: DEBUG nova.api.openstack.wsgi [None req-a7a3541e-3cf4-4b24-a187-521eafe8b209 tempest-LiveAutoBlockMigrationV225Test-553899762 tempest-LiveAutoBlockMigrationV225Test-553899762-project-admin] Calling method '>' {{(pid=89490) _process_stack /opt/stack/nova/nova/api/openstack/wsgi.py:513}}
May 04 17:23:15.374455 n-d-712141-9 devstack@n-api.service[89490]: DEBUG nova.compute.api [None req-a7a3541e-3cf4-4b24-a187-521eafe8b209 tempest-LiveAutoBlockMigrationV225Test-553899762 tempest-LiveAutoBlockMigrationV225Test-553899762-project-admin] [instance: d1bfeb5c-9f3b-48e6-b5af-8e0ab74417cb] Fetching instance by UUID {{(pid=89490) get /opt/stack/nova/nova/compute/api.py:2790}}
May 04 17:23:15.384955 n-d-712141-9 devstack@n-api.service[89490]: DEBUG oslo_concurrency.lockutils [None req-a7a3541e-3cf4-4b24-a187-521eafe8b209 tempest-LiveAutoBlockMigrationV225Test-553899762 tempest-LiveAutoBlockMigrationV225Test-553899762-project-admin] Lock "8c7eb3c3-1a9f-4fd1-9244-93a97c6fa513" acquired by "nova.context.set_target_cell..get_or_set_cached_cell_and_set_connections" :: waited 0.000s {{(pid=89490) inner /usr/local/lib/python3.8/dist-packages/oslo_concurrency/lockutils.py:355}}
May 04 17:23:15.386147 n-d-712141-9 devstack@n-api.service[89490]: DEBUG oslo_concurrency.lockutils [None req-a7a3541e-3cf4-4b24-a187-521eafe8b209 tempest-LiveAutoBlockMigrationV225Test-553899762 tempest-LiveAutoBlockMigrationV225Test-553899762-project-admin] Lock "8c7eb3c3-1a9f-4fd1-9244-93a97c6fa513" released by "nova.context.set_target_cell..get_or_set_cached_cell_and_set_connections" :: held 0.001s {{(pid=89490) inner /usr/local/lib/python3.8/dist-packages/oslo_concurrency/lockutils.py:367}}
May 04 17:23:15.386451 n-d-712141-9 devstack@n-api.service[89490]: DEBUG oslo_concurrency.lockutils [None req-a7a3541e-3cf4-4b24-a187-521eafe8b209 tempest-LiveAutoBlockMigrationV225Test-553899762 tempest-LiveAutoBlockMigrationV225Test-553899762-project-admin] Lock "8c7eb3c3-1a9f-4fd1-9244-93a97c6fa513" acquired by "nova.context.set_target_cell..get_or_set_cached_cell_and_set_connections" :: waited 0.000s {{(pid=89490) inner /usr/local/lib/python3.8/dist-packages/oslo_concurrency/lockutils.py:355}}
May 04 17:23:15.387304 n-d-712141-9 devstack@n-api.service[89490]: DEBUG oslo_concurrency.lockutils [None req-a7a3541e-3cf4-4b24-a187-521eafe8b209 tempest-LiveAutoBlockMigrationV225Test-553899762 tempest-LiveAutoBlockMigrationV225Test-553899762-project-admin] Lock "8c7eb3c3-1a9f-4fd1-9244-93a97c6fa513" released by "nova.context.set_target_cell..get_or_set_cached_cell_and_set_connections" :: held 0.001s {{(pid=89490) inner /usr/local/lib/python3.8/dist-packages/oslo_concurrency/lockutils.py:367}}
May 04 17:23:15.398643 n-d-712141-9 devstack@n-api.service[89491]: DEBUG nova.network.neutron [None req-f65dc1c7-51d3-4e3f-ab76-97e7e52e1c78 tempest-ServersAdminTestJSON-1201662459 tempest-ServersAdminTestJSON-1201662459-project] validate_networks() for None {{(pid=89491) validate_networks /opt/stack/nova/nova/network/neutron.py:2374}}
May 04 17:23:16.016276 n-d-712141-9 devstack@n-api.service[89490]: DEBUG nova.objects.instance [None req-a7a3541e-3cf4-4b24-a187-521eafe8b209 tempest-LiveAutoBlockMigrationV225Test-553899762 tempest-LiveAutoBlockMigrationV225Test-553899762-project-admin] Lazy-loading 'services' on Instance uuid d1bfeb5c-9f3b-48e6-b5af-8e0ab74417cb {{(pid=89490) obj_load_attr /opt/stack/nova/nova/objects/instance.py:1098}}
May 04 17:23:16.029116 n-d-712141-9 devstack@n-api.service[89491]: DEBUG nova.virt.hardware [None req-f65dc1c7-51d3-4e3f-ab76-97e7e52e1c78 tempest-ServersAdminTestJSON-1201662459 tempest-ServersAdminTestJSON-1201662459-project] Flavor limits 0:0:0 {{(pid=89491) get_cpu_topology_constraints /opt/stack/nova/nova/virt/hardware.py:344}}
May 04 17:23:16.030253 n-d-712141-9 devstack@n-api.service[89491]: DEBUG nova.virt.hardware [None req-f65dc1c7-51d3-4e3f-ab76-97e7e52e1c78 tempest-ServersAdminTestJSON-1201662459 tempest-ServersAdminTestJSON-1201662459-project] Image limits 0:0:0 {{(pid=89491) get_cpu_topology_constraints /opt/stack/nova/nova/virt/hardware.py:348}}
May 04 17:23:16.030970 n-d-712141-9 devstack@n-api.service[89491]: DEBUG nova.virt.hardware [None req-f65dc1c7-51d3-4e3f-ab76-97e7e52e1c78 tempest-ServersAdminTestJSON-1201662459 tempest-ServersAdminTestJSON-1201662459-project] Flavor pref 0:0:0 {{(pid=89491) get_cpu_topology_constraints /opt/stack/nova/nova/virt/hardware.py:384}}
May 04 17:23:16.031780 n-d-712141-9 devstack@n-api.service[89491]: DEBUG nova.virt.hardware [None req-f65dc1c7-51d3-4e3f-ab76-97e7e52e1c78 tempest-ServersAdminTestJSON-1201662459 tempest-ServersAdminTestJSON-1201662459-project] Image pref 0:0:0 {{(pid=89491) get_cpu_topology_constraints /opt/stack/nova/nova/virt/hardware.py:388}}
May 04 17:23:16.032399 n-d-712141-9 devstack@n-api.service[89491]: DEBUG nova.virt.hardware [None req-f65dc1c7-51d3-4e3f-ab76-97e7e52e1c78 tempest-ServersAdminTestJSON-1201662459 tempest-ServersAdminTestJSON-1201662459-project] Chose sockets=0, cores=0, threads=0; limits were sockets=65536, cores=65536, threads=65536 {{(pid=89491) get_cpu_topology_constraints /opt/stack/nova/nova/virt/hardware.py:426}}
May 04 17:23:16.049791 n-d-712141-9 devstack@n-api.service[89491]: DEBUG oslo_concurrency.lockutils [None req-f65dc1c7-51d3-4e3f-ab76-97e7e52e1c78 tempest-ServersAdminTestJSON-1201662459 tempest-ServersAdminTestJSON-1201662459-project] Lock "00000000-0000-0000-0000-000000000000" acquired by "nova.context.set_target_cell..get_or_set_cached_cell_and_set_connections" :: waited 0.000s {{(pid=89491) inner /usr/local/lib/python3.8/dist-packages/oslo_concurrency/lockutils.py:355}}
May 04 17:23:16.051001 n-d-712141-9 devstack@n-api.service[89491]: DEBUG oslo_concurrency.lockutils [None req-f65dc1c7-51d3-4e3f-ab76-97e7e52e1c78 tempest-ServersAdminTestJSON-1201662459 tempest-ServersAdminTestJSON-1201662459-project] Lock "00000000-0000-0000-0000-000000000000" released by "nova.context.set_target_cell..get_or_set_cached_cell_and_set_connections" :: held 0.002s {{(pid=89491) inner /usr/local/lib/python3.8/dist-packages/oslo_concurrency/lockutils.py:367}}
May 04 17:23:16.052807 n-d-712141-9 devstack@n-api.service[89491]: DEBUG oslo_concurrency.lockutils [None req-f65dc1c7-51d3-4e3f-ab76-97e7e52e1c78 tempest-ServersAdminTestJSON-1201662459 tempest-ServersAdminTestJSON-1201662459-project] Lock "8c7eb3c3-1a9f-4fd1-9244-93a97c6fa513" acquired by "nova.context.set_target_cell..get_or_set_cached_cell_and_set_connections" :: waited 0.000s {{(pid=89491) inner /usr/local/lib/python3.8/dist-packages/oslo_concurrency/lockutils.py:355}}
May 04 17:23:16.053562 n-d-712141-9 devstack@n-api.service[89491]: DEBUG oslo_concurrency.lockutils [None req-f65dc1c7-51d3-4e3f-ab76-97e7e52e1c78 tempest-ServersAdminTestJSON-1201662459 tempest-ServersAdminTestJSON-1201662459-project] Lock "8c7eb3c3-1a9f-4fd1-9244-93a97c6fa513" released by "nova.context.set_target_cell..get_or_set_cached_cell_and_set_connections" :: held 0.001s {{(pid=89491) inner /usr/local/lib/python3.8/dist-packages/oslo_concurrency/lockutils.py:367}}
May 04 17:23:16.084438 n-d-712141-9 devstack@n-api.service[89490]: INFO nova.api.openstack.requestlog [None req-a7a3541e-3cf4-4b24-a187-521eafe8b209 tempest-LiveAutoBlockMigrationV225Test-553899762 tempest-LiveAutoBlockMigrationV225Test-553899762-project-admin] 10.222.0.47 "GET /compute/v2.1/servers/d1bfeb5c-9f3b-48e6-b5af-8e0ab74417cb" status: 200 len: 2051 microversion: 2.25 time: 0.723727
May 04 17:23:16.085028 n-d-712141-9 devstack@n-api.service[89491]: DEBUG nova.quota [None req-f65dc1c7-51d3-4e3f-ab76-97e7e52e1c78 tempest-ServersAdminTestJSON-1201662459 tempest-ServersAdminTestJSON-1201662459-project] Getting quotas for project 069e69f090994473ba67639429989165. Resources: {'instances', 'cores', 'ram'} {{(pid=89491) _get_quotas /opt/stack/nova/nova/quota.py:391}}
May 04 17:23:16.090080 n-d-712141-9 devstack@n-api.service[89491]: DEBUG nova.quota [None req-f65dc1c7-51d3-4e3f-ab76-97e7e52e1c78 tempest-ServersAdminTestJSON-1201662459 tempest-ServersAdminTestJSON-1201662459-project] Getting quotas for user 97d838d8af1342989f362a8bbd50de35 and project 069e69f090994473ba67639429989165. Resources: {'instances', 'cores', 'ram'} {{(pid=89491) _get_quotas /opt/stack/nova/nova/quota.py:381}}
May 04 17:23:16.097305 n-d-712141-9 devstack@n-api.service[89490]: [pid: 89490|app: 0|req: 151/376] 10.222.0.47 () {60 vars in 1277 bytes} [Tue May 4 17:23:15 2021] GET /compute/v2.1/servers/d1bfeb5c-9f3b-48e6-b5af-8e0ab74417cb => generated 2051 bytes in 737 msecs (HTTP/1.1 200) 9 headers in 360 bytes (1 switches on core 0)
May 04 17:23:16.105027 n-d-712141-9 devstack@n-api.service[89490]: DEBUG nova.api.openstack.wsgi [None req-d31cf9a0-7357-4a0c-b9ee-adb5edb7f35c tempest-LiveMigrationTest-1158681322 tempest-LiveMigrationTest-1158681322-project] Calling method '>' {{(pid=89490) _process_stack /opt/stack/nova/nova/api/openstack/wsgi.py:513}}
May 04 17:23:16.105672 n-d-712141-9 devstack@n-api.service[89490]: DEBUG nova.compute.api [None req-d31cf9a0-7357-4a0c-b9ee-adb5edb7f35c tempest-LiveMigrationTest-1158681322 tempest-LiveMigrationTest-1158681322-project] [instance: 8d221327-ee29-4dc2-a20e-b5490b2843b9] Fetching instance by UUID {{(pid=89490) get /opt/stack/nova/nova/compute/api.py:2790}}
May 04 17:23:16.111486 n-d-712141-9 devstack@n-api.service[89491]: DEBUG nova.compute.api [None req-f65dc1c7-51d3-4e3f-ab76-97e7e52e1c78 tempest-ServersAdminTestJSON-1201662459 tempest-ServersAdminTestJSON-1201662459-project] Going to run 1 instances... {{(pid=89491) _provision_instances /opt/stack/nova/nova/compute/api.py:1283}}
May 04 17:23:16.113759 n-d-712141-9 devstack@n-api.service[89490]: DEBUG oslo_concurrency.lockutils [None req-d31cf9a0-7357-4a0c-b9ee-adb5edb7f35c tempest-LiveMigrationTest-1158681322 tempest-LiveMigrationTest-1158681322-project] Lock "8c7eb3c3-1a9f-4fd1-9244-93a97c6fa513" acquired by "nova.context.set_target_cell..get_or_set_cached_cell_and_set_connections" :: waited 0.000s {{(pid=89490) inner /usr/local/lib/python3.8/dist-packages/oslo_concurrency/lockutils.py:355}}
May 04 17:23:16.114216 n-d-712141-9 devstack@n-api.service[89490]: DEBUG oslo_concurrency.lockutils [None req-d31cf9a0-7357-4a0c-b9ee-adb5edb7f35c tempest-LiveMigrationTest-1158681322 tempest-LiveMigrationTest-1158681322-project] Lock "8c7eb3c3-1a9f-4fd1-9244-93a97c6fa513" released by "nova.context.set_target_cell..get_or_set_cached_cell_and_set_connections" :: held 0.001s {{(pid=89490) inner /usr/local/lib/python3.8/dist-packages/oslo_concurrency/lockutils.py:367}}
May 04 17:23:16.115014 n-d-712141-9 devstack@n-api.service[89490]: DEBUG oslo_concurrency.lockutils [None req-d31cf9a0-7357-4a0c-b9ee-adb5edb7f35c tempest-LiveMigrationTest-1158681322 tempest-LiveMigrationTest-1158681322-project] Lock "8c7eb3c3-1a9f-4fd1-9244-93a97c6fa513" acquired by "nova.context.set_target_cell..get_or_set_cached_cell_and_set_connections" :: waited 0.000s {{(pid=89490) inner /usr/local/lib/python3.8/dist-packages/oslo_concurrency/lockutils.py:355}}
May 04 17:23:16.115462 n-d-712141-9 devstack@n-api.service[89490]: DEBUG oslo_concurrency.lockutils [None req-d31cf9a0-7357-4a0c-b9ee-adb5edb7f35c tempest-LiveMigrationTest-1158681322 tempest-LiveMigrationTest-1158681322-project] Lock "8c7eb3c3-1a9f-4fd1-9244-93a97c6fa513" released by "nova.context.set_target_cell..get_or_set_cached_cell_and_set_connections" :: held 0.000s {{(pid=89490) inner /usr/local/lib/python3.8/dist-packages/oslo_concurrency/lockutils.py:367}}
May 04 17:23:16.116175 n-d-712141-9 devstack@n-api.service[89491]: DEBUG nova.compute.api [None req-f65dc1c7-51d3-4e3f-ab76-97e7e52e1c78 tempest-ServersAdminTestJSON-1201662459 tempest-ServersAdminTestJSON-1201662459-project] [instance: 027c7867-c9dc-46b5-88d3-49625d89a592] block_device_mapping [BlockDeviceMapping(attachment_id=,boot_index=0,connection_info=None,created_at=,delete_on_termination=True,deleted=,deleted_at=,destination_type='local',device_name=None,device_type='disk',disk_bus=None,guest_format=None,id=,image_id='d2ffd296-6c47-41ca-9135-05c3d28b3c2b',instance=,instance_uuid=,no_device=False,snapshot_id=None,source_type='image',tag=None,updated_at=,uuid=,volume_id=None,volume_size=None,volume_type=None)] {{(pid=89491) _bdm_validate_set_size_and_instance /opt/stack/nova/nova/compute/api.py:1685}}
May 04 17:23:16.186183 n-d-712141-9 devstack@n-api.service[89491]: INFO nova.api.openstack.requestlog [None req-f65dc1c7-51d3-4e3f-ab76-97e7e52e1c78 tempest-ServersAdminTestJSON-1201662459 tempest-ServersAdminTestJSON-1201662459-project] 10.222.0.47 "POST /compute/v2.1/servers" status: 202 len: 380 microversion: 2.1 time: 0.875253
May 04 17:23:16.187959 n-d-712141-9 devstack@n-api.service[89491]: [pid: 89491|app: 0|req: 226/377] 10.222.0.47 () {60 vars in 1147 bytes} [Tue May 4 17:23:15 2021] POST /compute/v2.1/servers => generated 380 bytes in 881 msecs (HTTP/1.1 202) 10 headers in 451 bytes (1 switches on core 0)
May 04 17:23:16.195810 n-d-712141-9 devstack@n-api.service[89491]: DEBUG nova.api.openstack.wsgi [req-a95c39da-d1c9-48cd-a5d4-bdaa850e5084 req-918ed892-efb9-4eee-9ee1-5e3d61328c39 service nova] Action: 'create', calling method: >, body: {"events": [{"name": "network-changed", "server_uuid": "8d221327-ee29-4dc2-a20e-b5490b2843b9", "tag": "462d3ed8-2061-41dd-b2fb-e5fb801b66f7"}]} {{(pid=89491) _process_stack /opt/stack/nova/nova/api/openstack/wsgi.py:511}}
May 04 17:23:16.198333 n-d-712141-9 devstack@n-api.service[89491]: /usr/local/lib/python3.8/dist-packages/oslo_policy/policy.py:1054: UserWarning: Policy os_compute_api:os-server-external-events:create failed scope check. The token used to make the request was project scoped but the policy requires ['system'] scope. This behavior may change in the future where using the intended scope is required
May 04 17:23:16.198333 n-d-712141-9 devstack@n-api.service[89491]: warnings.warn(msg)
May 04 17:23:16.211647 n-d-712141-9 devstack@n-api.service[89491]: DEBUG oslo_concurrency.lockutils [req-a95c39da-d1c9-48cd-a5d4-bdaa850e5084 req-918ed892-efb9-4eee-9ee1-5e3d61328c39 service nova] Lock "8c7eb3c3-1a9f-4fd1-9244-93a97c6fa513" acquired by "nova.context.set_target_cell..get_or_set_cached_cell_and_set_connections" :: waited 0.000s {{(pid=89491) inner /usr/local/lib/python3.8/dist-packages/oslo_concurrency/lockutils.py:355}}
May 04 17:23:16.212632 n-d-712141-9 devstack@n-api.service[89491]: DEBUG oslo_concurrency.lockutils [req-a95c39da-d1c9-48cd-a5d4-bdaa850e5084 req-918ed892-efb9-4eee-9ee1-5e3d61328c39 service nova] Lock "8c7eb3c3-1a9f-4fd1-9244-93a97c6fa513" released by "nova.context.set_target_cell..get_or_set_cached_cell_and_set_connections" :: held 0.001s {{(pid=89491) inner /usr/local/lib/python3.8/dist-packages/oslo_concurrency/lockutils.py:367}}
May 04 17:23:16.233175 n-d-712141-9 devstack@n-api.service[89491]: INFO nova.api.openstack.compute.server_external_events [req-a95c39da-d1c9-48cd-a5d4-bdaa850e5084 req-918ed892-efb9-4eee-9ee1-5e3d61328c39 service nova] Creating event network-changed:462d3ed8-2061-41dd-b2fb-e5fb801b66f7 for instance 8d221327-ee29-4dc2-a20e-b5490b2843b9 on n-h1-712141-9
May 04 17:23:16.239102 n-d-712141-9 devstack@n-api.service[89491]: INFO nova.api.openstack.requestlog [req-a95c39da-d1c9-48cd-a5d4-bdaa850e5084 req-918ed892-efb9-4eee-9ee1-5e3d61328c39 service nova] 10.222.0.47 "POST /compute/v2.1/os-server-external-events" status: 200 len: 179 microversion: 2.1 time: 0.049615
May 04 17:23:16.240585 n-d-712141-9 devstack@n-api.service[89491]: [pid: 89491|app: 0|req: 227/378] 10.222.0.47 () {64 vars in 1318 bytes} [Tue May 4 17:23:16 2021] POST /compute/v2.1/os-server-external-events => generated 179 bytes in 52 msecs (HTTP/1.1 200) 9 headers in 357 bytes (1 switches on core 0)
May 04 17:23:16.248576 n-d-712141-9 devstack@n-api.service[89491]: DEBUG nova.api.openstack.wsgi [None req-b9359f2a-183c-4d0c-8b48-492b5b5102a1 tempest-TenantUsagesTestJSON-1313404944 tempest-TenantUsagesTestJSON-1313404944-project] Calling method '>' {{(pid=89491) _process_stack /opt/stack/nova/nova/api/openstack/wsgi.py:513}}
May 04 17:23:16.249152 n-d-712141-9 devstack@n-api.service[89491]: DEBUG nova.compute.api [None req-b9359f2a-183c-4d0c-8b48-492b5b5102a1 tempest-TenantUsagesTestJSON-1313404944 tempest-TenantUsagesTestJSON-1313404944-project] [instance: 43293bad-80ee-4791-b3c5-f0798acfef9b] Fetching instance by UUID {{(pid=89491) get /opt/stack/nova/nova/compute/api.py:2790}}
May 04 17:23:16.279510 n-d-712141-9 devstack@n-api.service[89491]: DEBUG oslo_concurrency.lockutils [None req-b9359f2a-183c-4d0c-8b48-492b5b5102a1 tempest-TenantUsagesTestJSON-1313404944 tempest-TenantUsagesTestJSON-1313404944-project] Lock "8c7eb3c3-1a9f-4fd1-9244-93a97c6fa513" acquired by "nova.context.set_target_cell..get_or_set_cached_cell_and_set_connections" :: waited 0.000s {{(pid=89491) inner /usr/local/lib/python3.8/dist-packages/oslo_concurrency/lockutils.py:355}}
May 04 17:23:16.280279 n-d-712141-9 devstack@n-api.service[89491]: DEBUG oslo_concurrency.lockutils [None req-b9359f2a-183c-4d0c-8b48-492b5b5102a1 tempest-TenantUsagesTestJSON-1313404944 tempest-TenantUsagesTestJSON-1313404944-project] Lock "8c7eb3c3-1a9f-4fd1-9244-93a97c6fa513" released by "nova.context.set_target_cell..get_or_set_cached_cell_and_set_connections" :: held 0.001s {{(pid=89491) inner /usr/local/lib/python3.8/dist-packages/oslo_concurrency/lockutils.py:367}}
