Jan 28 01:53:11.324760 n-d-712141-18 devstack@placement-api.service[104926]: [pid: 104926|app: 0|req: 254/504] 10.222.0.94 () {60 vars in 1377 bytes} [Fri Jan 28 01:53:11 2022] GET /placement/allocations/bf724686-2075-4bc1-babb-17cbea5ebcc3 => generated 259 bytes in 23 msecs (HTTP/1.1 200) 8 headers in 296 bytes (2 switches on core 0)
Jan 28 01:53:12.066029 n-d-712141-18 devstack@placement-api.service[104927]: DEBUG placement.requestlog [req-e4bf8314-909e-4ad9-97c2-84abb04f15d9 req-5652d258-b18d-41d7-8dbf-ef22fe12072e None None] Starting request: 10.222.0.86 "GET /placement/allocation_candidates?limit=1000&resources=DISK_GB%3A1%2CMEMORY_MB%3A512%2CVCPU%3A1&root_required=%21COMPUTE_STATUS_DISABLED" {{(pid=104927) __call__ /opt/stack/placement/placement/requestlog.py:55}}
Jan 28 01:53:12.102954 n-d-712141-18 devstack@placement-api.service[104927]: DEBUG placement.objects.research_context [req-e4bf8314-909e-4ad9-97c2-84abb04f15d9 req-5652d258-b18d-41d7-8dbf-ef22fe12072e service placement] getting providers with 1 DISK_GB {{(pid=104927) __init__ /opt/stack/placement/placement/objects/research_context.py:126}}
Jan 28 01:53:12.113208 n-d-712141-18 devstack@placement-api.service[104927]: DEBUG placement.objects.research_context [req-e4bf8314-909e-4ad9-97c2-84abb04f15d9 req-5652d258-b18d-41d7-8dbf-ef22fe12072e service placement] getting providers with 512 MEMORY_MB {{(pid=104927) __init__ /opt/stack/placement/placement/objects/research_context.py:126}}
Jan 28 01:53:12.121120 n-d-712141-18 devstack@placement-api.service[104927]: DEBUG placement.objects.research_context [req-e4bf8314-909e-4ad9-97c2-84abb04f15d9 req-5652d258-b18d-41d7-8dbf-ef22fe12072e service placement] getting providers with 1 VCPU {{(pid=104927) __init__ /opt/stack/placement/placement/objects/research_context.py:126}}
Jan 28 01:53:12.128023 n-d-712141-18 devstack@placement-api.service[104927]: DEBUG placement.objects.research_context [req-e4bf8314-909e-4ad9-97c2-84abb04f15d9 req-5652d258-b18d-41d7-8dbf-ef22fe12072e service placement] found 2 providers with available 1 DISK_GB {{(pid=104927) get_provider_ids_matching /opt/stack/placement/placement/objects/research_context.py:549}}
Jan 28 01:53:12.128515 n-d-712141-18 devstack@placement-api.service[104927]: DEBUG placement.objects.research_context [req-e4bf8314-909e-4ad9-97c2-84abb04f15d9 req-5652d258-b18d-41d7-8dbf-ef22fe12072e service placement] found 2 providers with available 512 MEMORY_MB {{(pid=104927) get_provider_ids_matching /opt/stack/placement/placement/objects/research_context.py:549}}
Jan 28 01:53:12.129061 n-d-712141-18 devstack@placement-api.service[104927]: DEBUG placement.objects.research_context [req-e4bf8314-909e-4ad9-97c2-84abb04f15d9 req-5652d258-b18d-41d7-8dbf-ef22fe12072e service placement] found 2 providers after filtering by previous result {{(pid=104927) get_provider_ids_matching /opt/stack/placement/placement/objects/research_context.py:580}}
Jan 28 01:53:12.130369 n-d-712141-18 devstack@placement-api.service[104927]: DEBUG placement.objects.research_context [req-e4bf8314-909e-4ad9-97c2-84abb04f15d9 req-5652d258-b18d-41d7-8dbf-ef22fe12072e service placement] found 2 providers with available 1 VCPU {{(pid=104927) get_provider_ids_matching /opt/stack/placement/placement/objects/research_context.py:549}}
Jan 28 01:53:12.131543 n-d-712141-18 devstack@placement-api.service[104927]: DEBUG placement.objects.research_context [req-e4bf8314-909e-4ad9-97c2-84abb04f15d9 req-5652d258-b18d-41d7-8dbf-ef22fe12072e service placement] found 2 providers after filtering by previous result {{(pid=104927) get_provider_ids_matching /opt/stack/placement/placement/objects/research_context.py:580}}
Jan 28 01:53:12.148481 n-d-712141-18 devstack@placement-api.service[104927]: DEBUG placement.objects.allocation_candidate [req-e4bf8314-909e-4ad9-97c2-84abb04f15d9 req-5652d258-b18d-41d7-8dbf-ef22fe12072e service placement] RequestGroup(use_same_provider=False, resources={DISK_GB:1, MEMORY_MB:512, VCPU:1}, traits=[], aggregates=[]) (suffix '') returned 2 matches {{(pid=104927) _get_by_requests /opt/stack/placement/placement/objects/allocation_candidate.py:145}}
Jan 28 01:53:12.149358 n-d-712141-18 devstack@placement-api.service[104927]: DEBUG placement.objects.allocation_candidate [req-e4bf8314-909e-4ad9-97c2-84abb04f15d9 req-5652d258-b18d-41d7-8dbf-ef22fe12072e service placement] Merging candidates yields 2 allocation requests and 2 provider summaries {{(pid=104927) _merge_candidates /opt/stack/placement/placement/objects/allocation_candidate.py:783}}
Jan 28 01:53:12.152452 n-d-712141-18 devstack@placement-api.service[104927]: INFO placement.requestlog [req-e4bf8314-909e-4ad9-97c2-84abb04f15d9 req-5652d258-b18d-41d7-8dbf-ef22fe12072e service placement] 10.222.0.86 "GET /placement/allocation_candidates?limit=1000&resources=DISK_GB%3A1%2CMEMORY_MB%3A512%2CVCPU%3A1&root_required=%21COMPUTE_STATUS_DISABLED" status: 200 len: 1307 microversion: 1.36
Jan 28 01:53:12.157528 n-d-712141-18 devstack@placement-api.service[104927]: [pid: 104927|app: 0|req: 251/505] 10.222.0.86 () {60 vars in 1504 bytes} [Fri Jan 28 01:53:12 2022] GET /placement/allocation_candidates?limit=1000&resources=DISK_GB%3A1%2CMEMORY_MB%3A512%2CVCPU%3A1&root_required=%21COMPUTE_STATUS_DISABLED => generated 1307 bytes in 92 msecs (HTTP/1.1 200) 8 headers in 297 bytes (1 switches on core 0)
Jan 28 01:53:12.209325 n-d-712141-18 devstack@placement-api.service[104926]: DEBUG placement.requestlog [req-e4bf8314-909e-4ad9-97c2-84abb04f15d9 req-9aeff930-11bf-4a81-b3c3-1977d9e84119 None None] Starting request: 10.222.0.86 "GET /placement/allocations/922c1278-a064-4592-ae4b-b6446df52c43" {{(pid=104926) __call__ /opt/stack/placement/placement/requestlog.py:55}}
Jan 28 01:53:12.221952 n-d-712141-18 devstack@placement-api.service[104926]: INFO placement.requestlog [req-e4bf8314-909e-4ad9-97c2-84abb04f15d9 req-9aeff930-11bf-4a81-b3c3-1977d9e84119 service placement] 10.222.0.86 "GET /placement/allocations/922c1278-a064-4592-ae4b-b6446df52c43" status: 200 len: 19 microversion: 1.28
Jan 28 01:53:12.228801 n-d-712141-18 devstack@placement-api.service[104927]: DEBUG placement.requestlog [req-e4bf8314-909e-4ad9-97c2-84abb04f15d9 req-f969af8b-4963-4007-87bf-210b5fb9786a None None] Starting request: 10.222.0.86 "PUT /placement/allocations/922c1278-a064-4592-ae4b-b6446df52c43" {{(pid=104927) __call__ /opt/stack/placement/placement/requestlog.py:55}}
Jan 28 01:53:12.238308 n-d-712141-18 devstack@placement-api.service[104926]: [pid: 104926|app: 0|req: 255/506] 10.222.0.86 () {60 vars in 1380 bytes} [Fri Jan 28 01:53:12 2022] GET /placement/allocations/922c1278-a064-4592-ae4b-b6446df52c43 => generated 19 bytes in 28 msecs (HTTP/1.1 200) 8 headers in 295 bytes (1 switches on core 0)
Jan 28 01:53:12.526739 n-d-712141-18 devstack@placement-api.service[104927]: DEBUG placement.handlers.allocation [req-e4bf8314-909e-4ad9-97c2-84abb04f15d9 req-f969af8b-4963-4007-87bf-210b5fb9786a service placement] Successfully wrote allocations [, , ] {{(pid=104927) _update_consumers_and_create_allocations /opt/stack/placement/placement/handlers/allocation.py:462}}
Jan 28 01:53:12.654165 n-d-712141-18 devstack@placement-api.service[104927]: INFO placement.requestlog [req-e4bf8314-909e-4ad9-97c2-84abb04f15d9 req-f969af8b-4963-4007-87bf-210b5fb9786a service placement] 10.222.0.86 "PUT /placement/allocations/922c1278-a064-4592-ae4b-b6446df52c43" status: 204 len: 0 microversion: 1.36
Jan 28 01:53:12.654666 n-d-712141-18 devstack@placement-api.service[104927]: [pid: 104927|app: 0|req: 252/507] 10.222.0.86 () {64 vars in 1433 bytes} [Fri Jan 28 01:53:12 2022] PUT /placement/allocations/922c1278-a064-4592-ae4b-b6446df52c43 => generated 0 bytes in 426 msecs (HTTP/1.1 204) 5 headers in 199 bytes (1 switches on core 0)
Jan 28 01:53:12.917190 n-d-712141-18 devstack@placement-api.service[104926]: DEBUG placement.requestlog [req-4c28b951-5bd5-4add-9d4a-db7c9ab1bd5d req-7e74ceae-fb1b-4184-b183-f49807d6fb9c None None] Starting request: 10.222.0.94 "GET /placement/allocations/12bccd40-0390-4136-bb42-c531d972c875" {{(pid=104926) __call__ /opt/stack/placement/placement/requestlog.py:55}}
Jan 28 01:53:12.944420 n-d-712141-18 devstack@placement-api.service[104926]: INFO placement.requestlog [req-4c28b951-5bd5-4add-9d4a-db7c9ab1bd5d req-7e74ceae-fb1b-4184-b183-f49807d6fb9c service placement] 10.222.0.94 "GET /placement/allocations/12bccd40-0390-4136-bb42-c531d972c875" status: 200 len: 259 microversion: 1.28
Jan 28 01:53:12.945341 n-d-712141-18 devstack@placement-api.service[104926]: [pid: 104926|app: 0|req: 256/508] 10.222.0.94 () {60 vars in 1377 bytes} [Fri Jan 28 01:53:12 2022] GET /placement/allocations/12bccd40-0390-4136-bb42-c531d972c875 => generated 259 bytes in 28 msecs (HTTP/1.1 200) 8 headers in 296 bytes (1 switches on core 0)
Jan 28 01:53:14.511095 n-d-712141-18 devstack@placement-api.service[104927]: DEBUG placement.requestlog [req-e4bf8314-909e-4ad9-97c2-84abb04f15d9 req-c7f17b11-43cf-4a09-9d74-eee89cdf352a None None] Starting request: 10.222.0.57 "GET /placement/allocations/922c1278-a064-4592-ae4b-b6446df52c43" {{(pid=104927) __call__ /opt/stack/placement/placement/requestlog.py:55}}
Jan 28 01:53:14.535806 n-d-712141-18 devstack@placement-api.service[104927]: INFO placement.requestlog [req-e4bf8314-909e-4ad9-97c2-84abb04f15d9 req-c7f17b11-43cf-4a09-9d74-eee89cdf352a service placement] 10.222.0.57 "GET /placement/allocations/922c1278-a064-4592-ae4b-b6446df52c43" status: 200 len: 258 microversion: 1.28
Jan 28 01:53:14.536493 n-d-712141-18 devstack@placement-api.service[104927]: [pid: 104927|app: 0|req: 253/509] 10.222.0.57 () {60 vars in 1377 bytes} [Fri Jan 28 01:53:14 2022] GET /placement/allocations/922c1278-a064-4592-ae4b-b6446df52c43 => generated 258 bytes in 26 msecs (HTTP/1.1 200) 8 headers in 296 bytes (1 switches on core 0)
Jan 28 01:53:17.441801 n-d-712141-18 devstack@placement-api.service[104926]: DEBUG placement.requestlog [req-c1c56b2c-39fb-403b-a557-4ffea6910b01 req-4df853de-aef6-4875-9074-b2f77f3290e9 None None] Starting request: 10.222.0.86 "GET /placement/allocation_candidates?limit=1000&resources=DISK_GB%3A1%2CMEMORY_MB%3A1024%2CVCPU%3A1&root_required=%21COMPUTE_STATUS_DISABLED" {{(pid=104926) __call__ /opt/stack/placement/placement/requestlog.py:55}}
Jan 28 01:53:17.502360 n-d-712141-18 devstack@placement-api.service[104926]: DEBUG placement.objects.research_context [req-c1c56b2c-39fb-403b-a557-4ffea6910b01 req-4df853de-aef6-4875-9074-b2f77f3290e9 service placement] getting providers with 1 DISK_GB {{(pid=104926) __init__ /opt/stack/placement/placement/objects/research_context.py:126}}
Jan 28 01:53:17.514530 n-d-712141-18 devstack@placement-api.service[104926]: DEBUG placement.objects.research_context [req-c1c56b2c-39fb-403b-a557-4ffea6910b01 req-4df853de-aef6-4875-9074-b2f77f3290e9 service placement] getting providers with 1024 MEMORY_MB {{(pid=104926) __init__ /opt/stack/placement/placement/objects/research_context.py:126}}
Jan 28 01:53:17.523757 n-d-712141-18 devstack@placement-api.service[104926]: DEBUG placement.objects.research_context [req-c1c56b2c-39fb-403b-a557-4ffea6910b01 req-4df853de-aef6-4875-9074-b2f77f3290e9 service placement] getting providers with 1 VCPU {{(pid=104926) __init__ /opt/stack/placement/placement/objects/research_context.py:126}}
Jan 28 01:53:17.530229 n-d-712141-18 devstack@placement-api.service[104926]: DEBUG placement.objects.research_context [req-c1c56b2c-39fb-403b-a557-4ffea6910b01 req-4df853de-aef6-4875-9074-b2f77f3290e9 service placement] found 2 providers with available 1 DISK_GB {{(pid=104926) get_provider_ids_matching /opt/stack/placement/placement/objects/research_context.py:549}}
Jan 28 01:53:17.530597 n-d-712141-18 devstack@placement-api.service[104926]: DEBUG placement.objects.research_context [req-c1c56b2c-39fb-403b-a557-4ffea6910b01 req-4df853de-aef6-4875-9074-b2f77f3290e9 service placement] found 2 providers with available 1024 MEMORY_MB {{(pid=104926) get_provider_ids_matching /opt/stack/placement/placement/objects/research_context.py:549}}
Jan 28 01:53:17.533772 n-d-712141-18 devstack@placement-api.service[104926]: DEBUG placement.objects.research_context [req-c1c56b2c-39fb-403b-a557-4ffea6910b01 req-4df853de-aef6-4875-9074-b2f77f3290e9 service placement] found 2 providers after filtering by previous result {{(pid=104926) get_provider_ids_matching /opt/stack/placement/placement/objects/research_context.py:580}}
Jan 28 01:53:17.538147 n-d-712141-18 devstack@placement-api.service[104926]: DEBUG placement.objects.research_context [req-c1c56b2c-39fb-403b-a557-4ffea6910b01 req-4df853de-aef6-4875-9074-b2f77f3290e9 service placement] found 2 providers with available 1 VCPU {{(pid=104926) get_provider_ids_matching /opt/stack/placement/placement/objects/research_context.py:549}}
Jan 28 01:53:17.538147 n-d-712141-18 devstack@placement-api.service[104926]: DEBUG placement.objects.research_context [req-c1c56b2c-39fb-403b-a557-4ffea6910b01 req-4df853de-aef6-4875-9074-b2f77f3290e9 service placement] found 2 providers after filtering by previous result {{(pid=104926) get_provider_ids_matching /opt/stack/placement/placement/objects/research_context.py:580}}
Jan 28 01:53:17.552899 n-d-712141-18 devstack@placement-api.service[104926]: DEBUG placement.objects.allocation_candidate [req-c1c56b2c-39fb-403b-a557-4ffea6910b01 req-4df853de-aef6-4875-9074-b2f77f3290e9 service placement] RequestGroup(use_same_provider=False, resources={DISK_GB:1, MEMORY_MB:1024, VCPU:1}, traits=[], aggregates=[]) (suffix '') returned 2 matches {{(pid=104926) _get_by_requests /opt/stack/placement/placement/objects/allocation_candidate.py:145}}
Jan 28 01:53:17.553500 n-d-712141-18 devstack@placement-api.service[104926]: DEBUG placement.objects.allocation_candidate [req-c1c56b2c-39fb-403b-a557-4ffea6910b01 req-4df853de-aef6-4875-9074-b2f77f3290e9 service placement] Merging candidates yields 2 allocation requests and 2 provider summaries {{(pid=104926) _merge_candidates /opt/stack/placement/placement/objects/allocation_candidate.py:783}}
Jan 28 01:53:17.556677 n-d-712141-18 devstack@placement-api.service[104926]: INFO placement.requestlog [req-c1c56b2c-39fb-403b-a557-4ffea6910b01 req-4df853de-aef6-4875-9074-b2f77f3290e9 service placement] 10.222.0.86 "GET /placement/allocation_candidates?limit=1000&resources=DISK_GB%3A1%2CMEMORY_MB%3A1024%2CVCPU%3A1&root_required=%21COMPUTE_STATUS_DISABLED" status: 200 len: 1309 microversion: 1.36
Jan 28 01:53:17.557494 n-d-712141-18 devstack@placement-api.service[104926]: [pid: 104926|app: 0|req: 257/510] 10.222.0.86 () {60 vars in 1506 bytes} [Fri Jan 28 01:53:17 2022] GET /placement/allocation_candidates?limit=1000&resources=DISK_GB%3A1%2CMEMORY_MB%3A1024%2CVCPU%3A1&root_required=%21COMPUTE_STATUS_DISABLED => generated 1309 bytes in 116 msecs (HTTP/1.1 200) 8 headers in 297 bytes (1 switches on core 0)
Jan 28 01:53:17.665728 n-d-712141-18 devstack@placement-api.service[104927]: DEBUG placement.requestlog [req-c1c56b2c-39fb-403b-a557-4ffea6910b01 req-1705ebfe-1eef-49d3-864a-2b90ad99cf87 None None] Starting request: 10.222.0.86 "GET /placement/allocations/40fab374-373c-48df-a304-d31e362a1951" {{(pid=104927) __call__ /opt/stack/placement/placement/requestlog.py:55}}
Jan 28 01:53:17.682344 n-d-712141-18 devstack@placement-api.service[104927]: INFO placement.requestlog [req-c1c56b2c-39fb-403b-a557-4ffea6910b01 req-1705ebfe-1eef-49d3-864a-2b90ad99cf87 service placement] 10.222.0.86 "GET /placement/allocations/40fab374-373c-48df-a304-d31e362a1951" status: 200 len: 19 microversion: 1.28
Jan 28 01:53:17.682784 n-d-712141-18 devstack@placement-api.service[104927]: [pid: 104927|app: 0|req: 254/511] 10.222.0.86 () {60 vars in 1380 bytes} [Fri Jan 28 01:53:17 2022] GET /placement/allocations/40fab374-373c-48df-a304-d31e362a1951 => generated 19 bytes in 18 msecs (HTTP/1.1 200) 8 headers in 295 bytes (1 switches on core 0)
Jan 28 01:53:17.691015 n-d-712141-18 devstack@placement-api.service[104926]: DEBUG placement.requestlog [req-c1c56b2c-39fb-403b-a557-4ffea6910b01 req-1c7b6857-b85f-4b09-9758-4f077ef77200 None None] Starting request: 10.222.0.86 "PUT /placement/allocations/40fab374-373c-48df-a304-d31e362a1951" {{(pid=104926) __call__ /opt/stack/placement/placement/requestlog.py:55}}
Jan 28 01:53:17.910370 n-d-712141-18 devstack@placement-api.service[104926]: DEBUG placement.handlers.allocation [req-c1c56b2c-39fb-403b-a557-4ffea6910b01 req-1c7b6857-b85f-4b09-9758-4f077ef77200 service placement] Successfully wrote allocations [, , ] {{(pid=104926) _update_consumers_and_create_allocations /opt/stack/placement/placement/handlers/allocation.py:462}}
Jan 28 01:53:18.075601 n-d-712141-18 devstack@placement-api.service[104926]: INFO placement.requestlog [req-c1c56b2c-39fb-403b-a557-4ffea6910b01 req-1c7b6857-b85f-4b09-9758-4f077ef77200 service placement] 10.222.0.86 "PUT /placement/allocations/40fab374-373c-48df-a304-d31e362a1951" status: 204 len: 0 microversion: 1.36
Jan 28 01:53:18.075601 n-d-712141-18 devstack@placement-api.service[104926]: [pid: 104926|app: 0|req: 258/512] 10.222.0.86 () {64 vars in 1433 bytes} [Fri Jan 28 01:53:17 2022] PUT /placement/allocations/40fab374-373c-48df-a304-d31e362a1951 => generated 0 bytes in 380 msecs (HTTP/1.1 204) 5 headers in 199 bytes (1 switches on core 0)
Jan 28 01:53:19.041525 n-d-712141-18 devstack@placement-api.service[104927]: DEBUG placement.requestlog [req-564d084a-84e4-4218-ba87-dde56708a236 req-09e3dfe6-23d1-41c5-ae3c-250b1be7619c None None] Starting request: 10.222.0.94 "GET /placement/resource_providers/541deb39-26a2-47f6-9880-259556ceb20f/allocations" {{(pid=104927) __call__ /opt/stack/placement/placement/requestlog.py:55}}
Jan 28 01:53:19.065563 n-d-712141-18 devstack@placement-api.service[104927]: INFO placement.requestlog [req-564d084a-84e4-4218-ba87-dde56708a236 req-09e3dfe6-23d1-41c5-ae3c-250b1be7619c service placement] 10.222.0.94 "GET /placement/resource_providers/541deb39-26a2-47f6-9880-259556ceb20f/allocations" status: 200 len: 846 microversion: 1.0
Jan 28 01:53:19.068464 n-d-712141-18 devstack@placement-api.service[104927]: [pid: 104927|app: 0|req: 255/513] 10.222.0.94 () {58 vars in 1390 bytes} [Fri Jan 28 01:53:19 2022] GET /placement/resource_providers/541deb39-26a2-47f6-9880-259556ceb20f/allocations => generated 846 bytes in 57 msecs (HTTP/1.1 200) 6 headers in 224 bytes (1 switches on core 0)
Jan 28 01:53:19.871848 n-d-712141-18 devstack@placement-api.service[104926]: DEBUG placement.requestlog [req-c1c56b2c-39fb-403b-a557-4ffea6910b01 req-c7599cb5-0e6e-4ba3-8f24-4674e608b81a None None] Starting request: 10.222.0.57 "GET /placement/allocations/40fab374-373c-48df-a304-d31e362a1951" {{(pid=104926) __call__ /opt/stack/placement/placement/requestlog.py:55}}
Jan 28 01:53:19.925241 n-d-712141-18 devstack@placement-api.service[104926]: INFO placement.requestlog [req-c1c56b2c-39fb-403b-a557-4ffea6910b01 req-c7599cb5-0e6e-4ba3-8f24-4674e608b81a service placement] 10.222.0.57 "GET /placement/allocations/40fab374-373c-48df-a304-d31e362a1951" status: 200 len: 259 microversion: 1.28
Jan 28 01:53:19.926357 n-d-712141-18 devstack@placement-api.service[104926]: [pid: 104926|app: 0|req: 259/514] 10.222.0.57 () {60 vars in 1377 bytes} [Fri Jan 28 01:53:19 2022] GET /placement/allocations/40fab374-373c-48df-a304-d31e362a1951 => generated 259 bytes in 55 msecs (HTTP/1.1 200) 8 headers in 296 bytes (2 switches on core 0)
Jan 28 01:53:25.594208 n-d-712141-18 devstack@placement-api.service[104927]: DEBUG placement.requestlog [None req-4e16805e-352e-401a-b47e-eca0683e4aba None None] Starting request: 10.222.0.86 "GET /placement/" {{(pid=104927) __call__ /opt/stack/placement/placement/requestlog.py:55}}
Jan 28 01:53:25.595799 n-d-712141-18 devstack@placement-api.service[104927]: INFO placement.requestlog [None req-4e16805e-352e-401a-b47e-eca0683e4aba None None] 10.222.0.86 "GET /placement/" status: 200 len: 136 microversion: 1.0
Jan 28 01:53:25.596430 n-d-712141-18 devstack@placement-api.service[104927]: [pid: 104927|app: 0|req: 256/515] 10.222.0.86 () {54 vars in 916 bytes} [Fri Jan 28 01:53:25 2022] GET /placement => generated 136 bytes in 2 msecs (HTTP/1.1 200) 6 headers in 224 bytes (1 switches on core 0)
Jan 28 01:53:25.606431 n-d-712141-18 devstack@placement-api.service[104926]: DEBUG placement.requestlog [req-6a920a6b-19c4-45fd-9217-1d730777c799 req-ce1a94af-baf1-4340-9f09-4eebca54aeea None None] Starting request: 10.222.0.86 "GET /placement/allocations/daede4b2-ac3c-4720-8d9b-bbcea076bcdb" {{(pid=104926) __call__ /opt/stack/placement/placement/requestlog.py:55}}
Jan 28 01:53:25.767168 n-d-712141-18 devstack@placement-api.service[104926]: INFO placement.requestlog [req-6a920a6b-19c4-45fd-9217-1d730777c799 req-ce1a94af-baf1-4340-9f09-4eebca54aeea service placement] 10.222.0.86 "GET /placement/allocations/daede4b2-ac3c-4720-8d9b-bbcea076bcdb" status: 200 len: 259 microversion: 1.28
Jan 28 01:53:25.774816 n-d-712141-18 devstack@placement-api.service[104926]: [pid: 104926|app: 0|req: 260/516] 10.222.0.86 () {60 vars in 1380 bytes} [Fri Jan 28 01:53:25 2022] GET /placement/allocations/daede4b2-ac3c-4720-8d9b-bbcea076bcdb => generated 259 bytes in 168 msecs (HTTP/1.1 200) 8 headers in 296 bytes (1 switches on core 0)
Jan 28 01:53:25.777502 n-d-712141-18 devstack@placement-api.service[104927]: DEBUG placement.requestlog [req-6a920a6b-19c4-45fd-9217-1d730777c799 req-96030b48-22a0-4c9c-be21-1791957d8d7d None None] Starting request: 10.222.0.86 "GET /placement/allocations/daede4b2-ac3c-4720-8d9b-bbcea076bcdb" {{(pid=104927) __call__ /opt/stack/placement/placement/requestlog.py:55}}
Jan 28 01:53:25.802778 n-d-712141-18 devstack@placement-api.service[104927]: INFO placement.requestlog [req-6a920a6b-19c4-45fd-9217-1d730777c799 req-96030b48-22a0-4c9c-be21-1791957d8d7d service placement] 10.222.0.86 "GET /placement/allocations/daede4b2-ac3c-4720-8d9b-bbcea076bcdb" status: 200 len: 259 microversion: 1.28
Jan 28 01:53:25.806469 n-d-712141-18 devstack@placement-api.service[104927]: [pid: 104927|app: 0|req: 257/517] 10.222.0.86 () {60 vars in 1380 bytes} [Fri Jan 28 01:53:25 2022] GET /placement/allocations/daede4b2-ac3c-4720-8d9b-bbcea076bcdb => generated 259 bytes in 29 msecs (HTTP/1.1 200) 8 headers in 296 bytes (1 switches on core 0)
Jan 28 01:53:25.813175 n-d-712141-18 devstack@placement-api.service[104926]: DEBUG placement.requestlog [req-6a920a6b-19c4-45fd-9217-1d730777c799 req-3d0445d7-f996-474b-94d6-714bbaaffffe None None] Starting request: 10.222.0.86 "GET /placement/allocations/d728ab83-6ce1-4f52-865a-23d1504d26a5" {{(pid=104926) __call__ /opt/stack/placement/placement/requestlog.py:55}}
Jan 28 01:53:25.846577 n-d-712141-18 devstack@placement-api.service[104926]: INFO placement.requestlog [req-6a920a6b-19c4-45fd-9217-1d730777c799 req-3d0445d7-f996-474b-94d6-714bbaaffffe service placement] 10.222.0.86 "GET /placement/allocations/d728ab83-6ce1-4f52-865a-23d1504d26a5" status: 200 len: 19 microversion: 1.28
Jan 28 01:53:25.852991 n-d-712141-18 devstack@placement-api.service[104926]: [pid: 104926|app: 0|req: 261/518] 10.222.0.86 () {60 vars in 1380 bytes} [Fri Jan 28 01:53:25 2022] GET /placement/allocations/d728ab83-6ce1-4f52-865a-23d1504d26a5 => generated 19 bytes in 40 msecs (HTTP/1.1 200) 8 headers in 295 bytes (1 switches on core 0)
Jan 28 01:53:25.853611 n-d-712141-18 devstack@placement-api.service[104927]: DEBUG placement.requestlog [req-6a920a6b-19c4-45fd-9217-1d730777c799 req-1bc026d7-45c9-462d-9545-a7e9a90c03b5 None None] Starting request: 10.222.0.86 "POST /placement/allocations" {{(pid=104927) __call__ /opt/stack/placement/placement/requestlog.py:55}}
Jan 28 01:53:26.067270 n-d-712141-18 devstack@placement-api.service[104927]: DEBUG placement.handlers.allocation [req-6a920a6b-19c4-45fd-9217-1d730777c799 req-1bc026d7-45c9-462d-9545-a7e9a90c03b5 service placement] Successfully wrote allocations [, , , , , ] {{(pid=104927) _update_consumers_and_create_allocations /opt/stack/placement/placement/handlers/allocation.py:572}}
Jan 28 01:53:26.213759 n-d-712141-18 devstack@placement-api.service[104927]: INFO placement.requestlog [req-6a920a6b-19c4-45fd-9217-1d730777c799 req-1bc026d7-45c9-462d-9545-a7e9a90c03b5 service placement] 10.222.0.86 "POST /placement/allocations" status: 204 len: 0 microversion: 1.28
Jan 28 01:53:26.215985 n-d-712141-18 devstack@placement-api.service[104927]: [pid: 104927|app: 0|req: 258/519] 10.222.0.86 () {64 vars in 1323 bytes} [Fri Jan 28 01:53:25 2022] POST /placement/allocations => generated 0 bytes in 361 msecs (HTTP/1.1 204) 5 headers in 199 bytes (1 switches on core 0)
Jan 28 01:53:26.242247 n-d-712141-18 devstack@placement-api.service[104926]: DEBUG placement.requestlog [req-6a920a6b-19c4-45fd-9217-1d730777c799 req-446e106c-6fe6-4536-a289-a271d666cd6c None None] Starting request: 10.222.0.86 "GET /placement/allocation_candidates?limit=1000&resources=DISK_GB%3A1%2CMEMORY_MB%3A512%2CVCPU%3A1&root_required=%21COMPUTE_STATUS_DISABLED" {{(pid=104926) __call__ /opt/stack/placement/placement/requestlog.py:55}}
Jan 28 01:53:26.294004 n-d-712141-18 devstack@placement-api.service[104926]: DEBUG placement.objects.research_context [req-6a920a6b-19c4-45fd-9217-1d730777c799 req-446e106c-6fe6-4536-a289-a271d666cd6c service placement] getting providers with 1 DISK_GB {{(pid=104926) __init__ /opt/stack/placement/placement/objects/research_context.py:126}}
Jan 28 01:53:26.309723 n-d-712141-18 devstack@placement-api.service[104926]: DEBUG placement.objects.research_context [req-6a920a6b-19c4-45fd-9217-1d730777c799 req-446e106c-6fe6-4536-a289-a271d666cd6c service placement] getting providers with 512 MEMORY_MB {{(pid=104926) __init__ /opt/stack/placement/placement/objects/research_context.py:126}}
Jan 28 01:53:26.322356 n-d-712141-18 devstack@placement-api.service[104926]: DEBUG placement.objects.research_context [req-6a920a6b-19c4-45fd-9217-1d730777c799 req-446e106c-6fe6-4536-a289-a271d666cd6c service placement] getting providers with 1 VCPU {{(pid=104926) __init__ /opt/stack/placement/placement/objects/research_context.py:126}}
Jan 28 01:53:26.335933 n-d-712141-18 devstack@placement-api.service[104926]: DEBUG placement.objects.research_context [req-6a920a6b-19c4-45fd-9217-1d730777c799 req-446e106c-6fe6-4536-a289-a271d666cd6c service placement] found 2 providers with available 1 DISK_GB {{(pid=104926) get_provider_ids_matching /opt/stack/placement/placement/objects/research_context.py:549}}
Jan 28 01:53:26.336527 n-d-712141-18 devstack@placement-api.service[104926]: DEBUG placement.objects.research_context [req-6a920a6b-19c4-45fd-9217-1d730777c799 req-446e106c-6fe6-4536-a289-a271d666cd6c service placement] found 2 providers with available 512 MEMORY_MB {{(pid=104926) get_provider_ids_matching /opt/stack/placement/placement/objects/research_context.py:549}}
Jan 28 01:53:26.337531 n-d-712141-18 devstack@placement-api.service[104926]: DEBUG placement.objects.research_context [req-6a920a6b-19c4-45fd-9217-1d730777c799 req-446e106c-6fe6-4536-a289-a271d666cd6c service placement] found 2 providers after filtering by previous result {{(pid=104926) get_provider_ids_matching /opt/stack/placement/placement/objects/research_context.py:580}}
Jan 28 01:53:26.338021 n-d-712141-18 devstack@placement-api.service[104926]: DEBUG placement.objects.research_context [req-6a920a6b-19c4-45fd-9217-1d730777c799 req-446e106c-6fe6-4536-a289-a271d666cd6c service placement] found 2 providers with available 1 VCPU {{(pid=104926) get_provider_ids_matching /opt/stack/placement/placement/objects/research_context.py:549}}
Jan 28 01:53:26.348495 n-d-712141-18 devstack@placement-api.service[104926]: DEBUG placement.objects.research_context [req-6a920a6b-19c4-45fd-9217-1d730777c799 req-446e106c-6fe6-4536-a289-a271d666cd6c service placement] found 2 providers after filtering by previous result {{(pid=104926) get_provider_ids_matching /opt/stack/placement/placement/objects/research_context.py:580}}
Jan 28 01:53:26.372624 n-d-712141-18 devstack@placement-api.service[104926]: DEBUG placement.objects.allocation_candidate [req-6a920a6b-19c4-45fd-9217-1d730777c799 req-446e106c-6fe6-4536-a289-a271d666cd6c service placement] RequestGroup(use_same_provider=False, resources={DISK_GB:1, MEMORY_MB:512, VCPU:1}, traits=[], aggregates=[]) (suffix '') returned 2 matches {{(pid=104926) _get_by_requests /opt/stack/placement/placement/objects/allocation_candidate.py:145}}
Jan 28 01:53:26.373024 n-d-712141-18 devstack@placement-api.service[104926]: DEBUG placement.objects.allocation_candidate [req-6a920a6b-19c4-45fd-9217-1d730777c799 req-446e106c-6fe6-4536-a289-a271d666cd6c service placement] Merging candidates yields 2 allocation requests and 2 provider summaries {{(pid=104926) _merge_candidates /opt/stack/placement/placement/objects/allocation_candidate.py:783}}
Jan 28 01:53:26.374590 n-d-712141-18 devstack@placement-api.service[104926]: INFO placement.requestlog [req-6a920a6b-19c4-45fd-9217-1d730777c799 req-446e106c-6fe6-4536-a289-a271d666cd6c service placement] 10.222.0.86 "GET /placement/allocation_candidates?limit=1000&resources=DISK_GB%3A1%2CMEMORY_MB%3A512%2CVCPU%3A1&root_required=%21COMPUTE_STATUS_DISABLED" status: 200 len: 1307 microversion: 1.36
Jan 28 01:53:26.388324 n-d-712141-18 devstack@placement-api.service[104926]: [pid: 104926|app: 0|req: 262/520] 10.222.0.86 () {60 vars in 1504 bytes} [Fri Jan 28 01:53:26 2022] GET /placement/allocation_candidates?limit=1000&resources=DISK_GB%3A1%2CMEMORY_MB%3A512%2CVCPU%3A1&root_required=%21COMPUTE_STATUS_DISABLED => generated 1307 bytes in 146 msecs (HTTP/1.1 200) 8 headers in 297 bytes (1 switches on core 0)
Jan 28 01:53:26.433337 n-d-712141-18 devstack@placement-api.service[104927]: DEBUG placement.requestlog [req-6a920a6b-19c4-45fd-9217-1d730777c799 req-4847bf30-78e3-4e64-a948-8cdcd11ba112 None None] Starting request: 10.222.0.86 "GET /placement/allocations/daede4b2-ac3c-4720-8d9b-bbcea076bcdb" {{(pid=104927) __call__ /opt/stack/placement/placement/requestlog.py:55}}
Jan 28 01:53:26.449181 n-d-712141-18 devstack@placement-api.service[104927]: INFO placement.requestlog [req-6a920a6b-19c4-45fd-9217-1d730777c799 req-4847bf30-78e3-4e64-a948-8cdcd11ba112 service placement] 10.222.0.86 "GET /placement/allocations/daede4b2-ac3c-4720-8d9b-bbcea076bcdb" status: 200 len: 19 microversion: 1.28
Jan 28 01:53:26.450574 n-d-712141-18 devstack@placement-api.service[104927]: [pid: 104927|app: 0|req: 259/521] 10.222.0.86 () {60 vars in 1380 bytes} [Fri Jan 28 01:53:26 2022] GET /placement/allocations/daede4b2-ac3c-4720-8d9b-bbcea076bcdb => generated 19 bytes in 18 msecs (HTTP/1.1 200) 8 headers in 295 bytes (1 switches on core 0)
Jan 28 01:53:26.456560 n-d-712141-18 devstack@placement-api.service[104926]: DEBUG placement.requestlog [req-6a920a6b-19c4-45fd-9217-1d730777c799 req-fdd9b280-8a80-423c-9979-2850779117d1 None None] Starting request: 10.222.0.86 "PUT /placement/allocations/daede4b2-ac3c-4720-8d9b-bbcea076bcdb" {{(pid=104926) __call__ /opt/stack/placement/placement/requestlog.py:55}}
Jan 28 01:53:26.682212 n-d-712141-18 devstack@placement-api.service[104926]: DEBUG placement.handlers.allocation [req-6a920a6b-19c4-45fd-9217-1d730777c799 req-fdd9b280-8a80-423c-9979-2850779117d1 service placement] Successfully wrote allocations [, , ] {{(pid=104926) _update_consumers_and_create_allocations /opt/stack/placement/placement/handlers/allocation.py:462}}
Jan 28 01:53:26.683066 n-d-712141-18 devstack@placement-api.service[104927]: DEBUG placement.requestlog [req-f860837b-9db1-44fc-8039-df575a332223 req-85a6a782-b5f2-4d21-9f30-d30085c2fda5 None None] Starting request: 10.222.0.57 "DELETE /placement/allocations/75718b4c-27b1-4d3e-b1f9-a72ca73ed95a" {{(pid=104927) __call__ /opt/stack/placement/placement/requestlog.py:55}}
Jan 28 01:53:26.788960 n-d-712141-18 devstack@placement-api.service[104926]: INFO placement.requestlog [req-6a920a6b-19c4-45fd-9217-1d730777c799 req-fdd9b280-8a80-423c-9979-2850779117d1 service placement] 10.222.0.86 "PUT /placement/allocations/daede4b2-ac3c-4720-8d9b-bbcea076bcdb" status: 204 len: 0 microversion: 1.36
Jan 28 01:53:26.788960 n-d-712141-18 devstack@placement-api.service[104926]: [pid: 104926|app: 0|req: 263/522] 10.222.0.86 () {64 vars in 1433 bytes} [Fri Jan 28 01:53:26 2022] PUT /placement/allocations/daede4b2-ac3c-4720-8d9b-bbcea076bcdb => generated 0 bytes in 330 msecs (HTTP/1.1 204) 5 headers in 199 bytes (1 switches on core 0)
Jan 28 01:53:27.059513 n-d-712141-18 devstack@placement-api.service[104927]: DEBUG placement.handlers.allocation [req-f860837b-9db1-44fc-8039-df575a332223 req-85a6a782-b5f2-4d21-9f30-d30085c2fda5 service placement] Successfully deleted allocations [, , ] {{(pid=104927) delete_allocations /opt/stack/placement/placement/handlers/allocation.py:627}}
Jan 28 01:53:27.060305 n-d-712141-18 devstack@placement-api.service[104927]: INFO placement.requestlog [req-f860837b-9db1-44fc-8039-df575a332223 req-85a6a782-b5f2-4d21-9f30-d30085c2fda5 service placement] 10.222.0.57 "DELETE /placement/allocations/75718b4c-27b1-4d3e-b1f9-a72ca73ed95a" status: 204 len: 0 microversion: 1.0
Jan 28 01:53:27.063480 n-d-712141-18 devstack@placement-api.service[104927]: [pid: 104927|app: 0|req: 260/523] 10.222.0.57 () {60 vars in 1355 bytes} [Fri Jan 28 01:53:26 2022] DELETE /placement/allocations/75718b4c-27b1-4d3e-b1f9-a72ca73ed95a => generated 0 bytes in 380 msecs (HTTP/1.1 204) 5 headers in 198 bytes (2 switches on core 0)
Jan 28 01:53:27.897426 n-d-712141-18 devstack@placement-api.service[104926]: DEBUG placement.requestlog [req-6a920a6b-19c4-45fd-9217-1d730777c799 req-114306f0-33fc-4f19-897a-c2d47054d7b4 None None] Starting request: 10.222.0.94 "GET /placement/allocations/daede4b2-ac3c-4720-8d9b-bbcea076bcdb" {{(pid=104926) __call__ /opt/stack/placement/placement/requestlog.py:55}}
Jan 28 01:53:27.915040 n-d-712141-18 devstack@placement-api.service[104926]: INFO placement.requestlog [req-6a920a6b-19c4-45fd-9217-1d730777c799 req-114306f0-33fc-4f19-897a-c2d47054d7b4 service placement] 10.222.0.94 "GET /placement/allocations/daede4b2-ac3c-4720-8d9b-bbcea076bcdb" status: 200 len: 258 microversion: 1.28
Jan 28 01:53:27.915383 n-d-712141-18 devstack@placement-api.service[104926]: [pid: 104926|app: 0|req: 264/524] 10.222.0.94 () {60 vars in 1377 bytes} [Fri Jan 28 01:53:27 2022] GET /placement/allocations/daede4b2-ac3c-4720-8d9b-bbcea076bcdb => generated 258 bytes in 19 msecs (HTTP/1.1 200) 8 headers in 296 bytes (1 switches on core 0)
Jan 28 01:53:40.278621 n-d-712141-18 devstack@placement-api.service[104927]: DEBUG placement.requestlog [req-1ff69fc8-4a95-41b9-a5ee-adee6f5530a6 req-12ce6d53-3534-49d6-b320-671c6d28b87c None None] Starting request: 10.222.0.57 "DELETE /placement/allocations/4ba474b6-c4eb-493b-93d4-a174f37bbfc7" {{(pid=104927) __call__ /opt/stack/placement/placement/requestlog.py:55}}
Jan 28 01:53:40.727135 n-d-712141-18 devstack@placement-api.service[104927]: DEBUG placement.handlers.allocation [req-1ff69fc8-4a95-41b9-a5ee-adee6f5530a6 req-12ce6d53-3534-49d6-b320-671c6d28b87c service placement] Successfully deleted allocations [, , ] {{(pid=104927) delete_allocations /opt/stack/placement/placement/handlers/allocation.py:627}}
Jan 28 01:53:40.727780 n-d-712141-18 devstack@placement-api.service[104927]: INFO placement.requestlog [req-1ff69fc8-4a95-41b9-a5ee-adee6f5530a6 req-12ce6d53-3534-49d6-b320-671c6d28b87c service placement] 10.222.0.57 "DELETE /placement/allocations/4ba474b6-c4eb-493b-93d4-a174f37bbfc7" status: 204 len: 0 microversion: 1.0
Jan 28 01:53:40.728305 n-d-712141-18 devstack@placement-api.service[104927]: [pid: 104927|app: 0|req: 261/525] 10.222.0.57 () {60 vars in 1355 bytes} [Fri Jan 28 01:53:40 2022] DELETE /placement/allocations/4ba474b6-c4eb-493b-93d4-a174f37bbfc7 => generated 0 bytes in 450 msecs (HTTP/1.1 204) 5 headers in 198 bytes (1 switches on core 0)
Jan 28 01:53:42.978177 n-d-712141-18 devstack@placement-api.service[104926]: DEBUG placement.requestlog [req-46f9019d-46e3-4baa-b3d6-85b1610678e8 req-c19f4d44-3772-4360-bc74-39daa3cb88f3 None None] Starting request: 10.222.0.86 "GET /placement/allocation_candidates?limit=1000&resources=DISK_GB%3A1%2CMEMORY_MB%3A1024%2CVCPU%3A1&root_required=%21COMPUTE_STATUS_DISABLED" {{(pid=104926) __call__ /opt/stack/placement/placement/requestlog.py:55}}
Jan 28 01:53:43.080070 n-d-712141-18 devstack@placement-api.service[104926]: DEBUG placement.objects.research_context [req-46f9019d-46e3-4baa-b3d6-85b1610678e8 req-c19f4d44-3772-4360-bc74-39daa3cb88f3 service placement] getting providers with 1 DISK_GB {{(pid=104926) __init__ /opt/stack/placement/placement/objects/research_context.py:126}}
Jan 28 01:53:43.089284 n-d-712141-18 devstack@placement-api.service[104926]: DEBUG placement.objects.research_context [req-46f9019d-46e3-4baa-b3d6-85b1610678e8 req-c19f4d44-3772-4360-bc74-39daa3cb88f3 service placement] getting providers with 1024 MEMORY_MB {{(pid=104926) __init__ /opt/stack/placement/placement/objects/research_context.py:126}}
Jan 28 01:53:43.107325 n-d-712141-18 devstack@placement-api.service[104926]: DEBUG placement.objects.research_context [req-46f9019d-46e3-4baa-b3d6-85b1610678e8 req-c19f4d44-3772-4360-bc74-39daa3cb88f3 service placement] getting providers with 1 VCPU {{(pid=104926) __init__ /opt/stack/placement/placement/objects/research_context.py:126}}
Jan 28 01:53:43.118298 n-d-712141-18 devstack@placement-api.service[104926]: DEBUG placement.objects.research_context [req-46f9019d-46e3-4baa-b3d6-85b1610678e8 req-c19f4d44-3772-4360-bc74-39daa3cb88f3 service placement] found 2 providers with available 1 DISK_GB {{(pid=104926) get_provider_ids_matching /opt/stack/placement/placement/objects/research_context.py:549}}
Jan 28 01:53:43.118298 n-d-712141-18 devstack@placement-api.service[104926]: DEBUG placement.objects.research_context [req-46f9019d-46e3-4baa-b3d6-85b1610678e8 req-c19f4d44-3772-4360-bc74-39daa3cb88f3 service placement] found 2 providers with available 1024 MEMORY_MB {{(pid=104926) get_provider_ids_matching /opt/stack/placement/placement/objects/research_context.py:549}}
Jan 28 01:53:43.118536 n-d-712141-18 devstack@placement-api.service[104926]: DEBUG placement.objects.research_context [req-46f9019d-46e3-4baa-b3d6-85b1610678e8 req-c19f4d44-3772-4360-bc74-39daa3cb88f3 service placement] found 2 providers after filtering by previous result {{(pid=104926) get_provider_ids_matching /opt/stack/placement/placement/objects/research_context.py:580}}
Jan 28 01:53:43.118670 n-d-712141-18 devstack@placement-api.service[104926]: DEBUG placement.objects.research_context [req-46f9019d-46e3-4baa-b3d6-85b1610678e8 req-c19f4d44-3772-4360-bc74-39daa3cb88f3 service placement] found 2 providers with available 1 VCPU {{(pid=104926) get_provider_ids_matching /opt/stack/placement/placement/objects/research_context.py:549}}
Jan 28 01:53:43.119102 n-d-712141-18 devstack@placement-api.service[104926]: DEBUG placement.objects.research_context [req-46f9019d-46e3-4baa-b3d6-85b1610678e8 req-c19f4d44-3772-4360-bc74-39daa3cb88f3 service placement] found 2 providers after filtering by previous result {{(pid=104926) get_provider_ids_matching /opt/stack/placement/placement/objects/research_context.py:580}}
Jan 28 01:53:43.131892 n-d-712141-18 devstack@placement-api.service[104926]: DEBUG placement.objects.allocation_candidate [req-46f9019d-46e3-4baa-b3d6-85b1610678e8 req-c19f4d44-3772-4360-bc74-39daa3cb88f3 service placement] RequestGroup(use_same_provider=False, resources={DISK_GB:1, MEMORY_MB:1024, VCPU:1}, traits=[], aggregates=[]) (suffix '') returned 2 matches {{(pid=104926) _get_by_requests /opt/stack/placement/placement/objects/allocation_candidate.py:145}}
Jan 28 01:53:43.132260 n-d-712141-18 devstack@placement-api.service[104926]: DEBUG placement.objects.allocation_candidate [req-46f9019d-46e3-4baa-b3d6-85b1610678e8 req-c19f4d44-3772-4360-bc74-39daa3cb88f3 service placement] Merging candidates yields 2 allocation requests and 2 provider summaries {{(pid=104926) _merge_candidates /opt/stack/placement/placement/objects/allocation_candidate.py:783}}
Jan 28 01:53:43.134155 n-d-712141-18 devstack@placement-api.service[104926]: INFO placement.requestlog [req-46f9019d-46e3-4baa-b3d6-85b1610678e8 req-c19f4d44-3772-4360-bc74-39daa3cb88f3 service placement] 10.222.0.86 "GET /placement/allocation_candidates?limit=1000&resources=DISK_GB%3A1%2CMEMORY_MB%3A1024%2CVCPU%3A1&root_required=%21COMPUTE_STATUS_DISABLED" status: 200 len: 1309 microversion: 1.36
Jan 28 01:53:43.134548 n-d-712141-18 devstack@placement-api.service[104926]: [pid: 104926|app: 0|req: 265/526] 10.222.0.86 () {60 vars in 1506 bytes} [Fri Jan 28 01:53:42 2022] GET /placement/allocation_candidates?limit=1000&resources=DISK_GB%3A1%2CMEMORY_MB%3A1024%2CVCPU%3A1&root_required=%21COMPUTE_STATUS_DISABLED => generated 1309 bytes in 157 msecs (HTTP/1.1 200) 8 headers in 297 bytes (1 switches on core 0)
Jan 28 01:53:43.190790 n-d-712141-18 devstack@placement-api.service[104927]: DEBUG placement.requestlog [req-46f9019d-46e3-4baa-b3d6-85b1610678e8 req-5c6cfbb0-e789-43d7-8622-3bfe175f8c4d None None] Starting request: 10.222.0.86 "GET /placement/allocations/615270c7-39a8-43de-8830-531c4518ba21" {{(pid=104927) __call__ /opt/stack/placement/placement/requestlog.py:55}}
Jan 28 01:53:43.213542 n-d-712141-18 devstack@placement-api.service[104927]: INFO placement.requestlog [req-46f9019d-46e3-4baa-b3d6-85b1610678e8 req-5c6cfbb0-e789-43d7-8622-3bfe175f8c4d service placement] 10.222.0.86 "GET /placement/allocations/615270c7-39a8-43de-8830-531c4518ba21" status: 200 len: 19 microversion: 1.28
Jan 28 01:53:43.214709 n-d-712141-18 devstack@placement-api.service[104927]: [pid: 104927|app: 0|req: 262/527] 10.222.0.86 () {60 vars in 1380 bytes} [Fri Jan 28 01:53:43 2022] GET /placement/allocations/615270c7-39a8-43de-8830-531c4518ba21 => generated 19 bytes in 25 msecs (HTTP/1.1 200) 8 headers in 295 bytes (1 switches on core 0)
Jan 28 01:53:43.223026 n-d-712141-18 devstack@placement-api.service[104926]: DEBUG placement.requestlog [req-46f9019d-46e3-4baa-b3d6-85b1610678e8 req-f161613e-fbfc-483d-a035-ec793a49b6b8 None None] Starting request: 10.222.0.86 "PUT /placement/allocations/615270c7-39a8-43de-8830-531c4518ba21" {{(pid=104926) __call__ /opt/stack/placement/placement/requestlog.py:55}}
Jan 28 01:53:43.816800 n-d-712141-18 devstack@placement-api.service[104926]: DEBUG placement.handlers.allocation [req-46f9019d-46e3-4baa-b3d6-85b1610678e8 req-f161613e-fbfc-483d-a035-ec793a49b6b8 service placement] Successfully wrote allocations [, , ] {{(pid=104926) _update_consumers_and_create_allocations /opt/stack/placement/placement/handlers/allocation.py:462}}
Jan 28 01:53:43.989755 n-d-712141-18 devstack@placement-api.service[104926]: INFO placement.requestlog [req-46f9019d-46e3-4baa-b3d6-85b1610678e8 req-f161613e-fbfc-483d-a035-ec793a49b6b8 service placement] 10.222.0.86 "PUT /placement/allocations/615270c7-39a8-43de-8830-531c4518ba21" status: 204 len: 0 microversion: 1.36
Jan 28 01:53:43.990363 n-d-712141-18 devstack@placement-api.service[104926]: [pid: 104926|app: 0|req: 266/528] 10.222.0.86 () {64 vars in 1433 bytes} [Fri Jan 28 01:53:43 2022] PUT /placement/allocations/615270c7-39a8-43de-8830-531c4518ba21 => generated 0 bytes in 769 msecs (HTTP/1.1 204) 5 headers in 199 bytes (1 switches on core 0)
Jan 28 01:53:44.551083 n-d-712141-18 devstack@placement-api.service[104927]: DEBUG placement.requestlog [req-713a81c1-e6a7-46cf-8482-6adbf67f1146 req-4f0e2a86-c1c3-4688-b4ab-52400e8be6c9 None None] Starting request: 10.222.0.57 "GET /placement/resource_providers/ff7f4b2b-119a-439d-b197-f152b0193f77/allocations" {{(pid=104927) __call__ /opt/stack/placement/placement/requestlog.py:55}}
Jan 28 01:53:44.574910 n-d-712141-18 devstack@placement-api.service[104927]: INFO placement.requestlog [req-713a81c1-e6a7-46cf-8482-6adbf67f1146 req-4f0e2a86-c1c3-4688-b4ab-52400e8be6c9 service placement] 10.222.0.57 "GET /placement/resource_providers/ff7f4b2b-119a-439d-b197-f152b0193f77/allocations" status: 200 len: 759 microversion: 1.0
Jan 28 01:53:44.575294 n-d-712141-18 devstack@placement-api.service[104927]: [pid: 104927|app: 0|req: 263/529] 10.222.0.57 () {58 vars in 1390 bytes} [Fri Jan 28 01:53:44 2022] GET /placement/resource_providers/ff7f4b2b-119a-439d-b197-f152b0193f77/allocations => generated 759 bytes in 25 msecs (HTTP/1.1 200) 6 headers in 224 bytes (1 switches on core 0)
Jan 28 01:53:45.329324 n-d-712141-18 devstack@placement-api.service[104926]: DEBUG placement.requestlog [req-713a81c1-e6a7-46cf-8482-6adbf67f1146 req-1f76731b-1fd1-4856-b211-accb8f254942 None None] Starting request: 10.222.0.57 "GET /placement/allocations/d5dc01b0-4fba-4d35-b514-cc1ea81fceca" {{(pid=104926) __call__ /opt/stack/placement/placement/requestlog.py:55}}
Jan 28 01:53:45.347623 n-d-712141-18 devstack@placement-api.service[104926]: INFO placement.requestlog [req-713a81c1-e6a7-46cf-8482-6adbf67f1146 req-1f76731b-1fd1-4856-b211-accb8f254942 service placement] 10.222.0.57 "GET /placement/allocations/d5dc01b0-4fba-4d35-b514-cc1ea81fceca" status: 200 len: 259 microversion: 1.28
Jan 28 01:53:45.348002 n-d-712141-18 devstack@placement-api.service[104926]: [pid: 104926|app: 0|req: 267/530] 10.222.0.57 () {60 vars in 1377 bytes} [Fri Jan 28 01:53:45 2022] GET /placement/allocations/d5dc01b0-4fba-4d35-b514-cc1ea81fceca => generated 259 bytes in 23 msecs (HTTP/1.1 200) 8 headers in 296 bytes (1 switches on core 0)
Jan 28 01:53:45.374777 n-d-712141-18 devstack@placement-api.service[104927]: DEBUG placement.requestlog [req-713a81c1-e6a7-46cf-8482-6adbf67f1146 req-5aca2804-3bf2-432f-adf6-f29f90cd6c73 None None] Starting request: 10.222.0.57 "PUT /placement/allocations/d5dc01b0-4fba-4d35-b514-cc1ea81fceca" {{(pid=104927) __call__ /opt/stack/placement/placement/requestlog.py:55}}
Jan 28 01:53:45.394200 n-d-712141-18 devstack@placement-api.service[104926]: DEBUG placement.requestlog [req-46f9019d-46e3-4baa-b3d6-85b1610678e8 req-17c75fec-46c6-4ac2-839f-cb390406c610 None None] Starting request: 10.222.0.57 "GET /placement/allocations/615270c7-39a8-43de-8830-531c4518ba21" {{(pid=104926) __call__ /opt/stack/placement/placement/requestlog.py:55}}
Jan 28 01:53:45.414575 n-d-712141-18 devstack@placement-api.service[104926]: INFO placement.requestlog [req-46f9019d-46e3-4baa-b3d6-85b1610678e8 req-17c75fec-46c6-4ac2-839f-cb390406c610 service placement] 10.222.0.57 "GET /placement/allocations/615270c7-39a8-43de-8830-531c4518ba21" status: 200 len: 259 microversion: 1.28
Jan 28 01:53:45.415629 n-d-712141-18 devstack@placement-api.service[104926]: [pid: 104926|app: 0|req: 268/531] 10.222.0.57 () {60 vars in 1377 bytes} [Fri Jan 28 01:53:45 2022] GET /placement/allocations/615270c7-39a8-43de-8830-531c4518ba21 => generated 259 bytes in 22 msecs (HTTP/1.1 200) 8 headers in 296 bytes (2 switches on core 0)
Jan 28 01:53:45.442508 n-d-712141-18 devstack@placement-api.service[104927]: DEBUG placement.handlers.allocation [req-713a81c1-e6a7-46cf-8482-6adbf67f1146 req-5aca2804-3bf2-432f-adf6-f29f90cd6c73 service placement] Successfully wrote allocations [, , ] {{(pid=104927) _update_consumers_and_create_allocations /opt/stack/placement/placement/handlers/allocation.py:462}}
Jan 28 01:53:45.555777 n-d-712141-18 devstack@placement-api.service[104927]: INFO placement.requestlog [req-713a81c1-e6a7-46cf-8482-6adbf67f1146 req-5aca2804-3bf2-432f-adf6-f29f90cd6c73 service placement] 10.222.0.57 "PUT /placement/allocations/d5dc01b0-4fba-4d35-b514-cc1ea81fceca" status: 204 len: 0 microversion: 1.28
Jan 28 01:53:45.556529 n-d-712141-18 devstack@placement-api.service[104927]: [pid: 104927|app: 0|req: 264/532] 10.222.0.57 () {64 vars in 1430 bytes} [Fri Jan 28 01:53:45 2022] PUT /placement/allocations/d5dc01b0-4fba-4d35-b514-cc1ea81fceca => generated 0 bytes in 182 msecs (HTTP/1.1 204) 5 headers in 199 bytes (1 switches on core 0)
Jan 28 01:54:02.535543 n-d-712141-18 devstack@placement-api.service[104926]: DEBUG placement.requestlog [req-6a920a6b-19c4-45fd-9217-1d730777c799 req-8c52f838-4467-4c09-91b3-830ba2dfbd3d None None] Starting request: 10.222.0.94 "GET /placement/allocations/daede4b2-ac3c-4720-8d9b-bbcea076bcdb" {{(pid=104926) __call__ /opt/stack/placement/placement/requestlog.py:55}}
Jan 28 01:54:02.586960 n-d-712141-18 devstack@placement-api.service[104926]: INFO placement.requestlog [req-6a920a6b-19c4-45fd-9217-1d730777c799 req-8c52f838-4467-4c09-91b3-830ba2dfbd3d service placement] 10.222.0.94 "GET /placement/allocations/daede4b2-ac3c-4720-8d9b-bbcea076bcdb" status: 200 len: 258 microversion: 1.28
Jan 28 01:54:02.587918 n-d-712141-18 devstack@placement-api.service[104926]: [pid: 104926|app: 0|req: 269/533] 10.222.0.94 () {60 vars in 1377 bytes} [Fri Jan 28 01:54:02 2022] GET /placement/allocations/daede4b2-ac3c-4720-8d9b-bbcea076bcdb => generated 258 bytes in 54 msecs (HTTP/1.1 200) 8 headers in 296 bytes (1 switches on core 0)
Jan 28 01:54:04.874231 n-d-712141-18 devstack@placement-api.service[104927]: DEBUG placement.requestlog [req-8acafba4-9f62-49df-82f8-bc8de3ba71eb req-6b9d9ad9-9020-4ac3-ac50-a19ea2c81605 None None] Starting request: 10.222.0.57 "GET /placement/allocations/615270c7-39a8-43de-8830-531c4518ba21" {{(pid=104927) __call__ /opt/stack/placement/placement/requestlog.py:55}}
Jan 28 01:54:04.893995 n-d-712141-18 devstack@placement-api.service[104927]: INFO placement.requestlog [req-8acafba4-9f62-49df-82f8-bc8de3ba71eb req-6b9d9ad9-9020-4ac3-ac50-a19ea2c81605 service placement] 10.222.0.57 "GET /placement/allocations/615270c7-39a8-43de-8830-531c4518ba21" status: 200 len: 259 microversion: 1.28
Jan 28 01:54:04.894372 n-d-712141-18 devstack@placement-api.service[104927]: [pid: 104927|app: 0|req: 265/534] 10.222.0.57 () {60 vars in 1377 bytes} [Fri Jan 28 01:54:04 2022] GET /placement/allocations/615270c7-39a8-43de-8830-531c4518ba21 => generated 259 bytes in 20 msecs (HTTP/1.1 200) 8 headers in 296 bytes (1 switches on core 0)
