Aug 28 15:11:17.793929 n-d-712141-11 devstack@n-api.service[110433]: DEBUG nova.quota [None req-dde43d5f-0c10-411e-a848-720a43dd36b0 tempest-KeyPairsV210TestJSON-1513561651 tempest-KeyPairsV210TestJSON-1513561651-project-admin] Getting quotas for user 5bd834f9319347969d5d215a6d5d368d and project 2272fb40c93741d2acbf4da79c635a07. Resources: {'key_pairs'} {{(pid=110433) _get_quotas /opt/stack/nova/nova/quota.py:377}}
Aug 28 15:11:17.799640 n-d-712141-11 devstack@n-api.service[110432]: INFO nova.api.openstack.requestlog [None req-9e7831ae-da1e-4486-8f38-cc8de3963b6d tempest-AggregatesAdminTestJSON-1728420708 tempest-AggregatesAdminTestJSON-1728420708-project] 10.222.0.46 "GET /compute/v2.1/servers/1333ec6f-6b5a-4e57-98f1-5ab9bba12b3d" status: 200 len: 1241 microversion: 2.1 time: 0.118651
Aug 28 15:11:17.801286 n-d-712141-11 devstack@n-api.service[110432]: [pid: 110432|app: 0|req: 42/84] 10.222.0.46 () {58 vars in 1236 bytes} [Sat Aug 28 15:11:17 2021] GET /compute/v2.1/servers/1333ec6f-6b5a-4e57-98f1-5ab9bba12b3d => generated 1241 bytes in 121 msecs (HTTP/1.1 200) 9 headers in 358 bytes (1 switches on core 0)
Aug 28 15:11:18.192557 n-d-712141-11 devstack@n-api.service[110433]: DEBUG nova.quota [None req-dde43d5f-0c10-411e-a848-720a43dd36b0 tempest-KeyPairsV210TestJSON-1513561651 tempest-KeyPairsV210TestJSON-1513561651-project-admin] Getting quotas for project 2272fb40c93741d2acbf4da79c635a07. Resources: {'key_pairs'} {{(pid=110433) _get_quotas /opt/stack/nova/nova/quota.py:387}}
Aug 28 15:11:18.196387 n-d-712141-11 devstack@n-api.service[110433]: DEBUG nova.quota [None req-dde43d5f-0c10-411e-a848-720a43dd36b0 tempest-KeyPairsV210TestJSON-1513561651 tempest-KeyPairsV210TestJSON-1513561651-project-admin] Getting quotas for user 5bd834f9319347969d5d215a6d5d368d and project 2272fb40c93741d2acbf4da79c635a07. Resources: {'key_pairs'} {{(pid=110433) _get_quotas /opt/stack/nova/nova/quota.py:377}}
Aug 28 15:11:18.208032 n-d-712141-11 devstack@n-api.service[110432]: DEBUG nova.api.openstack.wsgi [None req-cf769d02-b89d-4342-89ea-4a4f3957db62 tempest-DeleteServersAdminTestJSON-1324540864 tempest-DeleteServersAdminTestJSON-1324540864-project] Calling method '>' {{(pid=110432) _process_stack /opt/stack/nova/nova/api/openstack/wsgi.py:513}}
Aug 28 15:11:18.208849 n-d-712141-11 devstack@n-api.service[110432]: DEBUG nova.compute.api [None req-cf769d02-b89d-4342-89ea-4a4f3957db62 tempest-DeleteServersAdminTestJSON-1324540864 tempest-DeleteServersAdminTestJSON-1324540864-project] [instance: fb88813c-dcb9-417c-ac44-954ad3ab8917] Fetching instance by UUID {{(pid=110432) get /opt/stack/nova/nova/compute/api.py:2826}}
Aug 28 15:11:18.211815 n-d-712141-11 devstack@n-api.service[110433]: INFO nova.api.openstack.requestlog [None req-dde43d5f-0c10-411e-a848-720a43dd36b0 tempest-KeyPairsV210TestJSON-1513561651 tempest-KeyPairsV210TestJSON-1513561651-project-admin] 10.222.0.46 "POST /compute/v2.1/os-keypairs" status: 201 len: 2319 microversion: 2.10 time: 0.453300
Aug 28 15:11:18.212880 n-d-712141-11 devstack@n-api.service[110433]: [pid: 110433|app: 0|req: 43/85] 10.222.0.46 () {62 vars in 1200 bytes} [Sat Aug 28 15:11:17 2021] POST /compute/v2.1/os-keypairs => generated 2319 bytes in 455 msecs (HTTP/1.1 201) 9 headers in 365 bytes (2 switches on core 0)
Aug 28 15:11:18.215075 n-d-712141-11 devstack@n-api.service[110432]: DEBUG oslo_concurrency.lockutils [None req-cf769d02-b89d-4342-89ea-4a4f3957db62 tempest-DeleteServersAdminTestJSON-1324540864 tempest-DeleteServersAdminTestJSON-1324540864-project] Lock "c223dcf6-0378-4d8b-9741-2563e9d93b60" acquired by "nova.context.set_target_cell..get_or_set_cached_cell_and_set_connections" :: waited 0.000s {{(pid=110432) inner /usr/local/lib/python3.8/dist-packages/oslo_concurrency/lockutils.py:355}}
Aug 28 15:11:18.215518 n-d-712141-11 devstack@n-api.service[110432]: DEBUG oslo_concurrency.lockutils [None req-cf769d02-b89d-4342-89ea-4a4f3957db62 tempest-DeleteServersAdminTestJSON-1324540864 tempest-DeleteServersAdminTestJSON-1324540864-project] Lock "c223dcf6-0378-4d8b-9741-2563e9d93b60" released by "nova.context.set_target_cell..get_or_set_cached_cell_and_set_connections" :: held 0.001s {{(pid=110432) inner /usr/local/lib/python3.8/dist-packages/oslo_concurrency/lockutils.py:367}}
Aug 28 15:11:18.216340 n-d-712141-11 devstack@n-api.service[110432]: DEBUG oslo_concurrency.lockutils [None req-cf769d02-b89d-4342-89ea-4a4f3957db62 tempest-DeleteServersAdminTestJSON-1324540864 tempest-DeleteServersAdminTestJSON-1324540864-project] Lock "c223dcf6-0378-4d8b-9741-2563e9d93b60" acquired by "nova.context.set_target_cell..get_or_set_cached_cell_and_set_connections" :: waited 0.000s {{(pid=110432) inner /usr/local/lib/python3.8/dist-packages/oslo_concurrency/lockutils.py:355}}
Aug 28 15:11:18.216817 n-d-712141-11 devstack@n-api.service[110432]: DEBUG oslo_concurrency.lockutils [None req-cf769d02-b89d-4342-89ea-4a4f3957db62 tempest-DeleteServersAdminTestJSON-1324540864 tempest-DeleteServersAdminTestJSON-1324540864-project] Lock "c223dcf6-0378-4d8b-9741-2563e9d93b60" released by "nova.context.set_target_cell..get_or_set_cached_cell_and_set_connections" :: held 0.000s {{(pid=110432) inner /usr/local/lib/python3.8/dist-packages/oslo_concurrency/lockutils.py:367}}
Aug 28 15:11:18.222407 n-d-712141-11 devstack@n-api.service[110433]: DEBUG nova.api.openstack.wsgi [None req-fe509938-c5e3-4566-9495-b9f66265b0a4 tempest-KeyPairsV210TestJSON-1513561651 tempest-KeyPairsV210TestJSON-1513561651-project-admin] Calling method '.version_select at 0x7fe9394d09d0>' {{(pid=110433) _process_stack /opt/stack/nova/nova/api/openstack/wsgi.py:513}}
Aug 28 15:11:18.233237 n-d-712141-11 devstack@n-api.service[110433]: INFO nova.api.openstack.requestlog [None req-fe509938-c5e3-4566-9495-b9f66265b0a4 tempest-KeyPairsV210TestJSON-1513561651 tempest-KeyPairsV210TestJSON-1513561651-project-admin] 10.222.0.46 "GET /compute/v2.1/os-keypairs/tempest-keypair-2096313575?user_id=0ec9de9d72374a3e8c786949b776e9b0" status: 200 len: 706 microversion: 2.10 time: 0.014198
Aug 28 15:11:18.233887 n-d-712141-11 devstack@n-api.service[110433]: [pid: 110433|app: 0|req: 44/86] 10.222.0.46 () {60 vars in 1340 bytes} [Sat Aug 28 15:11:18 2021] GET /compute/v2.1/os-keypairs/tempest-keypair-2096313575?user_id=0ec9de9d72374a3e8c786949b776e9b0 => generated 706 bytes in 15 msecs (HTTP/1.1 200) 9 headers in 359 bytes (1 switches on core 0)
Aug 28 15:11:18.247004 n-d-712141-11 devstack@n-api.service[110433]: DEBUG nova.api.openstack.wsgi [None req-8551ded5-573c-4a5d-9729-4efd424870b8 tempest-KeyPairsV210TestJSON-1513561651 tempest-KeyPairsV210TestJSON-1513561651-project-admin] Action: 'create', calling method: .version_select at 0x7fe939477c10>, body: {"keypair": {"name": "tempest-KeyPairsV210TestJSON-keypair-322228597", "type": "ssh"}} {{(pid=110433) _process_stack /opt/stack/nova/nova/api/openstack/wsgi.py:511}}
Aug 28 15:11:18.270520 n-d-712141-11 devstack@n-api.service[110433]: DEBUG nova.quota [None req-8551ded5-573c-4a5d-9729-4efd424870b8 tempest-KeyPairsV210TestJSON-1513561651 tempest-KeyPairsV210TestJSON-1513561651-project-admin] Getting quotas for project 2272fb40c93741d2acbf4da79c635a07. Resources: {'key_pairs'} {{(pid=110433) _get_quotas /opt/stack/nova/nova/quota.py:387}}
Aug 28 15:11:18.276727 n-d-712141-11 devstack@n-api.service[110433]: DEBUG nova.quota [None req-8551ded5-573c-4a5d-9729-4efd424870b8 tempest-KeyPairsV210TestJSON-1513561651 tempest-KeyPairsV210TestJSON-1513561651-project-admin] Getting quotas for user 5bd834f9319347969d5d215a6d5d368d and project 2272fb40c93741d2acbf4da79c635a07. Resources: {'key_pairs'} {{(pid=110433) _get_quotas /opt/stack/nova/nova/quota.py:377}}
Aug 28 15:11:18.382309 n-d-712141-11 devstack@n-api.service[110432]: DEBUG nova.policy [None req-cf769d02-b89d-4342-89ea-4a4f3957db62 tempest-DeleteServersAdminTestJSON-1324540864 tempest-DeleteServersAdminTestJSON-1324540864-project] Policy check for os_compute_api:os-extended-server-attributes failed with credentials {'is_admin': False, 'user_id': '6ffb784537dc4676851f2e2238ba5cf8', 'user_domain_id': 'default', 'system_scope': None, 'domain_id': None, 'project_id': 'ffd7f3da40cb4da99421341d5b968705', 'project_domain_id': 'default', 'roles': ['reader', 'member'], 'is_admin_project': True, 'service_user_id': None, 'service_user_domain_id': None, 'service_project_id': None, 'service_project_domain_id': None, 'service_roles': []} {{(pid=110432) authorize /opt/stack/nova/nova/policy.py:199}}
Aug 28 15:11:18.396508 n-d-712141-11 devstack@n-api.service[110432]: INFO nova.api.openstack.requestlog [None req-cf769d02-b89d-4342-89ea-4a4f3957db62 tempest-DeleteServersAdminTestJSON-1324540864 tempest-DeleteServersAdminTestJSON-1324540864-project] 10.222.0.46 "GET /compute/v2.1/servers/fb88813c-dcb9-417c-ac44-954ad3ab8917" status: 200 len: 1341 microversion: 2.1 time: 0.190203
Aug 28 15:11:18.397356 n-d-712141-11 devstack@n-api.service[110432]: [pid: 110432|app: 0|req: 43/87] 10.222.0.46 () {58 vars in 1236 bytes} [Sat Aug 28 15:11:18 2021] GET /compute/v2.1/servers/fb88813c-dcb9-417c-ac44-954ad3ab8917 => generated 1341 bytes in 194 msecs (HTTP/1.1 200) 9 headers in 358 bytes (1 switches on core 0)
Aug 28 15:11:18.658779 n-d-712141-11 devstack@n-api.service[110433]: DEBUG nova.quota [None req-8551ded5-573c-4a5d-9729-4efd424870b8 tempest-KeyPairsV210TestJSON-1513561651 tempest-KeyPairsV210TestJSON-1513561651-project-admin] Getting quotas for project 2272fb40c93741d2acbf4da79c635a07. Resources: {'key_pairs'} {{(pid=110433) _get_quotas /opt/stack/nova/nova/quota.py:387}}
Aug 28 15:11:18.665152 n-d-712141-11 devstack@n-api.service[110433]: DEBUG nova.quota [None req-8551ded5-573c-4a5d-9729-4efd424870b8 tempest-KeyPairsV210TestJSON-1513561651 tempest-KeyPairsV210TestJSON-1513561651-project-admin] Getting quotas for user 5bd834f9319347969d5d215a6d5d368d and project 2272fb40c93741d2acbf4da79c635a07. Resources: {'key_pairs'} {{(pid=110433) _get_quotas /opt/stack/nova/nova/quota.py:377}}
Aug 28 15:11:18.692278 n-d-712141-11 devstack@n-api.service[110433]: INFO nova.api.openstack.requestlog [None req-8551ded5-573c-4a5d-9729-4efd424870b8 tempest-KeyPairsV210TestJSON-1513561651 tempest-KeyPairsV210TestJSON-1513561651-project-admin] 10.222.0.46 "POST /compute/v2.1/os-keypairs" status: 201 len: 2340 microversion: 2.10 time: 0.450702
Aug 28 15:11:18.692852 n-d-712141-11 devstack@n-api.service[110433]: [pid: 110433|app: 0|req: 45/88] 10.222.0.46 () {62 vars in 1199 bytes} [Sat Aug 28 15:11:18 2021] POST /compute/v2.1/os-keypairs => generated 2340 bytes in 452 msecs (HTTP/1.1 201) 9 headers in 365 bytes (1 switches on core 0)
Aug 28 15:11:18.703097 n-d-712141-11 devstack@n-api.service[110432]: DEBUG nova.api.openstack.wsgi [None req-b1e0cce0-ca13-4aed-8cfb-44a6ad4181fb tempest-KeyPairsV210TestJSON-1513561651 tempest-KeyPairsV210TestJSON-1513561651-project-admin] Calling method '.version_select at 0x7fe939524160>' {{(pid=110432) _process_stack /opt/stack/nova/nova/api/openstack/wsgi.py:513}}
Aug 28 15:11:18.706519 n-d-712141-11 devstack@n-api.service[110432]: WARNING oslo_db.sqlalchemy.utils [None req-b1e0cce0-ca13-4aed-8cfb-44a6ad4181fb tempest-KeyPairsV210TestJSON-1513561651 tempest-KeyPairsV210TestJSON-1513561651-project-admin] Unique keys not in sort_keys. The sorting order may be unstable.
Aug 28 15:11:18.716529 n-d-712141-11 devstack@n-api.service[110432]: WARNING oslo_db.sqlalchemy.utils [None req-b1e0cce0-ca13-4aed-8cfb-44a6ad4181fb tempest-KeyPairsV210TestJSON-1513561651 tempest-KeyPairsV210TestJSON-1513561651-project-admin] Unique keys not in sort_keys. The sorting order may be unstable.
Aug 28 15:11:18.726489 n-d-712141-11 devstack@n-api.service[110432]: INFO nova.api.openstack.requestlog [None req-b1e0cce0-ca13-4aed-8cfb-44a6ad4181fb tempest-KeyPairsV210TestJSON-1513561651 tempest-KeyPairsV210TestJSON-1513561651-project-admin] 10.222.0.46 "GET /compute/v2.1/os-keypairs?user_id=0ec9de9d72374a3e8c786949b776e9b0" status: 200 len: 1113 microversion: 2.10 time: 0.027140
Aug 28 15:11:18.727312 n-d-712141-11 devstack@n-api.service[110432]: [pid: 110432|app: 0|req: 44/89] 10.222.0.46 () {60 vars in 1259 bytes} [Sat Aug 28 15:11:18 2021] GET /compute/v2.1/os-keypairs?user_id=0ec9de9d72374a3e8c786949b776e9b0 => generated 1113 bytes in 29 msecs (HTTP/1.1 200) 9 headers in 360 bytes (1 switches on core 0)
Aug 28 15:11:18.737991 n-d-712141-11 devstack@n-api.service[110433]: DEBUG nova.api.openstack.wsgi [None req-6aa075b1-5cd5-4162-834a-adfcac605d4c tempest-KeyPairsV210TestJSON-1513561651 tempest-KeyPairsV210TestJSON-1513561651-project-admin] Calling method '.version_select at 0x7fe9394771f0>' {{(pid=110433) _process_stack /opt/stack/nova/nova/api/openstack/wsgi.py:513}}
Aug 28 15:11:18.823464 n-d-712141-11 devstack@n-api.service[110432]: DEBUG nova.api.openstack.wsgi [None req-245d2f00-163f-4c62-ba20-b572d138bdad tempest-AggregatesAdminTestJSON-1728420708 tempest-AggregatesAdminTestJSON-1728420708-project] Calling method '>' {{(pid=110432) _process_stack /opt/stack/nova/nova/api/openstack/wsgi.py:513}}
Aug 28 15:11:18.824083 n-d-712141-11 devstack@n-api.service[110432]: DEBUG nova.compute.api [None req-245d2f00-163f-4c62-ba20-b572d138bdad tempest-AggregatesAdminTestJSON-1728420708 tempest-AggregatesAdminTestJSON-1728420708-project] [instance: 1333ec6f-6b5a-4e57-98f1-5ab9bba12b3d] Fetching instance by UUID {{(pid=110432) get /opt/stack/nova/nova/compute/api.py:2826}}
Aug 28 15:11:18.830788 n-d-712141-11 devstack@n-api.service[110432]: DEBUG oslo_concurrency.lockutils [None req-245d2f00-163f-4c62-ba20-b572d138bdad tempest-AggregatesAdminTestJSON-1728420708 tempest-AggregatesAdminTestJSON-1728420708-project] Lock "c223dcf6-0378-4d8b-9741-2563e9d93b60" acquired by "nova.context.set_target_cell..get_or_set_cached_cell_and_set_connections" :: waited 0.000s {{(pid=110432) inner /usr/local/lib/python3.8/dist-packages/oslo_concurrency/lockutils.py:355}}
Aug 28 15:11:18.831277 n-d-712141-11 devstack@n-api.service[110432]: DEBUG oslo_concurrency.lockutils [None req-245d2f00-163f-4c62-ba20-b572d138bdad tempest-AggregatesAdminTestJSON-1728420708 tempest-AggregatesAdminTestJSON-1728420708-project] Lock "c223dcf6-0378-4d8b-9741-2563e9d93b60" released by "nova.context.set_target_cell..get_or_set_cached_cell_and_set_connections" :: held 0.001s {{(pid=110432) inner /usr/local/lib/python3.8/dist-packages/oslo_concurrency/lockutils.py:367}}
Aug 28 15:11:18.832026 n-d-712141-11 devstack@n-api.service[110432]: DEBUG oslo_concurrency.lockutils [None req-245d2f00-163f-4c62-ba20-b572d138bdad tempest-AggregatesAdminTestJSON-1728420708 tempest-AggregatesAdminTestJSON-1728420708-project] Lock "c223dcf6-0378-4d8b-9741-2563e9d93b60" acquired by "nova.context.set_target_cell..get_or_set_cached_cell_and_set_connections" :: waited 0.000s {{(pid=110432) inner /usr/local/lib/python3.8/dist-packages/oslo_concurrency/lockutils.py:355}}
Aug 28 15:11:18.832524 n-d-712141-11 devstack@n-api.service[110432]: DEBUG oslo_concurrency.lockutils [None req-245d2f00-163f-4c62-ba20-b572d138bdad tempest-AggregatesAdminTestJSON-1728420708 tempest-AggregatesAdminTestJSON-1728420708-project] Lock "c223dcf6-0378-4d8b-9741-2563e9d93b60" released by "nova.context.set_target_cell..get_or_set_cached_cell_and_set_connections" :: held 0.000s {{(pid=110432) inner /usr/local/lib/python3.8/dist-packages/oslo_concurrency/lockutils.py:367}}
Aug 28 15:11:18.848908 n-d-712141-11 devstack@n-api.service[110433]: INFO nova.api.openstack.requestlog [None req-6aa075b1-5cd5-4162-834a-adfcac605d4c tempest-KeyPairsV210TestJSON-1513561651 tempest-KeyPairsV210TestJSON-1513561651-project-admin] 10.222.0.46 "DELETE /compute/v2.1/os-keypairs/tempest-KeyPairsV210TestJSON-keypair-322228597" status: 204 len: 0 microversion: 2.10 time: 0.114793
Aug 28 15:11:18.849662 n-d-712141-11 devstack@n-api.service[110433]: [pid: 110433|app: 0|req: 46/90] 10.222.0.46 () {60 vars in 1322 bytes} [Sat Aug 28 15:11:18 2021] DELETE /compute/v2.1/os-keypairs/tempest-KeyPairsV210TestJSON-keypair-322228597 => generated 0 bytes in 116 msecs (HTTP/1.1 204) 9 headers in 365 bytes (1 switches on core 0)
Aug 28 15:11:18.858556 n-d-712141-11 devstack@n-api.service[110433]: DEBUG nova.api.openstack.wsgi [None req-2e072c30-c565-4b19-bca7-67673c63431b tempest-KeyPairsV210TestJSON-1513561651 tempest-KeyPairsV210TestJSON-1513561651-project-admin] Calling method '.version_select at 0x7fe9394fa280>' {{(pid=110433) _process_stack /opt/stack/nova/nova/api/openstack/wsgi.py:513}}
Aug 28 15:11:18.893943 n-d-712141-11 devstack@n-api.service[110432]: DEBUG nova.policy [None req-245d2f00-163f-4c62-ba20-b572d138bdad tempest-AggregatesAdminTestJSON-1728420708 tempest-AggregatesAdminTestJSON-1728420708-project] Policy check for os_compute_api:os-extended-server-attributes failed with credentials {'is_admin': False, 'user_id': '782d9baebc9c44c6beabbf5054d3a2de', 'user_domain_id': 'default', 'system_scope': None, 'domain_id': None, 'project_id': 'c6864de7b7ad45c88744798c3858a411', 'project_domain_id': 'default', 'roles': ['reader', 'member'], 'is_admin_project': True, 'service_user_id': None, 'service_user_domain_id': None, 'service_project_id': None, 'service_project_domain_id': None, 'service_roles': []} {{(pid=110432) authorize /opt/stack/nova/nova/policy.py:199}}
Aug 28 15:11:18.902554 n-d-712141-11 devstack@n-api.service[110432]: INFO nova.api.openstack.requestlog [None req-245d2f00-163f-4c62-ba20-b572d138bdad tempest-AggregatesAdminTestJSON-1728420708 tempest-AggregatesAdminTestJSON-1728420708-project] 10.222.0.46 "GET /compute/v2.1/servers/1333ec6f-6b5a-4e57-98f1-5ab9bba12b3d" status: 200 len: 1241 microversion: 2.1 time: 0.088681
Aug 28 15:11:18.903516 n-d-712141-11 devstack@n-api.service[110432]: [pid: 110432|app: 0|req: 45/91] 10.222.0.46 () {58 vars in 1236 bytes} [Sat Aug 28 15:11:18 2021] GET /compute/v2.1/servers/1333ec6f-6b5a-4e57-98f1-5ab9bba12b3d => generated 1241 bytes in 91 msecs (HTTP/1.1 200) 9 headers in 358 bytes (1 switches on core 0)
Aug 28 15:11:18.974298 n-d-712141-11 devstack@n-api.service[110433]: INFO nova.api.openstack.requestlog [None req-2e072c30-c565-4b19-bca7-67673c63431b tempest-KeyPairsV210TestJSON-1513561651 tempest-KeyPairsV210TestJSON-1513561651-project-admin] 10.222.0.46 "DELETE /compute/v2.1/os-keypairs/tempest-keypair-337926020?user_id=0ec9de9d72374a3e8c786949b776e9b0" status: 204 len: 0 microversion: 2.10 time: 0.119366
Aug 28 15:11:18.976460 n-d-712141-11 devstack@n-api.service[110433]: [pid: 110433|app: 0|req: 47/92] 10.222.0.46 () {60 vars in 1340 bytes} [Sat Aug 28 15:11:18 2021] DELETE /compute/v2.1/os-keypairs/tempest-keypair-337926020?user_id=0ec9de9d72374a3e8c786949b776e9b0 => generated 0 bytes in 121 msecs (HTTP/1.1 204) 9 headers in 365 bytes (2 switches on core 0)
Aug 28 15:11:18.983925 n-d-712141-11 devstack@n-api.service[110432]: DEBUG nova.api.openstack.wsgi [None req-f71049fa-b51d-451e-bc62-f5c1883b9812 tempest-KeyPairsV210TestJSON-1513561651 tempest-KeyPairsV210TestJSON-1513561651-project-admin] Calling method '.version_select at 0x7fe9395cec10>' {{(pid=110432) _process_stack /opt/stack/nova/nova/api/openstack/wsgi.py:513}}
Aug 28 15:11:19.069278 n-d-712141-11 devstack@n-api.service[110432]: INFO nova.api.openstack.requestlog [None req-f71049fa-b51d-451e-bc62-f5c1883b9812 tempest-KeyPairsV210TestJSON-1513561651 tempest-KeyPairsV210TestJSON-1513561651-project-admin] 10.222.0.46 "DELETE /compute/v2.1/os-keypairs/tempest-keypair-2096313575?user_id=0ec9de9d72374a3e8c786949b776e9b0" status: 204 len: 0 microversion: 2.10 time: 0.089199
Aug 28 15:11:19.070073 n-d-712141-11 devstack@n-api.service[110432]: [pid: 110432|app: 0|req: 46/93] 10.222.0.46 () {60 vars in 1343 bytes} [Sat Aug 28 15:11:18 2021] DELETE /compute/v2.1/os-keypairs/tempest-keypair-2096313575?user_id=0ec9de9d72374a3e8c786949b776e9b0 => generated 0 bytes in 91 msecs (HTTP/1.1 204) 9 headers in 365 bytes (1 switches on core 0)
Aug 28 15:11:19.413860 n-d-712141-11 devstack@n-api.service[110433]: DEBUG nova.api.openstack.wsgi [None req-6a33ce5e-e747-44bb-93eb-b4d75422e8fb tempest-DeleteServersAdminTestJSON-1324540864 tempest-DeleteServersAdminTestJSON-1324540864-project] Calling method '>' {{(pid=110433) _process_stack /opt/stack/nova/nova/api/openstack/wsgi.py:513}}
Aug 28 15:11:19.414507 n-d-712141-11 devstack@n-api.service[110433]: DEBUG nova.compute.api [None req-6a33ce5e-e747-44bb-93eb-b4d75422e8fb tempest-DeleteServersAdminTestJSON-1324540864 tempest-DeleteServersAdminTestJSON-1324540864-project] [instance: fb88813c-dcb9-417c-ac44-954ad3ab8917] Fetching instance by UUID {{(pid=110433) get /opt/stack/nova/nova/compute/api.py:2826}}
Aug 28 15:11:19.441695 n-d-712141-11 devstack@n-api.service[110433]: DEBUG oslo_concurrency.lockutils [None req-6a33ce5e-e747-44bb-93eb-b4d75422e8fb tempest-DeleteServersAdminTestJSON-1324540864 tempest-DeleteServersAdminTestJSON-1324540864-project] Lock "c223dcf6-0378-4d8b-9741-2563e9d93b60" acquired by "nova.context.set_target_cell..get_or_set_cached_cell_and_set_connections" :: waited 0.000s {{(pid=110433) inner /usr/local/lib/python3.8/dist-packages/oslo_concurrency/lockutils.py:355}}
Aug 28 15:11:19.442177 n-d-712141-11 devstack@n-api.service[110433]: DEBUG oslo_concurrency.lockutils [None req-6a33ce5e-e747-44bb-93eb-b4d75422e8fb tempest-DeleteServersAdminTestJSON-1324540864 tempest-DeleteServersAdminTestJSON-1324540864-project] Lock "c223dcf6-0378-4d8b-9741-2563e9d93b60" released by "nova.context.set_target_cell..get_or_set_cached_cell_and_set_connections" :: held 0.001s {{(pid=110433) inner /usr/local/lib/python3.8/dist-packages/oslo_concurrency/lockutils.py:367}}
Aug 28 15:11:19.442991 n-d-712141-11 devstack@n-api.service[110433]: DEBUG oslo_concurrency.lockutils [None req-6a33ce5e-e747-44bb-93eb-b4d75422e8fb tempest-DeleteServersAdminTestJSON-1324540864 tempest-DeleteServersAdminTestJSON-1324540864-project] Lock "c223dcf6-0378-4d8b-9741-2563e9d93b60" acquired by "nova.context.set_target_cell..get_or_set_cached_cell_and_set_connections" :: waited 0.000s {{(pid=110433) inner /usr/local/lib/python3.8/dist-packages/oslo_concurrency/lockutils.py:355}}
Aug 28 15:11:19.443423 n-d-712141-11 devstack@n-api.service[110433]: DEBUG oslo_concurrency.lockutils [None req-6a33ce5e-e747-44bb-93eb-b4d75422e8fb tempest-DeleteServersAdminTestJSON-1324540864 tempest-DeleteServersAdminTestJSON-1324540864-project] Lock "c223dcf6-0378-4d8b-9741-2563e9d93b60" released by "nova.context.set_target_cell..get_or_set_cached_cell_and_set_connections" :: held 0.000s {{(pid=110433) inner /usr/local/lib/python3.8/dist-packages/oslo_concurrency/lockutils.py:367}}
Aug 28 15:11:19.717997 n-d-712141-11 devstack@n-api.service[110433]: DEBUG nova.policy [None req-6a33ce5e-e747-44bb-93eb-b4d75422e8fb tempest-DeleteServersAdminTestJSON-1324540864 tempest-DeleteServersAdminTestJSON-1324540864-project] Policy check for os_compute_api:os-extended-server-attributes failed with credentials {'is_admin': False, 'user_id': '6ffb784537dc4676851f2e2238ba5cf8', 'user_domain_id': 'default', 'system_scope': None, 'domain_id': None, 'project_id': 'ffd7f3da40cb4da99421341d5b968705', 'project_domain_id': 'default', 'roles': ['reader', 'member'], 'is_admin_project': True, 'service_user_id': None, 'service_user_domain_id': None, 'service_project_id': None, 'service_project_domain_id': None, 'service_roles': []} {{(pid=110433) authorize /opt/stack/nova/nova/policy.py:199}}
Aug 28 15:11:19.725242 n-d-712141-11 devstack@n-api.service[110433]: INFO nova.api.openstack.requestlog [None req-6a33ce5e-e747-44bb-93eb-b4d75422e8fb tempest-DeleteServersAdminTestJSON-1324540864 tempest-DeleteServersAdminTestJSON-1324540864-project] 10.222.0.46 "GET /compute/v2.1/servers/fb88813c-dcb9-417c-ac44-954ad3ab8917" status: 200 len: 1341 microversion: 2.1 time: 0.315225
Aug 28 15:11:19.725800 n-d-712141-11 devstack@n-api.service[110433]: [pid: 110433|app: 0|req: 48/94] 10.222.0.46 () {58 vars in 1236 bytes} [Sat Aug 28 15:11:19 2021] GET /compute/v2.1/servers/fb88813c-dcb9-417c-ac44-954ad3ab8917 => generated 1341 bytes in 316 msecs (HTTP/1.1 200) 9 headers in 358 bytes (1 switches on core 0)
Aug 28 15:11:19.925743 n-d-712141-11 devstack@n-api.service[110432]: DEBUG nova.api.openstack.wsgi [None req-1ba75973-ab8b-4f22-9163-ad9879506810 tempest-AggregatesAdminTestJSON-1728420708 tempest-AggregatesAdminTestJSON-1728420708-project] Calling method '>' {{(pid=110432) _process_stack /opt/stack/nova/nova/api/openstack/wsgi.py:513}}
Aug 28 15:11:19.926416 n-d-712141-11 devstack@n-api.service[110432]: DEBUG nova.compute.api [None req-1ba75973-ab8b-4f22-9163-ad9879506810 tempest-AggregatesAdminTestJSON-1728420708 tempest-AggregatesAdminTestJSON-1728420708-project] [instance: 1333ec6f-6b5a-4e57-98f1-5ab9bba12b3d] Fetching instance by UUID {{(pid=110432) get /opt/stack/nova/nova/compute/api.py:2826}}
Aug 28 15:11:19.933679 n-d-712141-11 devstack@n-api.service[110432]: DEBUG oslo_concurrency.lockutils [None req-1ba75973-ab8b-4f22-9163-ad9879506810 tempest-AggregatesAdminTestJSON-1728420708 tempest-AggregatesAdminTestJSON-1728420708-project] Lock "c223dcf6-0378-4d8b-9741-2563e9d93b60" acquired by "nova.context.set_target_cell..get_or_set_cached_cell_and_set_connections" :: waited 0.000s {{(pid=110432) inner /usr/local/lib/python3.8/dist-packages/oslo_concurrency/lockutils.py:355}}
Aug 28 15:11:19.934142 n-d-712141-11 devstack@n-api.service[110432]: DEBUG oslo_concurrency.lockutils [None req-1ba75973-ab8b-4f22-9163-ad9879506810 tempest-AggregatesAdminTestJSON-1728420708 tempest-AggregatesAdminTestJSON-1728420708-project] Lock "c223dcf6-0378-4d8b-9741-2563e9d93b60" released by "nova.context.set_target_cell..get_or_set_cached_cell_and_set_connections" :: held 0.001s {{(pid=110432) inner /usr/local/lib/python3.8/dist-packages/oslo_concurrency/lockutils.py:367}}
Aug 28 15:11:19.935170 n-d-712141-11 devstack@n-api.service[110432]: DEBUG oslo_concurrency.lockutils [None req-1ba75973-ab8b-4f22-9163-ad9879506810 tempest-AggregatesAdminTestJSON-1728420708 tempest-AggregatesAdminTestJSON-1728420708-project] Lock "c223dcf6-0378-4d8b-9741-2563e9d93b60" acquired by "nova.context.set_target_cell..get_or_set_cached_cell_and_set_connections" :: waited 0.000s {{(pid=110432) inner /usr/local/lib/python3.8/dist-packages/oslo_concurrency/lockutils.py:355}}
Aug 28 15:11:19.935609 n-d-712141-11 devstack@n-api.service[110432]: DEBUG oslo_concurrency.lockutils [None req-1ba75973-ab8b-4f22-9163-ad9879506810 tempest-AggregatesAdminTestJSON-1728420708 tempest-AggregatesAdminTestJSON-1728420708-project] Lock "c223dcf6-0378-4d8b-9741-2563e9d93b60" released by "nova.context.set_target_cell..get_or_set_cached_cell_and_set_connections" :: held 0.000s {{(pid=110432) inner /usr/local/lib/python3.8/dist-packages/oslo_concurrency/lockutils.py:367}}
Aug 28 15:11:19.999875 n-d-712141-11 devstack@n-api.service[110432]: DEBUG nova.policy [None req-1ba75973-ab8b-4f22-9163-ad9879506810 tempest-AggregatesAdminTestJSON-1728420708 tempest-AggregatesAdminTestJSON-1728420708-project] Policy check for os_compute_api:os-extended-server-attributes failed with credentials {'is_admin': False, 'user_id': '782d9baebc9c44c6beabbf5054d3a2de', 'user_domain_id': 'default', 'system_scope': None, 'domain_id': None, 'project_id': 'c6864de7b7ad45c88744798c3858a411', 'project_domain_id': 'default', 'roles': ['reader', 'member'], 'is_admin_project': True, 'service_user_id': None, 'service_user_domain_id': None, 'service_project_id': None, 'service_project_domain_id': None, 'service_roles': []} {{(pid=110432) authorize /opt/stack/nova/nova/policy.py:199}}
Aug 28 15:11:20.007687 n-d-712141-11 devstack@n-api.service[110432]: INFO nova.api.openstack.requestlog [None req-1ba75973-ab8b-4f22-9163-ad9879506810 tempest-AggregatesAdminTestJSON-1728420708 tempest-AggregatesAdminTestJSON-1728420708-project] 10.222.0.46 "GET /compute/v2.1/servers/1333ec6f-6b5a-4e57-98f1-5ab9bba12b3d" status: 200 len: 1241 microversion: 2.1 time: 0.085881
Aug 28 15:11:20.008284 n-d-712141-11 devstack@n-api.service[110432]: [pid: 110432|app: 0|req: 47/95] 10.222.0.46 () {58 vars in 1236 bytes} [Sat Aug 28 15:11:19 2021] GET /compute/v2.1/servers/1333ec6f-6b5a-4e57-98f1-5ab9bba12b3d => generated 1241 bytes in 87 msecs (HTTP/1.1 200) 9 headers in 358 bytes (1 switches on core 0)
Aug 28 15:11:20.744612 n-d-712141-11 devstack@n-api.service[110433]: DEBUG nova.api.openstack.wsgi [None req-8e214439-d066-4540-8925-b657eb1569b0 tempest-DeleteServersAdminTestJSON-1324540864 tempest-DeleteServersAdminTestJSON-1324540864-project] Calling method '>' {{(pid=110433) _process_stack /opt/stack/nova/nova/api/openstack/wsgi.py:513}}
Aug 28 15:11:20.746486 n-d-712141-11 devstack@n-api.service[110433]: DEBUG nova.compute.api [None req-8e214439-d066-4540-8925-b657eb1569b0 tempest-DeleteServersAdminTestJSON-1324540864 tempest-DeleteServersAdminTestJSON-1324540864-project] [instance: fb88813c-dcb9-417c-ac44-954ad3ab8917] Fetching instance by UUID {{(pid=110433) get /opt/stack/nova/nova/compute/api.py:2826}}
Aug 28 15:11:20.755507 n-d-712141-11 devstack@n-api.service[110433]: DEBUG oslo_concurrency.lockutils [None req-8e214439-d066-4540-8925-b657eb1569b0 tempest-DeleteServersAdminTestJSON-1324540864 tempest-DeleteServersAdminTestJSON-1324540864-project] Lock "c223dcf6-0378-4d8b-9741-2563e9d93b60" acquired by "nova.context.set_target_cell..get_or_set_cached_cell_and_set_connections" :: waited 0.000s {{(pid=110433) inner /usr/local/lib/python3.8/dist-packages/oslo_concurrency/lockutils.py:355}}
Aug 28 15:11:20.756567 n-d-712141-11 devstack@n-api.service[110433]: DEBUG oslo_concurrency.lockutils [None req-8e214439-d066-4540-8925-b657eb1569b0 tempest-DeleteServersAdminTestJSON-1324540864 tempest-DeleteServersAdminTestJSON-1324540864-project] Lock "c223dcf6-0378-4d8b-9741-2563e9d93b60" released by "nova.context.set_target_cell..get_or_set_cached_cell_and_set_connections" :: held 0.001s {{(pid=110433) inner /usr/local/lib/python3.8/dist-packages/oslo_concurrency/lockutils.py:367}}
Aug 28 15:11:20.757360 n-d-712141-11 devstack@n-api.service[110433]: DEBUG oslo_concurrency.lockutils [None req-8e214439-d066-4540-8925-b657eb1569b0 tempest-DeleteServersAdminTestJSON-1324540864 tempest-DeleteServersAdminTestJSON-1324540864-project] Lock "c223dcf6-0378-4d8b-9741-2563e9d93b60" acquired by "nova.context.set_target_cell..get_or_set_cached_cell_and_set_connections" :: waited 0.000s {{(pid=110433) inner /usr/local/lib/python3.8/dist-packages/oslo_concurrency/lockutils.py:355}}
Aug 28 15:11:20.757799 n-d-712141-11 devstack@n-api.service[110433]: DEBUG oslo_concurrency.lockutils [None req-8e214439-d066-4540-8925-b657eb1569b0 tempest-DeleteServersAdminTestJSON-1324540864 tempest-DeleteServersAdminTestJSON-1324540864-project] Lock "c223dcf6-0378-4d8b-9741-2563e9d93b60" released by "nova.context.set_target_cell..get_or_set_cached_cell_and_set_connections" :: held 0.000s {{(pid=110433) inner /usr/local/lib/python3.8/dist-packages/oslo_concurrency/lockutils.py:367}}
Aug 28 15:11:21.016119 n-d-712141-11 devstack@n-api.service[110433]: DEBUG nova.policy [None req-8e214439-d066-4540-8925-b657eb1569b0 tempest-DeleteServersAdminTestJSON-1324540864 tempest-DeleteServersAdminTestJSON-1324540864-project] Policy check for os_compute_api:os-extended-server-attributes failed with credentials {'is_admin': False, 'user_id': '6ffb784537dc4676851f2e2238ba5cf8', 'user_domain_id': 'default', 'system_scope': None, 'domain_id': None, 'project_id': 'ffd7f3da40cb4da99421341d5b968705', 'project_domain_id': 'default', 'roles': ['reader', 'member'], 'is_admin_project': True, 'service_user_id': None, 'service_user_domain_id': None, 'service_project_id': None, 'service_project_domain_id': None, 'service_roles': []} {{(pid=110433) authorize /opt/stack/nova/nova/policy.py:199}}
Aug 28 15:11:21.026380 n-d-712141-11 devstack@n-api.service[110433]: INFO nova.api.openstack.requestlog [None req-8e214439-d066-4540-8925-b657eb1569b0 tempest-DeleteServersAdminTestJSON-1324540864 tempest-DeleteServersAdminTestJSON-1324540864-project] 10.222.0.46 "GET /compute/v2.1/servers/fb88813c-dcb9-417c-ac44-954ad3ab8917" status: 200 len: 1341 microversion: 2.1 time: 0.287429
Aug 28 15:11:21.035974 n-d-712141-11 devstack@n-api.service[110433]: [pid: 110433|app: 0|req: 49/96] 10.222.0.46 () {58 vars in 1236 bytes} [Sat Aug 28 15:11:20 2021] GET /compute/v2.1/servers/fb88813c-dcb9-417c-ac44-954ad3ab8917 => generated 1341 bytes in 298 msecs (HTTP/1.1 200) 9 headers in 358 bytes (1 switches on core 0)
Aug 28 15:11:21.046547 n-d-712141-11 devstack@n-api.service[110432]: DEBUG nova.api.openstack.wsgi [None req-c264617d-c4b4-4d19-9071-c515a61b3a94 tempest-AggregatesAdminTestJSON-1728420708 tempest-AggregatesAdminTestJSON-1728420708-project] Calling method '>' {{(pid=110432) _process_stack /opt/stack/nova/nova/api/openstack/wsgi.py:513}}
Aug 28 15:11:21.047181 n-d-712141-11 devstack@n-api.service[110432]: DEBUG nova.compute.api [None req-c264617d-c4b4-4d19-9071-c515a61b3a94 tempest-AggregatesAdminTestJSON-1728420708 tempest-AggregatesAdminTestJSON-1728420708-project] [instance: 1333ec6f-6b5a-4e57-98f1-5ab9bba12b3d] Fetching instance by UUID {{(pid=110432) get /opt/stack/nova/nova/compute/api.py:2826}}
Aug 28 15:11:21.056127 n-d-712141-11 devstack@n-api.service[110432]: DEBUG oslo_concurrency.lockutils [None req-c264617d-c4b4-4d19-9071-c515a61b3a94 tempest-AggregatesAdminTestJSON-1728420708 tempest-AggregatesAdminTestJSON-1728420708-project] Lock "c223dcf6-0378-4d8b-9741-2563e9d93b60" acquired by "nova.context.set_target_cell..get_or_set_cached_cell_and_set_connections" :: waited 0.000s {{(pid=110432) inner /usr/local/lib/python3.8/dist-packages/oslo_concurrency/lockutils.py:355}}
Aug 28 15:11:21.059666 n-d-712141-11 devstack@n-api.service[110432]: DEBUG oslo_concurrency.lockutils [None req-c264617d-c4b4-4d19-9071-c515a61b3a94 tempest-AggregatesAdminTestJSON-1728420708 tempest-AggregatesAdminTestJSON-1728420708-project] Lock "c223dcf6-0378-4d8b-9741-2563e9d93b60" released by "nova.context.set_target_cell..get_or_set_cached_cell_and_set_connections" :: held 0.003s {{(pid=110432) inner /usr/local/lib/python3.8/dist-packages/oslo_concurrency/lockutils.py:367}}
Aug 28 15:11:21.060882 n-d-712141-11 devstack@n-api.service[110432]: DEBUG oslo_concurrency.lockutils [None req-c264617d-c4b4-4d19-9071-c515a61b3a94 tempest-AggregatesAdminTestJSON-1728420708 tempest-AggregatesAdminTestJSON-1728420708-project] Lock "c223dcf6-0378-4d8b-9741-2563e9d93b60" acquired by "nova.context.set_target_cell..get_or_set_cached_cell_and_set_connections" :: waited 0.000s {{(pid=110432) inner /usr/local/lib/python3.8/dist-packages/oslo_concurrency/lockutils.py:355}}
Aug 28 15:11:21.061466 n-d-712141-11 devstack@n-api.service[110432]: DEBUG oslo_concurrency.lockutils [None req-c264617d-c4b4-4d19-9071-c515a61b3a94 tempest-AggregatesAdminTestJSON-1728420708 tempest-AggregatesAdminTestJSON-1728420708-project] Lock "c223dcf6-0378-4d8b-9741-2563e9d93b60" released by "nova.context.set_target_cell..get_or_set_cached_cell_and_set_connections" :: held 0.001s {{(pid=110432) inner /usr/local/lib/python3.8/dist-packages/oslo_concurrency/lockutils.py:367}}
Aug 28 15:11:21.169424 n-d-712141-11 devstack@n-api.service[110432]: DEBUG nova.policy [None req-c264617d-c4b4-4d19-9071-c515a61b3a94 tempest-AggregatesAdminTestJSON-1728420708 tempest-AggregatesAdminTestJSON-1728420708-project] Policy check for os_compute_api:os-extended-server-attributes failed with credentials {'is_admin': False, 'user_id': '782d9baebc9c44c6beabbf5054d3a2de', 'user_domain_id': 'default', 'system_scope': None, 'domain_id': None, 'project_id': 'c6864de7b7ad45c88744798c3858a411', 'project_domain_id': 'default', 'roles': ['reader', 'member'], 'is_admin_project': True, 'service_user_id': None, 'service_user_domain_id': None, 'service_project_id': None, 'service_project_domain_id': None, 'service_roles': []} {{(pid=110432) authorize /opt/stack/nova/nova/policy.py:199}}
Aug 28 15:11:21.178772 n-d-712141-11 devstack@n-api.service[110432]: INFO nova.api.openstack.requestlog [None req-c264617d-c4b4-4d19-9071-c515a61b3a94 tempest-AggregatesAdminTestJSON-1728420708 tempest-AggregatesAdminTestJSON-1728420708-project] 10.222.0.46 "GET /compute/v2.1/servers/1333ec6f-6b5a-4e57-98f1-5ab9bba12b3d" status: 200 len: 1241 microversion: 2.1 time: 0.157660
Aug 28 15:11:21.180534 n-d-712141-11 devstack@n-api.service[110432]: [pid: 110432|app: 0|req: 48/97] 10.222.0.46 () {58 vars in 1236 bytes} [Sat Aug 28 15:11:21 2021] GET /compute/v2.1/servers/1333ec6f-6b5a-4e57-98f1-5ab9bba12b3d => generated 1241 bytes in 160 msecs (HTTP/1.1 200) 9 headers in 358 bytes (1 switches on core 0)
Aug 28 15:11:21.427621 n-d-712141-11 devstack@n-api.service[110433]: DEBUG nova.api.openstack.wsgi [None req-53f3e6aa-9f6b-4cea-beb5-f511e840efca tempest-FlavorsExtraSpecsNegativeTestJSON-2059028896 tempest-FlavorsExtraSpecsNegativeTestJSON-2059028896-project-admin] Action: 'create', calling method: >, body: {"flavor": {"name": "tempest-test_flavor-422199196", "ram": 512, "vcpus": 1, "disk": 10, "id": 2092661814, "swap": 1024, "rxtx_factor": 1, "OS-FLV-EXT-DATA:ephemeral": 10}} {{(pid=110433) _process_stack /opt/stack/nova/nova/api/openstack/wsgi.py:511}}
Aug 28 15:11:21.430424 n-d-712141-11 devstack@n-api.service[110433]: /usr/local/lib/python3.8/dist-packages/oslo_policy/policy.py:1064: UserWarning: Policy os_compute_api:os-flavor-manage:create failed scope check. The token used to make the request was project scoped but the policy requires ['system'] scope. This behavior may change in the future where using the intended scope is required
Aug 28 15:11:21.430424 n-d-712141-11 devstack@n-api.service[110433]: warnings.warn(msg)
Aug 28 15:11:21.581816 n-d-712141-11 devstack@n-api.service[110433]: INFO nova.api.openstack.requestlog [None req-53f3e6aa-9f6b-4cea-beb5-f511e840efca tempest-FlavorsExtraSpecsNegativeTestJSON-2059028896 tempest-FlavorsExtraSpecsNegativeTestJSON-2059028896-project-admin] 10.222.0.46 "POST /compute/v2.1/flavors" status: 200 len: 415 microversion: 2.1 time: 0.363903
Aug 28 15:11:21.582943 n-d-712141-11 devstack@n-api.service[110433]: [pid: 110433|app: 0|req: 50/98] 10.222.0.46 () {60 vars in 1147 bytes} [Sat Aug 28 15:11:21 2021] POST /compute/v2.1/flavors => generated 415 bytes in 366 msecs (HTTP/1.1 200) 9 headers in 357 bytes (1 switches on core 0)
Aug 28 15:11:21.949617 n-d-712141-11 devstack@n-api.service[110433]: DEBUG nova.api.openstack.wsgi [None req-72f13094-8367-40dd-913b-7204351a20b9 tempest-HypervisorAdminNegativeUnderV252Test-95559991 tempest-HypervisorAdminNegativeUnderV252Test-95559991-project-admin] Calling method '.version_select at 0x7fe9394fa160>' {{(pid=110433) _process_stack /opt/stack/nova/nova/api/openstack/wsgi.py:513}}
Aug 28 15:11:21.950453 n-d-712141-11 devstack@n-api.service[110433]: /usr/local/lib/python3.8/dist-packages/oslo_policy/policy.py:1064: UserWarning: Policy os_compute_api:os-hypervisors:list failed scope check. The token used to make the request was project scoped but the policy requires ['system'] scope. This behavior may change in the future where using the intended scope is required
Aug 28 15:11:21.950453 n-d-712141-11 devstack@n-api.service[110433]: warnings.warn(msg)
Aug 28 15:11:21.952494 n-d-712141-11 devstack@n-api.service[110433]: DEBUG oslo_concurrency.lockutils [None req-72f13094-8367-40dd-913b-7204351a20b9 tempest-HypervisorAdminNegativeUnderV252Test-95559991 tempest-HypervisorAdminNegativeUnderV252Test-95559991-project-admin] Lock "c223dcf6-0378-4d8b-9741-2563e9d93b60" acquired by "nova.context.set_target_cell..get_or_set_cached_cell_and_set_connections" :: waited 0.000s {{(pid=110433) inner /usr/local/lib/python3.8/dist-packages/oslo_concurrency/lockutils.py:355}}
Aug 28 15:11:21.953229 n-d-712141-11 devstack@n-api.service[110433]: DEBUG oslo_concurrency.lockutils [None req-72f13094-8367-40dd-913b-7204351a20b9 tempest-HypervisorAdminNegativeUnderV252Test-95559991 tempest-HypervisorAdminNegativeUnderV252Test-95559991-project-admin] Lock "c223dcf6-0378-4d8b-9741-2563e9d93b60" released by "nova.context.set_target_cell..get_or_set_cached_cell_and_set_connections" :: held 0.001s {{(pid=110433) inner /usr/local/lib/python3.8/dist-packages/oslo_concurrency/lockutils.py:367}}
Aug 28 15:11:21.976531 n-d-712141-11 devstack@n-api.service[110433]: DEBUG oslo_concurrency.lockutils [None req-72f13094-8367-40dd-913b-7204351a20b9 tempest-HypervisorAdminNegativeUnderV252Test-95559991 tempest-HypervisorAdminNegativeUnderV252Test-95559991-project-admin] Lock "c223dcf6-0378-4d8b-9741-2563e9d93b60" acquired by "nova.context.set_target_cell..get_or_set_cached_cell_and_set_connections" :: waited 0.000s {{(pid=110433) inner /usr/local/lib/python3.8/dist-packages/oslo_concurrency/lockutils.py:355}}
Aug 28 15:11:21.977042 n-d-712141-11 devstack@n-api.service[110433]: DEBUG oslo_concurrency.lockutils [None req-72f13094-8367-40dd-913b-7204351a20b9 tempest-HypervisorAdminNegativeUnderV252Test-95559991 tempest-HypervisorAdminNegativeUnderV252Test-95559991-project-admin] Lock "c223dcf6-0378-4d8b-9741-2563e9d93b60" released by "nova.context.set_target_cell..get_or_set_cached_cell_and_set_connections" :: held 0.001s {{(pid=110433) inner /usr/local/lib/python3.8/dist-packages/oslo_concurrency/lockutils.py:367}}
Aug 28 15:11:21.984701 n-d-712141-11 devstack@n-api.service[110432]: DEBUG nova.api.openstack.wsgi [None req-1c070a96-826b-4cd9-a8b0-0be79540ddbe tempest-FlavorsExtraSpecsNegativeTestJSON-1383765890 tempest-FlavorsExtraSpecsNegativeTestJSON-1383765890-project] Calling method '>' {{(pid=110432) _process_stack /opt/stack/nova/nova/api/openstack/wsgi.py:513}}
Aug 28 15:11:21.995894 n-d-712141-11 devstack@n-api.service[110433]: DEBUG oslo_concurrency.lockutils [None req-72f13094-8367-40dd-913b-7204351a20b9 tempest-HypervisorAdminNegativeUnderV252Test-95559991 tempest-HypervisorAdminNegativeUnderV252Test-95559991-project-admin] Lock "c223dcf6-0378-4d8b-9741-2563e9d93b60" acquired by "nova.context.set_target_cell..get_or_set_cached_cell_and_set_connections" :: waited 0.000s {{(pid=110433) inner /usr/local/lib/python3.8/dist-packages/oslo_concurrency/lockutils.py:355}}
Aug 28 15:11:21.996517 n-d-712141-11 devstack@n-api.service[110433]: DEBUG oslo_concurrency.lockutils [None req-72f13094-8367-40dd-913b-7204351a20b9 tempest-HypervisorAdminNegativeUnderV252Test-95559991 tempest-HypervisorAdminNegativeUnderV252Test-95559991-project-admin] Lock "c223dcf6-0378-4d8b-9741-2563e9d93b60" released by "nova.context.set_target_cell..get_or_set_cached_cell_and_set_connections" :: held 0.001s {{(pid=110433) inner /usr/local/lib/python3.8/dist-packages/oslo_concurrency/lockutils.py:367}}
Aug 28 15:11:21.997128 n-d-712141-11 devstack@n-api.service[110432]: INFO nova.api.openstack.wsgi [None req-1c070a96-826b-4cd9-a8b0-0be79540ddbe tempest-FlavorsExtraSpecsNegativeTestJSON-1383765890 tempest-FlavorsExtraSpecsNegativeTestJSON-1383765890-project] HTTP exception thrown: Flavor 2092661814 has no extra specs with key hw:cpu_thread_policy.
Aug 28 15:11:21.998088 n-d-712141-11 devstack@n-api.service[110432]: DEBUG nova.api.openstack.wsgi [None req-1c070a96-826b-4cd9-a8b0-0be79540ddbe tempest-FlavorsExtraSpecsNegativeTestJSON-1383765890 tempest-FlavorsExtraSpecsNegativeTestJSON-1383765890-project] Returning 404 to user: Flavor 2092661814 has no extra specs with key hw:cpu_thread_policy. {{(pid=110432) __call__ /opt/stack/nova/nova/api/openstack/wsgi.py:927}}
Aug 28 15:11:21.999106 n-d-712141-11 devstack@n-api.service[110432]: INFO nova.api.openstack.requestlog [None req-1c070a96-826b-4cd9-a8b0-0be79540ddbe tempest-FlavorsExtraSpecsNegativeTestJSON-1383765890 tempest-FlavorsExtraSpecsNegativeTestJSON-1383765890-project] 10.222.0.46 "GET /compute/v2.1/flavors/2092661814/os-extra_specs/hw:cpu_thread_policy" status: 404 len: 113 microversion: 2.1 time: 0.408384
Aug 28 15:11:22.000092 n-d-712141-11 devstack@n-api.service[110432]: [pid: 110432|app: 0|req: 49/99] 10.222.0.46 () {58 vars in 1266 bytes} [Sat Aug 28 15:11:21 2021] GET /compute/v2.1/flavors/2092661814/os-extra_specs/hw:cpu_thread_policy => generated 113 bytes in 410 msecs (HTTP/1.1 404) 9 headers in 379 bytes (1 switches on core 0)
Aug 28 15:11:22.003275 n-d-712141-11 devstack@n-api.service[110433]: INFO nova.api.openstack.requestlog [None req-72f13094-8367-40dd-913b-7204351a20b9 tempest-HypervisorAdminNegativeUnderV252Test-95559991 tempest-HypervisorAdminNegativeUnderV252Test-95559991-project-admin] 10.222.0.46 "GET /compute/v2.1/os-hypervisors" status: 200 len: 193 microversion: 2.1 time: 0.134337
Aug 28 15:11:22.008870 n-d-712141-11 devstack@n-api.service[110433]: [pid: 110433|app: 0|req: 51/100] 10.222.0.46 () {58 vars in 1146 bytes} [Sat Aug 28 15:11:21 2021] GET /compute/v2.1/os-hypervisors => generated 193 bytes in 141 msecs (HTTP/1.1 200) 9 headers in 357 bytes (2 switches on core 0)
Aug 28 15:11:22.009903 n-d-712141-11 devstack@n-api.service[110432]: DEBUG nova.api.openstack.wsgi [None req-90814938-8402-4785-bfdc-26120472872f tempest-FlavorsExtraSpecsNegativeTestJSON-1383765890 tempest-FlavorsExtraSpecsNegativeTestJSON-1383765890-project] Action: 'create', calling method: >, body: {"extra_specs": {"hw:numa_nodes": "1", "hw:cpu_policy": "shared"}} {{(pid=110432) _process_stack /opt/stack/nova/nova/api/openstack/wsgi.py:511}}
Aug 28 15:11:22.011618 n-d-712141-11 devstack@n-api.service[110432]: /usr/local/lib/python3.8/dist-packages/oslo_policy/policy.py:1064: UserWarning: Policy os_compute_api:os-flavor-extra-specs:create failed scope check. The token used to make the request was project scoped but the policy requires ['system'] scope. This behavior may change in the future where using the intended scope is required
Aug 28 15:11:22.011618 n-d-712141-11 devstack@n-api.service[110432]: warnings.warn(msg)
Aug 28 15:11:22.012610 n-d-712141-11 devstack@n-api.service[110432]: DEBUG nova.policy [None req-90814938-8402-4785-bfdc-26120472872f tempest-FlavorsExtraSpecsNegativeTestJSON-1383765890 tempest-FlavorsExtraSpecsNegativeTestJSON-1383765890-project] Policy check for os_compute_api:os-flavor-extra-specs:create failed with credentials {'is_admin': False, 'user_id': 'b7583aef26b14360b31c6a4c7850ca8b', 'user_domain_id': 'default', 'system_scope': None, 'domain_id': None, 'project_id': '32e7a39b5f07437a90b8bf93a04e5e25', 'project_domain_id': 'default', 'roles': ['reader', 'member'], 'is_admin_project': True, 'service_user_id': None, 'service_user_domain_id': None, 'service_project_id': None, 'service_project_domain_id': None, 'service_roles': []} {{(pid=110432) authorize /opt/stack/nova/nova/policy.py:199}}
Aug 28 15:11:22.013300 n-d-712141-11 devstack@n-api.service[110432]: DEBUG nova.api.openstack.wsgi [None req-90814938-8402-4785-bfdc-26120472872f tempest-FlavorsExtraSpecsNegativeTestJSON-1383765890 tempest-FlavorsExtraSpecsNegativeTestJSON-1383765890-project] Returning 403 to user: Policy doesn't allow os_compute_api:os-flavor-extra-specs:create to be performed. {{(pid=110432) __call__ /opt/stack/nova/nova/api/openstack/wsgi.py:927}}
Aug 28 15:11:22.014186 n-d-712141-11 devstack@n-api.service[110432]: INFO nova.api.openstack.requestlog [None req-90814938-8402-4785-bfdc-26120472872f tempest-FlavorsExtraSpecsNegativeTestJSON-1383765890 tempest-FlavorsExtraSpecsNegativeTestJSON-1383765890-project] 10.222.0.46 "POST /compute/v2.1/flavors/2092661814/os-extra_specs" status: 403 len: 124 microversion: 2.1 time: 0.008796
Aug 28 15:11:22.014847 n-d-712141-11 devstack@n-api.service[110432]: [pid: 110432|app: 0|req: 50/101] 10.222.0.46 () {60 vars in 1224 bytes} [Sat Aug 28 15:11:22 2021] POST /compute/v2.1/flavors/2092661814/os-extra_specs => generated 124 bytes in 10 msecs (HTTP/1.1 403) 9 headers in 379 bytes (1 switches on core 0)
Aug 28 15:11:22.026356 n-d-712141-11 devstack@n-api.service[110432]: DEBUG nova.api.openstack.wsgi [None req-3967629b-c94b-4b78-86f8-0ad5ba8e8f0b tempest-FlavorsExtraSpecsNegativeTestJSON-2059028896 tempest-FlavorsExtraSpecsNegativeTestJSON-2059028896-project-admin] Action: 'create', calling method: >, body: {"extra_specs": {"hw:numa_nodes": "1", "hw:cpu_policy": "shared"}} {{(pid=110432) _process_stack /opt/stack/nova/nova/api/openstack/wsgi.py:511}}
Aug 28 15:11:22.121154 n-d-712141-11 devstack@n-api.service[110433]: DEBUG nova.api.openstack.wsgi [None req-3acac21d-4458-4dbc-abac-879027a4e87b tempest-HypervisorAdminNegativeUnderV252Test-1242907896 tempest-HypervisorAdminNegativeUnderV252Test-1242907896-project] Calling method '.version_select at 0x7fe939479940>' {{(pid=110433) _process_stack /opt/stack/nova/nova/api/openstack/wsgi.py:513}}
Aug 28 15:11:22.121783 n-d-712141-11 devstack@n-api.service[110433]: /usr/local/lib/python3.8/dist-packages/oslo_policy/policy.py:1064: UserWarning: Policy os_compute_api:os-hypervisors:search failed scope check. The token used to make the request was project scoped but the policy requires ['system'] scope. This behavior may change in the future where using the intended scope is required
Aug 28 15:11:22.121783 n-d-712141-11 devstack@n-api.service[110433]: warnings.warn(msg)
Aug 28 15:11:22.134134 n-d-712141-11 devstack@n-api.service[110433]: DEBUG nova.policy [None req-3acac21d-4458-4dbc-abac-879027a4e87b tempest-HypervisorAdminNegativeUnderV252Test-1242907896 tempest-HypervisorAdminNegativeUnderV252Test-1242907896-project] Policy check for os_compute_api:os-hypervisors:search failed with credentials {'is_admin': False, 'user_id': '83db87c3a64c4ec3a57d84f40268be81', 'user_domain_id': 'default', 'system_scope': None, 'domain_id': None, 'project_id': 'e379333748434b499773ddaeb0aa301f', 'project_domain_id': 'default', 'roles': ['reader', 'member'], 'is_admin_project': True, 'service_user_id': None, 'service_user_domain_id': None, 'service_project_id': None, 'service_project_domain_id': None, 'service_roles': []} {{(pid=110433) authorize /opt/stack/nova/nova/policy.py:199}}
