Oct 15 20:06:48.499228 n-d-712140-14 devstack@placement-api.service[101664]: DEBUG placement.objects.research_context [req-48d3def5-5a63-4c7d-9c11-2bcf7a8073d1 req-c3951c3e-14a7-47d9-b41e-34c46c7dbeb2 service placement] found 2 providers with available 1 VCPU {{(pid=101664) get_provider_ids_matching /opt/stack/placement/placement/objects/research_context.py:549}}
Oct 15 20:06:48.499487 n-d-712140-14 devstack@placement-api.service[101664]: DEBUG placement.objects.research_context [req-48d3def5-5a63-4c7d-9c11-2bcf7a8073d1 req-c3951c3e-14a7-47d9-b41e-34c46c7dbeb2 service placement] found 2 providers after filtering by previous result {{(pid=101664) get_provider_ids_matching /opt/stack/placement/placement/objects/research_context.py:580}}
Oct 15 20:06:48.521294 n-d-712140-14 devstack@placement-api.service[101664]: DEBUG placement.objects.allocation_candidate [req-48d3def5-5a63-4c7d-9c11-2bcf7a8073d1 req-c3951c3e-14a7-47d9-b41e-34c46c7dbeb2 service placement] RequestGroup(use_same_provider=False, resources={DISK_GB:1, MEMORY_MB:1024, VCPU:1}, traits=[], aggregates=[]) (suffix '') returned 2 matches {{(pid=101664) _get_by_requests /opt/stack/placement/placement/objects/allocation_candidate.py:145}}
Oct 15 20:06:48.521696 n-d-712140-14 devstack@placement-api.service[101664]: DEBUG placement.objects.allocation_candidate [req-48d3def5-5a63-4c7d-9c11-2bcf7a8073d1 req-c3951c3e-14a7-47d9-b41e-34c46c7dbeb2 service placement] Merging candidates yields 2 allocation requests and 2 provider summaries {{(pid=101664) _merge_candidates /opt/stack/placement/placement/objects/allocation_candidate.py:783}}
Oct 15 20:06:48.523745 n-d-712140-14 devstack@placement-api.service[101664]: INFO placement.requestlog [req-48d3def5-5a63-4c7d-9c11-2bcf7a8073d1 req-c3951c3e-14a7-47d9-b41e-34c46c7dbeb2 service placement] 10.222.0.13 "GET /placement/allocation_candidates?limit=1000&resources=DISK_GB%3A1%2CMEMORY_MB%3A1024%2CVCPU%3A1&root_required=%21COMPUTE_STATUS_DISABLED" status: 200 len: 1309 microversion: 1.36
Oct 15 20:06:48.524333 n-d-712140-14 devstack@placement-api.service[101664]: [pid: 101664|app: 0|req: 514/1010] 10.222.0.13 () {60 vars in 1506 bytes} [Fri Oct 15 20:06:48 2021] GET /placement/allocation_candidates?limit=1000&resources=DISK_GB%3A1%2CMEMORY_MB%3A1024%2CVCPU%3A1&root_required=%21COMPUTE_STATUS_DISABLED => generated 1309 bytes in 298 msecs (HTTP/1.1 200) 8 headers in 297 bytes (1 switches on core 0)
Oct 15 20:06:49.633031 n-d-712140-14 devstack@placement-api.service[101665]: DEBUG placement.requestlog [req-48d3def5-5a63-4c7d-9c11-2bcf7a8073d1 req-c49801ea-ccdc-43ce-bf39-45dd922a21bf None None] Starting request: 10.222.0.13 "GET /placement/allocations/824e84d6-1adf-4cc6-b570-bc27dc60726e" {{(pid=101665) __call__ /opt/stack/placement/placement/requestlog.py:55}}
Oct 15 20:06:49.654551 n-d-712140-14 devstack@placement-api.service[101665]: INFO placement.requestlog [req-48d3def5-5a63-4c7d-9c11-2bcf7a8073d1 req-c49801ea-ccdc-43ce-bf39-45dd922a21bf service placement] 10.222.0.13 "GET /placement/allocations/824e84d6-1adf-4cc6-b570-bc27dc60726e" status: 200 len: 19 microversion: 1.28
Oct 15 20:06:49.654551 n-d-712140-14 devstack@placement-api.service[101665]: [pid: 101665|app: 0|req: 497/1011] 10.222.0.13 () {60 vars in 1380 bytes} [Fri Oct 15 20:06:49 2021] GET /placement/allocations/824e84d6-1adf-4cc6-b570-bc27dc60726e => generated 19 bytes in 17 msecs (HTTP/1.1 200) 8 headers in 295 bytes (1 switches on core 0)
Oct 15 20:06:49.656118 n-d-712140-14 devstack@placement-api.service[101664]: DEBUG placement.requestlog [req-48d3def5-5a63-4c7d-9c11-2bcf7a8073d1 req-ae27564b-1d78-4d6e-86ae-f22b36189801 None None] Starting request: 10.222.0.13 "PUT /placement/allocations/824e84d6-1adf-4cc6-b570-bc27dc60726e" {{(pid=101664) __call__ /opt/stack/placement/placement/requestlog.py:55}}
Oct 15 20:06:49.755824 n-d-712140-14 devstack@placement-api.service[101665]: DEBUG placement.requestlog [req-1a080689-4871-4087-9b6b-358cf9361d4c req-a01fcc76-19a1-4399-b947-c48ebb348cd4 None None] Starting request: 10.222.0.15 "GET /placement/resource_providers/38ff93b1-1717-44cd-b1e7-92934512c27b/allocations" {{(pid=101665) __call__ /opt/stack/placement/placement/requestlog.py:55}}
Oct 15 20:06:49.780741 n-d-712140-14 devstack@placement-api.service[101665]: INFO placement.requestlog [req-1a080689-4871-4087-9b6b-358cf9361d4c req-a01fcc76-19a1-4399-b947-c48ebb348cd4 service placement] 10.222.0.15 "GET /placement/resource_providers/38ff93b1-1717-44cd-b1e7-92934512c27b/allocations" status: 200 len: 155 microversion: 1.0
Oct 15 20:06:49.781131 n-d-712140-14 devstack@placement-api.service[101665]: [pid: 101665|app: 0|req: 498/1012] 10.222.0.15 () {58 vars in 1390 bytes} [Fri Oct 15 20:06:49 2021] GET /placement/resource_providers/38ff93b1-1717-44cd-b1e7-92934512c27b/allocations => generated 155 bytes in 26 msecs (HTTP/1.1 200) 6 headers in 224 bytes (2 switches on core 0)
Oct 15 20:06:49.799675 n-d-712140-14 devstack@placement-api.service[101664]: DEBUG placement.handlers.allocation [req-48d3def5-5a63-4c7d-9c11-2bcf7a8073d1 req-ae27564b-1d78-4d6e-86ae-f22b36189801 service placement] Successfully wrote allocations [, , ] {{(pid=101664) _update_consumers_and_create_allocations /opt/stack/placement/placement/handlers/allocation.py:462}}
Oct 15 20:06:49.884904 n-d-712140-14 devstack@placement-api.service[101664]: INFO placement.requestlog [req-48d3def5-5a63-4c7d-9c11-2bcf7a8073d1 req-ae27564b-1d78-4d6e-86ae-f22b36189801 service placement] 10.222.0.13 "PUT /placement/allocations/824e84d6-1adf-4cc6-b570-bc27dc60726e" status: 204 len: 0 microversion: 1.36
Oct 15 20:06:49.885468 n-d-712140-14 devstack@placement-api.service[101664]: [pid: 101664|app: 0|req: 515/1013] 10.222.0.13 () {64 vars in 1433 bytes} [Fri Oct 15 20:06:49 2021] PUT /placement/allocations/824e84d6-1adf-4cc6-b570-bc27dc60726e => generated 0 bytes in 230 msecs (HTTP/1.1 204) 5 headers in 199 bytes (1 switches on core 0)
Oct 15 20:06:52.817000 n-d-712140-14 devstack@placement-api.service[101665]: DEBUG placement.requestlog [req-48d3def5-5a63-4c7d-9c11-2bcf7a8073d1 req-9e3b6105-c5a8-48c2-a202-ce3e4c890633 None None] Starting request: 10.222.0.15 "GET /placement/allocations/824e84d6-1adf-4cc6-b570-bc27dc60726e" {{(pid=101665) __call__ /opt/stack/placement/placement/requestlog.py:55}}
Oct 15 20:06:52.832528 n-d-712140-14 devstack@placement-api.service[101665]: INFO placement.requestlog [req-48d3def5-5a63-4c7d-9c11-2bcf7a8073d1 req-9e3b6105-c5a8-48c2-a202-ce3e4c890633 service placement] 10.222.0.15 "GET /placement/allocations/824e84d6-1adf-4cc6-b570-bc27dc60726e" status: 200 len: 260 microversion: 1.28
Oct 15 20:06:52.837314 n-d-712140-14 devstack@placement-api.service[101665]: [pid: 101665|app: 0|req: 499/1014] 10.222.0.15 () {60 vars in 1377 bytes} [Fri Oct 15 20:06:52 2021] GET /placement/allocations/824e84d6-1adf-4cc6-b570-bc27dc60726e => generated 260 bytes in 16 msecs (HTTP/1.1 200) 8 headers in 296 bytes (1 switches on core 0)
Oct 15 20:06:53.994033 n-d-712140-14 devstack@placement-api.service[101664]: DEBUG placement.requestlog [req-9a107c19-4f38-4180-a08c-3e52fb1f17ed req-e786460a-2909-4459-a524-cc6e6c75b00a None None] Starting request: 10.222.0.11 "GET /placement/resource_providers/96dc2c32-5ed7-4551-a746-c1e0d575ff18/allocations" {{(pid=101664) __call__ /opt/stack/placement/placement/requestlog.py:55}}
Oct 15 20:06:54.013348 n-d-712140-14 devstack@placement-api.service[101664]: INFO placement.requestlog [req-9a107c19-4f38-4180-a08c-3e52fb1f17ed req-e786460a-2909-4459-a524-cc6e6c75b00a service placement] 10.222.0.11 "GET /placement/resource_providers/96dc2c32-5ed7-4551-a746-c1e0d575ff18/allocations" status: 200 len: 154 microversion: 1.0
Oct 15 20:06:54.015969 n-d-712140-14 devstack@placement-api.service[101664]: [pid: 101664|app: 0|req: 516/1015] 10.222.0.11 () {58 vars in 1390 bytes} [Fri Oct 15 20:06:53 2021] GET /placement/resource_providers/96dc2c32-5ed7-4551-a746-c1e0d575ff18/allocations => generated 154 bytes in 20 msecs (HTTP/1.1 200) 6 headers in 224 bytes (1 switches on core 0)
Oct 15 20:07:27.031996 n-d-712140-14 devstack@placement-api.service[101665]: DEBUG placement.requestlog [req-b361ef07-b449-400c-987c-f4bd436ca3f7 req-9e672d2e-5987-496c-a30e-1fdae368cb0c None None] Starting request: 10.222.0.15 "DELETE /placement/allocations/28e75d10-409c-4f20-bebd-ce84a6058bcc" {{(pid=101665) __call__ /opt/stack/placement/placement/requestlog.py:55}}
Oct 15 20:07:27.232131 n-d-712140-14 devstack@placement-api.service[101665]: DEBUG placement.handlers.allocation [req-b361ef07-b449-400c-987c-f4bd436ca3f7 req-9e672d2e-5987-496c-a30e-1fdae368cb0c service placement] Successfully deleted allocations [, , ] {{(pid=101665) delete_allocations /opt/stack/placement/placement/handlers/allocation.py:627}}
Oct 15 20:07:27.232807 n-d-712140-14 devstack@placement-api.service[101665]: INFO placement.requestlog [req-b361ef07-b449-400c-987c-f4bd436ca3f7 req-9e672d2e-5987-496c-a30e-1fdae368cb0c service placement] 10.222.0.15 "DELETE /placement/allocations/28e75d10-409c-4f20-bebd-ce84a6058bcc" status: 204 len: 0 microversion: 1.0
Oct 15 20:07:27.233129 n-d-712140-14 devstack@placement-api.service[101665]: [pid: 101665|app: 0|req: 500/1016] 10.222.0.15 () {60 vars in 1355 bytes} [Fri Oct 15 20:07:27 2021] DELETE /placement/allocations/28e75d10-409c-4f20-bebd-ce84a6058bcc => generated 0 bytes in 203 msecs (HTTP/1.1 204) 5 headers in 198 bytes (1 switches on core 0)
Oct 15 20:07:30.963327 n-d-712140-14 devstack@placement-api.service[101664]: DEBUG placement.requestlog [req-0760ed0c-af3d-487b-b5c6-584735c2b52f req-05ac352c-03f5-4473-acca-89746606cf04 None None] Starting request: 10.222.0.13 "GET /placement/allocation_candidates?limit=1000&resources=DISK_GB%3A1%2CMEMORY_MB%3A1024%2CVCPU%3A1&root_required=%21COMPUTE_STATUS_DISABLED" {{(pid=101664) __call__ /opt/stack/placement/placement/requestlog.py:55}}
Oct 15 20:07:31.004802 n-d-712140-14 devstack@placement-api.service[101664]: DEBUG placement.objects.research_context [req-0760ed0c-af3d-487b-b5c6-584735c2b52f req-05ac352c-03f5-4473-acca-89746606cf04 service placement] getting providers with 1 DISK_GB {{(pid=101664) __init__ /opt/stack/placement/placement/objects/research_context.py:126}}
Oct 15 20:07:31.011916 n-d-712140-14 devstack@placement-api.service[101664]: DEBUG placement.objects.research_context [req-0760ed0c-af3d-487b-b5c6-584735c2b52f req-05ac352c-03f5-4473-acca-89746606cf04 service placement] getting providers with 1024 MEMORY_MB {{(pid=101664) __init__ /opt/stack/placement/placement/objects/research_context.py:126}}
Oct 15 20:07:31.025260 n-d-712140-14 devstack@placement-api.service[101664]: DEBUG placement.objects.research_context [req-0760ed0c-af3d-487b-b5c6-584735c2b52f req-05ac352c-03f5-4473-acca-89746606cf04 service placement] getting providers with 1 VCPU {{(pid=101664) __init__ /opt/stack/placement/placement/objects/research_context.py:126}}
Oct 15 20:07:31.047069 n-d-712140-14 devstack@placement-api.service[101664]: DEBUG placement.objects.research_context [req-0760ed0c-af3d-487b-b5c6-584735c2b52f req-05ac352c-03f5-4473-acca-89746606cf04 service placement] found 2 providers with available 1 DISK_GB {{(pid=101664) get_provider_ids_matching /opt/stack/placement/placement/objects/research_context.py:549}}
Oct 15 20:07:31.048009 n-d-712140-14 devstack@placement-api.service[101664]: DEBUG placement.objects.research_context [req-0760ed0c-af3d-487b-b5c6-584735c2b52f req-05ac352c-03f5-4473-acca-89746606cf04 service placement] found 2 providers with available 1024 MEMORY_MB {{(pid=101664) get_provider_ids_matching /opt/stack/placement/placement/objects/research_context.py:549}}
Oct 15 20:07:31.048450 n-d-712140-14 devstack@placement-api.service[101664]: DEBUG placement.objects.research_context [req-0760ed0c-af3d-487b-b5c6-584735c2b52f req-05ac352c-03f5-4473-acca-89746606cf04 service placement] found 2 providers after filtering by previous result {{(pid=101664) get_provider_ids_matching /opt/stack/placement/placement/objects/research_context.py:580}}
Oct 15 20:07:31.049735 n-d-712140-14 devstack@placement-api.service[101664]: DEBUG placement.objects.research_context [req-0760ed0c-af3d-487b-b5c6-584735c2b52f req-05ac352c-03f5-4473-acca-89746606cf04 service placement] found 2 providers with available 1 VCPU {{(pid=101664) get_provider_ids_matching /opt/stack/placement/placement/objects/research_context.py:549}}
Oct 15 20:07:31.050845 n-d-712140-14 devstack@placement-api.service[101664]: DEBUG placement.objects.research_context [req-0760ed0c-af3d-487b-b5c6-584735c2b52f req-05ac352c-03f5-4473-acca-89746606cf04 service placement] found 2 providers after filtering by previous result {{(pid=101664) get_provider_ids_matching /opt/stack/placement/placement/objects/research_context.py:580}}
Oct 15 20:07:31.067329 n-d-712140-14 devstack@placement-api.service[101664]: DEBUG placement.objects.allocation_candidate [req-0760ed0c-af3d-487b-b5c6-584735c2b52f req-05ac352c-03f5-4473-acca-89746606cf04 service placement] RequestGroup(use_same_provider=False, resources={DISK_GB:1, MEMORY_MB:1024, VCPU:1}, traits=[], aggregates=[]) (suffix '') returned 2 matches {{(pid=101664) _get_by_requests /opt/stack/placement/placement/objects/allocation_candidate.py:145}}
Oct 15 20:07:31.067735 n-d-712140-14 devstack@placement-api.service[101664]: DEBUG placement.objects.allocation_candidate [req-0760ed0c-af3d-487b-b5c6-584735c2b52f req-05ac352c-03f5-4473-acca-89746606cf04 service placement] Merging candidates yields 2 allocation requests and 2 provider summaries {{(pid=101664) _merge_candidates /opt/stack/placement/placement/objects/allocation_candidate.py:783}}
Oct 15 20:07:31.069564 n-d-712140-14 devstack@placement-api.service[101664]: INFO placement.requestlog [req-0760ed0c-af3d-487b-b5c6-584735c2b52f req-05ac352c-03f5-4473-acca-89746606cf04 service placement] 10.222.0.13 "GET /placement/allocation_candidates?limit=1000&resources=DISK_GB%3A1%2CMEMORY_MB%3A1024%2CVCPU%3A1&root_required=%21COMPUTE_STATUS_DISABLED" status: 200 len: 1309 microversion: 1.36
Oct 15 20:07:31.070152 n-d-712140-14 devstack@placement-api.service[101664]: [pid: 101664|app: 0|req: 517/1017] 10.222.0.13 () {60 vars in 1506 bytes} [Fri Oct 15 20:07:30 2021] GET /placement/allocation_candidates?limit=1000&resources=DISK_GB%3A1%2CMEMORY_MB%3A1024%2CVCPU%3A1&root_required=%21COMPUTE_STATUS_DISABLED => generated 1309 bytes in 107 msecs (HTTP/1.1 200) 8 headers in 297 bytes (1 switches on core 0)
Oct 15 20:07:31.151535 n-d-712140-14 devstack@placement-api.service[101665]: DEBUG placement.requestlog [req-0760ed0c-af3d-487b-b5c6-584735c2b52f req-041fdd37-3d3d-47eb-a401-7f237e5833ff None None] Starting request: 10.222.0.13 "GET /placement/allocations/28e75d10-409c-4f20-bebd-ce84a6058bcc" {{(pid=101665) __call__ /opt/stack/placement/placement/requestlog.py:55}}
Oct 15 20:07:31.166467 n-d-712140-14 devstack@placement-api.service[101665]: INFO placement.requestlog [req-0760ed0c-af3d-487b-b5c6-584735c2b52f req-041fdd37-3d3d-47eb-a401-7f237e5833ff service placement] 10.222.0.13 "GET /placement/allocations/28e75d10-409c-4f20-bebd-ce84a6058bcc" status: 200 len: 19 microversion: 1.28
Oct 15 20:07:31.171175 n-d-712140-14 devstack@placement-api.service[101665]: [pid: 101665|app: 0|req: 501/1018] 10.222.0.13 () {60 vars in 1380 bytes} [Fri Oct 15 20:07:31 2021] GET /placement/allocations/28e75d10-409c-4f20-bebd-ce84a6058bcc => generated 19 bytes in 20 msecs (HTTP/1.1 200) 8 headers in 295 bytes (1 switches on core 0)
Oct 15 20:07:31.177232 n-d-712140-14 devstack@placement-api.service[101664]: DEBUG placement.requestlog [req-0760ed0c-af3d-487b-b5c6-584735c2b52f req-ec4f954e-163e-4c5d-ba31-778953c2a5bc None None] Starting request: 10.222.0.13 "PUT /placement/allocations/28e75d10-409c-4f20-bebd-ce84a6058bcc" {{(pid=101664) __call__ /opt/stack/placement/placement/requestlog.py:55}}
Oct 15 20:07:31.359671 n-d-712140-14 devstack@placement-api.service[101664]: DEBUG placement.handlers.allocation [req-0760ed0c-af3d-487b-b5c6-584735c2b52f req-ec4f954e-163e-4c5d-ba31-778953c2a5bc service placement] Successfully wrote allocations [, , ] {{(pid=101664) _update_consumers_and_create_allocations /opt/stack/placement/placement/handlers/allocation.py:462}}
Oct 15 20:07:31.417125 n-d-712140-14 devstack@placement-api.service[101664]: INFO placement.requestlog [req-0760ed0c-af3d-487b-b5c6-584735c2b52f req-ec4f954e-163e-4c5d-ba31-778953c2a5bc service placement] 10.222.0.13 "PUT /placement/allocations/28e75d10-409c-4f20-bebd-ce84a6058bcc" status: 204 len: 0 microversion: 1.36
Oct 15 20:07:31.419661 n-d-712140-14 devstack@placement-api.service[101664]: [pid: 101664|app: 0|req: 518/1019] 10.222.0.13 () {64 vars in 1433 bytes} [Fri Oct 15 20:07:31 2021] PUT /placement/allocations/28e75d10-409c-4f20-bebd-ce84a6058bcc => generated 0 bytes in 241 msecs (HTTP/1.1 204) 5 headers in 199 bytes (1 switches on core 0)
Oct 15 20:07:40.000111 n-d-712140-14 devstack@placement-api.service[101665]: DEBUG placement.requestlog [req-0760ed0c-af3d-487b-b5c6-584735c2b52f req-a4836c5b-f72f-4a8e-961a-e45a7dbd522f None None] Starting request: 10.222.0.11 "GET /placement/allocations/28e75d10-409c-4f20-bebd-ce84a6058bcc" {{(pid=101665) __call__ /opt/stack/placement/placement/requestlog.py:55}}
Oct 15 20:07:40.025698 n-d-712140-14 devstack@placement-api.service[101665]: INFO placement.requestlog [req-0760ed0c-af3d-487b-b5c6-584735c2b52f req-a4836c5b-f72f-4a8e-961a-e45a7dbd522f service placement] 10.222.0.11 "GET /placement/allocations/28e75d10-409c-4f20-bebd-ce84a6058bcc" status: 200 len: 259 microversion: 1.28
Oct 15 20:07:40.026654 n-d-712140-14 devstack@placement-api.service[101665]: [pid: 101665|app: 0|req: 502/1020] 10.222.0.11 () {60 vars in 1377 bytes} [Fri Oct 15 20:07:39 2021] GET /placement/allocations/28e75d10-409c-4f20-bebd-ce84a6058bcc => generated 259 bytes in 27 msecs (HTTP/1.1 200) 8 headers in 296 bytes (1 switches on core 0)
Oct 15 20:07:51.800218 n-d-712140-14 devstack@placement-api.service[101664]: DEBUG placement.requestlog [req-3cd0f0f8-ed24-4b4c-a7f3-7a05f99f6226 req-35172b1d-1133-4ebf-b6d0-31112b4cd394 None None] Starting request: 10.222.0.15 "GET /placement/resource_providers/38ff93b1-1717-44cd-b1e7-92934512c27b/allocations" {{(pid=101664) __call__ /opt/stack/placement/placement/requestlog.py:55}}
Oct 15 20:07:51.825146 n-d-712140-14 devstack@placement-api.service[101664]: INFO placement.requestlog [req-3cd0f0f8-ed24-4b4c-a7f3-7a05f99f6226 req-35172b1d-1133-4ebf-b6d0-31112b4cd394 service placement] 10.222.0.15 "GET /placement/resource_providers/38ff93b1-1717-44cd-b1e7-92934512c27b/allocations" status: 200 len: 155 microversion: 1.0
Oct 15 20:07:51.825614 n-d-712140-14 devstack@placement-api.service[101664]: [pid: 101664|app: 0|req: 519/1021] 10.222.0.15 () {58 vars in 1390 bytes} [Fri Oct 15 20:07:51 2021] GET /placement/resource_providers/38ff93b1-1717-44cd-b1e7-92934512c27b/allocations => generated 155 bytes in 25 msecs (HTTP/1.1 200) 6 headers in 224 bytes (1 switches on core 0)
Oct 15 20:07:58.702991 n-d-712140-14 devstack@placement-api.service[101665]: DEBUG placement.requestlog [req-c11129b3-2f67-4e42-b082-9651f7283db2 req-d3df7dcc-9f78-4ac3-849d-6d13135d6411 None None] Starting request: 10.222.0.11 "GET /placement/resource_providers/96dc2c32-5ed7-4551-a746-c1e0d575ff18/allocations" {{(pid=101665) __call__ /opt/stack/placement/placement/requestlog.py:55}}
Oct 15 20:07:58.725222 n-d-712140-14 devstack@placement-api.service[101665]: INFO placement.requestlog [req-c11129b3-2f67-4e42-b082-9651f7283db2 req-d3df7dcc-9f78-4ac3-849d-6d13135d6411 service placement] 10.222.0.11 "GET /placement/resource_providers/96dc2c32-5ed7-4551-a746-c1e0d575ff18/allocations" status: 200 len: 255 microversion: 1.0
Oct 15 20:07:58.725607 n-d-712140-14 devstack@placement-api.service[101665]: [pid: 101665|app: 0|req: 503/1022] 10.222.0.11 () {58 vars in 1390 bytes} [Fri Oct 15 20:07:58 2021] GET /placement/resource_providers/96dc2c32-5ed7-4551-a746-c1e0d575ff18/allocations => generated 255 bytes in 23 msecs (HTTP/1.1 200) 6 headers in 224 bytes (1 switches on core 0)
Oct 15 20:08:12.250142 n-d-712140-14 devstack@placement-api.service[101664]: DEBUG placement.requestlog [req-b26e3e2b-9558-46c2-a9d4-3ff7a925e7d4 req-ffea1662-c5c9-4c9e-8954-9a2fec3272ea None None] Starting request: 10.222.0.15 "GET /placement/allocations/824e84d6-1adf-4cc6-b570-bc27dc60726e" {{(pid=101664) __call__ /opt/stack/placement/placement/requestlog.py:55}}
Oct 15 20:08:12.272218 n-d-712140-14 devstack@placement-api.service[101664]: INFO placement.requestlog [req-b26e3e2b-9558-46c2-a9d4-3ff7a925e7d4 req-ffea1662-c5c9-4c9e-8954-9a2fec3272ea service placement] 10.222.0.15 "GET /placement/allocations/824e84d6-1adf-4cc6-b570-bc27dc60726e" status: 200 len: 260 microversion: 1.28
Oct 15 20:08:12.273141 n-d-712140-14 devstack@placement-api.service[101664]: [pid: 101664|app: 0|req: 520/1023] 10.222.0.15 () {60 vars in 1377 bytes} [Fri Oct 15 20:08:12 2021] GET /placement/allocations/824e84d6-1adf-4cc6-b570-bc27dc60726e => generated 260 bytes in 24 msecs (HTTP/1.1 200) 8 headers in 296 bytes (2 switches on core 0)
Oct 15 20:08:53.772607 n-d-712140-14 devstack@placement-api.service[101665]: DEBUG placement.requestlog [req-ae66007a-8460-4c03-b1aa-973fda1d35ba req-fc55fe61-fe48-47a0-b2c5-6e2d53953fb9 None None] Starting request: 10.222.0.15 "GET /placement/resource_providers/38ff93b1-1717-44cd-b1e7-92934512c27b/allocations" {{(pid=101665) __call__ /opt/stack/placement/placement/requestlog.py:55}}
Oct 15 20:08:53.966754 n-d-712140-14 devstack@placement-api.service[101665]: INFO placement.requestlog [req-ae66007a-8460-4c03-b1aa-973fda1d35ba req-fc55fe61-fe48-47a0-b2c5-6e2d53953fb9 service placement] 10.222.0.15 "GET /placement/resource_providers/38ff93b1-1717-44cd-b1e7-92934512c27b/allocations" status: 200 len: 155 microversion: 1.0
Oct 15 20:08:53.967526 n-d-712140-14 devstack@placement-api.service[101665]: [pid: 101665|app: 0|req: 504/1024] 10.222.0.15 () {58 vars in 1390 bytes} [Fri Oct 15 20:08:53 2021] GET /placement/resource_providers/38ff93b1-1717-44cd-b1e7-92934512c27b/allocations => generated 155 bytes in 195 msecs (HTTP/1.1 200) 6 headers in 224 bytes (1 switches on core 0)
Oct 15 20:08:54.094459 n-d-712140-14 devstack@placement-api.service[101664]: DEBUG placement.requestlog [req-ae66007a-8460-4c03-b1aa-973fda1d35ba req-68acabe5-ea32-4b17-8a4d-9f36d467db24 None None] Starting request: 10.222.0.15 "GET /placement/resource_providers?in_tree=38ff93b1-1717-44cd-b1e7-92934512c27b" {{(pid=101664) __call__ /opt/stack/placement/placement/requestlog.py:55}}
Oct 15 20:08:54.202349 n-d-712140-14 devstack@placement-api.service[101664]: INFO placement.requestlog [req-ae66007a-8460-4c03-b1aa-973fda1d35ba req-68acabe5-ea32-4b17-8a4d-9f36d467db24 service placement] 10.222.0.15 "GET /placement/resource_providers?in_tree=38ff93b1-1717-44cd-b1e7-92934512c27b" status: 200 len: 865 microversion: 1.14
Oct 15 20:08:54.203151 n-d-712140-14 devstack@placement-api.service[101664]: [pid: 101664|app: 0|req: 521/1025] 10.222.0.15 () {60 vars in 1376 bytes} [Fri Oct 15 20:08:54 2021] GET /placement/resource_providers?in_tree=38ff93b1-1717-44cd-b1e7-92934512c27b => generated 865 bytes in 117 msecs (HTTP/1.1 200) 6 headers in 225 bytes (1 switches on core 0)
Oct 15 20:08:54.215426 n-d-712140-14 devstack@placement-api.service[101665]: DEBUG placement.requestlog [req-ae66007a-8460-4c03-b1aa-973fda1d35ba req-52b7af40-02bd-44c9-aafd-ede995e55c3b None None] Starting request: 10.222.0.15 "GET /placement/resource_providers/38ff93b1-1717-44cd-b1e7-92934512c27b/inventories" {{(pid=101665) __call__ /opt/stack/placement/placement/requestlog.py:55}}
Oct 15 20:08:54.244397 n-d-712140-14 devstack@placement-api.service[101665]: INFO placement.requestlog [req-ae66007a-8460-4c03-b1aa-973fda1d35ba req-52b7af40-02bd-44c9-aafd-ede995e55c3b service placement] 10.222.0.15 "GET /placement/resource_providers/38ff93b1-1717-44cd-b1e7-92934512c27b/inventories" status: 200 len: 399 microversion: 1.0
Oct 15 20:08:54.245351 n-d-712140-14 devstack@placement-api.service[101665]: [pid: 101665|app: 0|req: 505/1026] 10.222.0.15 () {58 vars in 1390 bytes} [Fri Oct 15 20:08:54 2021] GET /placement/resource_providers/38ff93b1-1717-44cd-b1e7-92934512c27b/inventories => generated 399 bytes in 32 msecs (HTTP/1.1 200) 6 headers in 224 bytes (1 switches on core 0)
Oct 15 20:08:54.253744 n-d-712140-14 devstack@placement-api.service[101664]: DEBUG placement.requestlog [req-ae66007a-8460-4c03-b1aa-973fda1d35ba req-b8be7812-30ef-4709-82d4-d5721b49c244 None None] Starting request: 10.222.0.15 "GET /placement/resource_providers/38ff93b1-1717-44cd-b1e7-92934512c27b/aggregates" {{(pid=101664) __call__ /opt/stack/placement/placement/requestlog.py:55}}
Oct 15 20:08:54.280147 n-d-712140-14 devstack@placement-api.service[101664]: INFO placement.requestlog [req-ae66007a-8460-4c03-b1aa-973fda1d35ba req-b8be7812-30ef-4709-82d4-d5721b49c244 service placement] 10.222.0.15 "GET /placement/resource_providers/38ff93b1-1717-44cd-b1e7-92934512c27b/aggregates" status: 200 len: 55 microversion: 1.19
Oct 15 20:08:54.281331 n-d-712140-14 devstack@placement-api.service[101664]: [pid: 101664|app: 0|req: 522/1027] 10.222.0.15 () {60 vars in 1431 bytes} [Fri Oct 15 20:08:54 2021] GET /placement/resource_providers/38ff93b1-1717-44cd-b1e7-92934512c27b/aggregates => generated 55 bytes in 28 msecs (HTTP/1.1 200) 8 headers in 295 bytes (2 switches on core 0)
Oct 15 20:08:54.289351 n-d-712140-14 devstack@placement-api.service[101665]: DEBUG placement.requestlog [req-ae66007a-8460-4c03-b1aa-973fda1d35ba req-b82ff57a-bfd2-4e91-a287-03b262a630a5 None None] Starting request: 10.222.0.15 "GET /placement/resource_providers/38ff93b1-1717-44cd-b1e7-92934512c27b/traits" {{(pid=101665) __call__ /opt/stack/placement/placement/requestlog.py:55}}
Oct 15 20:08:54.328433 n-d-712140-14 devstack@placement-api.service[101665]: INFO placement.requestlog [req-ae66007a-8460-4c03-b1aa-973fda1d35ba req-b82ff57a-bfd2-4e91-a287-03b262a630a5 service placement] 10.222.0.15 "GET /placement/resource_providers/38ff93b1-1717-44cd-b1e7-92934512c27b/traits" status: 200 len: 213 microversion: 1.6
Oct 15 20:08:54.329116 n-d-712140-14 devstack@placement-api.service[101665]: [pid: 101665|app: 0|req: 506/1028] 10.222.0.15 () {60 vars in 1418 bytes} [Fri Oct 15 20:08:54 2021] GET /placement/resource_providers/38ff93b1-1717-44cd-b1e7-92934512c27b/traits => generated 213 bytes in 40 msecs (HTTP/1.1 200) 6 headers in 224 bytes (2 switches on core 0)
Oct 15 20:08:55.002321 n-d-712140-14 devstack@placement-api.service[101664]: DEBUG placement.requestlog [req-1860cc85-4a6d-427c-a1a0-2bbd3ff4c948 req-5d969026-cd09-4c39-8668-e704a005199b None None] Starting request: 10.222.0.11 "GET /placement/resource_providers/96dc2c32-5ed7-4551-a746-c1e0d575ff18/allocations" {{(pid=101664) __call__ /opt/stack/placement/placement/requestlog.py:55}}
Oct 15 20:08:55.089078 n-d-712140-14 devstack@placement-api.service[101664]: INFO placement.requestlog [req-1860cc85-4a6d-427c-a1a0-2bbd3ff4c948 req-5d969026-cd09-4c39-8668-e704a005199b service placement] 10.222.0.11 "GET /placement/resource_providers/96dc2c32-5ed7-4551-a746-c1e0d575ff18/allocations" status: 200 len: 255 microversion: 1.0
Oct 15 20:08:55.089566 n-d-712140-14 devstack@placement-api.service[101664]: [pid: 101664|app: 0|req: 523/1029] 10.222.0.11 () {58 vars in 1390 bytes} [Fri Oct 15 20:08:55 2021] GET /placement/resource_providers/96dc2c32-5ed7-4551-a746-c1e0d575ff18/allocations => generated 255 bytes in 87 msecs (HTTP/1.1 200) 6 headers in 224 bytes (2 switches on core 0)
Oct 15 20:08:55.184839 n-d-712140-14 devstack@placement-api.service[101665]: DEBUG placement.requestlog [req-1860cc85-4a6d-427c-a1a0-2bbd3ff4c948 req-019fab67-62be-4aa4-98ff-ec5ebb06f0a2 None None] Starting request: 10.222.0.11 "GET /placement/resource_providers?in_tree=96dc2c32-5ed7-4551-a746-c1e0d575ff18" {{(pid=101665) __call__ /opt/stack/placement/placement/requestlog.py:55}}
Oct 15 20:08:55.200055 n-d-712140-14 devstack@placement-api.service[101665]: INFO placement.requestlog [req-1860cc85-4a6d-427c-a1a0-2bbd3ff4c948 req-019fab67-62be-4aa4-98ff-ec5ebb06f0a2 service placement] 10.222.0.11 "GET /placement/resource_providers?in_tree=96dc2c32-5ed7-4551-a746-c1e0d575ff18" status: 200 len: 864 microversion: 1.14
Oct 15 20:08:55.200344 n-d-712140-14 devstack@placement-api.service[101665]: [pid: 101665|app: 0|req: 507/1030] 10.222.0.11 () {60 vars in 1376 bytes} [Fri Oct 15 20:08:55 2021] GET /placement/resource_providers?in_tree=96dc2c32-5ed7-4551-a746-c1e0d575ff18 => generated 864 bytes in 16 msecs (HTTP/1.1 200) 6 headers in 225 bytes (1 switches on core 0)
Oct 15 20:08:55.209513 n-d-712140-14 devstack@placement-api.service[101664]: DEBUG placement.requestlog [req-1860cc85-4a6d-427c-a1a0-2bbd3ff4c948 req-3fc8afd0-6cd2-4765-8bc2-380d6da8e673 None None] Starting request: 10.222.0.11 "GET /placement/resource_providers/96dc2c32-5ed7-4551-a746-c1e0d575ff18/inventories" {{(pid=101664) __call__ /opt/stack/placement/placement/requestlog.py:55}}
Oct 15 20:08:55.229406 n-d-712140-14 devstack@placement-api.service[101664]: INFO placement.requestlog [req-1860cc85-4a6d-427c-a1a0-2bbd3ff4c948 req-3fc8afd0-6cd2-4765-8bc2-380d6da8e673 service placement] 10.222.0.11 "GET /placement/resource_providers/96dc2c32-5ed7-4551-a746-c1e0d575ff18/inventories" status: 200 len: 398 microversion: 1.0
Oct 15 20:08:55.230001 n-d-712140-14 devstack@placement-api.service[101664]: [pid: 101664|app: 0|req: 524/1031] 10.222.0.11 () {58 vars in 1390 bytes} [Fri Oct 15 20:08:55 2021] GET /placement/resource_providers/96dc2c32-5ed7-4551-a746-c1e0d575ff18/inventories => generated 398 bytes in 21 msecs (HTTP/1.1 200) 6 headers in 224 bytes (1 switches on core 0)
Oct 15 20:08:55.247294 n-d-712140-14 devstack@placement-api.service[101665]: DEBUG placement.requestlog [req-1860cc85-4a6d-427c-a1a0-2bbd3ff4c948 req-7a5ec5ae-4d08-4375-a30b-b149d033d593 None None] Starting request: 10.222.0.11 "GET /placement/resource_providers/96dc2c32-5ed7-4551-a746-c1e0d575ff18/aggregates" {{(pid=101665) __call__ /opt/stack/placement/placement/requestlog.py:55}}
Oct 15 20:08:55.250142 n-d-712140-14 devstack@placement-api.service[101664]: DEBUG placement.requestlog [req-e1bb82dd-c484-4140-a1a3-5ba97049b941 req-5a3b239b-437c-4763-bfe8-27caf7068a16 None None] Starting request: 10.222.0.13 "GET /placement/allocation_candidates?limit=1000&resources=DISK_GB%3A1%2CMEMORY_MB%3A1024%2CVCPU%3A1&root_required=%21COMPUTE_STATUS_DISABLED" {{(pid=101664) __call__ /opt/stack/placement/placement/requestlog.py:55}}
Oct 15 20:08:55.264416 n-d-712140-14 devstack@placement-api.service[101665]: INFO placement.requestlog [req-1860cc85-4a6d-427c-a1a0-2bbd3ff4c948 req-7a5ec5ae-4d08-4375-a30b-b149d033d593 service placement] 10.222.0.11 "GET /placement/resource_providers/96dc2c32-5ed7-4551-a746-c1e0d575ff18/aggregates" status: 200 len: 54 microversion: 1.19
Oct 15 20:08:55.265201 n-d-712140-14 devstack@placement-api.service[101665]: [pid: 101665|app: 0|req: 508/1032] 10.222.0.11 () {60 vars in 1431 bytes} [Fri Oct 15 20:08:55 2021] GET /placement/resource_providers/96dc2c32-5ed7-4551-a746-c1e0d575ff18/aggregates => generated 54 bytes in 18 msecs (HTTP/1.1 200) 8 headers in 295 bytes (1 switches on core 0)
Oct 15 20:08:55.287276 n-d-712140-14 devstack@placement-api.service[101665]: DEBUG placement.requestlog [req-1860cc85-4a6d-427c-a1a0-2bbd3ff4c948 req-37c65ba9-4483-4179-a85a-1c49ff46908b None None] Starting request: 10.222.0.11 "GET /placement/resource_providers/96dc2c32-5ed7-4551-a746-c1e0d575ff18/traits" {{(pid=101665) __call__ /opt/stack/placement/placement/requestlog.py:55}}
Oct 15 20:08:55.287421 n-d-712140-14 devstack@placement-api.service[101664]: DEBUG placement.objects.research_context [req-e1bb82dd-c484-4140-a1a3-5ba97049b941 req-5a3b239b-437c-4763-bfe8-27caf7068a16 service placement] getting providers with 1 DISK_GB {{(pid=101664) __init__ /opt/stack/placement/placement/objects/research_context.py:126}}
Oct 15 20:08:55.295780 n-d-712140-14 devstack@placement-api.service[101664]: DEBUG placement.objects.research_context [req-e1bb82dd-c484-4140-a1a3-5ba97049b941 req-5a3b239b-437c-4763-bfe8-27caf7068a16 service placement] getting providers with 1024 MEMORY_MB {{(pid=101664) __init__ /opt/stack/placement/placement/objects/research_context.py:126}}
Oct 15 20:08:55.303101 n-d-712140-14 devstack@placement-api.service[101664]: DEBUG placement.objects.research_context [req-e1bb82dd-c484-4140-a1a3-5ba97049b941 req-5a3b239b-437c-4763-bfe8-27caf7068a16 service placement] getting providers with 1 VCPU {{(pid=101664) __init__ /opt/stack/placement/placement/objects/research_context.py:126}}
Oct 15 20:08:55.309661 n-d-712140-14 devstack@placement-api.service[101664]: DEBUG placement.objects.research_context [req-e1bb82dd-c484-4140-a1a3-5ba97049b941 req-5a3b239b-437c-4763-bfe8-27caf7068a16 service placement] found 2 providers with available 1 DISK_GB {{(pid=101664) get_provider_ids_matching /opt/stack/placement/placement/objects/research_context.py:549}}
Oct 15 20:08:55.310169 n-d-712140-14 devstack@placement-api.service[101664]: DEBUG placement.objects.research_context [req-e1bb82dd-c484-4140-a1a3-5ba97049b941 req-5a3b239b-437c-4763-bfe8-27caf7068a16 service placement] found 2 providers with available 1024 MEMORY_MB {{(pid=101664) get_provider_ids_matching /opt/stack/placement/placement/objects/research_context.py:549}}
Oct 15 20:08:55.310848 n-d-712140-14 devstack@placement-api.service[101664]: DEBUG placement.objects.research_context [req-e1bb82dd-c484-4140-a1a3-5ba97049b941 req-5a3b239b-437c-4763-bfe8-27caf7068a16 service placement] found 2 providers after filtering by previous result {{(pid=101664) get_provider_ids_matching /opt/stack/placement/placement/objects/research_context.py:580}}
Oct 15 20:08:55.311289 n-d-712140-14 devstack@placement-api.service[101664]: DEBUG placement.objects.research_context [req-e1bb82dd-c484-4140-a1a3-5ba97049b941 req-5a3b239b-437c-4763-bfe8-27caf7068a16 service placement] found 2 providers with available 1 VCPU {{(pid=101664) get_provider_ids_matching /opt/stack/placement/placement/objects/research_context.py:549}}
Oct 15 20:08:55.311900 n-d-712140-14 devstack@placement-api.service[101664]: DEBUG placement.objects.research_context [req-e1bb82dd-c484-4140-a1a3-5ba97049b941 req-5a3b239b-437c-4763-bfe8-27caf7068a16 service placement] found 2 providers after filtering by previous result {{(pid=101664) get_provider_ids_matching /opt/stack/placement/placement/objects/research_context.py:580}}
Oct 15 20:08:55.322814 n-d-712140-14 devstack@placement-api.service[101665]: INFO placement.requestlog [req-1860cc85-4a6d-427c-a1a0-2bbd3ff4c948 req-37c65ba9-4483-4179-a85a-1c49ff46908b service placement] 10.222.0.11 "GET /placement/resource_providers/96dc2c32-5ed7-4551-a746-c1e0d575ff18/traits" status: 200 len: 212 microversion: 1.6
Oct 15 20:08:55.323373 n-d-712140-14 devstack@placement-api.service[101665]: [pid: 101665|app: 0|req: 509/1033] 10.222.0.11 () {60 vars in 1418 bytes} [Fri Oct 15 20:08:55 2021] GET /placement/resource_providers/96dc2c32-5ed7-4551-a746-c1e0d575ff18/traits => generated 212 bytes in 44 msecs (HTTP/1.1 200) 6 headers in 224 bytes (1 switches on core 0)
Oct 15 20:08:55.325038 n-d-712140-14 devstack@placement-api.service[101664]: DEBUG placement.objects.allocation_candidate [req-e1bb82dd-c484-4140-a1a3-5ba97049b941 req-5a3b239b-437c-4763-bfe8-27caf7068a16 service placement] RequestGroup(use_same_provider=False, resources={DISK_GB:1, MEMORY_MB:1024, VCPU:1}, traits=[], aggregates=[]) (suffix '') returned 2 matches {{(pid=101664) _get_by_requests /opt/stack/placement/placement/objects/allocation_candidate.py:145}}
Oct 15 20:08:55.325741 n-d-712140-14 devstack@placement-api.service[101664]: DEBUG placement.objects.allocation_candidate [req-e1bb82dd-c484-4140-a1a3-5ba97049b941 req-5a3b239b-437c-4763-bfe8-27caf7068a16 service placement] Merging candidates yields 2 allocation requests and 2 provider summaries {{(pid=101664) _merge_candidates /opt/stack/placement/placement/objects/allocation_candidate.py:783}}
Oct 15 20:08:55.327639 n-d-712140-14 devstack@placement-api.service[101664]: INFO placement.requestlog [req-e1bb82dd-c484-4140-a1a3-5ba97049b941 req-5a3b239b-437c-4763-bfe8-27caf7068a16 service placement] 10.222.0.13 "GET /placement/allocation_candidates?limit=1000&resources=DISK_GB%3A1%2CMEMORY_MB%3A1024%2CVCPU%3A1&root_required=%21COMPUTE_STATUS_DISABLED" status: 200 len: 1309 microversion: 1.36
Oct 15 20:08:55.327972 n-d-712140-14 devstack@placement-api.service[101664]: [pid: 101664|app: 0|req: 525/1034] 10.222.0.13 () {60 vars in 1506 bytes} [Fri Oct 15 20:08:55 2021] GET /placement/allocation_candidates?limit=1000&resources=DISK_GB%3A1%2CMEMORY_MB%3A1024%2CVCPU%3A1&root_required=%21COMPUTE_STATUS_DISABLED => generated 1309 bytes in 78 msecs (HTTP/1.1 200) 8 headers in 297 bytes (1 switches on core 0)
Oct 15 20:08:55.375420 n-d-712140-14 devstack@placement-api.service[101665]: DEBUG placement.requestlog [req-e1bb82dd-c484-4140-a1a3-5ba97049b941 req-f3865d00-bf25-4b01-9499-06c00091919b None None] Starting request: 10.222.0.13 "GET /placement/allocations/00f30133-142b-4809-acc4-20cc13073b39" {{(pid=101665) __call__ /opt/stack/placement/placement/requestlog.py:55}}
Oct 15 20:08:55.465988 n-d-712140-14 devstack@placement-api.service[101665]: INFO placement.requestlog [req-e1bb82dd-c484-4140-a1a3-5ba97049b941 req-f3865d00-bf25-4b01-9499-06c00091919b service placement] 10.222.0.13 "GET /placement/allocations/00f30133-142b-4809-acc4-20cc13073b39" status: 200 len: 19 microversion: 1.28
Oct 15 20:08:55.466231 n-d-712140-14 devstack@placement-api.service[101665]: [pid: 101665|app: 0|req: 510/1035] 10.222.0.13 () {60 vars in 1380 bytes} [Fri Oct 15 20:08:55 2021] GET /placement/allocations/00f30133-142b-4809-acc4-20cc13073b39 => generated 19 bytes in 91 msecs (HTTP/1.1 200) 8 headers in 295 bytes (2 switches on core 0)
Oct 15 20:08:55.475685 n-d-712140-14 devstack@placement-api.service[101664]: DEBUG placement.requestlog [req-e1bb82dd-c484-4140-a1a3-5ba97049b941 req-0d85d301-f6fc-473e-83ac-45cdfd04e236 None None] Starting request: 10.222.0.13 "PUT /placement/allocations/00f30133-142b-4809-acc4-20cc13073b39" {{(pid=101664) __call__ /opt/stack/placement/placement/requestlog.py:55}}
Oct 15 20:08:55.584609 n-d-712140-14 devstack@placement-api.service[101664]: DEBUG placement.handlers.allocation [req-e1bb82dd-c484-4140-a1a3-5ba97049b941 req-0d85d301-f6fc-473e-83ac-45cdfd04e236 service placement] Successfully wrote allocations [, , ] {{(pid=101664) _update_consumers_and_create_allocations /opt/stack/placement/placement/handlers/allocation.py:462}}
Oct 15 20:08:55.634854 n-d-712140-14 devstack@placement-api.service[101664]: INFO placement.requestlog [req-e1bb82dd-c484-4140-a1a3-5ba97049b941 req-0d85d301-f6fc-473e-83ac-45cdfd04e236 service placement] 10.222.0.13 "PUT /placement/allocations/00f30133-142b-4809-acc4-20cc13073b39" status: 204 len: 0 microversion: 1.36
Oct 15 20:08:55.635523 n-d-712140-14 devstack@placement-api.service[101664]: [pid: 101664|app: 0|req: 526/1036] 10.222.0.13 () {64 vars in 1433 bytes} [Fri Oct 15 20:08:55 2021] PUT /placement/allocations/00f30133-142b-4809-acc4-20cc13073b39 => generated 0 bytes in 160 msecs (HTTP/1.1 204) 5 headers in 199 bytes (1 switches on core 0)
Oct 15 20:08:56.508565 n-d-712140-14 devstack@placement-api.service[101665]: DEBUG placement.requestlog [req-e1bb82dd-c484-4140-a1a3-5ba97049b941 req-2fb8a0c9-3f8d-43f1-bf52-d642a77ca5d8 None None] Starting request: 10.222.0.15 "GET /placement/allocations/00f30133-142b-4809-acc4-20cc13073b39" {{(pid=101665) __call__ /opt/stack/placement/placement/requestlog.py:55}}
Oct 15 20:08:56.524507 n-d-712140-14 devstack@placement-api.service[101665]: INFO placement.requestlog [req-e1bb82dd-c484-4140-a1a3-5ba97049b941 req-2fb8a0c9-3f8d-43f1-bf52-d642a77ca5d8 service placement] 10.222.0.15 "GET /placement/allocations/00f30133-142b-4809-acc4-20cc13073b39" status: 200 len: 260 microversion: 1.28
Oct 15 20:08:56.524800 n-d-712140-14 devstack@placement-api.service[101665]: [pid: 101665|app: 0|req: 511/1037] 10.222.0.15 () {60 vars in 1377 bytes} [Fri Oct 15 20:08:56 2021] GET /placement/allocations/00f30133-142b-4809-acc4-20cc13073b39 => generated 260 bytes in 16 msecs (HTTP/1.1 200) 8 headers in 296 bytes (1 switches on core 0)
Oct 15 20:09:01.889561 n-d-712140-14 devstack@placement-api.service[101664]: DEBUG placement.requestlog [req-4a66abcb-886e-4dab-b4d5-9e421ae8fb31 req-70249128-29d0-4bb4-b886-2ede3eb72f8a None None] Starting request: 10.222.0.13 "GET /placement/allocation_candidates?limit=1000&resources=DISK_GB%3A1%2CMEMORY_MB%3A1024%2CVCPU%3A1&root_required=%21COMPUTE_STATUS_DISABLED" {{(pid=101664) __call__ /opt/stack/placement/placement/requestlog.py:55}}
Oct 15 20:09:01.920150 n-d-712140-14 devstack@placement-api.service[101664]: DEBUG placement.objects.research_context [req-4a66abcb-886e-4dab-b4d5-9e421ae8fb31 req-70249128-29d0-4bb4-b886-2ede3eb72f8a service placement] getting providers with 1 DISK_GB {{(pid=101664) __init__ /opt/stack/placement/placement/objects/research_context.py:126}}
Oct 15 20:09:01.926976 n-d-712140-14 devstack@placement-api.service[101664]: DEBUG placement.objects.research_context [req-4a66abcb-886e-4dab-b4d5-9e421ae8fb31 req-70249128-29d0-4bb4-b886-2ede3eb72f8a service placement] getting providers with 1024 MEMORY_MB {{(pid=101664) __init__ /opt/stack/placement/placement/objects/research_context.py:126}}
Oct 15 20:09:01.932116 n-d-712140-14 devstack@placement-api.service[101664]: DEBUG placement.objects.research_context [req-4a66abcb-886e-4dab-b4d5-9e421ae8fb31 req-70249128-29d0-4bb4-b886-2ede3eb72f8a service placement] getting providers with 1 VCPU {{(pid=101664) __init__ /opt/stack/placement/placement/objects/research_context.py:126}}
Oct 15 20:09:01.937798 n-d-712140-14 devstack@placement-api.service[101664]: DEBUG placement.objects.research_context [req-4a66abcb-886e-4dab-b4d5-9e421ae8fb31 req-70249128-29d0-4bb4-b886-2ede3eb72f8a service placement] found 2 providers with available 1 DISK_GB {{(pid=101664) get_provider_ids_matching /opt/stack/placement/placement/objects/research_context.py:549}}
Oct 15 20:09:01.938140 n-d-712140-14 devstack@placement-api.service[101664]: DEBUG placement.objects.research_context [req-4a66abcb-886e-4dab-b4d5-9e421ae8fb31 req-70249128-29d0-4bb4-b886-2ede3eb72f8a service placement] found 2 providers with available 1024 MEMORY_MB {{(pid=101664) get_provider_ids_matching /opt/stack/placement/placement/objects/research_context.py:549}}
Oct 15 20:09:01.938797 n-d-712140-14 devstack@placement-api.service[101664]: DEBUG placement.objects.research_context [req-4a66abcb-886e-4dab-b4d5-9e421ae8fb31 req-70249128-29d0-4bb4-b886-2ede3eb72f8a service placement] found 2 providers after filtering by previous result {{(pid=101664) get_provider_ids_matching /opt/stack/placement/placement/objects/research_context.py:580}}
Oct 15 20:09:01.939124 n-d-712140-14 devstack@placement-api.service[101664]: DEBUG placement.objects.research_context [req-4a66abcb-886e-4dab-b4d5-9e421ae8fb31 req-70249128-29d0-4bb4-b886-2ede3eb72f8a service placement] found 2 providers with available 1 VCPU {{(pid=101664) get_provider_ids_matching /opt/stack/placement/placement/objects/research_context.py:549}}
Oct 15 20:09:01.939447 n-d-712140-14 devstack@placement-api.service[101664]: DEBUG placement.objects.research_context [req-4a66abcb-886e-4dab-b4d5-9e421ae8fb31 req-70249128-29d0-4bb4-b886-2ede3eb72f8a service placement] found 2 providers after filtering by previous result {{(pid=101664) get_provider_ids_matching /opt/stack/placement/placement/objects/research_context.py:580}}
Oct 15 20:09:01.949660 n-d-712140-14 devstack@placement-api.service[101664]: DEBUG placement.objects.allocation_candidate [req-4a66abcb-886e-4dab-b4d5-9e421ae8fb31 req-70249128-29d0-4bb4-b886-2ede3eb72f8a service placement] RequestGroup(use_same_provider=False, resources={DISK_GB:1, MEMORY_MB:1024, VCPU:1}, traits=[], aggregates=[]) (suffix '') returned 2 matches {{(pid=101664) _get_by_requests /opt/stack/placement/placement/objects/allocation_candidate.py:145}}
Oct 15 20:09:01.950018 n-d-712140-14 devstack@placement-api.service[101664]: DEBUG placement.objects.allocation_candidate [req-4a66abcb-886e-4dab-b4d5-9e421ae8fb31 req-70249128-29d0-4bb4-b886-2ede3eb72f8a service placement] Merging candidates yields 2 allocation requests and 2 provider summaries {{(pid=101664) _merge_candidates /opt/stack/placement/placement/objects/allocation_candidate.py:783}}
Oct 15 20:09:01.951487 n-d-712140-14 devstack@placement-api.service[101664]: INFO placement.requestlog [req-4a66abcb-886e-4dab-b4d5-9e421ae8fb31 req-70249128-29d0-4bb4-b886-2ede3eb72f8a service placement] 10.222.0.13 "GET /placement/allocation_candidates?limit=1000&resources=DISK_GB%3A1%2CMEMORY_MB%3A1024%2CVCPU%3A1&root_required=%21COMPUTE_STATUS_DISABLED" status: 200 len: 1309 microversion: 1.36
Oct 15 20:09:01.951744 n-d-712140-14 devstack@placement-api.service[101664]: [pid: 101664|app: 0|req: 527/1038] 10.222.0.13 () {60 vars in 1506 bytes} [Fri Oct 15 20:09:01 2021] GET /placement/allocation_candidates?limit=1000&resources=DISK_GB%3A1%2CMEMORY_MB%3A1024%2CVCPU%3A1&root_required=%21COMPUTE_STATUS_DISABLED => generated 1309 bytes in 62 msecs (HTTP/1.1 200) 8 headers in 297 bytes (1 switches on core 0)
Oct 15 20:09:01.996537 n-d-712140-14 devstack@placement-api.service[101665]: DEBUG placement.requestlog [req-4a66abcb-886e-4dab-b4d5-9e421ae8fb31 req-00ca89c5-0270-4a52-af99-d2c36b78e64c None None] Starting request: 10.222.0.13 "GET /placement/allocations/c4d10128-1204-4ac6-b3d8-c71ec2e729d6" {{(pid=101665) __call__ /opt/stack/placement/placement/requestlog.py:55}}
Oct 15 20:09:02.006649 n-d-712140-14 devstack@placement-api.service[101665]: INFO placement.requestlog [req-4a66abcb-886e-4dab-b4d5-9e421ae8fb31 req-00ca89c5-0270-4a52-af99-d2c36b78e64c service placement] 10.222.0.13 "GET /placement/allocations/c4d10128-1204-4ac6-b3d8-c71ec2e729d6" status: 200 len: 19 microversion: 1.28
Oct 15 20:09:02.006850 n-d-712140-14 devstack@placement-api.service[101665]: [pid: 101665|app: 0|req: 512/1039] 10.222.0.13 () {60 vars in 1380 bytes} [Fri Oct 15 20:09:01 2021] GET /placement/allocations/c4d10128-1204-4ac6-b3d8-c71ec2e729d6 => generated 19 bytes in 11 msecs (HTTP/1.1 200) 8 headers in 295 bytes (1 switches on core 0)
Oct 15 20:09:02.012854 n-d-712140-14 devstack@placement-api.service[101664]: DEBUG placement.requestlog [req-4a66abcb-886e-4dab-b4d5-9e421ae8fb31 req-ba98db85-8239-4bb6-9155-b1c016cbcb09 None None] Starting request: 10.222.0.13 "PUT /placement/allocations/c4d10128-1204-4ac6-b3d8-c71ec2e729d6" {{(pid=101664) __call__ /opt/stack/placement/placement/requestlog.py:55}}
Oct 15 20:09:02.242135 n-d-712140-14 devstack@placement-api.service[101664]: DEBUG placement.handlers.allocation [req-4a66abcb-886e-4dab-b4d5-9e421ae8fb31 req-ba98db85-8239-4bb6-9155-b1c016cbcb09 service placement] Successfully wrote allocations [, , ] {{(pid=101664) _update_consumers_and_create_allocations /opt/stack/placement/placement/handlers/allocation.py:462}}
Oct 15 20:09:02.331783 n-d-712140-14 devstack@placement-api.service[101664]: INFO placement.requestlog [req-4a66abcb-886e-4dab-b4d5-9e421ae8fb31 req-ba98db85-8239-4bb6-9155-b1c016cbcb09 service placement] 10.222.0.13 "PUT /placement/allocations/c4d10128-1204-4ac6-b3d8-c71ec2e729d6" status: 204 len: 0 microversion: 1.36
Oct 15 20:09:02.332331 n-d-712140-14 devstack@placement-api.service[101664]: [pid: 101664|app: 0|req: 528/1040] 10.222.0.13 () {64 vars in 1433 bytes} [Fri Oct 15 20:09:02 2021] PUT /placement/allocations/c4d10128-1204-4ac6-b3d8-c71ec2e729d6 => generated 0 bytes in 319 msecs (HTTP/1.1 204) 5 headers in 199 bytes (1 switches on core 0)
Oct 15 20:09:03.240683 n-d-712140-14 devstack@placement-api.service[101665]: DEBUG placement.requestlog [req-4a66abcb-886e-4dab-b4d5-9e421ae8fb31 req-2fdcda3c-5ac8-4064-9205-c351d0144ca1 None None] Starting request: 10.222.0.11 "GET /placement/allocations/c4d10128-1204-4ac6-b3d8-c71ec2e729d6" {{(pid=101665) __call__ /opt/stack/placement/placement/requestlog.py:55}}
Oct 15 20:09:03.256050 n-d-712140-14 devstack@placement-api.service[101665]: INFO placement.requestlog [req-4a66abcb-886e-4dab-b4d5-9e421ae8fb31 req-2fdcda3c-5ac8-4064-9205-c351d0144ca1 service placement] 10.222.0.11 "GET /placement/allocations/c4d10128-1204-4ac6-b3d8-c71ec2e729d6" status: 200 len: 259 microversion: 1.28
Oct 15 20:09:03.256349 n-d-712140-14 devstack@placement-api.service[101665]: [pid: 101665|app: 0|req: 513/1041] 10.222.0.11 () {60 vars in 1377 bytes} [Fri Oct 15 20:09:03 2021] GET /placement/allocations/c4d10128-1204-4ac6-b3d8-c71ec2e729d6 => generated 259 bytes in 16 msecs (HTTP/1.1 200) 8 headers in 296 bytes (1 switches on core 0)
Oct 15 20:09:37.179344 n-d-712140-14 devstack@placement-api.service[101664]: DEBUG placement.requestlog [req-4bc50d5d-d179-4a69-b6ae-0b38fd20e79a req-82c6f819-8998-45c5-b964-25e5fb40dd47 None None] Starting request: 10.222.0.11 "DELETE /placement/allocations/28e75d10-409c-4f20-bebd-ce84a6058bcc" {{(pid=101664) __call__ /opt/stack/placement/placement/requestlog.py:55}}
Oct 15 20:09:37.286296 n-d-712140-14 devstack@placement-api.service[101665]: DEBUG placement.requestlog [req-6ecbab05-d16b-4b0a-806c-9351c79b41b2 req-eaf9bc33-3b0d-4418-9202-70b24bda9749 None None] Starting request: 10.222.0.13 "GET /placement/allocation_candidates?limit=1000&resources=DISK_GB%3A1%2CMEMORY_MB%3A1024%2CVCPU%3A1&root_required=%21COMPUTE_STATUS_DISABLED" {{(pid=101665) __call__ /opt/stack/placement/placement/requestlog.py:55}}
