Oct 15 19:36:12.020781 n-d-712140-14 devstack@n-api.service[122654]: DEBUG oslo_concurrency.lockutils [None req-48448be6-127f-4719-a45e-a17f4c25e5a2 None None] Lock "e0469163-a5f1-41eb-8938-20153ddaec5e" acquired by "nova.context.set_target_cell..get_or_set_cached_cell_and_set_connections" :: waited 0.000s {{(pid=122654) inner /usr/local/lib/python3.8/dist-packages/oslo_concurrency/lockutils.py:355}}
Oct 15 19:36:12.021211 n-d-712140-14 devstack@n-api.service[122654]: DEBUG oslo_concurrency.lockutils [None req-48448be6-127f-4719-a45e-a17f4c25e5a2 None None] Lock "e0469163-a5f1-41eb-8938-20153ddaec5e" released by "nova.context.set_target_cell..get_or_set_cached_cell_and_set_connections" :: held 0.000s {{(pid=122654) inner /usr/local/lib/python3.8/dist-packages/oslo_concurrency/lockutils.py:367}}
Oct 15 19:36:12.029494 n-d-712140-14 devstack@n-api.service[122654]: INFO nova.compute.rpcapi [None req-48448be6-127f-4719-a45e-a17f4c25e5a2 None None] Automatically selected compute RPC version 6.0 from minimum service version 60
Oct 15 19:36:12.030425 n-d-712140-14 devstack@n-api.service[122654]: DEBUG oslo_concurrency.lockutils [None req-48448be6-127f-4719-a45e-a17f4c25e5a2 None None] Releasing lock "compute-rpcapi-router" {{(pid=122654) lock /usr/local/lib/python3.8/dist-packages/oslo_concurrency/lockutils.py:282}}
Oct 15 19:36:12.056620 n-d-712140-14 devstack@n-api.service[122654]: INFO nova.api.openstack.requestlog [None req-48448be6-127f-4719-a45e-a17f4c25e5a2 None None] 10.222.0.13 "POST /compute/v2.1/os-server-external-events" status: 200 len: 179 microversion: 2.1 time: 0.312879
Oct 15 19:36:12.059581 n-d-712140-14 devstack@n-api.service[122654]: [pid: 122654|app: 0|req: 108/195] 10.222.0.13 () {64 vars in 1317 bytes} [Fri Oct 15 19:36:11 2021] POST /compute/v2.1/os-server-external-events => generated 179 bytes in 315 msecs (HTTP/1.1 200) 9 headers in 357 bytes (1 switches on core 0)
Oct 15 19:36:12.152328 n-d-712140-14 devstack@n-api.service[122654]: DEBUG nova.api.openstack.wsgi [None req-2f847331-0da4-465f-ada7-5b453041dd1c tempest-LiveMigrationTest-566748220 tempest-LiveMigrationTest-566748220-project] Calling method '>' {{(pid=122654) _process_stack /opt/stack/nova/nova/api/openstack/wsgi.py:513}}
Oct 15 19:36:12.153468 n-d-712140-14 devstack@n-api.service[122654]: DEBUG nova.compute.api [None req-2f847331-0da4-465f-ada7-5b453041dd1c tempest-LiveMigrationTest-566748220 tempest-LiveMigrationTest-566748220-project] [instance: 366b120b-feae-4923-a61c-28df48bde182] Fetching instance by UUID {{(pid=122654) get /opt/stack/nova/nova/compute/api.py:2863}}
Oct 15 19:36:12.159640 n-d-712140-14 devstack@n-api.service[122654]: DEBUG oslo_concurrency.lockutils [None req-2f847331-0da4-465f-ada7-5b453041dd1c tempest-LiveMigrationTest-566748220 tempest-LiveMigrationTest-566748220-project] Lock "e0469163-a5f1-41eb-8938-20153ddaec5e" acquired by "nova.context.set_target_cell..get_or_set_cached_cell_and_set_connections" :: waited 0.000s {{(pid=122654) inner /usr/local/lib/python3.8/dist-packages/oslo_concurrency/lockutils.py:355}}
Oct 15 19:36:12.160090 n-d-712140-14 devstack@n-api.service[122654]: DEBUG oslo_concurrency.lockutils [None req-2f847331-0da4-465f-ada7-5b453041dd1c tempest-LiveMigrationTest-566748220 tempest-LiveMigrationTest-566748220-project] Lock "e0469163-a5f1-41eb-8938-20153ddaec5e" released by "nova.context.set_target_cell..get_or_set_cached_cell_and_set_connections" :: held 0.001s {{(pid=122654) inner /usr/local/lib/python3.8/dist-packages/oslo_concurrency/lockutils.py:367}}
Oct 15 19:36:12.161064 n-d-712140-14 devstack@n-api.service[122654]: DEBUG oslo_concurrency.lockutils [None req-2f847331-0da4-465f-ada7-5b453041dd1c tempest-LiveMigrationTest-566748220 tempest-LiveMigrationTest-566748220-project] Lock "e0469163-a5f1-41eb-8938-20153ddaec5e" acquired by "nova.context.set_target_cell..get_or_set_cached_cell_and_set_connections" :: waited 0.000s {{(pid=122654) inner /usr/local/lib/python3.8/dist-packages/oslo_concurrency/lockutils.py:355}}
Oct 15 19:36:12.161499 n-d-712140-14 devstack@n-api.service[122654]: DEBUG oslo_concurrency.lockutils [None req-2f847331-0da4-465f-ada7-5b453041dd1c tempest-LiveMigrationTest-566748220 tempest-LiveMigrationTest-566748220-project] Lock "e0469163-a5f1-41eb-8938-20153ddaec5e" released by "nova.context.set_target_cell..get_or_set_cached_cell_and_set_connections" :: held 0.000s {{(pid=122654) inner /usr/local/lib/python3.8/dist-packages/oslo_concurrency/lockutils.py:367}}
Oct 15 19:36:12.189671 n-d-712140-14 devstack@n-api.service[122653]: INFO nova.api.openstack.requestlog [None req-75ea36dc-0b2e-45d0-8708-291f3cc8bb75 tempest-AggregatesAdminTestJSON-650621971 tempest-AggregatesAdminTestJSON-650621971-project-admin] 10.222.0.13 "POST /compute/v2.1/os-aggregates/1/action" status: 200 len: 296 microversion: 2.1 time: 0.861887
Oct 15 19:36:12.191150 n-d-712140-14 devstack@n-api.service[122653]: [pid: 122653|app: 0|req: 88/196] 10.222.0.13 () {60 vars in 1190 bytes} [Fri Oct 15 19:36:11 2021] POST /compute/v2.1/os-aggregates/1/action => generated 296 bytes in 874 msecs (HTTP/1.1 200) 9 headers in 357 bytes (1 switches on core 0)
Oct 15 19:36:12.203391 n-d-712140-14 devstack@n-api.service[122653]: DEBUG nova.api.openstack.wsgi [None req-93ddbcd2-e633-44f6-a005-06009bc863f9 tempest-AggregatesAdminTestJSON-650621971 tempest-AggregatesAdminTestJSON-650621971-project-admin] Calling method '>' {{(pid=122653) _process_stack /opt/stack/nova/nova/api/openstack/wsgi.py:513}}
Oct 15 19:36:12.205163 n-d-712140-14 devstack@n-api.service[122653]: /usr/local/lib/python3.8/dist-packages/oslo_policy/policy.py:1064: UserWarning: Policy os_compute_api:os-aggregates:delete failed scope check. The token used to make the request was project scoped but the policy requires ['system'] scope. This behavior may change in the future where using the intended scope is required
Oct 15 19:36:12.205163 n-d-712140-14 devstack@n-api.service[122653]: warnings.warn(msg)
Oct 15 19:36:12.308018 n-d-712140-14 devstack@n-api.service[122653]: INFO nova.api.openstack.requestlog [None req-93ddbcd2-e633-44f6-a005-06009bc863f9 tempest-AggregatesAdminTestJSON-650621971 tempest-AggregatesAdminTestJSON-650621971-project-admin] 10.222.0.13 "DELETE /compute/v2.1/os-aggregates/1" status: 200 len: 0 microversion: 2.1 time: 0.110552
Oct 15 19:36:12.308634 n-d-712140-14 devstack@n-api.service[122653]: [pid: 122653|app: 0|req: 89/197] 10.222.0.13 () {58 vars in 1151 bytes} [Fri Oct 15 19:36:12 2021] DELETE /compute/v2.1/os-aggregates/1 => generated 0 bytes in 112 msecs (HTTP/1.1 200) 9 headers in 355 bytes (2 switches on core 0)
Oct 15 19:36:12.321734 n-d-712140-14 devstack@n-api.service[122653]: DEBUG nova.api.openstack.wsgi [None req-df5b62e2-7860-4d93-9a80-4bd443d0b867 tempest-AggregatesAdminTestJSON-650621971 tempest-AggregatesAdminTestJSON-650621971-project-admin] Action: 'create', calling method: >, body: {"aggregate": {"name": "tempest-test_aggregate-973794140"}} {{(pid=122653) _process_stack /opt/stack/nova/nova/api/openstack/wsgi.py:511}}
Oct 15 19:36:12.323499 n-d-712140-14 devstack@n-api.service[122653]: /usr/local/lib/python3.8/dist-packages/oslo_policy/policy.py:1064: UserWarning: Policy os_compute_api:os-aggregates:create failed scope check. The token used to make the request was project scoped but the policy requires ['system'] scope. This behavior may change in the future where using the intended scope is required
Oct 15 19:36:12.323499 n-d-712140-14 devstack@n-api.service[122653]: warnings.warn(msg)
Oct 15 19:36:12.324993 n-d-712140-14 devstack@n-api.service[122653]: DEBUG nova.objects.aggregate [None req-df5b62e2-7860-4d93-9a80-4bd443d0b867 tempest-AggregatesAdminTestJSON-650621971 tempest-AggregatesAdminTestJSON-650621971-project-admin] Generated uuid e9fbbabe-7f51-4f42-a185-3142689d4de2 for aggregate {{(pid=122653) create /opt/stack/nova/nova/objects/aggregate.py:298}}
Oct 15 19:36:12.417418 n-d-712140-14 devstack@n-api.service[122653]: INFO nova.api.openstack.requestlog [None req-df5b62e2-7860-4d93-9a80-4bd443d0b867 tempest-AggregatesAdminTestJSON-650621971 tempest-AggregatesAdminTestJSON-650621971-project-admin] 10.222.0.13 "POST /compute/v2.1/os-aggregates" status: 200 len: 197 microversion: 2.1 time: 0.098942
Oct 15 19:36:12.424176 n-d-712140-14 devstack@n-api.service[122653]: [pid: 122653|app: 0|req: 90/198] 10.222.0.13 () {60 vars in 1163 bytes} [Fri Oct 15 19:36:12 2021] POST /compute/v2.1/os-aggregates => generated 197 bytes in 107 msecs (HTTP/1.1 200) 9 headers in 357 bytes (1 switches on core 0)
Oct 15 19:36:12.431865 n-d-712140-14 devstack@n-api.service[122653]: DEBUG nova.api.openstack.wsgi [None req-7a5858c9-e2cf-4e95-a899-1df0ff431af1 tempest-ServersWithSpecificFlavorTestJSON-443994178 tempest-ServersWithSpecificFlavorTestJSON-443994178-project] Calling method '>' {{(pid=122653) _process_stack /opt/stack/nova/nova/api/openstack/wsgi.py:513}}
Oct 15 19:36:12.432610 n-d-712140-14 devstack@n-api.service[122653]: DEBUG nova.compute.api [None req-7a5858c9-e2cf-4e95-a899-1df0ff431af1 tempest-ServersWithSpecificFlavorTestJSON-443994178 tempest-ServersWithSpecificFlavorTestJSON-443994178-project] [instance: ce01a1ce-ba16-487e-ba58-84b369110dc2] Fetching instance by UUID {{(pid=122653) get /opt/stack/nova/nova/compute/api.py:2863}}
Oct 15 19:36:12.442738 n-d-712140-14 devstack@n-api.service[122653]: DEBUG oslo_concurrency.lockutils [None req-7a5858c9-e2cf-4e95-a899-1df0ff431af1 tempest-ServersWithSpecificFlavorTestJSON-443994178 tempest-ServersWithSpecificFlavorTestJSON-443994178-project] Lock "e0469163-a5f1-41eb-8938-20153ddaec5e" acquired by "nova.context.set_target_cell..get_or_set_cached_cell_and_set_connections" :: waited 0.000s {{(pid=122653) inner /usr/local/lib/python3.8/dist-packages/oslo_concurrency/lockutils.py:355}}
Oct 15 19:36:12.443208 n-d-712140-14 devstack@n-api.service[122653]: DEBUG oslo_concurrency.lockutils [None req-7a5858c9-e2cf-4e95-a899-1df0ff431af1 tempest-ServersWithSpecificFlavorTestJSON-443994178 tempest-ServersWithSpecificFlavorTestJSON-443994178-project] Lock "e0469163-a5f1-41eb-8938-20153ddaec5e" released by "nova.context.set_target_cell..get_or_set_cached_cell_and_set_connections" :: held 0.001s {{(pid=122653) inner /usr/local/lib/python3.8/dist-packages/oslo_concurrency/lockutils.py:367}}
Oct 15 19:36:12.444035 n-d-712140-14 devstack@n-api.service[122653]: DEBUG oslo_concurrency.lockutils [None req-7a5858c9-e2cf-4e95-a899-1df0ff431af1 tempest-ServersWithSpecificFlavorTestJSON-443994178 tempest-ServersWithSpecificFlavorTestJSON-443994178-project] Lock "e0469163-a5f1-41eb-8938-20153ddaec5e" acquired by "nova.context.set_target_cell..get_or_set_cached_cell_and_set_connections" :: waited 0.000s {{(pid=122653) inner /usr/local/lib/python3.8/dist-packages/oslo_concurrency/lockutils.py:355}}
Oct 15 19:36:12.444469 n-d-712140-14 devstack@n-api.service[122653]: DEBUG oslo_concurrency.lockutils [None req-7a5858c9-e2cf-4e95-a899-1df0ff431af1 tempest-ServersWithSpecificFlavorTestJSON-443994178 tempest-ServersWithSpecificFlavorTestJSON-443994178-project] Lock "e0469163-a5f1-41eb-8938-20153ddaec5e" released by "nova.context.set_target_cell..get_or_set_cached_cell_and_set_connections" :: held 0.000s {{(pid=122653) inner /usr/local/lib/python3.8/dist-packages/oslo_concurrency/lockutils.py:367}}
Oct 15 19:36:12.479615 n-d-712140-14 devstack@n-api.service[122654]: DEBUG nova.policy [None req-2f847331-0da4-465f-ada7-5b453041dd1c tempest-LiveMigrationTest-566748220 tempest-LiveMigrationTest-566748220-project] Policy check for os_compute_api:os-extended-server-attributes failed with credentials {'is_admin': False, 'user_id': '9e45294793a54705b42837c04bc4c237', 'user_domain_id': 'default', 'system_scope': None, 'domain_id': None, 'project_id': '58c6e627160a4d788f4affbb306599cd', 'project_domain_id': 'default', 'roles': ['reader', 'member'], 'is_admin_project': True, 'service_user_id': None, 'service_user_domain_id': None, 'service_project_id': None, 'service_project_domain_id': None, 'service_roles': []} {{(pid=122654) authorize /opt/stack/nova/nova/policy.py:199}}
Oct 15 19:36:12.490655 n-d-712140-14 devstack@n-api.service[122654]: INFO nova.api.openstack.requestlog [None req-2f847331-0da4-465f-ada7-5b453041dd1c tempest-LiveMigrationTest-566748220 tempest-LiveMigrationTest-566748220-project] 10.222.0.13 "GET /compute/v2.1/servers/366b120b-feae-4923-a61c-28df48bde182" status: 200 len: 1310 microversion: 2.1 time: 0.342227
Oct 15 19:36:12.491230 n-d-712140-14 devstack@n-api.service[122654]: [pid: 122654|app: 0|req: 109/199] 10.222.0.13 () {58 vars in 1235 bytes} [Fri Oct 15 19:36:12 2021] GET /compute/v2.1/servers/366b120b-feae-4923-a61c-28df48bde182 => generated 1310 bytes in 344 msecs (HTTP/1.1 200) 9 headers in 358 bytes (2 switches on core 0)
Oct 15 19:36:12.504503 n-d-712140-14 devstack@n-api.service[122654]: DEBUG nova.api.openstack.wsgi [None req-3cdb3a18-bfbe-4bf7-964b-ad1b179b3da4 tempest-AggregatesAdminTestJSON-650621971 tempest-AggregatesAdminTestJSON-650621971-project-admin] Action: 'action', calling method: >, body: {"add_host": {"host": "n-h1-712140-14"}} {{(pid=122654) _process_stack /opt/stack/nova/nova/api/openstack/wsgi.py:511}}
Oct 15 19:36:12.506162 n-d-712140-14 devstack@n-api.service[122654]: /usr/local/lib/python3.8/dist-packages/oslo_policy/policy.py:1064: UserWarning: Policy os_compute_api:os-aggregates:add_host failed scope check. The token used to make the request was project scoped but the policy requires ['system'] scope. This behavior may change in the future where using the intended scope is required
Oct 15 19:36:12.506162 n-d-712140-14 devstack@n-api.service[122654]: warnings.warn(msg)
Oct 15 19:36:12.516802 n-d-712140-14 devstack@n-api.service[122654]: DEBUG oslo_concurrency.lockutils [None req-3cdb3a18-bfbe-4bf7-964b-ad1b179b3da4 tempest-AggregatesAdminTestJSON-650621971 tempest-AggregatesAdminTestJSON-650621971-project-admin] Lock "e0469163-a5f1-41eb-8938-20153ddaec5e" acquired by "nova.context.set_target_cell..get_or_set_cached_cell_and_set_connections" :: waited 0.000s {{(pid=122654) inner /usr/local/lib/python3.8/dist-packages/oslo_concurrency/lockutils.py:355}}
Oct 15 19:36:12.517495 n-d-712140-14 devstack@n-api.service[122654]: DEBUG oslo_concurrency.lockutils [None req-3cdb3a18-bfbe-4bf7-964b-ad1b179b3da4 tempest-AggregatesAdminTestJSON-650621971 tempest-AggregatesAdminTestJSON-650621971-project-admin] Lock "e0469163-a5f1-41eb-8938-20153ddaec5e" released by "nova.context.set_target_cell..get_or_set_cached_cell_and_set_connections" :: held 0.001s {{(pid=122654) inner /usr/local/lib/python3.8/dist-packages/oslo_concurrency/lockutils.py:367}}
Oct 15 19:36:12.639603 n-d-712140-14 devstack@n-api.service[122653]: DEBUG nova.policy [None req-7a5858c9-e2cf-4e95-a899-1df0ff431af1 tempest-ServersWithSpecificFlavorTestJSON-443994178 tempest-ServersWithSpecificFlavorTestJSON-443994178-project] Policy check for os_compute_api:os-extended-server-attributes failed with credentials {'is_admin': False, 'user_id': '5f5d5637912e4b35993964077f7f20ac', 'user_domain_id': 'default', 'system_scope': None, 'domain_id': None, 'project_id': '4cfaced67325434f800dd70b0c5b87d7', 'project_domain_id': 'default', 'roles': ['reader', 'member'], 'is_admin_project': True, 'service_user_id': None, 'service_user_domain_id': None, 'service_project_id': None, 'service_project_domain_id': None, 'service_roles': []} {{(pid=122653) authorize /opt/stack/nova/nova/policy.py:199}}
Oct 15 19:36:12.654864 n-d-712140-14 devstack@n-api.service[122653]: INFO nova.api.openstack.requestlog [None req-7a5858c9-e2cf-4e95-a899-1df0ff431af1 tempest-ServersWithSpecificFlavorTestJSON-443994178 tempest-ServersWithSpecificFlavorTestJSON-443994178-project] 10.222.0.13 "GET /compute/v2.1/servers/ce01a1ce-ba16-487e-ba58-84b369110dc2" status: 200 len: 1390 microversion: 2.1 time: 0.228645
Oct 15 19:36:12.655450 n-d-712140-14 devstack@n-api.service[122653]: [pid: 122653|app: 0|req: 91/200] 10.222.0.13 () {58 vars in 1235 bytes} [Fri Oct 15 19:36:12 2021] GET /compute/v2.1/servers/ce01a1ce-ba16-487e-ba58-84b369110dc2 => generated 1390 bytes in 231 msecs (HTTP/1.1 200) 9 headers in 358 bytes (1 switches on core 0)
Oct 15 19:36:12.669307 n-d-712140-14 devstack@n-api.service[122653]: DEBUG nova.api.openstack.wsgi [None req-563b9900-3f5c-4a33-9a1b-55d0170bd0ba tempest-DeleteServersAdminTestJSON-1581657434 tempest-DeleteServersAdminTestJSON-1581657434-project] Calling method '>' {{(pid=122653) _process_stack /opt/stack/nova/nova/api/openstack/wsgi.py:513}}
Oct 15 19:36:12.669831 n-d-712140-14 devstack@n-api.service[122653]: DEBUG nova.compute.api [None req-563b9900-3f5c-4a33-9a1b-55d0170bd0ba tempest-DeleteServersAdminTestJSON-1581657434 tempest-DeleteServersAdminTestJSON-1581657434-project] [instance: e36430bd-159d-4464-96df-0d1514b7d4cf] Fetching instance by UUID {{(pid=122653) get /opt/stack/nova/nova/compute/api.py:2863}}
Oct 15 19:36:12.675891 n-d-712140-14 devstack@n-api.service[122653]: DEBUG oslo_concurrency.lockutils [None req-563b9900-3f5c-4a33-9a1b-55d0170bd0ba tempest-DeleteServersAdminTestJSON-1581657434 tempest-DeleteServersAdminTestJSON-1581657434-project] Lock "e0469163-a5f1-41eb-8938-20153ddaec5e" acquired by "nova.context.set_target_cell..get_or_set_cached_cell_and_set_connections" :: waited 0.000s {{(pid=122653) inner /usr/local/lib/python3.8/dist-packages/oslo_concurrency/lockutils.py:355}}
Oct 15 19:36:12.679822 n-d-712140-14 devstack@n-api.service[122653]: DEBUG oslo_concurrency.lockutils [None req-563b9900-3f5c-4a33-9a1b-55d0170bd0ba tempest-DeleteServersAdminTestJSON-1581657434 tempest-DeleteServersAdminTestJSON-1581657434-project] Lock "e0469163-a5f1-41eb-8938-20153ddaec5e" released by "nova.context.set_target_cell..get_or_set_cached_cell_and_set_connections" :: held 0.001s {{(pid=122653) inner /usr/local/lib/python3.8/dist-packages/oslo_concurrency/lockutils.py:367}}
Oct 15 19:36:12.679822 n-d-712140-14 devstack@n-api.service[122653]: DEBUG oslo_concurrency.lockutils [None req-563b9900-3f5c-4a33-9a1b-55d0170bd0ba tempest-DeleteServersAdminTestJSON-1581657434 tempest-DeleteServersAdminTestJSON-1581657434-project] Lock "e0469163-a5f1-41eb-8938-20153ddaec5e" acquired by "nova.context.set_target_cell..get_or_set_cached_cell_and_set_connections" :: waited 0.000s {{(pid=122653) inner /usr/local/lib/python3.8/dist-packages/oslo_concurrency/lockutils.py:355}}
Oct 15 19:36:12.679822 n-d-712140-14 devstack@n-api.service[122653]: DEBUG oslo_concurrency.lockutils [None req-563b9900-3f5c-4a33-9a1b-55d0170bd0ba tempest-DeleteServersAdminTestJSON-1581657434 tempest-DeleteServersAdminTestJSON-1581657434-project] Lock "e0469163-a5f1-41eb-8938-20153ddaec5e" released by "nova.context.set_target_cell..get_or_set_cached_cell_and_set_connections" :: held 0.000s {{(pid=122653) inner /usr/local/lib/python3.8/dist-packages/oslo_concurrency/lockutils.py:367}}
Oct 15 19:36:12.811124 n-d-712140-14 devstack@n-api.service[122654]: INFO nova.api.openstack.requestlog [None req-3cdb3a18-bfbe-4bf7-964b-ad1b179b3da4 tempest-AggregatesAdminTestJSON-650621971 tempest-AggregatesAdminTestJSON-650621971-project-admin] 10.222.0.13 "POST /compute/v2.1/os-aggregates/2/action" status: 200 len: 242 microversion: 2.1 time: 0.318435
Oct 15 19:36:12.812257 n-d-712140-14 devstack@n-api.service[122654]: [pid: 122654|app: 0|req: 110/201] 10.222.0.13 () {60 vars in 1190 bytes} [Fri Oct 15 19:36:12 2021] POST /compute/v2.1/os-aggregates/2/action => generated 242 bytes in 320 msecs (HTTP/1.1 200) 9 headers in 357 bytes (1 switches on core 0)
Oct 15 19:36:12.929084 n-d-712140-14 devstack@n-api.service[122654]: DEBUG nova.api.openstack.wsgi [None req-0199b129-f45f-40e1-8acf-8cc41d76e878 tempest-QuotasAdminNegativeTest-1708911746 tempest-QuotasAdminNegativeTest-1708911746-project-admin] Calling method '.version_select at 0x7f106ed2db80>' {{(pid=122654) _process_stack /opt/stack/nova/nova/api/openstack/wsgi.py:513}}
Oct 15 19:36:12.944396 n-d-712140-14 devstack@n-api.service[122653]: DEBUG nova.policy [None req-563b9900-3f5c-4a33-9a1b-55d0170bd0ba tempest-DeleteServersAdminTestJSON-1581657434 tempest-DeleteServersAdminTestJSON-1581657434-project] Policy check for os_compute_api:os-extended-server-attributes failed with credentials {'is_admin': False, 'user_id': '9434824b882f4becad4961031b50824b', 'user_domain_id': 'default', 'system_scope': None, 'domain_id': None, 'project_id': '325f343441a5463dafe528f2d1af2987', 'project_domain_id': 'default', 'roles': ['reader', 'member'], 'is_admin_project': True, 'service_user_id': None, 'service_user_domain_id': None, 'service_project_id': None, 'service_project_domain_id': None, 'service_roles': []} {{(pid=122653) authorize /opt/stack/nova/nova/policy.py:199}}
Oct 15 19:36:12.952184 n-d-712140-14 devstack@n-api.service[122653]: INFO nova.api.openstack.requestlog [None req-563b9900-3f5c-4a33-9a1b-55d0170bd0ba tempest-DeleteServersAdminTestJSON-1581657434 tempest-DeleteServersAdminTestJSON-1581657434-project] 10.222.0.13 "GET /compute/v2.1/servers/e36430bd-159d-4464-96df-0d1514b7d4cf" status: 200 len: 1475 microversion: 2.1 time: 0.286708
Oct 15 19:36:12.956076 n-d-712140-14 devstack@n-api.service[122653]: [pid: 122653|app: 0|req: 92/202] 10.222.0.13 () {58 vars in 1235 bytes} [Fri Oct 15 19:36:12 2021] GET /compute/v2.1/servers/e36430bd-159d-4464-96df-0d1514b7d4cf => generated 1475 bytes in 300 msecs (HTTP/1.1 200) 9 headers in 358 bytes (1 switches on core 0)
Oct 15 19:36:12.962793 n-d-712140-14 devstack@n-api.service[122653]: DEBUG nova.api.openstack.wsgi [None req-e9e08349-fb02-4ff8-98ae-f594196185ca tempest-ServersOnMultiNodesTest-1587223528 tempest-ServersOnMultiNodesTest-1587223528-project] Calling method '>' {{(pid=122653) _process_stack /opt/stack/nova/nova/api/openstack/wsgi.py:513}}
Oct 15 19:36:12.963786 n-d-712140-14 devstack@n-api.service[122653]: DEBUG nova.compute.api [None req-e9e08349-fb02-4ff8-98ae-f594196185ca tempest-ServersOnMultiNodesTest-1587223528 tempest-ServersOnMultiNodesTest-1587223528-project] [instance: cbfad4dd-1a58-45c4-b679-9fe3824b9ff4] Fetching instance by UUID {{(pid=122653) get /opt/stack/nova/nova/compute/api.py:2863}}
Oct 15 19:36:12.972291 n-d-712140-14 devstack@n-api.service[122653]: DEBUG oslo_concurrency.lockutils [None req-e9e08349-fb02-4ff8-98ae-f594196185ca tempest-ServersOnMultiNodesTest-1587223528 tempest-ServersOnMultiNodesTest-1587223528-project] Lock "e0469163-a5f1-41eb-8938-20153ddaec5e" acquired by "nova.context.set_target_cell..get_or_set_cached_cell_and_set_connections" :: waited 0.000s {{(pid=122653) inner /usr/local/lib/python3.8/dist-packages/oslo_concurrency/lockutils.py:355}}
Oct 15 19:36:12.972747 n-d-712140-14 devstack@n-api.service[122653]: DEBUG oslo_concurrency.lockutils [None req-e9e08349-fb02-4ff8-98ae-f594196185ca tempest-ServersOnMultiNodesTest-1587223528 tempest-ServersOnMultiNodesTest-1587223528-project] Lock "e0469163-a5f1-41eb-8938-20153ddaec5e" released by "nova.context.set_target_cell..get_or_set_cached_cell_and_set_connections" :: held 0.001s {{(pid=122653) inner /usr/local/lib/python3.8/dist-packages/oslo_concurrency/lockutils.py:367}}
Oct 15 19:36:12.973653 n-d-712140-14 devstack@n-api.service[122653]: DEBUG oslo_concurrency.lockutils [None req-e9e08349-fb02-4ff8-98ae-f594196185ca tempest-ServersOnMultiNodesTest-1587223528 tempest-ServersOnMultiNodesTest-1587223528-project] Lock "e0469163-a5f1-41eb-8938-20153ddaec5e" acquired by "nova.context.set_target_cell..get_or_set_cached_cell_and_set_connections" :: waited 0.000s {{(pid=122653) inner /usr/local/lib/python3.8/dist-packages/oslo_concurrency/lockutils.py:355}}
Oct 15 19:36:12.974122 n-d-712140-14 devstack@n-api.service[122653]: DEBUG oslo_concurrency.lockutils [None req-e9e08349-fb02-4ff8-98ae-f594196185ca tempest-ServersOnMultiNodesTest-1587223528 tempest-ServersOnMultiNodesTest-1587223528-project] Lock "e0469163-a5f1-41eb-8938-20153ddaec5e" released by "nova.context.set_target_cell..get_or_set_cached_cell_and_set_connections" :: held 0.001s {{(pid=122653) inner /usr/local/lib/python3.8/dist-packages/oslo_concurrency/lockutils.py:367}}
Oct 15 19:36:13.011716 n-d-712140-14 devstack@n-api.service[122654]: INFO nova.api.openstack.requestlog [None req-0199b129-f45f-40e1-8acf-8cc41d76e878 tempest-QuotasAdminNegativeTest-1708911746 tempest-QuotasAdminNegativeTest-1708911746-project-admin] 10.222.0.13 "GET /compute/v2.1/os-quota-sets/2194234da5854a34aa8ba2adb1b925ca" status: 200 len: 371 microversion: 2.1 time: 0.198250
Oct 15 19:36:13.012356 n-d-712140-14 devstack@n-api.service[122654]: [pid: 122654|app: 0|req: 111/203] 10.222.0.13 () {58 vars in 1241 bytes} [Fri Oct 15 19:36:12 2021] GET /compute/v2.1/os-quota-sets/2194234da5854a34aa8ba2adb1b925ca => generated 371 bytes in 199 msecs (HTTP/1.1 200) 9 headers in 357 bytes (1 switches on core 0)
Oct 15 19:36:13.022523 n-d-712140-14 devstack@n-api.service[122654]: DEBUG nova.api.openstack.wsgi [None req-3bd938a8-c6b7-4ed2-b575-572c8c963887 tempest-AggregatesAdminTestJSON-650621971 tempest-AggregatesAdminTestJSON-650621971-project-admin] Calling method '>' {{(pid=122654) _process_stack /opt/stack/nova/nova/api/openstack/wsgi.py:513}}
Oct 15 19:36:13.023264 n-d-712140-14 devstack@n-api.service[122654]: /usr/local/lib/python3.8/dist-packages/oslo_policy/policy.py:1064: UserWarning: Policy os_compute_api:os-aggregates:show failed scope check. The token used to make the request was project scoped but the policy requires ['system'] scope. This behavior may change in the future where using the intended scope is required
Oct 15 19:36:13.023264 n-d-712140-14 devstack@n-api.service[122654]: warnings.warn(msg)
Oct 15 19:36:13.031248 n-d-712140-14 devstack@n-api.service[122654]: INFO nova.api.openstack.requestlog [None req-3bd938a8-c6b7-4ed2-b575-572c8c963887 tempest-AggregatesAdminTestJSON-650621971 tempest-AggregatesAdminTestJSON-650621971-project-admin] 10.222.0.13 "GET /compute/v2.1/os-aggregates/2" status: 200 len: 242 microversion: 2.1 time: 0.012264
Oct 15 19:36:13.031844 n-d-712140-14 devstack@n-api.service[122654]: [pid: 122654|app: 0|req: 112/204] 10.222.0.13 () {58 vars in 1148 bytes} [Fri Oct 15 19:36:13 2021] GET /compute/v2.1/os-aggregates/2 => generated 242 bytes in 19 msecs (HTTP/1.1 200) 9 headers in 357 bytes (1 switches on core 0)
Oct 15 19:36:13.040859 n-d-712140-14 devstack@n-api.service[122654]: DEBUG nova.api.openstack.wsgi [None req-f32e1c82-4cd5-41c2-8ca1-78903508561c tempest-QuotasAdminNegativeTest-1708911746 tempest-QuotasAdminNegativeTest-1708911746-project-admin] Action: 'update', calling method: .version_select at 0x7f106ec49e50>, body: {"quota_set": {"force": true, "cores": 0}} {{(pid=122654) _process_stack /opt/stack/nova/nova/api/openstack/wsgi.py:511}}
Oct 15 19:36:13.042674 n-d-712140-14 devstack@n-api.service[122654]: /usr/local/lib/python3.8/dist-packages/oslo_policy/policy.py:1064: UserWarning: Policy os_compute_api:os-quota-sets:update failed scope check. The token used to make the request was project scoped but the policy requires ['system'] scope. This behavior may change in the future where using the intended scope is required
Oct 15 19:36:13.042674 n-d-712140-14 devstack@n-api.service[122654]: warnings.warn(msg)
Oct 15 19:36:13.076725 n-d-712140-14 devstack@n-api.service[122653]: DEBUG nova.policy [None req-e9e08349-fb02-4ff8-98ae-f594196185ca tempest-ServersOnMultiNodesTest-1587223528 tempest-ServersOnMultiNodesTest-1587223528-project] Policy check for os_compute_api:os-extended-server-attributes failed with credentials {'is_admin': False, 'user_id': 'b8c1c910f18147b299c82dd4de7058dc', 'user_domain_id': 'default', 'system_scope': None, 'domain_id': None, 'project_id': 'cc3fc33a68d742ae8ad8025e2860f5c4', 'project_domain_id': 'default', 'roles': ['reader', 'member'], 'is_admin_project': True, 'service_user_id': None, 'service_user_domain_id': None, 'service_project_id': None, 'service_project_domain_id': None, 'service_roles': []} {{(pid=122653) authorize /opt/stack/nova/nova/policy.py:199}}
Oct 15 19:36:13.086851 n-d-712140-14 devstack@n-api.service[122653]: INFO nova.api.openstack.requestlog [None req-e9e08349-fb02-4ff8-98ae-f594196185ca tempest-ServersOnMultiNodesTest-1587223528 tempest-ServersOnMultiNodesTest-1587223528-project] 10.222.0.13 "GET /compute/v2.1/servers/cbfad4dd-1a58-45c4-b679-9fe3824b9ff4" status: 200 len: 1276 microversion: 2.1 time: 0.127403
Oct 15 19:36:13.087428 n-d-712140-14 devstack@n-api.service[122653]: [pid: 122653|app: 0|req: 93/205] 10.222.0.13 () {58 vars in 1235 bytes} [Fri Oct 15 19:36:12 2021] GET /compute/v2.1/servers/cbfad4dd-1a58-45c4-b679-9fe3824b9ff4 => generated 1276 bytes in 131 msecs (HTTP/1.1 200) 9 headers in 358 bytes (1 switches on core 0)
Oct 15 19:36:13.093862 n-d-712140-14 devstack@n-api.service[122653]: DEBUG nova.api.openstack.wsgi [None req-5e291657-5371-4f6f-a6ae-70be9ddf8e87 tempest-AggregatesAdminTestJSON-650621971 tempest-AggregatesAdminTestJSON-650621971-project-admin] Action: 'action', calling method: >, body: {"remove_host": {"host": "n-h1-712140-14"}} {{(pid=122653) _process_stack /opt/stack/nova/nova/api/openstack/wsgi.py:511}}
Oct 15 19:36:13.094380 n-d-712140-14 devstack@n-api.service[122653]: /usr/local/lib/python3.8/dist-packages/oslo_policy/policy.py:1064: UserWarning: Policy os_compute_api:os-aggregates:remove_host failed scope check. The token used to make the request was project scoped but the policy requires ['system'] scope. This behavior may change in the future where using the intended scope is required
Oct 15 19:36:13.094380 n-d-712140-14 devstack@n-api.service[122653]: warnings.warn(msg)
Oct 15 19:36:13.110661 n-d-712140-14 devstack@n-api.service[122654]: DEBUG oslo_concurrency.lockutils [None req-f32e1c82-4cd5-41c2-8ca1-78903508561c tempest-QuotasAdminNegativeTest-1708911746 tempest-QuotasAdminNegativeTest-1708911746-project-admin] Lock "00000000-0000-0000-0000-000000000000" acquired by "nova.context.set_target_cell..get_or_set_cached_cell_and_set_connections" :: waited 0.000s {{(pid=122654) inner /usr/local/lib/python3.8/dist-packages/oslo_concurrency/lockutils.py:355}}
Oct 15 19:36:13.111099 n-d-712140-14 devstack@n-api.service[122654]: DEBUG oslo_concurrency.lockutils [None req-f32e1c82-4cd5-41c2-8ca1-78903508561c tempest-QuotasAdminNegativeTest-1708911746 tempest-QuotasAdminNegativeTest-1708911746-project-admin] Lock "00000000-0000-0000-0000-000000000000" released by "nova.context.set_target_cell..get_or_set_cached_cell_and_set_connections" :: held 0.001s {{(pid=122654) inner /usr/local/lib/python3.8/dist-packages/oslo_concurrency/lockutils.py:367}}
Oct 15 19:36:13.112171 n-d-712140-14 devstack@n-api.service[122654]: DEBUG oslo_concurrency.lockutils [None req-f32e1c82-4cd5-41c2-8ca1-78903508561c tempest-QuotasAdminNegativeTest-1708911746 tempest-QuotasAdminNegativeTest-1708911746-project-admin] Lock "e0469163-a5f1-41eb-8938-20153ddaec5e" acquired by "nova.context.set_target_cell..get_or_set_cached_cell_and_set_connections" :: waited 0.000s {{(pid=122654) inner /usr/local/lib/python3.8/dist-packages/oslo_concurrency/lockutils.py:355}}
Oct 15 19:36:13.112761 n-d-712140-14 devstack@n-api.service[122654]: DEBUG oslo_concurrency.lockutils [None req-f32e1c82-4cd5-41c2-8ca1-78903508561c tempest-QuotasAdminNegativeTest-1708911746 tempest-QuotasAdminNegativeTest-1708911746-project-admin] Lock "e0469163-a5f1-41eb-8938-20153ddaec5e" released by "nova.context.set_target_cell..get_or_set_cached_cell_and_set_connections" :: held 0.001s {{(pid=122654) inner /usr/local/lib/python3.8/dist-packages/oslo_concurrency/lockutils.py:367}}
Oct 15 19:36:13.112892 n-d-712140-14 devstack@n-api.service[122653]: DEBUG oslo_concurrency.lockutils [None req-5e291657-5371-4f6f-a6ae-70be9ddf8e87 tempest-AggregatesAdminTestJSON-650621971 tempest-AggregatesAdminTestJSON-650621971-project-admin] Lock "e0469163-a5f1-41eb-8938-20153ddaec5e" acquired by "nova.context.set_target_cell..get_or_set_cached_cell_and_set_connections" :: waited 0.000s {{(pid=122653) inner /usr/local/lib/python3.8/dist-packages/oslo_concurrency/lockutils.py:355}}
Oct 15 19:36:13.114930 n-d-712140-14 devstack@n-api.service[122653]: DEBUG oslo_concurrency.lockutils [None req-5e291657-5371-4f6f-a6ae-70be9ddf8e87 tempest-AggregatesAdminTestJSON-650621971 tempest-AggregatesAdminTestJSON-650621971-project-admin] Lock "e0469163-a5f1-41eb-8938-20153ddaec5e" released by "nova.context.set_target_cell..get_or_set_cached_cell_and_set_connections" :: held 0.002s {{(pid=122653) inner /usr/local/lib/python3.8/dist-packages/oslo_concurrency/lockutils.py:367}}
Oct 15 19:36:13.263286 n-d-712140-14 devstack@n-api.service[122654]: INFO nova.api.openstack.requestlog [None req-f32e1c82-4cd5-41c2-8ca1-78903508561c tempest-QuotasAdminNegativeTest-1708911746 tempest-QuotasAdminNegativeTest-1708911746-project-admin] 10.222.0.13 "PUT /compute/v2.1/os-quota-sets/2194234da5854a34aa8ba2adb1b925ca" status: 200 len: 328 microversion: 2.1 time: 0.226645
Oct 15 19:36:13.263983 n-d-712140-14 devstack@n-api.service[122654]: [pid: 122654|app: 0|req: 113/206] 10.222.0.13 () {60 vars in 1261 bytes} [Fri Oct 15 19:36:13 2021] PUT /compute/v2.1/os-quota-sets/2194234da5854a34aa8ba2adb1b925ca => generated 328 bytes in 232 msecs (HTTP/1.1 200) 9 headers in 357 bytes (1 switches on core 0)
Oct 15 19:36:13.379182 n-d-712140-14 devstack@n-api.service[122653]: INFO nova.api.openstack.requestlog [None req-5e291657-5371-4f6f-a6ae-70be9ddf8e87 tempest-AggregatesAdminTestJSON-650621971 tempest-AggregatesAdminTestJSON-650621971-project-admin] 10.222.0.13 "POST /compute/v2.1/os-aggregates/2/action" status: 200 len: 226 microversion: 2.1 time: 0.290388
Oct 15 19:36:13.379843 n-d-712140-14 devstack@n-api.service[122653]: [pid: 122653|app: 0|req: 94/207] 10.222.0.13 () {60 vars in 1190 bytes} [Fri Oct 15 19:36:13 2021] POST /compute/v2.1/os-aggregates/2/action => generated 226 bytes in 292 msecs (HTTP/1.1 200) 9 headers in 357 bytes (1 switches on core 0)
Oct 15 19:36:13.390249 n-d-712140-14 devstack@n-api.service[122653]: DEBUG nova.api.openstack.wsgi [None req-08421bb3-142a-4044-a8f3-c5cf334c472d tempest-AggregatesAdminTestJSON-650621971 tempest-AggregatesAdminTestJSON-650621971-project-admin] Calling method '>' {{(pid=122653) _process_stack /opt/stack/nova/nova/api/openstack/wsgi.py:513}}
Oct 15 19:36:13.390995 n-d-712140-14 devstack@n-api.service[122653]: /usr/local/lib/python3.8/dist-packages/oslo_policy/policy.py:1064: UserWarning: Policy os_compute_api:os-aggregates:delete failed scope check. The token used to make the request was project scoped but the policy requires ['system'] scope. This behavior may change in the future where using the intended scope is required
Oct 15 19:36:13.390995 n-d-712140-14 devstack@n-api.service[122653]: warnings.warn(msg)
Oct 15 19:36:13.414285 n-d-712140-14 devstack@n-api.service[122654]: DEBUG nova.api.openstack.wsgi [None req-0948c87e-67b4-49b3-b462-88a507a279af tempest-QuotasAdminNegativeTest-1934859558 tempest-QuotasAdminNegativeTest-1934859558-project] Action: 'create', calling method: >, body: {"server": {"name": "tempest-QuotasAdminNegativeTest-server-170181310", "imageRef": "35f005eb-942a-4ae3-81e4-f51822a38fcb", "flavorRef": "452"}} {{(pid=122654) _process_stack /opt/stack/nova/nova/api/openstack/wsgi.py:511}}
Oct 15 19:36:13.483723 n-d-712140-14 devstack@n-api.service[122654]: DEBUG nova.network.neutron [None req-0948c87e-67b4-49b3-b462-88a507a279af tempest-QuotasAdminNegativeTest-1934859558 tempest-QuotasAdminNegativeTest-1934859558-project] validate_networks() for None {{(pid=122654) validate_networks /opt/stack/nova/nova/network/neutron.py:2475}}
Oct 15 19:36:13.521586 n-d-712140-14 devstack@n-api.service[122653]: INFO nova.api.openstack.requestlog [None req-08421bb3-142a-4044-a8f3-c5cf334c472d tempest-AggregatesAdminTestJSON-650621971 tempest-AggregatesAdminTestJSON-650621971-project-admin] 10.222.0.13 "DELETE /compute/v2.1/os-aggregates/2" status: 200 len: 0 microversion: 2.1 time: 0.135300
Oct 15 19:36:13.528306 n-d-712140-14 devstack@n-api.service[122653]: [pid: 122653|app: 0|req: 95/208] 10.222.0.13 () {58 vars in 1151 bytes} [Fri Oct 15 19:36:13 2021] DELETE /compute/v2.1/os-aggregates/2 => generated 0 bytes in 137 msecs (HTTP/1.1 200) 9 headers in 355 bytes (1 switches on core 0)
Oct 15 19:36:13.528306 n-d-712140-14 devstack@n-api.service[122653]: DEBUG nova.api.openstack.wsgi [None req-3fe3aad9-1d6e-479e-b8c7-5d20aa49b54d tempest-LiveMigrationTest-566748220 tempest-LiveMigrationTest-566748220-project] Calling method '>' {{(pid=122653) _process_stack /opt/stack/nova/nova/api/openstack/wsgi.py:513}}
Oct 15 19:36:13.528306 n-d-712140-14 devstack@n-api.service[122653]: DEBUG nova.compute.api [None req-3fe3aad9-1d6e-479e-b8c7-5d20aa49b54d tempest-LiveMigrationTest-566748220 tempest-LiveMigrationTest-566748220-project] [instance: 366b120b-feae-4923-a61c-28df48bde182] Fetching instance by UUID {{(pid=122653) get /opt/stack/nova/nova/compute/api.py:2863}}
Oct 15 19:36:13.547508 n-d-712140-14 devstack@n-api.service[122653]: DEBUG oslo_concurrency.lockutils [None req-3fe3aad9-1d6e-479e-b8c7-5d20aa49b54d tempest-LiveMigrationTest-566748220 tempest-LiveMigrationTest-566748220-project] Lock "e0469163-a5f1-41eb-8938-20153ddaec5e" acquired by "nova.context.set_target_cell..get_or_set_cached_cell_and_set_connections" :: waited 0.000s {{(pid=122653) inner /usr/local/lib/python3.8/dist-packages/oslo_concurrency/lockutils.py:355}}
Oct 15 19:36:13.548157 n-d-712140-14 devstack@n-api.service[122653]: DEBUG oslo_concurrency.lockutils [None req-3fe3aad9-1d6e-479e-b8c7-5d20aa49b54d tempest-LiveMigrationTest-566748220 tempest-LiveMigrationTest-566748220-project] Lock "e0469163-a5f1-41eb-8938-20153ddaec5e" released by "nova.context.set_target_cell..get_or_set_cached_cell_and_set_connections" :: held 0.001s {{(pid=122653) inner /usr/local/lib/python3.8/dist-packages/oslo_concurrency/lockutils.py:367}}
Oct 15 19:36:13.549051 n-d-712140-14 devstack@n-api.service[122653]: DEBUG oslo_concurrency.lockutils [None req-3fe3aad9-1d6e-479e-b8c7-5d20aa49b54d tempest-LiveMigrationTest-566748220 tempest-LiveMigrationTest-566748220-project] Lock "e0469163-a5f1-41eb-8938-20153ddaec5e" acquired by "nova.context.set_target_cell..get_or_set_cached_cell_and_set_connections" :: waited 0.000s {{(pid=122653) inner /usr/local/lib/python3.8/dist-packages/oslo_concurrency/lockutils.py:355}}
Oct 15 19:36:13.549597 n-d-712140-14 devstack@n-api.service[122653]: DEBUG oslo_concurrency.lockutils [None req-3fe3aad9-1d6e-479e-b8c7-5d20aa49b54d tempest-LiveMigrationTest-566748220 tempest-LiveMigrationTest-566748220-project] Lock "e0469163-a5f1-41eb-8938-20153ddaec5e" released by "nova.context.set_target_cell..get_or_set_cached_cell_and_set_connections" :: held 0.001s {{(pid=122653) inner /usr/local/lib/python3.8/dist-packages/oslo_concurrency/lockutils.py:367}}
Oct 15 19:36:13.700804 n-d-712140-14 devstack@n-api.service[122653]: DEBUG nova.policy [None req-3fe3aad9-1d6e-479e-b8c7-5d20aa49b54d tempest-LiveMigrationTest-566748220 tempest-LiveMigrationTest-566748220-project] Policy check for os_compute_api:os-extended-server-attributes failed with credentials {'is_admin': False, 'user_id': '9e45294793a54705b42837c04bc4c237', 'user_domain_id': 'default', 'system_scope': None, 'domain_id': None, 'project_id': '58c6e627160a4d788f4affbb306599cd', 'project_domain_id': 'default', 'roles': ['reader', 'member'], 'is_admin_project': True, 'service_user_id': None, 'service_user_domain_id': None, 'service_project_id': None, 'service_project_domain_id': None, 'service_roles': []} {{(pid=122653) authorize /opt/stack/nova/nova/policy.py:199}}
Oct 15 19:36:13.711332 n-d-712140-14 devstack@n-api.service[122653]: INFO nova.api.openstack.requestlog [None req-3fe3aad9-1d6e-479e-b8c7-5d20aa49b54d tempest-LiveMigrationTest-566748220 tempest-LiveMigrationTest-566748220-project] 10.222.0.13 "GET /compute/v2.1/servers/366b120b-feae-4923-a61c-28df48bde182" status: 200 len: 1310 microversion: 2.1 time: 0.187665
Oct 15 19:36:13.712211 n-d-712140-14 devstack@n-api.service[122653]: [pid: 122653|app: 0|req: 96/209] 10.222.0.13 () {58 vars in 1235 bytes} [Fri Oct 15 19:36:13 2021] GET /compute/v2.1/servers/366b120b-feae-4923-a61c-28df48bde182 => generated 1310 bytes in 189 msecs (HTTP/1.1 200) 9 headers in 358 bytes (1 switches on core 0)
Oct 15 19:36:13.725834 n-d-712140-14 devstack@n-api.service[122654]: DEBUG nova.virt.hardware [None req-0948c87e-67b4-49b3-b462-88a507a279af tempest-QuotasAdminNegativeTest-1934859558 tempest-QuotasAdminNegativeTest-1934859558-project] Flavor limits 0:0:0 {{(pid=122654) get_cpu_topology_constraints /opt/stack/nova/nova/virt/hardware.py:343}}
Oct 15 19:36:13.725984 n-d-712140-14 devstack@n-api.service[122653]: DEBUG nova.api.openstack.wsgi [None req-a5d91dfc-689b-4435-8712-cff51a35e24a tempest-AggregatesAdminTestJSON-650621971 tempest-AggregatesAdminTestJSON-650621971-project-admin] Action: 'create', calling method: >, body: {"aggregate": {"name": "tempest-test_aggregate-486953415"}} {{(pid=122653) _process_stack /opt/stack/nova/nova/api/openstack/wsgi.py:511}}
Oct 15 19:36:13.726538 n-d-712140-14 devstack@n-api.service[122654]: DEBUG nova.virt.hardware [None req-0948c87e-67b4-49b3-b462-88a507a279af tempest-QuotasAdminNegativeTest-1934859558 tempest-QuotasAdminNegativeTest-1934859558-project] Image limits 0:0:0 {{(pid=122654) get_cpu_topology_constraints /opt/stack/nova/nova/virt/hardware.py:347}}
Oct 15 19:36:13.729708 n-d-712140-14 devstack@n-api.service[122654]: DEBUG nova.virt.hardware [None req-0948c87e-67b4-49b3-b462-88a507a279af tempest-QuotasAdminNegativeTest-1934859558 tempest-QuotasAdminNegativeTest-1934859558-project] Flavor pref 0:0:0 {{(pid=122654) get_cpu_topology_constraints /opt/stack/nova/nova/virt/hardware.py:383}}
Oct 15 19:36:13.729813 n-d-712140-14 devstack@n-api.service[122653]: /usr/local/lib/python3.8/dist-packages/oslo_policy/policy.py:1064: UserWarning: Policy os_compute_api:os-aggregates:create failed scope check. The token used to make the request was project scoped but the policy requires ['system'] scope. This behavior may change in the future where using the intended scope is required
Oct 15 19:36:13.729813 n-d-712140-14 devstack@n-api.service[122653]: warnings.warn(msg)
Oct 15 19:36:13.729935 n-d-712140-14 devstack@n-api.service[122654]: DEBUG nova.virt.hardware [None req-0948c87e-67b4-49b3-b462-88a507a279af tempest-QuotasAdminNegativeTest-1934859558 tempest-QuotasAdminNegativeTest-1934859558-project] Image pref 0:0:0 {{(pid=122654) get_cpu_topology_constraints /opt/stack/nova/nova/virt/hardware.py:387}}
Oct 15 19:36:13.729935 n-d-712140-14 devstack@n-api.service[122654]: DEBUG nova.virt.hardware [None req-0948c87e-67b4-49b3-b462-88a507a279af tempest-QuotasAdminNegativeTest-1934859558 tempest-QuotasAdminNegativeTest-1934859558-project] Chose sockets=0, cores=0, threads=0; limits were sockets=65536, cores=65536, threads=65536 {{(pid=122654) get_cpu_topology_constraints /opt/stack/nova/nova/virt/hardware.py:425}}
Oct 15 19:36:13.730072 n-d-712140-14 devstack@n-api.service[122653]: DEBUG nova.objects.aggregate [None req-a5d91dfc-689b-4435-8712-cff51a35e24a tempest-AggregatesAdminTestJSON-650621971 tempest-AggregatesAdminTestJSON-650621971-project-admin] Generated uuid dc3e7323-0c03-4463-9206-0111623d92fd for aggregate {{(pid=122653) create /opt/stack/nova/nova/objects/aggregate.py:298}}
Oct 15 19:36:13.740712 n-d-712140-14 devstack@n-api.service[122654]: DEBUG oslo_concurrency.lockutils [None req-0948c87e-67b4-49b3-b462-88a507a279af tempest-QuotasAdminNegativeTest-1934859558 tempest-QuotasAdminNegativeTest-1934859558-project] Lock "00000000-0000-0000-0000-000000000000" acquired by "nova.context.set_target_cell..get_or_set_cached_cell_and_set_connections" :: waited 0.000s {{(pid=122654) inner /usr/local/lib/python3.8/dist-packages/oslo_concurrency/lockutils.py:355}}
Oct 15 19:36:13.741578 n-d-712140-14 devstack@n-api.service[122654]: DEBUG oslo_concurrency.lockutils [None req-0948c87e-67b4-49b3-b462-88a507a279af tempest-QuotasAdminNegativeTest-1934859558 tempest-QuotasAdminNegativeTest-1934859558-project] Lock "00000000-0000-0000-0000-000000000000" released by "nova.context.set_target_cell..get_or_set_cached_cell_and_set_connections" :: held 0.001s {{(pid=122654) inner /usr/local/lib/python3.8/dist-packages/oslo_concurrency/lockutils.py:367}}
Oct 15 19:36:13.742750 n-d-712140-14 devstack@n-api.service[122654]: DEBUG oslo_concurrency.lockutils [None req-0948c87e-67b4-49b3-b462-88a507a279af tempest-QuotasAdminNegativeTest-1934859558 tempest-QuotasAdminNegativeTest-1934859558-project] Lock "e0469163-a5f1-41eb-8938-20153ddaec5e" acquired by "nova.context.set_target_cell..get_or_set_cached_cell_and_set_connections" :: waited 0.000s {{(pid=122654) inner /usr/local/lib/python3.8/dist-packages/oslo_concurrency/lockutils.py:355}}
Oct 15 19:36:13.743430 n-d-712140-14 devstack@n-api.service[122654]: DEBUG oslo_concurrency.lockutils [None req-0948c87e-67b4-49b3-b462-88a507a279af tempest-QuotasAdminNegativeTest-1934859558 tempest-QuotasAdminNegativeTest-1934859558-project] Lock "e0469163-a5f1-41eb-8938-20153ddaec5e" released by "nova.context.set_target_cell..get_or_set_cached_cell_and_set_connections" :: held 0.001s {{(pid=122654) inner /usr/local/lib/python3.8/dist-packages/oslo_concurrency/lockutils.py:367}}
Oct 15 19:36:13.764108 n-d-712140-14 devstack@n-api.service[122654]: DEBUG nova.quota [None req-0948c87e-67b4-49b3-b462-88a507a279af tempest-QuotasAdminNegativeTest-1934859558 tempest-QuotasAdminNegativeTest-1934859558-project] Getting quotas for project 2194234da5854a34aa8ba2adb1b925ca. Resources: {'instances', 'cores', 'ram'} {{(pid=122654) _get_quotas /opt/stack/nova/nova/quota.py:387}}
Oct 15 19:36:13.768832 n-d-712140-14 devstack@n-api.service[122654]: DEBUG nova.quota [None req-0948c87e-67b4-49b3-b462-88a507a279af tempest-QuotasAdminNegativeTest-1934859558 tempest-QuotasAdminNegativeTest-1934859558-project] Getting quotas for user 9c2a4addc93e41538bd8c07428dea6c1 and project 2194234da5854a34aa8ba2adb1b925ca. Resources: {'instances', 'cores', 'ram'} {{(pid=122654) _get_quotas /opt/stack/nova/nova/quota.py:377}}
Oct 15 19:36:13.783306 n-d-712140-14 devstack@n-api.service[122654]: DEBUG nova.compute.utils [None req-0948c87e-67b4-49b3-b462-88a507a279af tempest-QuotasAdminNegativeTest-1934859558 tempest-QuotasAdminNegativeTest-1934859558-project] cores quota exceeded for 2194234da5854a34aa8ba2adb1b925ca, tried to run 1 instances. Cannot run any more instances of this type. {{(pid=122654) check_num_instances_quota /opt/stack/nova/nova/compute/utils.py:1167}}
Oct 15 19:36:13.784162 n-d-712140-14 devstack@n-api.service[122654]: INFO nova.api.openstack.wsgi [None req-0948c87e-67b4-49b3-b462-88a507a279af tempest-QuotasAdminNegativeTest-1934859558 tempest-QuotasAdminNegativeTest-1934859558-project] HTTP exception thrown: Quota exceeded for cores: Requested 1, but already used 0 of 0 cores
Oct 15 19:36:13.784786 n-d-712140-14 devstack@n-api.service[122654]: DEBUG nova.api.openstack.wsgi [None req-0948c87e-67b4-49b3-b462-88a507a279af tempest-QuotasAdminNegativeTest-1934859558 tempest-QuotasAdminNegativeTest-1934859558-project] Returning 403 to user: Quota exceeded for cores: Requested 1, but already used 0 of 0 cores {{(pid=122654) __call__ /opt/stack/nova/nova/api/openstack/wsgi.py:936}}
Oct 15 19:36:13.785602 n-d-712140-14 devstack@n-api.service[122654]: INFO nova.api.openstack.requestlog [None req-0948c87e-67b4-49b3-b462-88a507a279af tempest-QuotasAdminNegativeTest-1934859558 tempest-QuotasAdminNegativeTest-1934859558-project] 10.222.0.13 "POST /compute/v2.1/servers" status: 403 len: 111 microversion: 2.1 time: 0.428353
Oct 15 19:36:13.786561 n-d-712140-14 devstack@n-api.service[122654]: [pid: 122654|app: 0|req: 114/210] 10.222.0.13 () {60 vars in 1146 bytes} [Fri Oct 15 19:36:13 2021] POST /compute/v2.1/servers => generated 111 bytes in 430 msecs (HTTP/1.1 403) 9 headers in 379 bytes (2 switches on core 0)
Oct 15 19:36:13.791307 n-d-712140-14 devstack@n-api.service[122654]: DEBUG nova.api.openstack.wsgi [req-2381a41c-32b7-4210-a95b-44081ed381e1 req-f48786f6-532c-4e28-afd1-23a37f8269eb service nova] Action: 'create', calling method: >, body: {"events": [{"server_uuid": "e36430bd-159d-4464-96df-0d1514b7d4cf", "name": "network-vif-deleted", "tag": "1b0867ea-bcf2-4a14-8f12-581b9fdd907e"}]} {{(pid=122654) _process_stack /opt/stack/nova/nova/api/openstack/wsgi.py:511}}
Oct 15 19:36:13.792735 n-d-712140-14 devstack@n-api.service[122654]: /usr/local/lib/python3.8/dist-packages/oslo_policy/policy.py:1064: UserWarning: Policy os_compute_api:os-server-external-events:create failed scope check. The token used to make the request was project scoped but the policy requires ['system'] scope. This behavior may change in the future where using the intended scope is required
Oct 15 19:36:13.792735 n-d-712140-14 devstack@n-api.service[122654]: warnings.warn(msg)
Oct 15 19:36:13.822528 n-d-712140-14 devstack@n-api.service[122653]: INFO nova.api.openstack.requestlog [None req-a5d91dfc-689b-4435-8712-cff51a35e24a tempest-AggregatesAdminTestJSON-650621971 tempest-AggregatesAdminTestJSON-650621971-project-admin] 10.222.0.13 "POST /compute/v2.1/os-aggregates" status: 200 len: 197 microversion: 2.1 time: 0.101469
Oct 15 19:36:13.823486 n-d-712140-14 devstack@n-api.service[122653]: [pid: 122653|app: 0|req: 97/211] 10.222.0.13 () {60 vars in 1163 bytes} [Fri Oct 15 19:36:13 2021] POST /compute/v2.1/os-aggregates => generated 197 bytes in 111 msecs (HTTP/1.1 200) 9 headers in 357 bytes (1 switches on core 0)
Oct 15 19:36:13.828777 n-d-712140-14 devstack@n-api.service[122653]: DEBUG nova.api.openstack.wsgi [None req-5159b625-1f00-48bb-ad28-70777fe6d9f1 tempest-ServersWithSpecificFlavorTestJSON-443994178 tempest-ServersWithSpecificFlavorTestJSON-443994178-project] Calling method '>' {{(pid=122653) _process_stack /opt/stack/nova/nova/api/openstack/wsgi.py:513}}
