Feb 09 17:53:46.562731 n-d-712139-31 devstack@n-api.service[124590]: DEBUG oslo_concurrency.lockutils [None req-a0bc20f5-f08d-45a2-8230-8b6021945ae7 tempest-LiveAutoBlockMigrationV225Test-618418953 tempest-LiveAutoBlockMigrationV225Test-618418953-project] Lock "20948282-c4a7-4d8e-bba1-2e346cf41bbf" "released" by "nova.context.set_target_cell..get_or_set_cached_cell_and_set_connections" :: held 0.001s {{(pid=124590) inner /usr/local/lib/python3.8/dist-packages/oslo_concurrency/lockutils.py:400}}
Feb 09 17:53:46.563518 n-d-712139-31 devstack@n-api.service[124590]: DEBUG oslo_concurrency.lockutils [None req-a0bc20f5-f08d-45a2-8230-8b6021945ae7 tempest-LiveAutoBlockMigrationV225Test-618418953 tempest-LiveAutoBlockMigrationV225Test-618418953-project] Lock "20948282-c4a7-4d8e-bba1-2e346cf41bbf" acquired by "nova.context.set_target_cell..get_or_set_cached_cell_and_set_connections" :: waited 0.000s {{(pid=124590) inner /usr/local/lib/python3.8/dist-packages/oslo_concurrency/lockutils.py:386}}
Feb 09 17:53:46.564569 n-d-712139-31 devstack@n-api.service[124590]: DEBUG oslo_concurrency.lockutils [None req-a0bc20f5-f08d-45a2-8230-8b6021945ae7 tempest-LiveAutoBlockMigrationV225Test-618418953 tempest-LiveAutoBlockMigrationV225Test-618418953-project] Lock "20948282-c4a7-4d8e-bba1-2e346cf41bbf" "released" by "nova.context.set_target_cell..get_or_set_cached_cell_and_set_connections" :: held 0.001s {{(pid=124590) inner /usr/local/lib/python3.8/dist-packages/oslo_concurrency/lockutils.py:400}}
Feb 09 17:53:46.710318 n-d-712139-31 devstack@n-api.service[124591]: DEBUG nova.api.openstack.wsgi [None req-c8d0f18f-dda8-4d86-9d5b-e6ad683cd161 tempest-ServersWithSpecificFlavorTestJSON-396483296 tempest-ServersWithSpecificFlavorTestJSON-396483296-project] Calling method '>' {{(pid=124591) _process_stack /opt/stack/nova/nova/api/openstack/wsgi.py:513}}
Feb 09 17:53:46.711099 n-d-712139-31 devstack@n-api.service[124591]: DEBUG nova.compute.api [None req-c8d0f18f-dda8-4d86-9d5b-e6ad683cd161 tempest-ServersWithSpecificFlavorTestJSON-396483296 tempest-ServersWithSpecificFlavorTestJSON-396483296-project] [instance: a4e3d98a-886c-4506-a330-4d382af58041] Fetching instance by UUID {{(pid=124591) get /opt/stack/nova/nova/compute/api.py:2866}}
Feb 09 17:53:46.718589 n-d-712139-31 devstack@n-api.service[124591]: DEBUG oslo_concurrency.lockutils [None req-c8d0f18f-dda8-4d86-9d5b-e6ad683cd161 tempest-ServersWithSpecificFlavorTestJSON-396483296 tempest-ServersWithSpecificFlavorTestJSON-396483296-project] Lock "20948282-c4a7-4d8e-bba1-2e346cf41bbf" acquired by "nova.context.set_target_cell..get_or_set_cached_cell_and_set_connections" :: waited 0.000s {{(pid=124591) inner /usr/local/lib/python3.8/dist-packages/oslo_concurrency/lockutils.py:386}}
Feb 09 17:53:46.719415 n-d-712139-31 devstack@n-api.service[124591]: DEBUG oslo_concurrency.lockutils [None req-c8d0f18f-dda8-4d86-9d5b-e6ad683cd161 tempest-ServersWithSpecificFlavorTestJSON-396483296 tempest-ServersWithSpecificFlavorTestJSON-396483296-project] Lock "20948282-c4a7-4d8e-bba1-2e346cf41bbf" "released" by "nova.context.set_target_cell..get_or_set_cached_cell_and_set_connections" :: held 0.001s {{(pid=124591) inner /usr/local/lib/python3.8/dist-packages/oslo_concurrency/lockutils.py:400}}
Feb 09 17:53:46.720426 n-d-712139-31 devstack@n-api.service[124591]: DEBUG oslo_concurrency.lockutils [None req-c8d0f18f-dda8-4d86-9d5b-e6ad683cd161 tempest-ServersWithSpecificFlavorTestJSON-396483296 tempest-ServersWithSpecificFlavorTestJSON-396483296-project] Lock "20948282-c4a7-4d8e-bba1-2e346cf41bbf" acquired by "nova.context.set_target_cell..get_or_set_cached_cell_and_set_connections" :: waited 0.000s {{(pid=124591) inner /usr/local/lib/python3.8/dist-packages/oslo_concurrency/lockutils.py:386}}
Feb 09 17:53:46.721076 n-d-712139-31 devstack@n-api.service[124591]: DEBUG oslo_concurrency.lockutils [None req-c8d0f18f-dda8-4d86-9d5b-e6ad683cd161 tempest-ServersWithSpecificFlavorTestJSON-396483296 tempest-ServersWithSpecificFlavorTestJSON-396483296-project] Lock "20948282-c4a7-4d8e-bba1-2e346cf41bbf" "released" by "nova.context.set_target_cell..get_or_set_cached_cell_and_set_connections" :: held 0.001s {{(pid=124591) inner /usr/local/lib/python3.8/dist-packages/oslo_concurrency/lockutils.py:400}}
Feb 09 17:53:46.750813 n-d-712139-31 devstack@n-api.service[124590]: DEBUG nova.policy [None req-a0bc20f5-f08d-45a2-8230-8b6021945ae7 tempest-LiveAutoBlockMigrationV225Test-618418953 tempest-LiveAutoBlockMigrationV225Test-618418953-project] Policy check for os_compute_api:os-extended-server-attributes failed with credentials {'is_admin': False, 'user_id': '78982654cdfc45de8dc4c1b6348fa7e5', 'user_domain_id': 'default', 'system_scope': None, 'domain_id': None, 'project_id': 'd80b3b7ca57641d0b2846f49bbedeef6', 'project_domain_id': 'default', 'roles': ['reader', 'member'], 'is_admin_project': True, 'service_user_id': None, 'service_user_domain_id': None, 'service_project_id': None, 'service_project_domain_id': None, 'service_roles': []} {{(pid=124590) authorize /opt/stack/nova/nova/policy.py:199}}
Feb 09 17:53:46.762989 n-d-712139-31 devstack@n-api.service[124590]: DEBUG nova.policy [None req-a0bc20f5-f08d-45a2-8230-8b6021945ae7 tempest-LiveAutoBlockMigrationV225Test-618418953 tempest-LiveAutoBlockMigrationV225Test-618418953-project] Policy check for os_compute_api:servers:show:host_status failed with credentials {'is_admin': False, 'user_id': '78982654cdfc45de8dc4c1b6348fa7e5', 'user_domain_id': 'default', 'system_scope': None, 'domain_id': None, 'project_id': 'd80b3b7ca57641d0b2846f49bbedeef6', 'project_domain_id': 'default', 'roles': ['reader', 'member'], 'is_admin_project': True, 'service_user_id': None, 'service_user_domain_id': None, 'service_project_id': None, 'service_project_domain_id': None, 'service_roles': []} {{(pid=124590) authorize /opt/stack/nova/nova/policy.py:199}}
Feb 09 17:53:46.765917 n-d-712139-31 devstack@n-api.service[124590]: DEBUG nova.policy [None req-a0bc20f5-f08d-45a2-8230-8b6021945ae7 tempest-LiveAutoBlockMigrationV225Test-618418953 tempest-LiveAutoBlockMigrationV225Test-618418953-project] Policy check for os_compute_api:servers:show:host_status:unknown-only failed with credentials {'is_admin': False, 'user_id': '78982654cdfc45de8dc4c1b6348fa7e5', 'user_domain_id': 'default', 'system_scope': None, 'domain_id': None, 'project_id': 'd80b3b7ca57641d0b2846f49bbedeef6', 'project_domain_id': 'default', 'roles': ['reader', 'member'], 'is_admin_project': True, 'service_user_id': None, 'service_user_domain_id': None, 'service_project_id': None, 'service_project_domain_id': None, 'service_roles': []} {{(pid=124590) authorize /opt/stack/nova/nova/policy.py:199}}
Feb 09 17:53:46.767437 n-d-712139-31 devstack@n-api.service[124590]: INFO nova.api.openstack.requestlog [None req-a0bc20f5-f08d-45a2-8230-8b6021945ae7 tempest-LiveAutoBlockMigrationV225Test-618418953 tempest-LiveAutoBlockMigrationV225Test-618418953-project] 10.222.0.30 "GET /compute/v2.1/servers/cbe8f028-125d-4b30-b671-9688d6f48ec7" status: 200 len: 1384 microversion: 2.25 time: 0.217728
Feb 09 17:53:46.768599 n-d-712139-31 devstack@n-api.service[124590]: [pid: 124590|app: 0|req: 89/161] 10.222.0.30 () {60 vars in 1276 bytes} [Wed Feb 9 17:53:46 2022] GET /compute/v2.1/servers/cbe8f028-125d-4b30-b671-9688d6f48ec7 => generated 1384 bytes in 219 msecs (HTTP/1.1 200) 9 headers in 360 bytes (1 switches on core 0)
Feb 09 17:53:46.936580 n-d-712139-31 devstack@n-api.service[124591]: DEBUG nova.policy [None req-c8d0f18f-dda8-4d86-9d5b-e6ad683cd161 tempest-ServersWithSpecificFlavorTestJSON-396483296 tempest-ServersWithSpecificFlavorTestJSON-396483296-project] Policy check for os_compute_api:os-extended-server-attributes failed with credentials {'is_admin': False, 'user_id': '39bf6783a1154396b83aa785b0aaf671', 'user_domain_id': 'default', 'system_scope': None, 'domain_id': None, 'project_id': 'b963f3edcc974ead85a3f08779d9e396', 'project_domain_id': 'default', 'roles': ['reader', 'member'], 'is_admin_project': True, 'service_user_id': None, 'service_user_domain_id': None, 'service_project_id': None, 'service_project_domain_id': None, 'service_roles': []} {{(pid=124591) authorize /opt/stack/nova/nova/policy.py:199}}
Feb 09 17:53:46.945086 n-d-712139-31 devstack@n-api.service[124591]: INFO nova.api.openstack.requestlog [None req-c8d0f18f-dda8-4d86-9d5b-e6ad683cd161 tempest-ServersWithSpecificFlavorTestJSON-396483296 tempest-ServersWithSpecificFlavorTestJSON-396483296-project] 10.222.0.30 "GET /compute/v2.1/servers/a4e3d98a-886c-4506-a330-4d382af58041" status: 200 len: 1411 microversion: 2.1 time: 0.239186
Feb 09 17:53:46.946882 n-d-712139-31 devstack@n-api.service[124591]: [pid: 124591|app: 0|req: 73/162] 10.222.0.30 () {58 vars in 1235 bytes} [Wed Feb 9 17:53:46 2022] GET /compute/v2.1/servers/a4e3d98a-886c-4506-a330-4d382af58041 => generated 1411 bytes in 242 msecs (HTTP/1.1 200) 9 headers in 358 bytes (1 switches on core 0)
Feb 09 17:53:47.152481 n-d-712139-31 devstack@n-api.service[124591]: DEBUG nova.api.openstack.wsgi [None req-23dcff14-2767-40d1-a6ec-5beac4a19d8e tempest-DeleteServersAdminTestJSON-359228760 tempest-DeleteServersAdminTestJSON-359228760-project] Calling method '>' {{(pid=124591) _process_stack /opt/stack/nova/nova/api/openstack/wsgi.py:513}}
Feb 09 17:53:47.153136 n-d-712139-31 devstack@n-api.service[124591]: DEBUG nova.compute.api [None req-23dcff14-2767-40d1-a6ec-5beac4a19d8e tempest-DeleteServersAdminTestJSON-359228760 tempest-DeleteServersAdminTestJSON-359228760-project] [instance: a2be3017-28ad-4924-8b76-e521f74af123] Fetching instance by UUID {{(pid=124591) get /opt/stack/nova/nova/compute/api.py:2866}}
Feb 09 17:53:47.160111 n-d-712139-31 devstack@n-api.service[124591]: DEBUG oslo_concurrency.lockutils [None req-23dcff14-2767-40d1-a6ec-5beac4a19d8e tempest-DeleteServersAdminTestJSON-359228760 tempest-DeleteServersAdminTestJSON-359228760-project] Lock "20948282-c4a7-4d8e-bba1-2e346cf41bbf" acquired by "nova.context.set_target_cell..get_or_set_cached_cell_and_set_connections" :: waited 0.000s {{(pid=124591) inner /usr/local/lib/python3.8/dist-packages/oslo_concurrency/lockutils.py:386}}
Feb 09 17:53:47.160111 n-d-712139-31 devstack@n-api.service[124591]: DEBUG oslo_concurrency.lockutils [None req-23dcff14-2767-40d1-a6ec-5beac4a19d8e tempest-DeleteServersAdminTestJSON-359228760 tempest-DeleteServersAdminTestJSON-359228760-project] Lock "20948282-c4a7-4d8e-bba1-2e346cf41bbf" "released" by "nova.context.set_target_cell..get_or_set_cached_cell_and_set_connections" :: held 0.001s {{(pid=124591) inner /usr/local/lib/python3.8/dist-packages/oslo_concurrency/lockutils.py:400}}
Feb 09 17:53:47.160843 n-d-712139-31 devstack@n-api.service[124591]: DEBUG oslo_concurrency.lockutils [None req-23dcff14-2767-40d1-a6ec-5beac4a19d8e tempest-DeleteServersAdminTestJSON-359228760 tempest-DeleteServersAdminTestJSON-359228760-project] Lock "20948282-c4a7-4d8e-bba1-2e346cf41bbf" acquired by "nova.context.set_target_cell..get_or_set_cached_cell_and_set_connections" :: waited 0.000s {{(pid=124591) inner /usr/local/lib/python3.8/dist-packages/oslo_concurrency/lockutils.py:386}}
Feb 09 17:53:47.161278 n-d-712139-31 devstack@n-api.service[124591]: DEBUG oslo_concurrency.lockutils [None req-23dcff14-2767-40d1-a6ec-5beac4a19d8e tempest-DeleteServersAdminTestJSON-359228760 tempest-DeleteServersAdminTestJSON-359228760-project] Lock "20948282-c4a7-4d8e-bba1-2e346cf41bbf" "released" by "nova.context.set_target_cell..get_or_set_cached_cell_and_set_connections" :: held 0.000s {{(pid=124591) inner /usr/local/lib/python3.8/dist-packages/oslo_concurrency/lockutils.py:400}}
Feb 09 17:53:47.314280 n-d-712139-31 devstack@n-api.service[124591]: DEBUG nova.policy [None req-23dcff14-2767-40d1-a6ec-5beac4a19d8e tempest-DeleteServersAdminTestJSON-359228760 tempest-DeleteServersAdminTestJSON-359228760-project] Policy check for os_compute_api:os-extended-server-attributes failed with credentials {'is_admin': False, 'user_id': 'f0039cc115a540c7afeb61f01df1de6d', 'user_domain_id': 'default', 'system_scope': None, 'domain_id': None, 'project_id': 'f35ea0bc68a249a89135afdf3bc15278', 'project_domain_id': 'default', 'roles': ['reader', 'member'], 'is_admin_project': True, 'service_user_id': None, 'service_user_domain_id': None, 'service_project_id': None, 'service_project_domain_id': None, 'service_roles': []} {{(pid=124591) authorize /opt/stack/nova/nova/policy.py:199}}
Feb 09 17:53:47.323249 n-d-712139-31 devstack@n-api.service[124591]: INFO nova.api.openstack.requestlog [None req-23dcff14-2767-40d1-a6ec-5beac4a19d8e tempest-DeleteServersAdminTestJSON-359228760 tempest-DeleteServersAdminTestJSON-359228760-project] 10.222.0.30 "GET /compute/v2.1/servers/a2be3017-28ad-4924-8b76-e521f74af123" status: 200 len: 1319 microversion: 2.1 time: 0.174390
Feb 09 17:53:47.324275 n-d-712139-31 devstack@n-api.service[124591]: [pid: 124591|app: 0|req: 74/163] 10.222.0.30 () {58 vars in 1235 bytes} [Wed Feb 9 17:53:47 2022] GET /compute/v2.1/servers/a2be3017-28ad-4924-8b76-e521f74af123 => generated 1319 bytes in 176 msecs (HTTP/1.1 200) 9 headers in 358 bytes (2 switches on core 0)
Feb 09 17:53:47.329492 n-d-712139-31 devstack@n-api.service[124591]: DEBUG nova.api.openstack.wsgi [None req-b2133b72-b929-4721-917e-26c0781cc271 tempest-AggregatesAdminTestJSON-826854806 tempest-AggregatesAdminTestJSON-826854806-project] Calling method '>' {{(pid=124591) _process_stack /opt/stack/nova/nova/api/openstack/wsgi.py:513}}
Feb 09 17:53:47.330287 n-d-712139-31 devstack@n-api.service[124591]: DEBUG nova.compute.api [None req-b2133b72-b929-4721-917e-26c0781cc271 tempest-AggregatesAdminTestJSON-826854806 tempest-AggregatesAdminTestJSON-826854806-project] [instance: 174ca87a-beed-43d8-a0e1-8a1998527fa7] Fetching instance by UUID {{(pid=124591) get /opt/stack/nova/nova/compute/api.py:2866}}
Feb 09 17:53:47.336619 n-d-712139-31 devstack@n-api.service[124591]: DEBUG oslo_concurrency.lockutils [None req-b2133b72-b929-4721-917e-26c0781cc271 tempest-AggregatesAdminTestJSON-826854806 tempest-AggregatesAdminTestJSON-826854806-project] Lock "20948282-c4a7-4d8e-bba1-2e346cf41bbf" acquired by "nova.context.set_target_cell..get_or_set_cached_cell_and_set_connections" :: waited 0.000s {{(pid=124591) inner /usr/local/lib/python3.8/dist-packages/oslo_concurrency/lockutils.py:386}}
Feb 09 17:53:47.337078 n-d-712139-31 devstack@n-api.service[124591]: DEBUG oslo_concurrency.lockutils [None req-b2133b72-b929-4721-917e-26c0781cc271 tempest-AggregatesAdminTestJSON-826854806 tempest-AggregatesAdminTestJSON-826854806-project] Lock "20948282-c4a7-4d8e-bba1-2e346cf41bbf" "released" by "nova.context.set_target_cell..get_or_set_cached_cell_and_set_connections" :: held 0.001s {{(pid=124591) inner /usr/local/lib/python3.8/dist-packages/oslo_concurrency/lockutils.py:400}}
Feb 09 17:53:47.338088 n-d-712139-31 devstack@n-api.service[124591]: DEBUG oslo_concurrency.lockutils [None req-b2133b72-b929-4721-917e-26c0781cc271 tempest-AggregatesAdminTestJSON-826854806 tempest-AggregatesAdminTestJSON-826854806-project] Lock "20948282-c4a7-4d8e-bba1-2e346cf41bbf" acquired by "nova.context.set_target_cell..get_or_set_cached_cell_and_set_connections" :: waited 0.000s {{(pid=124591) inner /usr/local/lib/python3.8/dist-packages/oslo_concurrency/lockutils.py:386}}
Feb 09 17:53:47.338532 n-d-712139-31 devstack@n-api.service[124591]: DEBUG oslo_concurrency.lockutils [None req-b2133b72-b929-4721-917e-26c0781cc271 tempest-AggregatesAdminTestJSON-826854806 tempest-AggregatesAdminTestJSON-826854806-project] Lock "20948282-c4a7-4d8e-bba1-2e346cf41bbf" "released" by "nova.context.set_target_cell..get_or_set_cached_cell_and_set_connections" :: held 0.000s {{(pid=124591) inner /usr/local/lib/python3.8/dist-packages/oslo_concurrency/lockutils.py:400}}
Feb 09 17:53:47.354150 n-d-712139-31 devstack@n-api.service[124590]: DEBUG nova.api.openstack.wsgi [None req-736bb267-3d06-4f93-9437-967fb261258a tempest-QuotasAdminNegativeTest-1515203542 tempest-QuotasAdminNegativeTest-1515203542-project-admin] Calling method '.version_select at 0x7fcf69fabee0>' {{(pid=124590) _process_stack /opt/stack/nova/nova/api/openstack/wsgi.py:513}}
Feb 09 17:53:47.577949 n-d-712139-31 devstack@n-api.service[124590]: INFO nova.api.openstack.requestlog [None req-736bb267-3d06-4f93-9437-967fb261258a tempest-QuotasAdminNegativeTest-1515203542 tempest-QuotasAdminNegativeTest-1515203542-project-admin] 10.222.0.30 "GET /compute/v2.1/os-quota-sets/a1d64f4b72044ba19d7e6cfa184ed68a" status: 200 len: 371 microversion: 2.1 time: 0.536796
Feb 09 17:53:47.580666 n-d-712139-31 devstack@n-api.service[124590]: [pid: 124590|app: 0|req: 90/164] 10.222.0.30 () {58 vars in 1241 bytes} [Wed Feb 9 17:53:47 2022] GET /compute/v2.1/os-quota-sets/a1d64f4b72044ba19d7e6cfa184ed68a => generated 371 bytes in 540 msecs (HTTP/1.1 200) 9 headers in 357 bytes (1 switches on core 0)
Feb 09 17:53:47.591040 n-d-712139-31 devstack@n-api.service[124590]: DEBUG nova.api.openstack.wsgi [None req-f1478348-6c01-4f2c-84ef-2bf0d59afa68 tempest-QuotasAdminNegativeTest-1515203542 tempest-QuotasAdminNegativeTest-1515203542-project-admin] Action: 'update', calling method: .version_select at 0x7fcf69f35310>, body: {"quota_set": {"force": true, "cores": 0}} {{(pid=124590) _process_stack /opt/stack/nova/nova/api/openstack/wsgi.py:511}}
Feb 09 17:53:47.593589 n-d-712139-31 devstack@n-api.service[124590]: /usr/local/lib/python3.8/dist-packages/oslo_policy/policy.py:1119: UserWarning: Policy "os_compute_api:os-quota-sets:update": "rule:system_admin_api" failed scope check. The token used to make the request was project scoped but the policy requires ['system'] scope. This behavior may change in the future where using the intended scope is required
Feb 09 17:53:47.593589 n-d-712139-31 devstack@n-api.service[124590]: warnings.warn(msg)
Feb 09 17:53:47.681512 n-d-712139-31 devstack@n-api.service[124590]: DEBUG oslo_concurrency.lockutils [None req-f1478348-6c01-4f2c-84ef-2bf0d59afa68 tempest-QuotasAdminNegativeTest-1515203542 tempest-QuotasAdminNegativeTest-1515203542-project-admin] Lock "00000000-0000-0000-0000-000000000000" acquired by "nova.context.set_target_cell..get_or_set_cached_cell_and_set_connections" :: waited 0.001s {{(pid=124590) inner /usr/local/lib/python3.8/dist-packages/oslo_concurrency/lockutils.py:386}}
Feb 09 17:53:47.683090 n-d-712139-31 devstack@n-api.service[124590]: DEBUG oslo_concurrency.lockutils [None req-f1478348-6c01-4f2c-84ef-2bf0d59afa68 tempest-QuotasAdminNegativeTest-1515203542 tempest-QuotasAdminNegativeTest-1515203542-project-admin] Lock "00000000-0000-0000-0000-000000000000" "released" by "nova.context.set_target_cell..get_or_set_cached_cell_and_set_connections" :: held 0.001s {{(pid=124590) inner /usr/local/lib/python3.8/dist-packages/oslo_concurrency/lockutils.py:400}}
Feb 09 17:53:47.684696 n-d-712139-31 devstack@n-api.service[124590]: DEBUG oslo_concurrency.lockutils [None req-f1478348-6c01-4f2c-84ef-2bf0d59afa68 tempest-QuotasAdminNegativeTest-1515203542 tempest-QuotasAdminNegativeTest-1515203542-project-admin] Lock "20948282-c4a7-4d8e-bba1-2e346cf41bbf" acquired by "nova.context.set_target_cell..get_or_set_cached_cell_and_set_connections" :: waited 0.000s {{(pid=124590) inner /usr/local/lib/python3.8/dist-packages/oslo_concurrency/lockutils.py:386}}
Feb 09 17:53:47.684978 n-d-712139-31 devstack@n-api.service[124591]: DEBUG nova.policy [None req-b2133b72-b929-4721-917e-26c0781cc271 tempest-AggregatesAdminTestJSON-826854806 tempest-AggregatesAdminTestJSON-826854806-project] Policy check for os_compute_api:os-extended-server-attributes failed with credentials {'is_admin': False, 'user_id': '06323d36730f4a2aae59d0b61a43dfcb', 'user_domain_id': 'default', 'system_scope': None, 'domain_id': None, 'project_id': '66cf5faa8b9d4e05b93b8f4f5a8664f4', 'project_domain_id': 'default', 'roles': ['reader', 'member'], 'is_admin_project': True, 'service_user_id': None, 'service_user_domain_id': None, 'service_project_id': None, 'service_project_domain_id': None, 'service_roles': []} {{(pid=124591) authorize /opt/stack/nova/nova/policy.py:199}}
Feb 09 17:53:47.687219 n-d-712139-31 devstack@n-api.service[124590]: DEBUG oslo_concurrency.lockutils [None req-f1478348-6c01-4f2c-84ef-2bf0d59afa68 tempest-QuotasAdminNegativeTest-1515203542 tempest-QuotasAdminNegativeTest-1515203542-project-admin] Lock "20948282-c4a7-4d8e-bba1-2e346cf41bbf" "released" by "nova.context.set_target_cell..get_or_set_cached_cell_and_set_connections" :: held 0.001s {{(pid=124590) inner /usr/local/lib/python3.8/dist-packages/oslo_concurrency/lockutils.py:400}}
Feb 09 17:53:47.692786 n-d-712139-31 devstack@n-api.service[124591]: INFO nova.api.openstack.requestlog [None req-b2133b72-b929-4721-917e-26c0781cc271 tempest-AggregatesAdminTestJSON-826854806 tempest-AggregatesAdminTestJSON-826854806-project] 10.222.0.30 "GET /compute/v2.1/servers/174ca87a-beed-43d8-a0e1-8a1998527fa7" status: 200 len: 1338 microversion: 2.1 time: 0.367054
Feb 09 17:53:47.703767 n-d-712139-31 devstack@n-api.service[124591]: [pid: 124591|app: 0|req: 75/165] 10.222.0.30 () {58 vars in 1235 bytes} [Wed Feb 9 17:53:47 2022] GET /compute/v2.1/servers/174ca87a-beed-43d8-a0e1-8a1998527fa7 => generated 1338 bytes in 379 msecs (HTTP/1.1 200) 9 headers in 358 bytes (1 switches on core 0)
Feb 09 17:53:47.786615 n-d-712139-31 devstack@n-api.service[124591]: DEBUG nova.api.openstack.wsgi [None req-b86985b0-0acb-4116-b108-fb26d44bce52 tempest-LiveAutoBlockMigrationV225Test-618418953 tempest-LiveAutoBlockMigrationV225Test-618418953-project] Calling method '>' {{(pid=124591) _process_stack /opt/stack/nova/nova/api/openstack/wsgi.py:513}}
Feb 09 17:53:47.787305 n-d-712139-31 devstack@n-api.service[124591]: DEBUG nova.compute.api [None req-b86985b0-0acb-4116-b108-fb26d44bce52 tempest-LiveAutoBlockMigrationV225Test-618418953 tempest-LiveAutoBlockMigrationV225Test-618418953-project] [instance: cbe8f028-125d-4b30-b671-9688d6f48ec7] Fetching instance by UUID {{(pid=124591) get /opt/stack/nova/nova/compute/api.py:2866}}
Feb 09 17:53:47.794231 n-d-712139-31 devstack@n-api.service[124591]: DEBUG oslo_concurrency.lockutils [None req-b86985b0-0acb-4116-b108-fb26d44bce52 tempest-LiveAutoBlockMigrationV225Test-618418953 tempest-LiveAutoBlockMigrationV225Test-618418953-project] Lock "20948282-c4a7-4d8e-bba1-2e346cf41bbf" acquired by "nova.context.set_target_cell..get_or_set_cached_cell_and_set_connections" :: waited 0.000s {{(pid=124591) inner /usr/local/lib/python3.8/dist-packages/oslo_concurrency/lockutils.py:386}}
Feb 09 17:53:47.794682 n-d-712139-31 devstack@n-api.service[124591]: DEBUG oslo_concurrency.lockutils [None req-b86985b0-0acb-4116-b108-fb26d44bce52 tempest-LiveAutoBlockMigrationV225Test-618418953 tempest-LiveAutoBlockMigrationV225Test-618418953-project] Lock "20948282-c4a7-4d8e-bba1-2e346cf41bbf" "released" by "nova.context.set_target_cell..get_or_set_cached_cell_and_set_connections" :: held 0.001s {{(pid=124591) inner /usr/local/lib/python3.8/dist-packages/oslo_concurrency/lockutils.py:400}}
Feb 09 17:53:47.795469 n-d-712139-31 devstack@n-api.service[124591]: DEBUG oslo_concurrency.lockutils [None req-b86985b0-0acb-4116-b108-fb26d44bce52 tempest-LiveAutoBlockMigrationV225Test-618418953 tempest-LiveAutoBlockMigrationV225Test-618418953-project] Lock "20948282-c4a7-4d8e-bba1-2e346cf41bbf" acquired by "nova.context.set_target_cell..get_or_set_cached_cell_and_set_connections" :: waited 0.000s {{(pid=124591) inner /usr/local/lib/python3.8/dist-packages/oslo_concurrency/lockutils.py:386}}
Feb 09 17:53:47.795905 n-d-712139-31 devstack@n-api.service[124591]: DEBUG oslo_concurrency.lockutils [None req-b86985b0-0acb-4116-b108-fb26d44bce52 tempest-LiveAutoBlockMigrationV225Test-618418953 tempest-LiveAutoBlockMigrationV225Test-618418953-project] Lock "20948282-c4a7-4d8e-bba1-2e346cf41bbf" "released" by "nova.context.set_target_cell..get_or_set_cached_cell_and_set_connections" :: held 0.000s {{(pid=124591) inner /usr/local/lib/python3.8/dist-packages/oslo_concurrency/lockutils.py:400}}
Feb 09 17:53:47.863674 n-d-712139-31 devstack@n-api.service[124590]: INFO nova.api.openstack.requestlog [None req-f1478348-6c01-4f2c-84ef-2bf0d59afa68 tempest-QuotasAdminNegativeTest-1515203542 tempest-QuotasAdminNegativeTest-1515203542-project-admin] 10.222.0.30 "PUT /compute/v2.1/os-quota-sets/a1d64f4b72044ba19d7e6cfa184ed68a" status: 200 len: 328 microversion: 2.1 time: 0.276801
Feb 09 17:53:47.865040 n-d-712139-31 devstack@n-api.service[124590]: [pid: 124590|app: 0|req: 91/166] 10.222.0.30 () {60 vars in 1261 bytes} [Wed Feb 9 17:53:47 2022] PUT /compute/v2.1/os-quota-sets/a1d64f4b72044ba19d7e6cfa184ed68a => generated 328 bytes in 279 msecs (HTTP/1.1 200) 9 headers in 357 bytes (2 switches on core 0)
Feb 09 17:53:47.950002 n-d-712139-31 devstack@n-api.service[124591]: DEBUG nova.policy [None req-b86985b0-0acb-4116-b108-fb26d44bce52 tempest-LiveAutoBlockMigrationV225Test-618418953 tempest-LiveAutoBlockMigrationV225Test-618418953-project] Policy check for os_compute_api:os-extended-server-attributes failed with credentials {'is_admin': False, 'user_id': '78982654cdfc45de8dc4c1b6348fa7e5', 'user_domain_id': 'default', 'system_scope': None, 'domain_id': None, 'project_id': 'd80b3b7ca57641d0b2846f49bbedeef6', 'project_domain_id': 'default', 'roles': ['reader', 'member'], 'is_admin_project': True, 'service_user_id': None, 'service_user_domain_id': None, 'service_project_id': None, 'service_project_domain_id': None, 'service_roles': []} {{(pid=124591) authorize /opt/stack/nova/nova/policy.py:199}}
Feb 09 17:53:47.963427 n-d-712139-31 devstack@n-api.service[124591]: DEBUG nova.policy [None req-b86985b0-0acb-4116-b108-fb26d44bce52 tempest-LiveAutoBlockMigrationV225Test-618418953 tempest-LiveAutoBlockMigrationV225Test-618418953-project] Policy check for os_compute_api:servers:show:host_status failed with credentials {'is_admin': False, 'user_id': '78982654cdfc45de8dc4c1b6348fa7e5', 'user_domain_id': 'default', 'system_scope': None, 'domain_id': None, 'project_id': 'd80b3b7ca57641d0b2846f49bbedeef6', 'project_domain_id': 'default', 'roles': ['reader', 'member'], 'is_admin_project': True, 'service_user_id': None, 'service_user_domain_id': None, 'service_project_id': None, 'service_project_domain_id': None, 'service_roles': []} {{(pid=124591) authorize /opt/stack/nova/nova/policy.py:199}}
Feb 09 17:53:47.965183 n-d-712139-31 devstack@n-api.service[124591]: DEBUG nova.policy [None req-b86985b0-0acb-4116-b108-fb26d44bce52 tempest-LiveAutoBlockMigrationV225Test-618418953 tempest-LiveAutoBlockMigrationV225Test-618418953-project] Policy check for os_compute_api:servers:show:host_status:unknown-only failed with credentials {'is_admin': False, 'user_id': '78982654cdfc45de8dc4c1b6348fa7e5', 'user_domain_id': 'default', 'system_scope': None, 'domain_id': None, 'project_id': 'd80b3b7ca57641d0b2846f49bbedeef6', 'project_domain_id': 'default', 'roles': ['reader', 'member'], 'is_admin_project': True, 'service_user_id': None, 'service_user_domain_id': None, 'service_project_id': None, 'service_project_domain_id': None, 'service_roles': []} {{(pid=124591) authorize /opt/stack/nova/nova/policy.py:199}}
Feb 09 17:53:47.966332 n-d-712139-31 devstack@n-api.service[124591]: INFO nova.api.openstack.requestlog [None req-b86985b0-0acb-4116-b108-fb26d44bce52 tempest-LiveAutoBlockMigrationV225Test-618418953 tempest-LiveAutoBlockMigrationV225Test-618418953-project] 10.222.0.30 "GET /compute/v2.1/servers/cbe8f028-125d-4b30-b671-9688d6f48ec7" status: 200 len: 1384 microversion: 2.25 time: 0.184389
Feb 09 17:53:47.966895 n-d-712139-31 devstack@n-api.service[124591]: [pid: 124591|app: 0|req: 76/167] 10.222.0.30 () {60 vars in 1276 bytes} [Wed Feb 9 17:53:47 2022] GET /compute/v2.1/servers/cbe8f028-125d-4b30-b671-9688d6f48ec7 => generated 1384 bytes in 186 msecs (HTTP/1.1 200) 9 headers in 360 bytes (2 switches on core 0)
Feb 09 17:53:47.971738 n-d-712139-31 devstack@n-api.service[124591]: DEBUG nova.api.openstack.wsgi [None req-44dd6b21-dd70-4609-a105-1a4063ede02f tempest-ServersWithSpecificFlavorTestJSON-396483296 tempest-ServersWithSpecificFlavorTestJSON-396483296-project] Calling method '>' {{(pid=124591) _process_stack /opt/stack/nova/nova/api/openstack/wsgi.py:513}}
Feb 09 17:53:47.972502 n-d-712139-31 devstack@n-api.service[124591]: DEBUG nova.compute.api [None req-44dd6b21-dd70-4609-a105-1a4063ede02f tempest-ServersWithSpecificFlavorTestJSON-396483296 tempest-ServersWithSpecificFlavorTestJSON-396483296-project] [instance: a4e3d98a-886c-4506-a330-4d382af58041] Fetching instance by UUID {{(pid=124591) get /opt/stack/nova/nova/compute/api.py:2866}}
Feb 09 17:53:47.979154 n-d-712139-31 devstack@n-api.service[124591]: DEBUG oslo_concurrency.lockutils [None req-44dd6b21-dd70-4609-a105-1a4063ede02f tempest-ServersWithSpecificFlavorTestJSON-396483296 tempest-ServersWithSpecificFlavorTestJSON-396483296-project] Lock "20948282-c4a7-4d8e-bba1-2e346cf41bbf" acquired by "nova.context.set_target_cell..get_or_set_cached_cell_and_set_connections" :: waited 0.000s {{(pid=124591) inner /usr/local/lib/python3.8/dist-packages/oslo_concurrency/lockutils.py:386}}
Feb 09 17:53:47.979617 n-d-712139-31 devstack@n-api.service[124591]: DEBUG oslo_concurrency.lockutils [None req-44dd6b21-dd70-4609-a105-1a4063ede02f tempest-ServersWithSpecificFlavorTestJSON-396483296 tempest-ServersWithSpecificFlavorTestJSON-396483296-project] Lock "20948282-c4a7-4d8e-bba1-2e346cf41bbf" "released" by "nova.context.set_target_cell..get_or_set_cached_cell_and_set_connections" :: held 0.001s {{(pid=124591) inner /usr/local/lib/python3.8/dist-packages/oslo_concurrency/lockutils.py:400}}
Feb 09 17:53:47.980408 n-d-712139-31 devstack@n-api.service[124591]: DEBUG oslo_concurrency.lockutils [None req-44dd6b21-dd70-4609-a105-1a4063ede02f tempest-ServersWithSpecificFlavorTestJSON-396483296 tempest-ServersWithSpecificFlavorTestJSON-396483296-project] Lock "20948282-c4a7-4d8e-bba1-2e346cf41bbf" acquired by "nova.context.set_target_cell..get_or_set_cached_cell_and_set_connections" :: waited 0.000s {{(pid=124591) inner /usr/local/lib/python3.8/dist-packages/oslo_concurrency/lockutils.py:386}}
Feb 09 17:53:47.980941 n-d-712139-31 devstack@n-api.service[124591]: DEBUG oslo_concurrency.lockutils [None req-44dd6b21-dd70-4609-a105-1a4063ede02f tempest-ServersWithSpecificFlavorTestJSON-396483296 tempest-ServersWithSpecificFlavorTestJSON-396483296-project] Lock "20948282-c4a7-4d8e-bba1-2e346cf41bbf" "released" by "nova.context.set_target_cell..get_or_set_cached_cell_and_set_connections" :: held 0.001s {{(pid=124591) inner /usr/local/lib/python3.8/dist-packages/oslo_concurrency/lockutils.py:400}}
Feb 09 17:53:48.128385 n-d-712139-31 devstack@n-api.service[124590]: DEBUG nova.api.openstack.wsgi [None req-ac0c9805-01b6-47df-a96a-e3da38ba12a8 tempest-FlavorsAccessNegativeTestJSON-927148743 tempest-FlavorsAccessNegativeTestJSON-927148743-project-admin] Action: 'create', calling method: >, body: {"flavor": {"ram": 512, "vcpus": 1, "disk": 10, "name": "tempest-FlavorsAccessNegativeTestJSON-flavor-857634192", "id": 1068427130, "os-flavor-access:is_public": "False"}} {{(pid=124590) _process_stack /opt/stack/nova/nova/api/openstack/wsgi.py:511}}
Feb 09 17:53:48.130957 n-d-712139-31 devstack@n-api.service[124590]: /usr/local/lib/python3.8/dist-packages/oslo_policy/policy.py:1119: UserWarning: Policy "os_compute_api:os-flavor-manage:create": "rule:system_admin_api" failed scope check. The token used to make the request was project scoped but the policy requires ['system'] scope. This behavior may change in the future where using the intended scope is required
Feb 09 17:53:48.130957 n-d-712139-31 devstack@n-api.service[124590]: warnings.warn(msg)
Feb 09 17:53:48.132114 n-d-712139-31 devstack@n-api.service[124591]: DEBUG nova.policy [None req-44dd6b21-dd70-4609-a105-1a4063ede02f tempest-ServersWithSpecificFlavorTestJSON-396483296 tempest-ServersWithSpecificFlavorTestJSON-396483296-project] Policy check for os_compute_api:os-extended-server-attributes failed with credentials {'is_admin': False, 'user_id': '39bf6783a1154396b83aa785b0aaf671', 'user_domain_id': 'default', 'system_scope': None, 'domain_id': None, 'project_id': 'b963f3edcc974ead85a3f08779d9e396', 'project_domain_id': 'default', 'roles': ['reader', 'member'], 'is_admin_project': True, 'service_user_id': None, 'service_user_domain_id': None, 'service_project_id': None, 'service_project_domain_id': None, 'service_roles': []} {{(pid=124591) authorize /opt/stack/nova/nova/policy.py:199}}
Feb 09 17:53:48.140547 n-d-712139-31 devstack@n-api.service[124591]: INFO nova.api.openstack.requestlog [None req-44dd6b21-dd70-4609-a105-1a4063ede02f tempest-ServersWithSpecificFlavorTestJSON-396483296 tempest-ServersWithSpecificFlavorTestJSON-396483296-project] 10.222.0.30 "GET /compute/v2.1/servers/a4e3d98a-886c-4506-a330-4d382af58041" status: 200 len: 1411 microversion: 2.1 time: 0.172288
Feb 09 17:53:48.141122 n-d-712139-31 devstack@n-api.service[124591]: [pid: 124591|app: 0|req: 77/168] 10.222.0.30 () {58 vars in 1235 bytes} [Wed Feb 9 17:53:47 2022] GET /compute/v2.1/servers/a4e3d98a-886c-4506-a330-4d382af58041 => generated 1411 bytes in 173 msecs (HTTP/1.1 200) 9 headers in 358 bytes (1 switches on core 0)
Feb 09 17:53:48.205677 n-d-712139-31 devstack@n-api.service[124591]: DEBUG nova.api.openstack.wsgi [None req-419c94ac-f1f5-4ffc-8595-eaceed93c015 tempest-QuotasAdminNegativeTest-1060439702 tempest-QuotasAdminNegativeTest-1060439702-project] Action: 'create', calling method: >, body: {"server": {"name": "tempest-QuotasAdminNegativeTest-server-1499575847", "imageRef": "26b28552-b311-4689-b971-d81213d81a52", "flavorRef": "452"}} {{(pid=124591) _process_stack /opt/stack/nova/nova/api/openstack/wsgi.py:511}}
Feb 09 17:53:48.231284 n-d-712139-31 devstack@n-api.service[124590]: INFO nova.api.openstack.requestlog [None req-ac0c9805-01b6-47df-a96a-e3da38ba12a8 tempest-FlavorsAccessNegativeTestJSON-927148743 tempest-FlavorsAccessNegativeTestJSON-927148743-project-admin] 10.222.0.30 "POST /compute/v2.1/flavors" status: 200 len: 438 microversion: 2.1 time: 0.279908
Feb 09 17:53:48.231284 n-d-712139-31 devstack@n-api.service[124590]: [pid: 124590|app: 0|req: 92/169] 10.222.0.30 () {60 vars in 1146 bytes} [Wed Feb 9 17:53:47 2022] POST /compute/v2.1/flavors => generated 438 bytes in 283 msecs (HTTP/1.1 200) 9 headers in 357 bytes (1 switches on core 0)
Feb 09 17:53:48.236218 n-d-712139-31 devstack@n-api.service[124590]: DEBUG nova.api.openstack.wsgi [None req-5ec22e70-8b2b-4ec7-acf2-577de97476e7 tempest-FlavorsAccessNegativeTestJSON-927148743 tempest-FlavorsAccessNegativeTestJSON-927148743-project-admin] Action: 'action', calling method: >, body: {"addTenantAccess": {"tenant": "afe4801966744442b02a9283d89ca43c"}} {{(pid=124590) _process_stack /opt/stack/nova/nova/api/openstack/wsgi.py:511}}
Feb 09 17:53:48.237470 n-d-712139-31 devstack@n-api.service[124590]: /usr/local/lib/python3.8/dist-packages/oslo_policy/policy.py:1119: UserWarning: Policy "os_compute_api:os-flavor-access:add_tenant_access": "rule:system_admin_api" failed scope check. The token used to make the request was project scoped but the policy requires ['system'] scope. This behavior may change in the future where using the intended scope is required
Feb 09 17:53:48.237470 n-d-712139-31 devstack@n-api.service[124590]: warnings.warn(msg)
Feb 09 17:53:48.258847 n-d-712139-31 devstack@n-api.service[124591]: DEBUG nova.network.neutron [None req-419c94ac-f1f5-4ffc-8595-eaceed93c015 tempest-QuotasAdminNegativeTest-1060439702 tempest-QuotasAdminNegativeTest-1060439702-project] validate_networks() for None {{(pid=124591) validate_networks /opt/stack/nova/nova/network/neutron.py:2554}}
Feb 09 17:53:48.384762 n-d-712139-31 devstack@n-api.service[124590]: INFO nova.api.openstack.requestlog [None req-5ec22e70-8b2b-4ec7-acf2-577de97476e7 tempest-FlavorsAccessNegativeTestJSON-927148743 tempest-FlavorsAccessNegativeTestJSON-927148743-project-admin] 10.222.0.30 "POST /compute/v2.1/flavors/1068427130/action" status: 200 len: 97 microversion: 2.1 time: 0.151824
Feb 09 17:53:48.386265 n-d-712139-31 devstack@n-api.service[124590]: [pid: 124590|app: 0|req: 93/170] 10.222.0.30 () {60 vars in 1199 bytes} [Wed Feb 9 17:53:48 2022] POST /compute/v2.1/flavors/1068427130/action => generated 97 bytes in 154 msecs (HTTP/1.1 200) 9 headers in 356 bytes (1 switches on core 0)
Feb 09 17:53:48.391894 n-d-712139-31 devstack@n-api.service[124590]: DEBUG nova.api.openstack.wsgi [None req-af685c30-5a72-4f2e-9ae9-3778dda576cb tempest-DeleteServersAdminTestJSON-359228760 tempest-DeleteServersAdminTestJSON-359228760-project] Calling method '>' {{(pid=124590) _process_stack /opt/stack/nova/nova/api/openstack/wsgi.py:513}}
Feb 09 17:53:48.393093 n-d-712139-31 devstack@n-api.service[124590]: DEBUG nova.compute.api [None req-af685c30-5a72-4f2e-9ae9-3778dda576cb tempest-DeleteServersAdminTestJSON-359228760 tempest-DeleteServersAdminTestJSON-359228760-project] [instance: a2be3017-28ad-4924-8b76-e521f74af123] Fetching instance by UUID {{(pid=124590) get /opt/stack/nova/nova/compute/api.py:2866}}
Feb 09 17:53:48.399644 n-d-712139-31 devstack@n-api.service[124590]: DEBUG oslo_concurrency.lockutils [None req-af685c30-5a72-4f2e-9ae9-3778dda576cb tempest-DeleteServersAdminTestJSON-359228760 tempest-DeleteServersAdminTestJSON-359228760-project] Lock "20948282-c4a7-4d8e-bba1-2e346cf41bbf" acquired by "nova.context.set_target_cell..get_or_set_cached_cell_and_set_connections" :: waited 0.000s {{(pid=124590) inner /usr/local/lib/python3.8/dist-packages/oslo_concurrency/lockutils.py:386}}
Feb 09 17:53:48.400106 n-d-712139-31 devstack@n-api.service[124590]: DEBUG oslo_concurrency.lockutils [None req-af685c30-5a72-4f2e-9ae9-3778dda576cb tempest-DeleteServersAdminTestJSON-359228760 tempest-DeleteServersAdminTestJSON-359228760-project] Lock "20948282-c4a7-4d8e-bba1-2e346cf41bbf" "released" by "nova.context.set_target_cell..get_or_set_cached_cell_and_set_connections" :: held 0.001s {{(pid=124590) inner /usr/local/lib/python3.8/dist-packages/oslo_concurrency/lockutils.py:400}}
Feb 09 17:53:48.401270 n-d-712139-31 devstack@n-api.service[124590]: DEBUG oslo_concurrency.lockutils [None req-af685c30-5a72-4f2e-9ae9-3778dda576cb tempest-DeleteServersAdminTestJSON-359228760 tempest-DeleteServersAdminTestJSON-359228760-project] Lock "20948282-c4a7-4d8e-bba1-2e346cf41bbf" acquired by "nova.context.set_target_cell..get_or_set_cached_cell_and_set_connections" :: waited 0.000s {{(pid=124590) inner /usr/local/lib/python3.8/dist-packages/oslo_concurrency/lockutils.py:386}}
Feb 09 17:53:48.401750 n-d-712139-31 devstack@n-api.service[124590]: DEBUG oslo_concurrency.lockutils [None req-af685c30-5a72-4f2e-9ae9-3778dda576cb tempest-DeleteServersAdminTestJSON-359228760 tempest-DeleteServersAdminTestJSON-359228760-project] Lock "20948282-c4a7-4d8e-bba1-2e346cf41bbf" "released" by "nova.context.set_target_cell..get_or_set_cached_cell_and_set_connections" :: held 0.000s {{(pid=124590) inner /usr/local/lib/python3.8/dist-packages/oslo_concurrency/lockutils.py:400}}
Feb 09 17:53:48.479859 n-d-712139-31 devstack@n-api.service[124591]: DEBUG nova.virt.hardware [None req-419c94ac-f1f5-4ffc-8595-eaceed93c015 tempest-QuotasAdminNegativeTest-1060439702 tempest-QuotasAdminNegativeTest-1060439702-project] Flavor limits 0:0:0 {{(pid=124591) get_cpu_topology_constraints /opt/stack/nova/nova/virt/hardware.py:343}}
Feb 09 17:53:48.481187 n-d-712139-31 devstack@n-api.service[124591]: DEBUG nova.virt.hardware [None req-419c94ac-f1f5-4ffc-8595-eaceed93c015 tempest-QuotasAdminNegativeTest-1060439702 tempest-QuotasAdminNegativeTest-1060439702-project] Image limits 0:0:0 {{(pid=124591) get_cpu_topology_constraints /opt/stack/nova/nova/virt/hardware.py:347}}
Feb 09 17:53:48.481187 n-d-712139-31 devstack@n-api.service[124591]: DEBUG nova.virt.hardware [None req-419c94ac-f1f5-4ffc-8595-eaceed93c015 tempest-QuotasAdminNegativeTest-1060439702 tempest-QuotasAdminNegativeTest-1060439702-project] Flavor pref 0:0:0 {{(pid=124591) get_cpu_topology_constraints /opt/stack/nova/nova/virt/hardware.py:383}}
Feb 09 17:53:48.481507 n-d-712139-31 devstack@n-api.service[124591]: DEBUG nova.virt.hardware [None req-419c94ac-f1f5-4ffc-8595-eaceed93c015 tempest-QuotasAdminNegativeTest-1060439702 tempest-QuotasAdminNegativeTest-1060439702-project] Image pref 0:0:0 {{(pid=124591) get_cpu_topology_constraints /opt/stack/nova/nova/virt/hardware.py:387}}
Feb 09 17:53:48.481737 n-d-712139-31 devstack@n-api.service[124591]: DEBUG nova.virt.hardware [None req-419c94ac-f1f5-4ffc-8595-eaceed93c015 tempest-QuotasAdminNegativeTest-1060439702 tempest-QuotasAdminNegativeTest-1060439702-project] Chose sockets=0, cores=0, threads=0; limits were sockets=65536, cores=65536, threads=65536 {{(pid=124591) get_cpu_topology_constraints /opt/stack/nova/nova/virt/hardware.py:425}}
Feb 09 17:53:48.503806 n-d-712139-31 devstack@n-api.service[124591]: DEBUG oslo_concurrency.lockutils [None req-419c94ac-f1f5-4ffc-8595-eaceed93c015 tempest-QuotasAdminNegativeTest-1060439702 tempest-QuotasAdminNegativeTest-1060439702-project] Lock "00000000-0000-0000-0000-000000000000" acquired by "nova.context.set_target_cell..get_or_set_cached_cell_and_set_connections" :: waited 0.000s {{(pid=124591) inner /usr/local/lib/python3.8/dist-packages/oslo_concurrency/lockutils.py:386}}
Feb 09 17:53:48.504422 n-d-712139-31 devstack@n-api.service[124591]: DEBUG oslo_concurrency.lockutils [None req-419c94ac-f1f5-4ffc-8595-eaceed93c015 tempest-QuotasAdminNegativeTest-1060439702 tempest-QuotasAdminNegativeTest-1060439702-project] Lock "00000000-0000-0000-0000-000000000000" "released" by "nova.context.set_target_cell..get_or_set_cached_cell_and_set_connections" :: held 0.002s {{(pid=124591) inner /usr/local/lib/python3.8/dist-packages/oslo_concurrency/lockutils.py:400}}
Feb 09 17:53:48.505370 n-d-712139-31 devstack@n-api.service[124591]: DEBUG oslo_concurrency.lockutils [None req-419c94ac-f1f5-4ffc-8595-eaceed93c015 tempest-QuotasAdminNegativeTest-1060439702 tempest-QuotasAdminNegativeTest-1060439702-project] Lock "20948282-c4a7-4d8e-bba1-2e346cf41bbf" acquired by "nova.context.set_target_cell..get_or_set_cached_cell_and_set_connections" :: waited 0.000s {{(pid=124591) inner /usr/local/lib/python3.8/dist-packages/oslo_concurrency/lockutils.py:386}}
Feb 09 17:53:48.510686 n-d-712139-31 devstack@n-api.service[124591]: DEBUG oslo_concurrency.lockutils [None req-419c94ac-f1f5-4ffc-8595-eaceed93c015 tempest-QuotasAdminNegativeTest-1060439702 tempest-QuotasAdminNegativeTest-1060439702-project] Lock "20948282-c4a7-4d8e-bba1-2e346cf41bbf" "released" by "nova.context.set_target_cell..get_or_set_cached_cell_and_set_connections" :: held 0.001s {{(pid=124591) inner /usr/local/lib/python3.8/dist-packages/oslo_concurrency/lockutils.py:400}}
Feb 09 17:53:48.534998 n-d-712139-31 devstack@n-api.service[124591]: DEBUG nova.quota [None req-419c94ac-f1f5-4ffc-8595-eaceed93c015 tempest-QuotasAdminNegativeTest-1060439702 tempest-QuotasAdminNegativeTest-1060439702-project] Getting quotas for project a1d64f4b72044ba19d7e6cfa184ed68a. Resources: {'ram', 'cores', 'instances'} {{(pid=124591) _get_quotas /opt/stack/nova/nova/quota.py:391}}
Feb 09 17:53:48.539682 n-d-712139-31 devstack@n-api.service[124591]: DEBUG nova.quota [None req-419c94ac-f1f5-4ffc-8595-eaceed93c015 tempest-QuotasAdminNegativeTest-1060439702 tempest-QuotasAdminNegativeTest-1060439702-project] Getting quotas for user 3b14c8d15c1f41bd8461f59c11864a0e and project a1d64f4b72044ba19d7e6cfa184ed68a. Resources: {'ram', 'cores', 'instances'} {{(pid=124591) _get_quotas /opt/stack/nova/nova/quota.py:381}}
Feb 09 17:53:48.561381 n-d-712139-31 devstack@n-api.service[124590]: DEBUG nova.policy [None req-af685c30-5a72-4f2e-9ae9-3778dda576cb tempest-DeleteServersAdminTestJSON-359228760 tempest-DeleteServersAdminTestJSON-359228760-project] Policy check for os_compute_api:os-extended-server-attributes failed with credentials {'is_admin': False, 'user_id': 'f0039cc115a540c7afeb61f01df1de6d', 'user_domain_id': 'default', 'system_scope': None, 'domain_id': None, 'project_id': 'f35ea0bc68a249a89135afdf3bc15278', 'project_domain_id': 'default', 'roles': ['reader', 'member'], 'is_admin_project': True, 'service_user_id': None, 'service_user_domain_id': None, 'service_project_id': None, 'service_project_domain_id': None, 'service_roles': []} {{(pid=124590) authorize /opt/stack/nova/nova/policy.py:199}}
Feb 09 17:53:48.566897 n-d-712139-31 devstack@n-api.service[124591]: DEBUG nova.compute.utils [None req-419c94ac-f1f5-4ffc-8595-eaceed93c015 tempest-QuotasAdminNegativeTest-1060439702 tempest-QuotasAdminNegativeTest-1060439702-project] cores quota exceeded for a1d64f4b72044ba19d7e6cfa184ed68a, tried to run 1 instances. Cannot run any more instances of this type. {{(pid=124591) check_num_instances_quota /opt/stack/nova/nova/compute/utils.py:1171}}
Feb 09 17:53:48.566897 n-d-712139-31 devstack@n-api.service[124591]: INFO nova.api.openstack.wsgi [None req-419c94ac-f1f5-4ffc-8595-eaceed93c015 tempest-QuotasAdminNegativeTest-1060439702 tempest-QuotasAdminNegativeTest-1060439702-project] HTTP exception thrown: Quota exceeded for cores: Requested 1, but already used 0 of 0 cores
Feb 09 17:53:48.567826 n-d-712139-31 devstack@n-api.service[124591]: DEBUG nova.api.openstack.wsgi [None req-419c94ac-f1f5-4ffc-8595-eaceed93c015 tempest-QuotasAdminNegativeTest-1060439702 tempest-QuotasAdminNegativeTest-1060439702-project] Returning 403 to user: Quota exceeded for cores: Requested 1, but already used 0 of 0 cores {{(pid=124591) __call__ /opt/stack/nova/nova/api/openstack/wsgi.py:936}}
Feb 09 17:53:48.569186 n-d-712139-31 devstack@n-api.service[124591]: INFO nova.api.openstack.requestlog [None req-419c94ac-f1f5-4ffc-8595-eaceed93c015 tempest-QuotasAdminNegativeTest-1060439702 tempest-QuotasAdminNegativeTest-1060439702-project] 10.222.0.30 "POST /compute/v2.1/servers" status: 403 len: 111 microversion: 2.1 time: 0.426610
Feb 09 17:53:48.573908 n-d-712139-31 devstack@n-api.service[124591]: [pid: 124591|app: 0|req: 78/171] 10.222.0.30 () {60 vars in 1146 bytes} [Wed Feb 9 17:53:48 2022] POST /compute/v2.1/servers => generated 111 bytes in 429 msecs (HTTP/1.1 403) 9 headers in 379 bytes (1 switches on core 0)
Feb 09 17:53:48.574658 n-d-712139-31 devstack@n-api.service[124590]: INFO nova.api.openstack.requestlog [None req-af685c30-5a72-4f2e-9ae9-3778dda576cb tempest-DeleteServersAdminTestJSON-359228760 tempest-DeleteServersAdminTestJSON-359228760-project] 10.222.0.30 "GET /compute/v2.1/servers/a2be3017-28ad-4924-8b76-e521f74af123" status: 200 len: 1319 microversion: 2.1 time: 0.183048
Feb 09 17:53:48.584017 n-d-712139-31 devstack@n-api.service[124591]: DEBUG nova.api.openstack.wsgi [None req-e7030b9e-cdcc-40e1-ae98-ae64f54d1e2f tempest-FlavorsAccessNegativeTestJSON-927148743 tempest-FlavorsAccessNegativeTestJSON-927148743-project-admin] Action: 'action', calling method: >, body: {"addTenantAccess": {"tenant": "afe4801966744442b02a9283d89ca43c"}} {{(pid=124591) _process_stack /opt/stack/nova/nova/api/openstack/wsgi.py:511}}
Feb 09 17:53:48.584017 n-d-712139-31 devstack@n-api.service[124591]: /usr/local/lib/python3.8/dist-packages/oslo_policy/policy.py:1119: UserWarning: Policy "os_compute_api:os-flavor-access:add_tenant_access": "rule:system_admin_api" failed scope check. The token used to make the request was project scoped but the policy requires ['system'] scope. This behavior may change in the future where using the intended scope is required
Feb 09 17:53:48.584017 n-d-712139-31 devstack@n-api.service[124591]: warnings.warn(msg)
Feb 09 17:53:48.598951 n-d-712139-31 devstack@n-api.service[124590]: [pid: 124590|app: 0|req: 94/172] 10.222.0.30 () {58 vars in 1235 bytes} [Wed Feb 9 17:53:48 2022] GET /compute/v2.1/servers/a2be3017-28ad-4924-8b76-e521f74af123 => generated 1319 bytes in 210 msecs (HTTP/1.1 200) 9 headers in 358 bytes (1 switches on core 0)
Feb 09 17:53:48.611952 n-d-712139-31 devstack@n-api.service[124590]: DEBUG nova.api.openstack.wsgi [None req-14a149c2-7b02-48fa-89f1-fb506f7fd61f tempest-QuotasAdminNegativeTest-1515203542 tempest-QuotasAdminNegativeTest-1515203542-project-admin] Action: 'update', calling method: .version_select at 0x7fcf6a0171f0>, body: {"quota_set": {"cores": 20}} {{(pid=124590) _process_stack /opt/stack/nova/nova/api/openstack/wsgi.py:511}}
Feb 09 17:53:48.613762 n-d-712139-31 devstack@n-api.service[124590]: /usr/local/lib/python3.8/dist-packages/oslo_policy/policy.py:1119: UserWarning: Policy "os_compute_api:os-quota-sets:update": "rule:system_admin_api" failed scope check. The token used to make the request was project scoped but the policy requires ['system'] scope. This behavior may change in the future where using the intended scope is required
Feb 09 17:53:48.613762 n-d-712139-31 devstack@n-api.service[124590]: warnings.warn(msg)
Feb 09 17:53:48.846185 n-d-712139-31 devstack@n-api.service[124591]: INFO nova.api.openstack.wsgi [None req-e7030b9e-cdcc-40e1-ae98-ae64f54d1e2f tempest-FlavorsAccessNegativeTestJSON-927148743 tempest-FlavorsAccessNegativeTestJSON-927148743-project-admin] HTTP exception thrown: Flavor access already exists for flavor 22 and project afe4801966744442b02a9283d89ca43c combination.
Feb 09 17:53:48.846799 n-d-712139-31 devstack@n-api.service[124591]: DEBUG nova.api.openstack.wsgi [None req-e7030b9e-cdcc-40e1-ae98-ae64f54d1e2f tempest-FlavorsAccessNegativeTestJSON-927148743 tempest-FlavorsAccessNegativeTestJSON-927148743-project-admin] Returning 409 to user: Flavor access already exists for flavor 22 and project afe4801966744442b02a9283d89ca43c combination. {{(pid=124591) __call__ /opt/stack/nova/nova/api/openstack/wsgi.py:936}}
