Feb 09 07:31:55.916353 n-d-712139-30 devstack@placement-api.service[103574]: [pid: 103574|app: 0|req: 154/307] 10.222.0.15 () {64 vars in 1433 bytes} [Wed Feb 9 07:31:55 2022] PUT /placement/allocations/4e319362-4298-4c77-a961-d657e4696ce6 => generated 0 bytes in 167 msecs (HTTP/1.1 204) 5 headers in 199 bytes (1 switches on core 0)
Feb 09 07:31:56.727124 n-d-712139-30 devstack@placement-api.service[103573]: DEBUG placement.requestlog [req-ea288a3f-326d-4562-b945-abfd8d911852 req-41bbf3ef-99b4-4372-bb6e-9cb455c5fa98 None None] Starting request: 10.222.0.60 "GET /placement/allocations/4e319362-4298-4c77-a961-d657e4696ce6" {{(pid=103573) __call__ /opt/stack/placement/placement/requestlog.py:55}}
Feb 09 07:31:56.803415 n-d-712139-30 devstack@placement-api.service[103573]: INFO placement.requestlog [req-ea288a3f-326d-4562-b945-abfd8d911852 req-41bbf3ef-99b4-4372-bb6e-9cb455c5fa98 service placement] 10.222.0.60 "GET /placement/allocations/4e319362-4298-4c77-a961-d657e4696ce6" status: 200 len: 259 microversion: 1.28
Feb 09 07:31:56.806664 n-d-712139-30 devstack@placement-api.service[103573]: [pid: 103573|app: 0|req: 154/308] 10.222.0.60 () {60 vars in 1377 bytes} [Wed Feb 9 07:31:56 2022] GET /placement/allocations/4e319362-4298-4c77-a961-d657e4696ce6 => generated 259 bytes in 80 msecs (HTTP/1.1 200) 8 headers in 296 bytes (1 switches on core 0)
Feb 09 07:32:00.158401 n-d-712139-30 devstack@placement-api.service[103574]: DEBUG placement.requestlog [req-ea288a3f-326d-4562-b945-abfd8d911852 req-bf6ca18b-0539-4ee0-9d43-07d126f858c4 None None] Starting request: 10.222.0.60 "DELETE /placement/allocations/4e319362-4298-4c77-a961-d657e4696ce6" {{(pid=103574) __call__ /opt/stack/placement/placement/requestlog.py:55}}
Feb 09 07:32:00.253412 n-d-712139-30 devstack@placement-api.service[103574]: DEBUG placement.handlers.allocation [req-ea288a3f-326d-4562-b945-abfd8d911852 req-bf6ca18b-0539-4ee0-9d43-07d126f858c4 service placement] Successfully deleted allocations [, , ] {{(pid=103574) delete_allocations /opt/stack/placement/placement/handlers/allocation.py:627}}
Feb 09 07:32:00.254267 n-d-712139-30 devstack@placement-api.service[103574]: INFO placement.requestlog [req-ea288a3f-326d-4562-b945-abfd8d911852 req-bf6ca18b-0539-4ee0-9d43-07d126f858c4 service placement] 10.222.0.60 "DELETE /placement/allocations/4e319362-4298-4c77-a961-d657e4696ce6" status: 204 len: 0 microversion: 1.0
Feb 09 07:32:00.255324 n-d-712139-30 devstack@placement-api.service[103574]: [pid: 103574|app: 0|req: 155/309] 10.222.0.60 () {60 vars in 1355 bytes} [Wed Feb 9 07:32:00 2022] DELETE /placement/allocations/4e319362-4298-4c77-a961-d657e4696ce6 => generated 0 bytes in 97 msecs (HTTP/1.1 204) 5 headers in 198 bytes (2 switches on core 0)
Feb 09 07:32:02.480098 n-d-712139-30 devstack@placement-api.service[103573]: DEBUG placement.requestlog [req-ca3ad1d2-2f60-4947-a724-7dc783a34984 req-f8850167-2e7b-438e-b6b9-6922324f147f None None] Starting request: 10.222.0.60 "DELETE /placement/allocations/4e319362-4298-4c77-a961-d657e4696ce6" {{(pid=103573) __call__ /opt/stack/placement/placement/requestlog.py:55}}
Feb 09 07:32:02.509022 n-d-712139-30 devstack@placement-api.service[103573]: DEBUG placement.wsgi_wrapper [req-ca3ad1d2-2f60-4947-a724-7dc783a34984 req-f8850167-2e7b-438e-b6b9-6922324f147f service placement] Placement API returning an error response: No allocations for consumer '4e319362-4298-4c77-a961-d657e4696ce6' {{(pid=103573) call_func /opt/stack/placement/placement/wsgi_wrapper.py:31}}
Feb 09 07:32:02.510141 n-d-712139-30 devstack@placement-api.service[103573]: INFO placement.requestlog [req-ca3ad1d2-2f60-4947-a724-7dc783a34984 req-f8850167-2e7b-438e-b6b9-6922324f147f service placement] 10.222.0.60 "DELETE /placement/allocations/4e319362-4298-4c77-a961-d657e4696ce6" status: 404 len: 228 microversion: 1.0
Feb 09 07:32:02.512764 n-d-712139-30 devstack@placement-api.service[103573]: [pid: 103573|app: 0|req: 155/310] 10.222.0.60 () {60 vars in 1355 bytes} [Wed Feb 9 07:32:02 2022] DELETE /placement/allocations/4e319362-4298-4c77-a961-d657e4696ce6 => generated 228 bytes in 33 msecs (HTTP/1.1 404) 6 headers in 231 bytes (2 switches on core 0)
Feb 09 07:32:07.220692 n-d-712139-30 devstack@placement-api.service[103574]: DEBUG placement.requestlog [req-329ad20c-a6cb-4e59-82ec-e22bda736701 req-74a8dd80-fa3b-4f48-8615-d4d85c48dac7 None None] Starting request: 10.222.0.47 "GET /placement/resource_providers/ce39e7db-600f-47da-980e-b2015572841c/allocations" {{(pid=103574) __call__ /opt/stack/placement/placement/requestlog.py:55}}
Feb 09 07:32:07.281776 n-d-712139-30 devstack@placement-api.service[103574]: INFO placement.requestlog [req-329ad20c-a6cb-4e59-82ec-e22bda736701 req-74a8dd80-fa3b-4f48-8615-d4d85c48dac7 service placement] 10.222.0.47 "GET /placement/resource_providers/ce39e7db-600f-47da-980e-b2015572841c/allocations" status: 200 len: 658 microversion: 1.0
Feb 09 07:32:07.282469 n-d-712139-30 devstack@placement-api.service[103574]: [pid: 103574|app: 0|req: 156/311] 10.222.0.47 () {58 vars in 1390 bytes} [Wed Feb 9 07:32:07 2022] GET /placement/resource_providers/ce39e7db-600f-47da-980e-b2015572841c/allocations => generated 658 bytes in 62 msecs (HTTP/1.1 200) 6 headers in 224 bytes (1 switches on core 0)
Feb 09 07:32:07.818940 n-d-712139-30 devstack@placement-api.service[103573]: DEBUG placement.requestlog [req-b687d00a-cf5e-433e-9517-e38c4313fae7 req-3f55a160-3108-4665-9cfd-1ceff34b339e None None] Starting request: 10.222.0.15 "GET /placement/allocation_candidates?limit=1000&resources=DISK_GB%3A1%2CMEMORY_MB%3A1024%2CVCPU%3A1&root_required=%21COMPUTE_STATUS_DISABLED" {{(pid=103573) __call__ /opt/stack/placement/placement/requestlog.py:55}}
Feb 09 07:32:07.872799 n-d-712139-30 devstack@placement-api.service[103573]: DEBUG placement.objects.research_context [req-b687d00a-cf5e-433e-9517-e38c4313fae7 req-3f55a160-3108-4665-9cfd-1ceff34b339e service placement] getting providers with 1 DISK_GB {{(pid=103573) __init__ /opt/stack/placement/placement/objects/research_context.py:126}}
Feb 09 07:32:07.886155 n-d-712139-30 devstack@placement-api.service[103573]: DEBUG placement.objects.research_context [req-b687d00a-cf5e-433e-9517-e38c4313fae7 req-3f55a160-3108-4665-9cfd-1ceff34b339e service placement] getting providers with 1024 MEMORY_MB {{(pid=103573) __init__ /opt/stack/placement/placement/objects/research_context.py:126}}
Feb 09 07:32:07.903134 n-d-712139-30 devstack@placement-api.service[103573]: DEBUG placement.objects.research_context [req-b687d00a-cf5e-433e-9517-e38c4313fae7 req-3f55a160-3108-4665-9cfd-1ceff34b339e service placement] getting providers with 1 VCPU {{(pid=103573) __init__ /opt/stack/placement/placement/objects/research_context.py:126}}
Feb 09 07:32:07.912252 n-d-712139-30 devstack@placement-api.service[103573]: DEBUG placement.objects.research_context [req-b687d00a-cf5e-433e-9517-e38c4313fae7 req-3f55a160-3108-4665-9cfd-1ceff34b339e service placement] found 2 providers with available 1 DISK_GB {{(pid=103573) get_provider_ids_matching /opt/stack/placement/placement/objects/research_context.py:549}}
Feb 09 07:32:07.913344 n-d-712139-30 devstack@placement-api.service[103573]: DEBUG placement.objects.research_context [req-b687d00a-cf5e-433e-9517-e38c4313fae7 req-3f55a160-3108-4665-9cfd-1ceff34b339e service placement] found 2 providers with available 1024 MEMORY_MB {{(pid=103573) get_provider_ids_matching /opt/stack/placement/placement/objects/research_context.py:549}}
Feb 09 07:32:07.913893 n-d-712139-30 devstack@placement-api.service[103573]: DEBUG placement.objects.research_context [req-b687d00a-cf5e-433e-9517-e38c4313fae7 req-3f55a160-3108-4665-9cfd-1ceff34b339e service placement] found 2 providers after filtering by previous result {{(pid=103573) get_provider_ids_matching /opt/stack/placement/placement/objects/research_context.py:580}}
Feb 09 07:32:07.914380 n-d-712139-30 devstack@placement-api.service[103573]: DEBUG placement.objects.research_context [req-b687d00a-cf5e-433e-9517-e38c4313fae7 req-3f55a160-3108-4665-9cfd-1ceff34b339e service placement] found 2 providers with available 1 VCPU {{(pid=103573) get_provider_ids_matching /opt/stack/placement/placement/objects/research_context.py:549}}
Feb 09 07:32:07.914874 n-d-712139-30 devstack@placement-api.service[103573]: DEBUG placement.objects.research_context [req-b687d00a-cf5e-433e-9517-e38c4313fae7 req-3f55a160-3108-4665-9cfd-1ceff34b339e service placement] found 2 providers after filtering by previous result {{(pid=103573) get_provider_ids_matching /opt/stack/placement/placement/objects/research_context.py:580}}
Feb 09 07:32:07.935358 n-d-712139-30 devstack@placement-api.service[103573]: DEBUG placement.objects.allocation_candidate [req-b687d00a-cf5e-433e-9517-e38c4313fae7 req-3f55a160-3108-4665-9cfd-1ceff34b339e service placement] RequestGroup(use_same_provider=False, resources={DISK_GB:1, MEMORY_MB:1024, VCPU:1}, traits=[], aggregates=[]) (suffix '') returned 2 matches {{(pid=103573) _get_by_requests /opt/stack/placement/placement/objects/allocation_candidate.py:145}}
Feb 09 07:32:07.935766 n-d-712139-30 devstack@placement-api.service[103573]: DEBUG placement.objects.allocation_candidate [req-b687d00a-cf5e-433e-9517-e38c4313fae7 req-3f55a160-3108-4665-9cfd-1ceff34b339e service placement] Merging candidates yields 2 allocation requests and 2 provider summaries {{(pid=103573) _merge_candidates /opt/stack/placement/placement/objects/allocation_candidate.py:783}}
Feb 09 07:32:07.940716 n-d-712139-30 devstack@placement-api.service[103573]: INFO placement.requestlog [req-b687d00a-cf5e-433e-9517-e38c4313fae7 req-3f55a160-3108-4665-9cfd-1ceff34b339e service placement] 10.222.0.15 "GET /placement/allocation_candidates?limit=1000&resources=DISK_GB%3A1%2CMEMORY_MB%3A1024%2CVCPU%3A1&root_required=%21COMPUTE_STATUS_DISABLED" status: 200 len: 1309 microversion: 1.36
Feb 09 07:32:07.947762 n-d-712139-30 devstack@placement-api.service[103574]: DEBUG placement.requestlog [req-329ad20c-a6cb-4e59-82ec-e22bda736701 req-8e116596-aebc-48ae-8b06-c0e8633034c8 None None] Starting request: 10.222.0.47 "GET /placement/allocations/0b2be405-ca68-4039-b037-bc1f03f19084" {{(pid=103574) __call__ /opt/stack/placement/placement/requestlog.py:55}}
Feb 09 07:32:07.962964 n-d-712139-30 devstack@placement-api.service[103573]: [pid: 103573|app: 0|req: 156/312] 10.222.0.15 () {60 vars in 1506 bytes} [Wed Feb 9 07:32:07 2022] GET /placement/allocation_candidates?limit=1000&resources=DISK_GB%3A1%2CMEMORY_MB%3A1024%2CVCPU%3A1&root_required=%21COMPUTE_STATUS_DISABLED => generated 1309 bytes in 143 msecs (HTTP/1.1 200) 8 headers in 297 bytes (1 switches on core 0)
Feb 09 07:32:08.023057 n-d-712139-30 devstack@placement-api.service[103574]: INFO placement.requestlog [req-329ad20c-a6cb-4e59-82ec-e22bda736701 req-8e116596-aebc-48ae-8b06-c0e8633034c8 service placement] 10.222.0.47 "GET /placement/allocations/0b2be405-ca68-4039-b037-bc1f03f19084" status: 200 len: 259 microversion: 1.28
Feb 09 07:32:08.024468 n-d-712139-30 devstack@placement-api.service[103574]: [pid: 103574|app: 0|req: 157/313] 10.222.0.47 () {60 vars in 1377 bytes} [Wed Feb 9 07:32:07 2022] GET /placement/allocations/0b2be405-ca68-4039-b037-bc1f03f19084 => generated 259 bytes in 77 msecs (HTTP/1.1 200) 8 headers in 296 bytes (2 switches on core 0)
Feb 09 07:32:08.035687 n-d-712139-30 devstack@placement-api.service[103573]: DEBUG placement.requestlog [req-329ad20c-a6cb-4e59-82ec-e22bda736701 req-0c73396c-6972-453f-996f-c3da4c01d107 None None] Starting request: 10.222.0.47 "PUT /placement/allocations/0b2be405-ca68-4039-b037-bc1f03f19084" {{(pid=103573) __call__ /opt/stack/placement/placement/requestlog.py:55}}
Feb 09 07:32:08.078131 n-d-712139-30 devstack@placement-api.service[103574]: DEBUG placement.requestlog [req-b687d00a-cf5e-433e-9517-e38c4313fae7 req-50d54289-791d-4af6-a372-82f000b2a9db None None] Starting request: 10.222.0.15 "GET /placement/allocations/152337c5-e87d-4184-b15a-7d31fcbfdce2" {{(pid=103574) __call__ /opt/stack/placement/placement/requestlog.py:55}}
Feb 09 07:32:08.093508 n-d-712139-30 devstack@placement-api.service[103574]: INFO placement.requestlog [req-b687d00a-cf5e-433e-9517-e38c4313fae7 req-50d54289-791d-4af6-a372-82f000b2a9db service placement] 10.222.0.15 "GET /placement/allocations/152337c5-e87d-4184-b15a-7d31fcbfdce2" status: 200 len: 19 microversion: 1.28
Feb 09 07:32:08.094614 n-d-712139-30 devstack@placement-api.service[103574]: [pid: 103574|app: 0|req: 158/314] 10.222.0.15 () {60 vars in 1380 bytes} [Wed Feb 9 07:32:08 2022] GET /placement/allocations/152337c5-e87d-4184-b15a-7d31fcbfdce2 => generated 19 bytes in 17 msecs (HTTP/1.1 200) 8 headers in 295 bytes (1 switches on core 0)
Feb 09 07:32:08.101415 n-d-712139-30 devstack@placement-api.service[103574]: DEBUG placement.requestlog [req-b687d00a-cf5e-433e-9517-e38c4313fae7 req-e7e52d76-b0d3-471e-a0e2-70faaea9d85d None None] Starting request: 10.222.0.15 "PUT /placement/allocations/152337c5-e87d-4184-b15a-7d31fcbfdce2" {{(pid=103574) __call__ /opt/stack/placement/placement/requestlog.py:55}}
Feb 09 07:32:08.161079 n-d-712139-30 devstack@placement-api.service[103573]: DEBUG placement.handlers.allocation [req-329ad20c-a6cb-4e59-82ec-e22bda736701 req-0c73396c-6972-453f-996f-c3da4c01d107 service placement] Successfully wrote allocations [, , ] {{(pid=103573) _update_consumers_and_create_allocations /opt/stack/placement/placement/handlers/allocation.py:462}}
Feb 09 07:32:08.167912 n-d-712139-30 devstack@placement-api.service[103573]: INFO placement.requestlog [req-329ad20c-a6cb-4e59-82ec-e22bda736701 req-0c73396c-6972-453f-996f-c3da4c01d107 service placement] 10.222.0.47 "PUT /placement/allocations/0b2be405-ca68-4039-b037-bc1f03f19084" status: 204 len: 0 microversion: 1.28
Feb 09 07:32:08.168690 n-d-712139-30 devstack@placement-api.service[103573]: [pid: 103573|app: 0|req: 157/315] 10.222.0.47 () {64 vars in 1430 bytes} [Wed Feb 9 07:32:08 2022] PUT /placement/allocations/0b2be405-ca68-4039-b037-bc1f03f19084 => generated 0 bytes in 133 msecs (HTTP/1.1 204) 5 headers in 199 bytes (2 switches on core 0)
Feb 09 07:32:08.236104 n-d-712139-30 devstack@placement-api.service[103574]: DEBUG placement.handlers.allocation [req-b687d00a-cf5e-433e-9517-e38c4313fae7 req-e7e52d76-b0d3-471e-a0e2-70faaea9d85d service placement] Successfully wrote allocations [, , ] {{(pid=103574) _update_consumers_and_create_allocations /opt/stack/placement/placement/handlers/allocation.py:462}}
Feb 09 07:32:08.244575 n-d-712139-30 devstack@placement-api.service[103574]: INFO placement.requestlog [req-b687d00a-cf5e-433e-9517-e38c4313fae7 req-e7e52d76-b0d3-471e-a0e2-70faaea9d85d service placement] 10.222.0.15 "PUT /placement/allocations/152337c5-e87d-4184-b15a-7d31fcbfdce2" status: 204 len: 0 microversion: 1.36
Feb 09 07:32:08.246108 n-d-712139-30 devstack@placement-api.service[103574]: [pid: 103574|app: 0|req: 159/316] 10.222.0.15 () {64 vars in 1433 bytes} [Wed Feb 9 07:32:08 2022] PUT /placement/allocations/152337c5-e87d-4184-b15a-7d31fcbfdce2 => generated 0 bytes in 145 msecs (HTTP/1.1 204) 5 headers in 199 bytes (2 switches on core 0)
Feb 09 07:32:08.912371 n-d-712139-30 devstack@placement-api.service[103573]: DEBUG placement.requestlog [req-b687d00a-cf5e-433e-9517-e38c4313fae7 req-9958212b-4ef1-4ce4-a401-ca432c2a9b04 None None] Starting request: 10.222.0.47 "GET /placement/allocations/152337c5-e87d-4184-b15a-7d31fcbfdce2" {{(pid=103573) __call__ /opt/stack/placement/placement/requestlog.py:55}}
Feb 09 07:32:08.963774 n-d-712139-30 devstack@placement-api.service[103573]: INFO placement.requestlog [req-b687d00a-cf5e-433e-9517-e38c4313fae7 req-9958212b-4ef1-4ce4-a401-ca432c2a9b04 service placement] 10.222.0.47 "GET /placement/allocations/152337c5-e87d-4184-b15a-7d31fcbfdce2" status: 200 len: 259 microversion: 1.28
Feb 09 07:32:08.964772 n-d-712139-30 devstack@placement-api.service[103573]: [pid: 103573|app: 0|req: 158/317] 10.222.0.47 () {60 vars in 1377 bytes} [Wed Feb 9 07:32:08 2022] GET /placement/allocations/152337c5-e87d-4184-b15a-7d31fcbfdce2 => generated 259 bytes in 53 msecs (HTTP/1.1 200) 8 headers in 296 bytes (1 switches on core 0)
Feb 09 07:32:12.236406 n-d-712139-30 devstack@placement-api.service[103574]: DEBUG placement.requestlog [req-a4b07731-7acf-49c7-b90f-fe8e43269563 req-3f967003-a796-4ec3-96fd-90cbd97cfdd5 None None] Starting request: 10.222.0.47 "GET /placement/resource_providers/ce39e7db-600f-47da-980e-b2015572841c/allocations" {{(pid=103574) __call__ /opt/stack/placement/placement/requestlog.py:55}}
Feb 09 07:32:12.302163 n-d-712139-30 devstack@placement-api.service[103574]: INFO placement.requestlog [req-a4b07731-7acf-49c7-b90f-fe8e43269563 req-3f967003-a796-4ec3-96fd-90cbd97cfdd5 service placement] 10.222.0.47 "GET /placement/resource_providers/ce39e7db-600f-47da-980e-b2015572841c/allocations" status: 200 len: 658 microversion: 1.0
Feb 09 07:32:12.305861 n-d-712139-30 devstack@placement-api.service[103574]: [pid: 103574|app: 0|req: 160/318] 10.222.0.47 () {58 vars in 1390 bytes} [Wed Feb 9 07:32:12 2022] GET /placement/resource_providers/ce39e7db-600f-47da-980e-b2015572841c/allocations => generated 658 bytes in 72 msecs (HTTP/1.1 200) 6 headers in 224 bytes (1 switches on core 0)
Feb 09 07:32:15.284017 n-d-712139-30 devstack@placement-api.service[103573]: DEBUG placement.requestlog [req-e1e48a29-86e9-4a41-bb88-1bff31f30995 req-cdc6b6c3-59cb-449c-a6e5-e8f1a6bea785 None None] Starting request: 10.222.0.15 "GET /placement/allocation_candidates?limit=1000&resources=DISK_GB%3A1%2CMEMORY_MB%3A1024%2CVCPU%3A1&root_required=%21COMPUTE_STATUS_DISABLED" {{(pid=103573) __call__ /opt/stack/placement/placement/requestlog.py:55}}
Feb 09 07:32:15.356019 n-d-712139-30 devstack@placement-api.service[103573]: DEBUG placement.objects.research_context [req-e1e48a29-86e9-4a41-bb88-1bff31f30995 req-cdc6b6c3-59cb-449c-a6e5-e8f1a6bea785 service placement] getting providers with 1 DISK_GB {{(pid=103573) __init__ /opt/stack/placement/placement/objects/research_context.py:126}}
Feb 09 07:32:15.363143 n-d-712139-30 devstack@placement-api.service[103573]: DEBUG placement.objects.research_context [req-e1e48a29-86e9-4a41-bb88-1bff31f30995 req-cdc6b6c3-59cb-449c-a6e5-e8f1a6bea785 service placement] getting providers with 1024 MEMORY_MB {{(pid=103573) __init__ /opt/stack/placement/placement/objects/research_context.py:126}}
Feb 09 07:32:15.381219 n-d-712139-30 devstack@placement-api.service[103573]: DEBUG placement.objects.research_context [req-e1e48a29-86e9-4a41-bb88-1bff31f30995 req-cdc6b6c3-59cb-449c-a6e5-e8f1a6bea785 service placement] getting providers with 1 VCPU {{(pid=103573) __init__ /opt/stack/placement/placement/objects/research_context.py:126}}
Feb 09 07:32:15.387725 n-d-712139-30 devstack@placement-api.service[103573]: DEBUG placement.objects.research_context [req-e1e48a29-86e9-4a41-bb88-1bff31f30995 req-cdc6b6c3-59cb-449c-a6e5-e8f1a6bea785 service placement] found 2 providers with available 1 DISK_GB {{(pid=103573) get_provider_ids_matching /opt/stack/placement/placement/objects/research_context.py:549}}
Feb 09 07:32:15.387844 n-d-712139-30 devstack@placement-api.service[103573]: DEBUG placement.objects.research_context [req-e1e48a29-86e9-4a41-bb88-1bff31f30995 req-cdc6b6c3-59cb-449c-a6e5-e8f1a6bea785 service placement] found 2 providers with available 1024 MEMORY_MB {{(pid=103573) get_provider_ids_matching /opt/stack/placement/placement/objects/research_context.py:549}}
Feb 09 07:32:15.388222 n-d-712139-30 devstack@placement-api.service[103573]: DEBUG placement.objects.research_context [req-e1e48a29-86e9-4a41-bb88-1bff31f30995 req-cdc6b6c3-59cb-449c-a6e5-e8f1a6bea785 service placement] found 2 providers after filtering by previous result {{(pid=103573) get_provider_ids_matching /opt/stack/placement/placement/objects/research_context.py:580}}
Feb 09 07:32:15.388538 n-d-712139-30 devstack@placement-api.service[103573]: DEBUG placement.objects.research_context [req-e1e48a29-86e9-4a41-bb88-1bff31f30995 req-cdc6b6c3-59cb-449c-a6e5-e8f1a6bea785 service placement] found 2 providers with available 1 VCPU {{(pid=103573) get_provider_ids_matching /opt/stack/placement/placement/objects/research_context.py:549}}
Feb 09 07:32:15.388872 n-d-712139-30 devstack@placement-api.service[103573]: DEBUG placement.objects.research_context [req-e1e48a29-86e9-4a41-bb88-1bff31f30995 req-cdc6b6c3-59cb-449c-a6e5-e8f1a6bea785 service placement] found 2 providers after filtering by previous result {{(pid=103573) get_provider_ids_matching /opt/stack/placement/placement/objects/research_context.py:580}}
Feb 09 07:32:15.408068 n-d-712139-30 devstack@placement-api.service[103573]: DEBUG placement.objects.allocation_candidate [req-e1e48a29-86e9-4a41-bb88-1bff31f30995 req-cdc6b6c3-59cb-449c-a6e5-e8f1a6bea785 service placement] RequestGroup(use_same_provider=False, resources={DISK_GB:1, MEMORY_MB:1024, VCPU:1}, traits=[], aggregates=[]) (suffix '') returned 2 matches {{(pid=103573) _get_by_requests /opt/stack/placement/placement/objects/allocation_candidate.py:145}}
Feb 09 07:32:15.408562 n-d-712139-30 devstack@placement-api.service[103573]: DEBUG placement.objects.allocation_candidate [req-e1e48a29-86e9-4a41-bb88-1bff31f30995 req-cdc6b6c3-59cb-449c-a6e5-e8f1a6bea785 service placement] Merging candidates yields 2 allocation requests and 2 provider summaries {{(pid=103573) _merge_candidates /opt/stack/placement/placement/objects/allocation_candidate.py:783}}
Feb 09 07:32:15.410295 n-d-712139-30 devstack@placement-api.service[103573]: INFO placement.requestlog [req-e1e48a29-86e9-4a41-bb88-1bff31f30995 req-cdc6b6c3-59cb-449c-a6e5-e8f1a6bea785 service placement] 10.222.0.15 "GET /placement/allocation_candidates?limit=1000&resources=DISK_GB%3A1%2CMEMORY_MB%3A1024%2CVCPU%3A1&root_required=%21COMPUTE_STATUS_DISABLED" status: 200 len: 1309 microversion: 1.36
Feb 09 07:32:15.411128 n-d-712139-30 devstack@placement-api.service[103573]: [pid: 103573|app: 0|req: 159/319] 10.222.0.15 () {60 vars in 1506 bytes} [Wed Feb 9 07:32:15 2022] GET /placement/allocation_candidates?limit=1000&resources=DISK_GB%3A1%2CMEMORY_MB%3A1024%2CVCPU%3A1&root_required=%21COMPUTE_STATUS_DISABLED => generated 1309 bytes in 127 msecs (HTTP/1.1 200) 8 headers in 297 bytes (1 switches on core 0)
Feb 09 07:32:15.546040 n-d-712139-30 devstack@placement-api.service[103574]: DEBUG placement.requestlog [req-e1e48a29-86e9-4a41-bb88-1bff31f30995 req-015c2132-2b16-4960-b09a-463eee60f5a8 None None] Starting request: 10.222.0.15 "GET /placement/allocations/51e07cb7-e8ca-4a11-9bcc-46d024e78099" {{(pid=103574) __call__ /opt/stack/placement/placement/requestlog.py:55}}
Feb 09 07:32:15.596828 n-d-712139-30 devstack@placement-api.service[103574]: INFO placement.requestlog [req-e1e48a29-86e9-4a41-bb88-1bff31f30995 req-015c2132-2b16-4960-b09a-463eee60f5a8 service placement] 10.222.0.15 "GET /placement/allocations/51e07cb7-e8ca-4a11-9bcc-46d024e78099" status: 200 len: 19 microversion: 1.28
Feb 09 07:32:15.597533 n-d-712139-30 devstack@placement-api.service[103574]: [pid: 103574|app: 0|req: 161/320] 10.222.0.15 () {60 vars in 1380 bytes} [Wed Feb 9 07:32:15 2022] GET /placement/allocations/51e07cb7-e8ca-4a11-9bcc-46d024e78099 => generated 19 bytes in 52 msecs (HTTP/1.1 200) 8 headers in 295 bytes (1 switches on core 0)
Feb 09 07:32:15.604130 n-d-712139-30 devstack@placement-api.service[103573]: DEBUG placement.requestlog [req-e1e48a29-86e9-4a41-bb88-1bff31f30995 req-a8de7322-27a2-4ef4-a58d-be49f699c735 None None] Starting request: 10.222.0.15 "PUT /placement/allocations/51e07cb7-e8ca-4a11-9bcc-46d024e78099" {{(pid=103573) __call__ /opt/stack/placement/placement/requestlog.py:55}}
Feb 09 07:32:15.701654 n-d-712139-30 devstack@placement-api.service[103573]: DEBUG placement.handlers.allocation [req-e1e48a29-86e9-4a41-bb88-1bff31f30995 req-a8de7322-27a2-4ef4-a58d-be49f699c735 service placement] Successfully wrote allocations [, , ] {{(pid=103573) _update_consumers_and_create_allocations /opt/stack/placement/placement/handlers/allocation.py:462}}
Feb 09 07:32:15.707396 n-d-712139-30 devstack@placement-api.service[103573]: INFO placement.requestlog [req-e1e48a29-86e9-4a41-bb88-1bff31f30995 req-a8de7322-27a2-4ef4-a58d-be49f699c735 service placement] 10.222.0.15 "PUT /placement/allocations/51e07cb7-e8ca-4a11-9bcc-46d024e78099" status: 204 len: 0 microversion: 1.36
Feb 09 07:32:15.708867 n-d-712139-30 devstack@placement-api.service[103573]: [pid: 103573|app: 0|req: 160/321] 10.222.0.15 () {64 vars in 1433 bytes} [Wed Feb 9 07:32:15 2022] PUT /placement/allocations/51e07cb7-e8ca-4a11-9bcc-46d024e78099 => generated 0 bytes in 105 msecs (HTTP/1.1 204) 5 headers in 199 bytes (1 switches on core 0)
Feb 09 07:32:16.202433 n-d-712139-30 devstack@placement-api.service[103574]: DEBUG placement.requestlog [req-e1e48a29-86e9-4a41-bb88-1bff31f30995 req-36f349e7-3ed5-4381-a6a9-60f3e923645e None None] Starting request: 10.222.0.47 "GET /placement/allocations/51e07cb7-e8ca-4a11-9bcc-46d024e78099" {{(pid=103574) __call__ /opt/stack/placement/placement/requestlog.py:55}}
Feb 09 07:32:16.220041 n-d-712139-30 devstack@placement-api.service[103574]: INFO placement.requestlog [req-e1e48a29-86e9-4a41-bb88-1bff31f30995 req-36f349e7-3ed5-4381-a6a9-60f3e923645e service placement] 10.222.0.47 "GET /placement/allocations/51e07cb7-e8ca-4a11-9bcc-46d024e78099" status: 200 len: 259 microversion: 1.28
Feb 09 07:32:16.221071 n-d-712139-30 devstack@placement-api.service[103574]: [pid: 103574|app: 0|req: 162/322] 10.222.0.47 () {60 vars in 1377 bytes} [Wed Feb 9 07:32:16 2022] GET /placement/allocations/51e07cb7-e8ca-4a11-9bcc-46d024e78099 => generated 259 bytes in 19 msecs (HTTP/1.1 200) 8 headers in 296 bytes (1 switches on core 0)
Feb 09 07:32:18.037616 n-d-712139-30 devstack@placement-api.service[103573]: DEBUG placement.requestlog [req-0d912c8b-fb44-4eec-be84-b8a822f53380 req-fa06a14d-9304-498d-8f22-d6bc2cee9bef None None] Starting request: 10.222.0.60 "GET /placement/resource_providers/50722427-d070-4fb2-acb2-6a263e9870fd/allocations" {{(pid=103573) __call__ /opt/stack/placement/placement/requestlog.py:55}}
Feb 09 07:32:18.100859 n-d-712139-30 devstack@placement-api.service[103573]: INFO placement.requestlog [req-0d912c8b-fb44-4eec-be84-b8a822f53380 req-fa06a14d-9304-498d-8f22-d6bc2cee9bef service placement] 10.222.0.60 "GET /placement/resource_providers/50722427-d070-4fb2-acb2-6a263e9870fd/allocations" status: 200 len: 860 microversion: 1.0
Feb 09 07:32:18.102423 n-d-712139-30 devstack@placement-api.service[103573]: [pid: 103573|app: 0|req: 161/323] 10.222.0.60 () {58 vars in 1390 bytes} [Wed Feb 9 07:32:18 2022] GET /placement/resource_providers/50722427-d070-4fb2-acb2-6a263e9870fd/allocations => generated 860 bytes in 65 msecs (HTTP/1.1 200) 6 headers in 224 bytes (1 switches on core 0)
Feb 09 07:32:18.111888 n-d-712139-30 devstack@placement-api.service[103574]: DEBUG placement.requestlog [req-d3406695-b086-4e4e-b49a-e38b3eb1d9d7 req-07e52680-eaef-403c-bc02-72db70f98918 None None] Starting request: 10.222.0.47 "DELETE /placement/allocations/1b6795c3-be4d-4993-b075-e4060eca6c18" {{(pid=103574) __call__ /opt/stack/placement/placement/requestlog.py:55}}
Feb 09 07:32:18.153058 n-d-712139-30 devstack@placement-api.service[103574]: DEBUG placement.handlers.allocation [req-d3406695-b086-4e4e-b49a-e38b3eb1d9d7 req-07e52680-eaef-403c-bc02-72db70f98918 service placement] Successfully deleted allocations [, , ] {{(pid=103574) delete_allocations /opt/stack/placement/placement/handlers/allocation.py:627}}
Feb 09 07:32:18.153776 n-d-712139-30 devstack@placement-api.service[103574]: INFO placement.requestlog [req-d3406695-b086-4e4e-b49a-e38b3eb1d9d7 req-07e52680-eaef-403c-bc02-72db70f98918 service placement] 10.222.0.47 "DELETE /placement/allocations/1b6795c3-be4d-4993-b075-e4060eca6c18" status: 204 len: 0 microversion: 1.0
Feb 09 07:32:18.154710 n-d-712139-30 devstack@placement-api.service[103574]: [pid: 103574|app: 0|req: 163/324] 10.222.0.47 () {60 vars in 1355 bytes} [Wed Feb 9 07:32:18 2022] DELETE /placement/allocations/1b6795c3-be4d-4993-b075-e4060eca6c18 => generated 0 bytes in 43 msecs (HTTP/1.1 204) 5 headers in 198 bytes (1 switches on core 0)
Feb 09 07:32:25.626734 n-d-712139-30 devstack@placement-api.service[103573]: DEBUG placement.requestlog [None req-51f313e7-0670-457f-9e9a-1d5b5e09f183 None None] Starting request: 10.222.0.15 "GET /placement/" {{(pid=103573) __call__ /opt/stack/placement/placement/requestlog.py:55}}
Feb 09 07:32:25.629285 n-d-712139-30 devstack@placement-api.service[103573]: INFO placement.requestlog [None req-51f313e7-0670-457f-9e9a-1d5b5e09f183 None None] 10.222.0.15 "GET /placement/" status: 200 len: 136 microversion: 1.0
Feb 09 07:32:25.629956 n-d-712139-30 devstack@placement-api.service[103573]: [pid: 103573|app: 0|req: 162/325] 10.222.0.15 () {54 vars in 916 bytes} [Wed Feb 9 07:32:25 2022] GET /placement => generated 136 bytes in 3 msecs (HTTP/1.1 200) 6 headers in 224 bytes (1 switches on core 0)
Feb 09 07:32:25.649037 n-d-712139-30 devstack@placement-api.service[103574]: DEBUG placement.requestlog [req-e66c9535-a245-4f37-92eb-e7ef6349b194 req-f381a606-1872-4b1f-9b07-c253a5206bcc None None] Starting request: 10.222.0.15 "GET /placement/allocations/20b82a60-ec80-4839-b34e-f6672d3102b1" {{(pid=103574) __call__ /opt/stack/placement/placement/requestlog.py:55}}
Feb 09 07:32:25.826246 n-d-712139-30 devstack@placement-api.service[103574]: INFO placement.requestlog [req-e66c9535-a245-4f37-92eb-e7ef6349b194 req-f381a606-1872-4b1f-9b07-c253a5206bcc service placement] 10.222.0.15 "GET /placement/allocations/20b82a60-ec80-4839-b34e-f6672d3102b1" status: 200 len: 259 microversion: 1.28
Feb 09 07:32:25.827614 n-d-712139-30 devstack@placement-api.service[103574]: [pid: 103574|app: 0|req: 164/326] 10.222.0.15 () {60 vars in 1380 bytes} [Wed Feb 9 07:32:25 2022] GET /placement/allocations/20b82a60-ec80-4839-b34e-f6672d3102b1 => generated 259 bytes in 179 msecs (HTTP/1.1 200) 8 headers in 296 bytes (1 switches on core 0)
Feb 09 07:32:25.847006 n-d-712139-30 devstack@placement-api.service[103573]: DEBUG placement.requestlog [req-e66c9535-a245-4f37-92eb-e7ef6349b194 req-e6237d32-cbf1-4351-b29d-fee6ecf7c3d2 None None] Starting request: 10.222.0.15 "GET /placement/allocations/20b82a60-ec80-4839-b34e-f6672d3102b1" {{(pid=103573) __call__ /opt/stack/placement/placement/requestlog.py:55}}
Feb 09 07:32:25.898050 n-d-712139-30 devstack@placement-api.service[103573]: INFO placement.requestlog [req-e66c9535-a245-4f37-92eb-e7ef6349b194 req-e6237d32-cbf1-4351-b29d-fee6ecf7c3d2 service placement] 10.222.0.15 "GET /placement/allocations/20b82a60-ec80-4839-b34e-f6672d3102b1" status: 200 len: 259 microversion: 1.28
Feb 09 07:32:25.899093 n-d-712139-30 devstack@placement-api.service[103573]: [pid: 103573|app: 0|req: 163/327] 10.222.0.15 () {60 vars in 1380 bytes} [Wed Feb 9 07:32:25 2022] GET /placement/allocations/20b82a60-ec80-4839-b34e-f6672d3102b1 => generated 259 bytes in 53 msecs (HTTP/1.1 200) 8 headers in 296 bytes (1 switches on core 0)
Feb 09 07:32:25.904848 n-d-712139-30 devstack@placement-api.service[103574]: DEBUG placement.requestlog [req-e66c9535-a245-4f37-92eb-e7ef6349b194 req-f5f6228f-185c-487b-963a-25088cdc69de None None] Starting request: 10.222.0.15 "GET /placement/allocations/6454109b-5b2e-40b2-bb3f-758ffbfe9d76" {{(pid=103574) __call__ /opt/stack/placement/placement/requestlog.py:55}}
Feb 09 07:32:25.943970 n-d-712139-30 devstack@placement-api.service[103574]: INFO placement.requestlog [req-e66c9535-a245-4f37-92eb-e7ef6349b194 req-f5f6228f-185c-487b-963a-25088cdc69de service placement] 10.222.0.15 "GET /placement/allocations/6454109b-5b2e-40b2-bb3f-758ffbfe9d76" status: 200 len: 19 microversion: 1.28
Feb 09 07:32:25.952072 n-d-712139-30 devstack@placement-api.service[103574]: [pid: 103574|app: 0|req: 165/328] 10.222.0.15 () {60 vars in 1380 bytes} [Wed Feb 9 07:32:25 2022] GET /placement/allocations/6454109b-5b2e-40b2-bb3f-758ffbfe9d76 => generated 19 bytes in 47 msecs (HTTP/1.1 200) 8 headers in 295 bytes (1 switches on core 0)
Feb 09 07:32:25.953115 n-d-712139-30 devstack@placement-api.service[103573]: DEBUG placement.requestlog [req-e66c9535-a245-4f37-92eb-e7ef6349b194 req-bb48e398-da68-49f6-9033-866401424c35 None None] Starting request: 10.222.0.15 "POST /placement/allocations" {{(pid=103573) __call__ /opt/stack/placement/placement/requestlog.py:55}}
Feb 09 07:32:26.128026 n-d-712139-30 devstack@placement-api.service[103573]: DEBUG placement.handlers.allocation [req-e66c9535-a245-4f37-92eb-e7ef6349b194 req-bb48e398-da68-49f6-9033-866401424c35 service placement] Successfully wrote allocations [, , , , , ] {{(pid=103573) _update_consumers_and_create_allocations /opt/stack/placement/placement/handlers/allocation.py:572}}
Feb 09 07:32:26.136618 n-d-712139-30 devstack@placement-api.service[103573]: INFO placement.requestlog [req-e66c9535-a245-4f37-92eb-e7ef6349b194 req-bb48e398-da68-49f6-9033-866401424c35 service placement] 10.222.0.15 "POST /placement/allocations" status: 204 len: 0 microversion: 1.28
Feb 09 07:32:26.138340 n-d-712139-30 devstack@placement-api.service[103573]: [pid: 103573|app: 0|req: 164/329] 10.222.0.15 () {64 vars in 1323 bytes} [Wed Feb 9 07:32:25 2022] POST /placement/allocations => generated 0 bytes in 186 msecs (HTTP/1.1 204) 5 headers in 199 bytes (2 switches on core 0)
Feb 09 07:32:26.215520 n-d-712139-30 devstack@placement-api.service[103574]: DEBUG placement.requestlog [req-e66c9535-a245-4f37-92eb-e7ef6349b194 req-c6e3d1e6-4b82-40dc-993f-ab4046366913 None None] Starting request: 10.222.0.15 "GET /placement/allocations/20b82a60-ec80-4839-b34e-f6672d3102b1" {{(pid=103574) __call__ /opt/stack/placement/placement/requestlog.py:55}}
Feb 09 07:32:26.233542 n-d-712139-30 devstack@placement-api.service[103574]: INFO placement.requestlog [req-e66c9535-a245-4f37-92eb-e7ef6349b194 req-c6e3d1e6-4b82-40dc-993f-ab4046366913 service placement] 10.222.0.15 "GET /placement/allocations/20b82a60-ec80-4839-b34e-f6672d3102b1" status: 200 len: 19 microversion: 1.28
Feb 09 07:32:26.234206 n-d-712139-30 devstack@placement-api.service[103574]: [pid: 103574|app: 0|req: 166/330] 10.222.0.15 () {60 vars in 1380 bytes} [Wed Feb 9 07:32:26 2022] GET /placement/allocations/20b82a60-ec80-4839-b34e-f6672d3102b1 => generated 19 bytes in 19 msecs (HTTP/1.1 200) 8 headers in 295 bytes (1 switches on core 0)
Feb 09 07:32:26.248645 n-d-712139-30 devstack@placement-api.service[103573]: DEBUG placement.requestlog [req-e66c9535-a245-4f37-92eb-e7ef6349b194 req-5adc9102-6c6c-4928-8be4-5d873a456bc0 None None] Starting request: 10.222.0.15 "PUT /placement/allocations/20b82a60-ec80-4839-b34e-f6672d3102b1" {{(pid=103573) __call__ /opt/stack/placement/placement/requestlog.py:55}}
Feb 09 07:32:26.387542 n-d-712139-30 devstack@placement-api.service[103573]: DEBUG placement.handlers.allocation [req-e66c9535-a245-4f37-92eb-e7ef6349b194 req-5adc9102-6c6c-4928-8be4-5d873a456bc0 service placement] Successfully wrote allocations [, , ] {{(pid=103573) _update_consumers_and_create_allocations /opt/stack/placement/placement/handlers/allocation.py:462}}
Feb 09 07:32:26.392328 n-d-712139-30 devstack@placement-api.service[103573]: INFO placement.requestlog [req-e66c9535-a245-4f37-92eb-e7ef6349b194 req-5adc9102-6c6c-4928-8be4-5d873a456bc0 service placement] 10.222.0.15 "PUT /placement/allocations/20b82a60-ec80-4839-b34e-f6672d3102b1" status: 204 len: 0 microversion: 1.28
Feb 09 07:32:26.392729 n-d-712139-30 devstack@placement-api.service[103573]: [pid: 103573|app: 0|req: 165/331] 10.222.0.15 () {64 vars in 1433 bytes} [Wed Feb 9 07:32:26 2022] PUT /placement/allocations/20b82a60-ec80-4839-b34e-f6672d3102b1 => generated 0 bytes in 146 msecs (HTTP/1.1 204) 5 headers in 199 bytes (1 switches on core 0)
Feb 09 07:32:26.674638 n-d-712139-30 devstack@placement-api.service[103574]: DEBUG placement.requestlog [req-e66c9535-a245-4f37-92eb-e7ef6349b194 req-b581efcc-1470-4830-b18e-dd023d894a6c None None] Starting request: 10.222.0.47 "GET /placement/allocations/20b82a60-ec80-4839-b34e-f6672d3102b1" {{(pid=103574) __call__ /opt/stack/placement/placement/requestlog.py:55}}
Feb 09 07:32:26.726463 n-d-712139-30 devstack@placement-api.service[103574]: INFO placement.requestlog [req-e66c9535-a245-4f37-92eb-e7ef6349b194 req-b581efcc-1470-4830-b18e-dd023d894a6c service placement] 10.222.0.47 "GET /placement/allocations/20b82a60-ec80-4839-b34e-f6672d3102b1" status: 200 len: 259 microversion: 1.28
Feb 09 07:32:26.727178 n-d-712139-30 devstack@placement-api.service[103574]: [pid: 103574|app: 0|req: 167/332] 10.222.0.47 () {60 vars in 1377 bytes} [Wed Feb 9 07:32:26 2022] GET /placement/allocations/20b82a60-ec80-4839-b34e-f6672d3102b1 => generated 259 bytes in 54 msecs (HTTP/1.1 200) 8 headers in 296 bytes (1 switches on core 0)
Feb 09 07:32:36.555029 n-d-712139-30 devstack@placement-api.service[103573]: DEBUG placement.requestlog [req-ee4a4ab4-0bb5-4ef5-8c49-6e318b861419 req-8300057c-72dc-488e-a0f1-cc8591a5e8f4 None None] Starting request: 10.222.0.47 "DELETE /placement/allocations/152337c5-e87d-4184-b15a-7d31fcbfdce2" {{(pid=103573) __call__ /opt/stack/placement/placement/requestlog.py:55}}
Feb 09 07:32:36.673929 n-d-712139-30 devstack@placement-api.service[103573]: DEBUG placement.handlers.allocation [req-ee4a4ab4-0bb5-4ef5-8c49-6e318b861419 req-8300057c-72dc-488e-a0f1-cc8591a5e8f4 service placement] Successfully deleted allocations [, , ] {{(pid=103573) delete_allocations /opt/stack/placement/placement/handlers/allocation.py:627}}
Feb 09 07:32:36.674385 n-d-712139-30 devstack@placement-api.service[103573]: INFO placement.requestlog [req-ee4a4ab4-0bb5-4ef5-8c49-6e318b861419 req-8300057c-72dc-488e-a0f1-cc8591a5e8f4 service placement] 10.222.0.47 "DELETE /placement/allocations/152337c5-e87d-4184-b15a-7d31fcbfdce2" status: 204 len: 0 microversion: 1.0
Feb 09 07:32:36.675219 n-d-712139-30 devstack@placement-api.service[103573]: [pid: 103573|app: 0|req: 166/333] 10.222.0.47 () {60 vars in 1355 bytes} [Wed Feb 9 07:32:36 2022] DELETE /placement/allocations/152337c5-e87d-4184-b15a-7d31fcbfdce2 => generated 0 bytes in 121 msecs (HTTP/1.1 204) 5 headers in 198 bytes (2 switches on core 0)
Feb 09 07:32:40.207934 n-d-712139-30 devstack@placement-api.service[103574]: DEBUG placement.requestlog [req-85a5b97e-344f-43e1-a237-cf0d354134a0 req-3f2b3ae5-a3ab-451d-be9b-f5e5110d3a15 None None] Starting request: 10.222.0.60 "GET /placement/allocations/599b13ac-6350-4a5d-a526-1aa5ff24310c" {{(pid=103574) __call__ /opt/stack/placement/placement/requestlog.py:55}}
Feb 09 07:32:40.249698 n-d-712139-30 devstack@placement-api.service[103574]: INFO placement.requestlog [req-85a5b97e-344f-43e1-a237-cf0d354134a0 req-3f2b3ae5-a3ab-451d-be9b-f5e5110d3a15 service placement] 10.222.0.60 "GET /placement/allocations/599b13ac-6350-4a5d-a526-1aa5ff24310c" status: 200 len: 258 microversion: 1.28
Feb 09 07:32:40.252763 n-d-712139-30 devstack@placement-api.service[103574]: [pid: 103574|app: 0|req: 168/334] 10.222.0.60 () {60 vars in 1377 bytes} [Wed Feb 9 07:32:40 2022] GET /placement/allocations/599b13ac-6350-4a5d-a526-1aa5ff24310c => generated 258 bytes in 44 msecs (HTTP/1.1 200) 8 headers in 296 bytes (1 switches on core 0)
Feb 09 07:32:50.157655 n-d-712139-30 devstack@placement-api.service[103573]: DEBUG placement.requestlog [req-755d364b-5537-48f9-bcd2-d23ff4b9d3d6 req-b3fa822f-2751-4452-abd8-e2bb85bc61d9 None None] Starting request: 10.222.0.15 "GET /placement/allocation_candidates?limit=1000&resources=DISK_GB%3A1%2CMEMORY_MB%3A1024%2CVCPU%3A1&root_required=%21COMPUTE_STATUS_DISABLED" {{(pid=103573) __call__ /opt/stack/placement/placement/requestlog.py:55}}
Feb 09 07:32:50.296861 n-d-712139-30 devstack@placement-api.service[103573]: DEBUG placement.objects.research_context [req-755d364b-5537-48f9-bcd2-d23ff4b9d3d6 req-b3fa822f-2751-4452-abd8-e2bb85bc61d9 service placement] getting providers with 1 DISK_GB {{(pid=103573) __init__ /opt/stack/placement/placement/objects/research_context.py:126}}
Feb 09 07:32:50.306948 n-d-712139-30 devstack@placement-api.service[103573]: DEBUG placement.objects.research_context [req-755d364b-5537-48f9-bcd2-d23ff4b9d3d6 req-b3fa822f-2751-4452-abd8-e2bb85bc61d9 service placement] getting providers with 1024 MEMORY_MB {{(pid=103573) __init__ /opt/stack/placement/placement/objects/research_context.py:126}}
Feb 09 07:32:50.315849 n-d-712139-30 devstack@placement-api.service[103573]: DEBUG placement.objects.research_context [req-755d364b-5537-48f9-bcd2-d23ff4b9d3d6 req-b3fa822f-2751-4452-abd8-e2bb85bc61d9 service placement] getting providers with 1 VCPU {{(pid=103573) __init__ /opt/stack/placement/placement/objects/research_context.py:126}}
Feb 09 07:32:50.323008 n-d-712139-30 devstack@placement-api.service[103573]: DEBUG placement.objects.research_context [req-755d364b-5537-48f9-bcd2-d23ff4b9d3d6 req-b3fa822f-2751-4452-abd8-e2bb85bc61d9 service placement] found 2 providers with available 1 DISK_GB {{(pid=103573) get_provider_ids_matching /opt/stack/placement/placement/objects/research_context.py:549}}
Feb 09 07:32:50.323525 n-d-712139-30 devstack@placement-api.service[103573]: DEBUG placement.objects.research_context [req-755d364b-5537-48f9-bcd2-d23ff4b9d3d6 req-b3fa822f-2751-4452-abd8-e2bb85bc61d9 service placement] found 2 providers with available 1024 MEMORY_MB {{(pid=103573) get_provider_ids_matching /opt/stack/placement/placement/objects/research_context.py:549}}
Feb 09 07:32:50.323792 n-d-712139-30 devstack@placement-api.service[103573]: DEBUG placement.objects.research_context [req-755d364b-5537-48f9-bcd2-d23ff4b9d3d6 req-b3fa822f-2751-4452-abd8-e2bb85bc61d9 service placement] found 2 providers after filtering by previous result {{(pid=103573) get_provider_ids_matching /opt/stack/placement/placement/objects/research_context.py:580}}
Feb 09 07:32:50.324380 n-d-712139-30 devstack@placement-api.service[103573]: DEBUG placement.objects.research_context [req-755d364b-5537-48f9-bcd2-d23ff4b9d3d6 req-b3fa822f-2751-4452-abd8-e2bb85bc61d9 service placement] found 2 providers with available 1 VCPU {{(pid=103573) get_provider_ids_matching /opt/stack/placement/placement/objects/research_context.py:549}}
Feb 09 07:32:50.324942 n-d-712139-30 devstack@placement-api.service[103573]: DEBUG placement.objects.research_context [req-755d364b-5537-48f9-bcd2-d23ff4b9d3d6 req-b3fa822f-2751-4452-abd8-e2bb85bc61d9 service placement] found 2 providers after filtering by previous result {{(pid=103573) get_provider_ids_matching /opt/stack/placement/placement/objects/research_context.py:580}}
Feb 09 07:32:50.342366 n-d-712139-30 devstack@placement-api.service[103573]: DEBUG placement.objects.allocation_candidate [req-755d364b-5537-48f9-bcd2-d23ff4b9d3d6 req-b3fa822f-2751-4452-abd8-e2bb85bc61d9 service placement] RequestGroup(use_same_provider=False, resources={DISK_GB:1, MEMORY_MB:1024, VCPU:1}, traits=[], aggregates=[]) (suffix '') returned 2 matches {{(pid=103573) _get_by_requests /opt/stack/placement/placement/objects/allocation_candidate.py:145}}
Feb 09 07:32:50.342952 n-d-712139-30 devstack@placement-api.service[103573]: DEBUG placement.objects.allocation_candidate [req-755d364b-5537-48f9-bcd2-d23ff4b9d3d6 req-b3fa822f-2751-4452-abd8-e2bb85bc61d9 service placement] Merging candidates yields 2 allocation requests and 2 provider summaries {{(pid=103573) _merge_candidates /opt/stack/placement/placement/objects/allocation_candidate.py:783}}
Feb 09 07:32:50.345265 n-d-712139-30 devstack@placement-api.service[103573]: INFO placement.requestlog [req-755d364b-5537-48f9-bcd2-d23ff4b9d3d6 req-b3fa822f-2751-4452-abd8-e2bb85bc61d9 service placement] 10.222.0.15 "GET /placement/allocation_candidates?limit=1000&resources=DISK_GB%3A1%2CMEMORY_MB%3A1024%2CVCPU%3A1&root_required=%21COMPUTE_STATUS_DISABLED" status: 200 len: 1309 microversion: 1.36
Feb 09 07:32:50.346037 n-d-712139-30 devstack@placement-api.service[103573]: [pid: 103573|app: 0|req: 167/335] 10.222.0.15 () {60 vars in 1506 bytes} [Wed Feb 9 07:32:50 2022] GET /placement/allocation_candidates?limit=1000&resources=DISK_GB%3A1%2CMEMORY_MB%3A1024%2CVCPU%3A1&root_required=%21COMPUTE_STATUS_DISABLED => generated 1309 bytes in 189 msecs (HTTP/1.1 200) 8 headers in 297 bytes (1 switches on core 0)
Feb 09 07:32:50.505433 n-d-712139-30 devstack@placement-api.service[103574]: DEBUG placement.requestlog [req-755d364b-5537-48f9-bcd2-d23ff4b9d3d6 req-f4e49695-b542-4363-a1fa-fc58a0f39454 None None] Starting request: 10.222.0.15 "GET /placement/allocations/823cb9ab-f1fa-47d3-8c86-3534b1258c13" {{(pid=103574) __call__ /opt/stack/placement/placement/requestlog.py:55}}
Feb 09 07:32:50.528693 n-d-712139-30 devstack@placement-api.service[103574]: INFO placement.requestlog [req-755d364b-5537-48f9-bcd2-d23ff4b9d3d6 req-f4e49695-b542-4363-a1fa-fc58a0f39454 service placement] 10.222.0.15 "GET /placement/allocations/823cb9ab-f1fa-47d3-8c86-3534b1258c13" status: 200 len: 19 microversion: 1.28
Feb 09 07:32:50.529308 n-d-712139-30 devstack@placement-api.service[103574]: [pid: 103574|app: 0|req: 169/336] 10.222.0.15 () {60 vars in 1380 bytes} [Wed Feb 9 07:32:50 2022] GET /placement/allocations/823cb9ab-f1fa-47d3-8c86-3534b1258c13 => generated 19 bytes in 25 msecs (HTTP/1.1 200) 8 headers in 295 bytes (1 switches on core 0)
Feb 09 07:32:50.548461 n-d-712139-30 devstack@placement-api.service[103573]: DEBUG placement.requestlog [req-755d364b-5537-48f9-bcd2-d23ff4b9d3d6 req-fa48fb87-873b-4ae0-aa5b-3829eb63df9f None None] Starting request: 10.222.0.15 "PUT /placement/allocations/823cb9ab-f1fa-47d3-8c86-3534b1258c13" {{(pid=103573) __call__ /opt/stack/placement/placement/requestlog.py:55}}
Feb 09 07:32:50.646688 n-d-712139-30 devstack@placement-api.service[103573]: DEBUG placement.handlers.allocation [req-755d364b-5537-48f9-bcd2-d23ff4b9d3d6 req-fa48fb87-873b-4ae0-aa5b-3829eb63df9f service placement] Successfully wrote allocations [, , ] {{(pid=103573) _update_consumers_and_create_allocations /opt/stack/placement/placement/handlers/allocation.py:462}}
Feb 09 07:32:50.651370 n-d-712139-30 devstack@placement-api.service[103573]: INFO placement.requestlog [req-755d364b-5537-48f9-bcd2-d23ff4b9d3d6 req-fa48fb87-873b-4ae0-aa5b-3829eb63df9f service placement] 10.222.0.15 "PUT /placement/allocations/823cb9ab-f1fa-47d3-8c86-3534b1258c13" status: 204 len: 0 microversion: 1.36
Feb 09 07:32:50.652259 n-d-712139-30 devstack@placement-api.service[103573]: [pid: 103573|app: 0|req: 168/337] 10.222.0.15 () {64 vars in 1433 bytes} [Wed Feb 9 07:32:50 2022] PUT /placement/allocations/823cb9ab-f1fa-47d3-8c86-3534b1258c13 => generated 0 bytes in 104 msecs (HTTP/1.1 204) 5 headers in 199 bytes (2 switches on core 0)
Feb 09 07:32:51.114971 n-d-712139-30 devstack@placement-api.service[103574]: DEBUG placement.requestlog [req-755d364b-5537-48f9-bcd2-d23ff4b9d3d6 req-41e87408-9559-4499-9126-105c051427fe None None] Starting request: 10.222.0.60 "GET /placement/allocations/823cb9ab-f1fa-47d3-8c86-3534b1258c13" {{(pid=103574) __call__ /opt/stack/placement/placement/requestlog.py:55}}
Feb 09 07:32:51.148481 n-d-712139-30 devstack@placement-api.service[103574]: INFO placement.requestlog [req-755d364b-5537-48f9-bcd2-d23ff4b9d3d6 req-41e87408-9559-4499-9126-105c051427fe service placement] 10.222.0.60 "GET /placement/allocations/823cb9ab-f1fa-47d3-8c86-3534b1258c13" status: 200 len: 259 microversion: 1.28
Feb 09 07:32:51.148481 n-d-712139-30 devstack@placement-api.service[103574]: [pid: 103574|app: 0|req: 170/338] 10.222.0.60 () {60 vars in 1377 bytes} [Wed Feb 9 07:32:51 2022] GET /placement/allocations/823cb9ab-f1fa-47d3-8c86-3534b1258c13 => generated 259 bytes in 33 msecs (HTTP/1.1 200) 8 headers in 296 bytes (1 switches on core 0)
Feb 09 07:32:52.101349 n-d-712139-30 devstack@placement-api.service[103573]: DEBUG placement.requestlog [req-7c9e15f1-73c7-4e90-9697-444b472f9c7b req-ada7aa6b-5f3c-429d-87ea-5c77dd8316de None None] Starting request: 10.222.0.47 "GET /placement/allocations/f6559aa5-72cb-4c20-b638-e225dadc5368" {{(pid=103573) __call__ /opt/stack/placement/placement/requestlog.py:55}}
Feb 09 07:32:52.167988 n-d-712139-30 devstack@placement-api.service[103573]: INFO placement.requestlog [req-7c9e15f1-73c7-4e90-9697-444b472f9c7b req-ada7aa6b-5f3c-429d-87ea-5c77dd8316de service placement] 10.222.0.47 "GET /placement/allocations/f6559aa5-72cb-4c20-b638-e225dadc5368" status: 200 len: 259 microversion: 1.28
Feb 09 07:32:52.167988 n-d-712139-30 devstack@placement-api.service[103573]: [pid: 103573|app: 0|req: 169/339] 10.222.0.47 () {60 vars in 1377 bytes} [Wed Feb 9 07:32:52 2022] GET /placement/allocations/f6559aa5-72cb-4c20-b638-e225dadc5368 => generated 259 bytes in 66 msecs (HTTP/1.1 200) 8 headers in 296 bytes (2 switches on core 0)
Feb 09 07:32:52.183689 n-d-712139-30 devstack@placement-api.service[103574]: DEBUG placement.requestlog [req-7c9e15f1-73c7-4e90-9697-444b472f9c7b req-8248c2c6-8033-433d-9047-139c68f15fb2 None None] Starting request: 10.222.0.47 "GET /placement/allocations/f6559aa5-72cb-4c20-b638-e225dadc5368" {{(pid=103574) __call__ /opt/stack/placement/placement/requestlog.py:55}}
Feb 09 07:32:52.225387 n-d-712139-30 devstack@placement-api.service[103574]: INFO placement.requestlog [req-7c9e15f1-73c7-4e90-9697-444b472f9c7b req-8248c2c6-8033-433d-9047-139c68f15fb2 service placement] 10.222.0.47 "GET /placement/allocations/f6559aa5-72cb-4c20-b638-e225dadc5368" status: 200 len: 259 microversion: 1.28
Feb 09 07:32:52.226319 n-d-712139-30 devstack@placement-api.service[103574]: [pid: 103574|app: 0|req: 171/340] 10.222.0.47 () {60 vars in 1377 bytes} [Wed Feb 9 07:32:52 2022] GET /placement/allocations/f6559aa5-72cb-4c20-b638-e225dadc5368 => generated 259 bytes in 43 msecs (HTTP/1.1 200) 8 headers in 296 bytes (1 switches on core 0)
