Feb 09 07:16:04.143435 n-d-712139-30 devstack@placement-api.service[103574]: WARNING py.warnings [-] /usr/local/lib/python3.8/dist-packages/pkg_resources/__init__.py:122: PkgResourcesDeprecationWarning: 0.1.36ubuntu1 is an invalid version and will not be supported in a future release
Feb 09 07:16:04.143435 n-d-712139-30 devstack@placement-api.service[103574]: warnings.warn(
Feb 09 07:16:04.143435 n-d-712139-30 devstack@placement-api.service[103574]: : pkg_resources.extern.packaging.version.InvalidVersion: Invalid version: '0.1.36ubuntu1'
Feb 09 07:16:04.143680 n-d-712139-30 devstack@placement-api.service[103573]: WARNING py.warnings [-] /usr/local/lib/python3.8/dist-packages/pkg_resources/__init__.py:122: PkgResourcesDeprecationWarning: 0.23ubuntu1 is an invalid version and will not be supported in a future release
Feb 09 07:16:04.143680 n-d-712139-30 devstack@placement-api.service[103573]: warnings.warn(
Feb 09 07:16:04.143680 n-d-712139-30 devstack@placement-api.service[103573]: : pkg_resources.extern.packaging.version.InvalidVersion: Invalid version: '0.23ubuntu1'
Feb 09 07:16:04.144131 n-d-712139-30 devstack@placement-api.service[103573]: WARNING py.warnings [-] /usr/local/lib/python3.8/dist-packages/pkg_resources/__init__.py:122: PkgResourcesDeprecationWarning: 0.1.36ubuntu1 is an invalid version and will not be supported in a future release
Feb 09 07:16:04.144131 n-d-712139-30 devstack@placement-api.service[103573]: warnings.warn(
Feb 09 07:16:04.144131 n-d-712139-30 devstack@placement-api.service[103573]: : pkg_resources.extern.packaging.version.InvalidVersion: Invalid version: '0.1.36ubuntu1'
Feb 09 07:16:04.145507 n-d-712139-30 devstack@placement-api.service[103574]: WARNING keystonemiddleware.auth_token [-] Configuring www_authenticate_uri to point to the public identity endpoint is required; clients may not be able to authenticate against an admin endpoint
Feb 09 07:16:04.146155 n-d-712139-30 devstack@placement-api.service[103573]: WARNING keystonemiddleware.auth_token [-] Configuring www_authenticate_uri to point to the public identity endpoint is required; clients may not be able to authenticate against an admin endpoint
Feb 09 07:16:04.152119 n-d-712139-30 devstack@placement-api.service[103574]: DEBUG oslo_concurrency.lockutils [-] Acquired lock "trait_sync" {{(pid=103574) lock /usr/local/lib/python3.8/dist-packages/oslo_concurrency/lockutils.py:294}}
Feb 09 07:16:04.152804 n-d-712139-30 devstack@placement-api.service[103573]: DEBUG oslo_concurrency.lockutils [-] Acquired lock "trait_sync" {{(pid=103573) lock /usr/local/lib/python3.8/dist-packages/oslo_concurrency/lockutils.py:294}}
Feb 09 07:16:04.187999 n-d-712139-30 devstack@placement-api.service[103574]: DEBUG oslo_db.sqlalchemy.engines [-] MySQL server mode set to STRICT_TRANS_TABLES,STRICT_ALL_TABLES,NO_ZERO_IN_DATE,NO_ZERO_DATE,ERROR_FOR_DIVISION_BY_ZERO,TRADITIONAL,NO_ENGINE_SUBSTITUTION {{(pid=103574) _check_effective_sql_mode /usr/local/lib/python3.8/dist-packages/oslo_db/sqlalchemy/engines.py:314}}
Feb 09 07:16:04.190119 n-d-712139-30 devstack@placement-api.service[103573]: DEBUG oslo_db.sqlalchemy.engines [-] MySQL server mode set to STRICT_TRANS_TABLES,STRICT_ALL_TABLES,NO_ZERO_IN_DATE,NO_ZERO_DATE,ERROR_FOR_DIVISION_BY_ZERO,TRADITIONAL,NO_ENGINE_SUBSTITUTION {{(pid=103573) _check_effective_sql_mode /usr/local/lib/python3.8/dist-packages/oslo_db/sqlalchemy/engines.py:314}}
Feb 09 07:16:04.226858 n-d-712139-30 devstack@placement-api.service[103574]: DEBUG placement.objects.trait [-] Synced traits from os_traits into API DB: {'HW_GPU_MAX_DISPLAY_HEADS_6', 'HW_GPU_MAX_DISPLAY_HEADS_1', 'HW_CPU_X86_AVX512PF', 'HW_CPU_AARCH64_SM4', 'HW_GPU_API_DIRECT3D_V7_0', 'HW_ARCH_XTENSA', 'HW_GPU_API_OPENCL_V1_0', 'COMPUTE_NET_ATTACH_INTERFACE_WITH_TAG', 'HW_ARCH_MIPS64EL', 'COMPUTE_NET_VIF_MODEL_VIRTIO', 'HW_NIC_OFFLOAD_LRO', 'COMPUTE_STORAGE_BUS_XEN', 'HW_ARCH_LM32', 'HW_GPU_API_OPENGL_V2_0', 'HW_GPU_API_DIRECT3D_V9_0B', 'HW_GPU_API_OPENGL_V4_3', 'HW_CPU_X86_AVX512BITALG', 'HW_CPU_X86_AVX512CD', 'HW_CPU_AARCH64_PMULL', 'COMPUTE_ACCELERATORS', 'HW_CPU_AARCH64_ASIMD', 'COMPUTE_STORAGE_BUS_LXC', 'HW_CPU_X86_3DNOW', 'HW_CPU_PPC64LE_POWER9', 'COMPUTE_VOLUME_ATTACH', 'HW_ARCH_SH4EB', 'HW_CPU_X86_AVX512BW', 'COMPUTE_NODE', 'HW_NIC_DCB_PFC', 'HW_GPU_CUDA_COMPUTE_CAPABILITY_V6_1', 'HW_GPU_RESOLUTION_W1280H768', 'HW_CPU_X86_SSE42', 'HW_CPU_X86_AVX512VPOPCNTDQ', 'HW_GPU_MAX_DISPLAY_HEADS_4', 'HW_CPU_X86_FMA4', 'HW_ARCH_I686', 'HW_GPU_CUDA_COMPUTE_CAPABILITY_V3_0', 'HW_ARCH_UNICORE32', 'HW_GPU_API_OPENGL_V4_0', 'COMPUTE_GRAPHICS_MODEL_XEN', 'HW_GPU_CUDA_COMPUTE_CAPABILITY_V1_1', 'HW_CPU_X86_FMA3', 'HW_ARCH_MIPS64', 'HW_GPU_CUDA_COMPUTE_CAPABILITY_V7_1', 'COMPUTE_NET_ATTACH_INTERFACE', 'COMPUTE_GRAPHICS_MODEL_BOCHS', 'HW_NIC_OFFLOAD_TSO', 'HW_NIC_ACCEL_ECC', 'HW_GPU_MAX_DISPLAY_HEADS_2', 'HW_GPU_API_OPENGL_V1_5', 'COMPUTE_VOLUME_EXTEND', 'HW_GPU_API_DIRECT3D_V11_0', 'HW_GPU_RESOLUTION_W1280H1024', 'HW_GPU_API_DIRECT3D_V8_0', 'HW_CPU_AARCH64_AES', 'HW_CPU_AARCH64_CPUID', 'HW_GPU_CUDA_COMPUTE_CAPABILITY_V3_5', 'HW_CPU_X86_XOP', 'HW_NIC_OFFLOAD_GENEVE', 'HW_GPU_CUDA_SDK_V9_1', 'COMPUTE_ARCH_S390X', 'HW_GPU_API_DIRECT3D_V10_0', 'HW_NIC_ACCEL_TLS', 'HW_CPU_X86_AVX512F', 'HW_GPU_API_OPENCL_V2_0', 'HW_CPU_AARCH64_SHA2', 'HW_NIC_OFFLOAD_RXHASH', 'HW_GPU_API_DIRECTX_V12', 'HW_NIC_OFFLOAD_SCS', 'COMPUTE_NET_VIF_MODEL_NE2K_PCI', 'HW_CPU_HYPERTHREADING', 'HW_ARCH_XTENSAEB', 'HW_CPU_X86_INTEL_PCID', 'HW_NIC_OFFLOAD_TX', 'COMPUTE_NET_VIF_MODEL_SPAPR_VLAN', 'COMPUTE_STORAGE_BUS_VIRTIO', 'HW_ARCH_PPCLE', 'HW_CPU_X86_AVX512VPCLMULQDQ', 'HW_GPU_API_OPENGL_V2_1', 'HW_GPU_RESOLUTION_W1920H1080', 'HW_NIC_OFFLOAD_RDMA', 'COMPUTE_EPHEMERAL_ENCRYPTION', 'HW_GPU_CUDA_COMPUTE_CAPABILITY_V2_0', 'HW_GPU_RESOLUTION_W1366H768', 'COMPUTE_EPHEMERAL_ENCRYPTION_PLAIN', 'HW_CPU_X86_INTEL_VMX', 'HW_CPU_X86_AVX512VL', 'HW_CPU_X86_SHA', 'HW_NIC_OFFLOAD_SWITCHDEV', 'COMPUTE_SECURITY_TPM_2_0', 'HW_GPU_RESOLUTION_W1280H800', 'HW_GPU_CUDA_SDK_V8_0', 'HW_CPU_X86_SSE3', 'HW_NIC_ACCEL_IPSEC', 'HW_GPU_RESOLUTION_W1024H600', 'HW_CPU_X86_AVX512DQ', 'COMPUTE_DEVICE_TAGGING', 'COMPUTE_GRAPHICS_MODEL_CIRRUS', 'COMPUTE_REMOTE_MANAGED_PORTS', 'HW_ARCH_X86_64', 'HW_GPU_CUDA_COMPUTE_CAPABILITY_V1_0', 'HW_NIC_OFFLOAD_RXVLAN', 'HW_NIC_OFFLOAD_FDF', 'HW_CPU_X86_F16C', 'HW_GPU_CUDA_COMPUTE_CAPABILITY_V5_3', 'COMPUTE_STORAGE_BUS_USB', 'HW_CPU_X86_STIBP', 'COMPUTE_VOLUME_ATTACH_WITH_TAG', 'COMPUTE_STORAGE_BUS_SATA', 'HW_ARCH_ARMV6', 'HW_GPU_RESOLUTION_W1680H1050', 'HW_GPU_API_VULKAN', 'HW_ARCH_OPENRISC', 'HW_NIC_OFFLOAD_TCS', 'COMPUTE_NET_VIF_MODEL_RTL8139', 'HW_GPU_API_OPENGL_V3_0', 'HW_GPU_API_OPENGL_V3_2', 'HW_GPU_CUDA_SDK_V6_5', 'HW_CPU_X86_ASF', 'HW_CPU_X86_ABM', 'HW_NIC_OFFLOAD_TXUDP', 'HW_CPU_PPC64LE_POWER8', 'HW_GPU_RESOLUTION_W640H480', 'HW_CPU_AARCH64_CRC32', 'HW_GPU_RESOLUTION_W800H600', 'HW_GPU_API_DIRECT3D_V12_0', 'HW_CPU_X86_SSE41', 'HW_NIC_DCB_ETS', 'HW_CPU_X86_AESNI', 'HW_CPU_X86_TSX', 'HW_CPU_X86_SSE', 'HW_CPU_X86_MMX', 'HW_GPU_API_DIRECT3D_V11_2', 'HW_GPU_CUDA_COMPUTE_CAPABILITY_V6_0', 'HW_CPU_AARCH64_FP', 'HW_GPU_API_DIRECT2D', 'HW_GPU_API_DXVA', 'HW_CPU_AARCH64_ASIMDRDM', 'STORAGE_DISK_SSD', 'HW_ARCH_SH4', 'HW_CPU_X86_INTEL_SSBD', 'HW_NIC_ACCEL_DIFFIEH', 'HW_NIC_OFFLOAD_LSO', 'HW_NIC_OFFLOAD_RX', 'HW_CPU_X86_AVX512GFNI', 'HW_NIC_OFFLOAD_TXVLAN', 'COMPUTE_ARCH_RISCV64', 'COMPUTE_IMAGE_TYPE_AMI', 'HW_GPU_CUDA_COMPUTE_CAPABILITY_V3_2', 'COMPUTE_EPHEMERAL_ENCRYPTION_LUKSV2', 'HW_ARCH_CRIS', 'COMPUTE_SECURITY_UEFI_SECURE_BOOT', 'HW_CPU_X86_AVX512VBMI', 'HW_CPU_AARCH64_LRCPC', 'HW_ARCH_S390X', 'HW_NUMA_ROOT', 'COMPUTE_FIRMWARE_BIOS', 'HW_CPU_X86_BMI', 'HW_GPU_API_OPENGL_V1_2', 'HW_NIC_OFFLOAD_SG', 'STORAGE_DISK_HDD', 'HW_GPU_RESOLUTION_W2560H1600', 'HW_CPU_AARCH64_ASIMDHP', 'HW_GPU_API_DIRECT3D_V9_0L', 'HW_GPU_CUDA_COMPUTE_CAPABILITY_V1_3', 'HW_CPU_X86_INTEL_MD_CLEAR', 'HW_CPU_AARCH64_DCPOP', 'COMPUTE_STORAGE_BUS_FDC', 'HW_ARCH_S390', 'HW_GPU_CUDA_COMPUTE_CAPABILITY_V5_2', 'HW_CPU_X86_AVX512IFMA', 'HW_CPU_AARCH64_EVTSTRM', 'COMPUTE_RESCUE_BFV', 'HW_CPU_AARCH64_SHA1', 'HW_ARCH_AARCH64', 'HW_CPU_X86_PDPE1GB', 'HW_ARCH_MIPSEL', 'HW_NIC_SRIOV_MULTIQUEUE', 'COMPUTE_ARCH_AARCH64', 'HW_GPU_API_DIRECTX_V10', 'COMPUTE_NET_VIF_MODEL_E1000', 'HW_GPU_API_OPENGL_V4_1', 'COMPUTE_NET_VIF_MODEL_E1000E', 'HW_CPU_AARCH64_SVE', 'COMPUTE_GRAPHICS_MODEL_GOP', 'HW_GPU_API_OPENGL_V1_1', 'COMPUTE_IMAGE_TYPE_VHDX', 'HW_CPU_X86_AMD_SSBD', 'HW_NIC_SRIOV_QOS_TX', 'HW_NIC_OFFLOAD_UFO', 'COMPUTE_EPHEMERAL_ENCRYPTION_LUKS', 'HW_GPU_RESOLUTION_W1360H768', 'HW_CPU_X86_AVX512VBMI2', 'HW_GPU_API_DIRECT3D_V6_0', 'HW_CPU_AARCH64_ASIMDDP', 'HW_NIC_PROGRAMMABLE_PIPELINE', 'HW_CPU_X86_VMX', 'HW_NIC_ACCEL_LZS', 'COMPUTE_GRAPHICS_MODEL_VIRTIO', 'COMPUTE_IMAGE_TYPE_VHD', 'HW_GPU_API_OPENGL_V4_5', 'HW_ARCH_PPC64', 'HW_CPU_X86_CLMUL', 'HW_NIC_ACCEL_DEFLATE', 'HW_CPU_X86_AVX', 'HW_GPU_RESOLUTION_W1280H720', 'HW_NIC_ACCEL_RSA', 'HW_GPU_API_OPENGL_V1_4', 'COMPUTE_IMAGE_TYPE_AKI', 'HW_GPU_CUDA_SDK_V9_2', 'HW_NIC_OFFLOAD_GSO', 'HW_GPU_CUDA_SDK_V7_5', 'HW_CPU_X86_AVX512ER', 'COMPUTE_SECURITY_TPM_1_2', 'COMPUTE_GRAPHICS_MODEL_NONE', 'COMPUTE_STORAGE_BUS_UML', 'COMPUTE_NET_VIF_MODEL_NETFRONT', 'HW_GPU_API_DIRECTX_V11', 'HW_ARCH_PPC', 'COMPUTE_TRUSTED_CERTS', 'HW_GPU_API_DIRECT3D_V11_1', 'HW_CPU_X86_AMD_SVM', 'HW_GPU_RESOLUTION_W1920H1200', 'COMPUTE_SAME_HOST_COLD_MIGRATE', 'COMPUTE_STATUS_DISABLED', 'HW_GPU_API_OPENCL_V1_2', 'COMPUTE_FIRMWARE_UEFI', 'HW_CPU_X86_MPX', 'HW_GPU_CUDA_COMPUTE_CAPABILITY_V7_2', 'HW_GPU_RESOLUTION_W1600H1200', 'HW_ARCH_MICROBLAZE', 'HW_GPU_API_DIRECT3D_V9_0', 'HW_NIC_ACCEL_SSL', 'HW_ARCH_PARISC64', 'HW_GPU_CUDA_COMPUTE_CAPABILITY_V2_1', 'HW_ARCH_SPARC', 'HW_CPU_X86_SSSE3', 'HW_CPU_AARCH64_SHA3', 'HW_CPU_X86_SGX', 'HW_NIC_OFFLOAD_UCS', 'COMPUTE_VOLUME_MULTI_ATTACH', 'HW_NIC_DCB_QCN', 'HW_ARCH_ARMV7B', 'COMPUTE_IMAGE_TYPE_ARI', 'COMPUTE_NET_VIF_MODEL_LAN9118', 'HW_NIC_MULTIQUEUE', 'HW_GPU_API_DIRECT3D_V9_0C', 'HW_ARCH_MICROBLAZEEL', 'HW_CPU_X86_TBM', 'HW_GPU_CUDA_COMPUTE_CAPABILITY_V1_2', 'HW_GPU_RESOLUTION_W1152H864', 'HW_GPU_API_OPENCL_V2_2', 'HW_CPU_AARCH64_ATOMICS', 'HW_CPU_X86_AMD_NO_SSB', 'HW_CPU_X86_AVX512VAES', 'HW_NIC_OFFLOAD_GRE', 'HW_GPU_RESOLUTION_W320H240', 'COMPUTE_SOCKET_PCI_NUMA_AFFINITY', 'HW_GPU_API_OPENCL_V2_1', 'HW_NIC_OFFLOAD_L2CRC', 'HW_GPU_API_OPENGL_V4_2', 'COMPUTE_NET_VIF_MODEL_SRIOV', 'COMPUTE_NET_VIF_MODEL_VMXNET', 'COMPUTE_STORAGE_BUS_IDE', 'COMPUTE_IMAGE_TYPE_QCOW2', 'HW_ARCH_ALPHA', 'HW_GPU_CUDA_COMPUTE_CAPABILITY_V3_7', 'HW_CPU_AARCH64_FPHP', 'COMPUTE_GRAPHICS_MODEL_VGA', 'HW_GPU_API_OPENGL_V3_3', 'HW_NIC_OFFLOAD_GRO', 'MISC_SHARES_VIA_AGGREGATE', 'HW_ARCH_PPCEMB', 'HW_CPU_X86_AVX512VNNI', 'HW_NIC_VMDQ', 'COMPUTE_IMAGE_TYPE_PLOOP', 'HW_NIC_SRIOV_TRUSTED', 'HW_GPU_CUDA_SDK_V10_0', 'COMPUTE_GRAPHICS_MODEL_QXL', 'HW_GPU_RESOLUTION_W2560H1440', 'HW_CPU_AARCH64_FCMA', 'HW_CPU_X86_AVX2', 'COMPUTE_GRAPHICS_MODEL_VMVGA', 'COMPUTE_MIGRATE_POST_COPY', 'HW_GPU_RESOLUTION_W1024H768', 'HW_CPU_AMD_SEV', 'HW_GPU_API_DIRECT3D_V10_1', 'HW_GPU_API_OPENCL_V1_1', 'COMPUTE_ARCH_PPC64LE', 'COMPUTE_NET_VIF_MODEL_PCNET', 'HW_NIC_SRIOV', 'HW_NIC_OFFLOAD_VXLAN', 'HW_CPU_AARCH64_JSCVT', 'HW_ARCH_MIPS', 'HW_CPU_X86_SSE4A', 'HW_ARCH_PPC64LE', 'HW_CPU_X86_SVM', 'HW_GPU_CUDA_COMPUTE_CAPABILITY_V7_0', 'COMPUTE_STORAGE_BUS_SCSI', 'HW_GPU_API_OPENGL_V3_1', 'COMPUTE_ARCH_X86_64', 'COMPUTE_NET_VIF_MODEL_VMXNET3', 'HW_ARCH_M68K', 'HW_CPU_AARCH64_SHA512', 'COMPUTE_IMAGE_TYPE_RAW', 'HW_GPU_API_OPENGL_V1_3', 'HW_CPU_X86_INTEL_SPEC_CTRL', 'HW_CPU_X86_AMD_IBPB', 'COMPUTE_MIGRATE_AUTO_CONVERGE', 'HW_ARCH_PARISC', 'HW_NIC_SRIOV_QOS_RX', 'HW_GPU_MAX_DISPLAY_HEADS_8', 'HW_GPU_RESOLUTION_W1440H900', 'HW_CPU_X86_BMI2', 'HW_GPU_API_DIRECT3D_V8_1', 'HW_GPU_CUDA_COMPUTE_CAPABILITY_V6_2', 'COMPUTE_IMAGE_TYPE_VMDK', 'HW_CPU_X86_AMD_VIRT_SSBD', 'HW_GPU_API_DIRECT3D_V11_3', 'HW_CPU_X86_SSE2', 'HW_GPU_CUDA_COMPUTE_CAPABILITY_V5_0', 'COMPUTE_IMAGE_TYPE_ISO', 'HW_GPU_CUDA_SDK_V9_0', 'COMPUTE_IMAGE_TYPE_VDI', 'HW_GPU_RESOLUTION_W3840H2160', 'HW_GPU_RESOLUTION_W7680H4320', 'HW_CPU_AARCH64_SM3', 'HW_ARCH_ARMV7', 'HW_CPU_X86_AMD_SEV', 'HW_ARCH_SPARC64', 'HW_ARCH_IA64', 'HW_GPU_RESOLUTION_W1600H900', 'COMPUTE_ARCH_MIPSEL', 'HW_NIC_OFFLOAD_QINQ', 'HW_GPU_API_OPENGL_V4_4'} {{(pid=103574) _trait_sync /opt/stack/placement/placement/objects/trait.py:286}}
Feb 09 07:16:04.230510 n-d-712139-30 devstack@placement-api.service[103574]: DEBUG oslo_concurrency.lockutils [-] Releasing lock "trait_sync" {{(pid=103574) lock /usr/local/lib/python3.8/dist-packages/oslo_concurrency/lockutils.py:312}}
Feb 09 07:16:04.230967 n-d-712139-30 devstack@placement-api.service[103574]: DEBUG oslo_concurrency.lockutils [-] Acquired lock "resource_classes_sync" {{(pid=103574) lock /usr/local/lib/python3.8/dist-packages/oslo_concurrency/lockutils.py:294}}
Feb 09 07:16:04.232338 n-d-712139-30 devstack@placement-api.service[103573]: DEBUG oslo_concurrency.lockutils [-] Releasing lock "trait_sync" {{(pid=103573) lock /usr/local/lib/python3.8/dist-packages/oslo_concurrency/lockutils.py:312}}
Feb 09 07:16:04.232826 n-d-712139-30 devstack@placement-api.service[103573]: DEBUG oslo_concurrency.lockutils [-] Acquired lock "resource_classes_sync" {{(pid=103573) lock /usr/local/lib/python3.8/dist-packages/oslo_concurrency/lockutils.py:294}}
Feb 09 07:16:04.303428 n-d-712139-30 devstack@placement-api.service[103573]: DEBUG placement.objects.resource_class [-] Found existing resource classes in db: [] {{(pid=103573) _resource_classes_sync /opt/stack/placement/placement/objects/resource_class.py:228}}
Feb 09 07:16:04.303649 n-d-712139-30 devstack@placement-api.service[103574]: DEBUG placement.objects.resource_class [-] Found existing resource classes in db: [] {{(pid=103574) _resource_classes_sync /opt/stack/placement/placement/objects/resource_class.py:228}}
Feb 09 07:16:04.306925 n-d-712139-30 devstack@placement-api.service[103574]: DEBUG placement.objects.resource_class [-] Synced resource_classes from os_resource_classes: [{'name': 'VCPU', 'id': 0}, {'name': 'MEMORY_MB', 'id': 1}, {'name': 'DISK_GB', 'id': 2}, {'name': 'PCI_DEVICE', 'id': 3}, {'name': 'SRIOV_NET_VF', 'id': 4}, {'name': 'NUMA_SOCKET', 'id': 5}, {'name': 'NUMA_CORE', 'id': 6}, {'name': 'NUMA_THREAD', 'id': 7}, {'name': 'NUMA_MEMORY_MB', 'id': 8}, {'name': 'IPV4_ADDRESS', 'id': 9}, {'name': 'VGPU', 'id': 10}, {'name': 'VGPU_DISPLAY_HEAD', 'id': 11}, {'name': 'NET_BW_EGR_KILOBIT_PER_SEC', 'id': 12}, {'name': 'NET_BW_IGR_KILOBIT_PER_SEC', 'id': 13}, {'name': 'PCPU', 'id': 14}, {'name': 'MEM_ENCRYPTION_CONTEXT', 'id': 15}, {'name': 'FPGA', 'id': 16}, {'name': 'PGPU', 'id': 17}, {'name': 'NET_PACKET_RATE_KILOPACKET_PER_SEC', 'id': 18}, {'name': 'NET_PACKET_RATE_EGR_KILOPACKET_PER_SEC', 'id': 19}, {'name': 'NET_PACKET_RATE_IGR_KILOPACKET_PER_SEC', 'id': 20}] {{(pid=103574) _resource_classes_sync /opt/stack/placement/placement/objects/resource_class.py:245}}
Feb 09 07:16:04.310047 n-d-712139-30 devstack@placement-api.service[103574]: DEBUG oslo_concurrency.lockutils [-] Releasing lock "resource_classes_sync" {{(pid=103574) lock /usr/local/lib/python3.8/dist-packages/oslo_concurrency/lockutils.py:312}}
Feb 09 07:16:04.310227 n-d-712139-30 devstack@placement-api.service[103574]: WSGI app 0 (mountpoint='') ready in 3 seconds on interpreter 0x5646ae73d9c0 pid: 103574 (default app)
Feb 09 07:16:04.311086 n-d-712139-30 devstack@placement-api.service[103573]: DEBUG oslo_concurrency.lockutils [-] Releasing lock "resource_classes_sync" {{(pid=103573) lock /usr/local/lib/python3.8/dist-packages/oslo_concurrency/lockutils.py:312}}
Feb 09 07:16:04.311217 n-d-712139-30 devstack@placement-api.service[103573]: WSGI app 0 (mountpoint='') ready in 3 seconds on interpreter 0x5646ae73d9c0 pid: 103573 (default app)
Feb 09 07:16:04.311774 n-d-712139-30 devstack@placement-api.service[103574]: DEBUG placement.requestlog [None req-a2d531a0-f315-475d-a59f-2a05d150ffb0 None None] Starting request: 10.222.0.15 "GET /placement/" {{(pid=103574) __call__ /opt/stack/placement/placement/requestlog.py:55}}
Feb 09 07:16:04.326628 n-d-712139-30 devstack@placement-api.service[103574]: INFO placement.requestlog [None req-a2d531a0-f315-475d-a59f-2a05d150ffb0 None None] 10.222.0.15 "GET /placement/" status: 200 len: 136 microversion: 1.0
Feb 09 07:16:04.326948 n-d-712139-30 devstack@placement-api.service[103574]: [pid: 103574|app: 0|req: 1/1] 10.222.0.15 () {50 vars in 776 bytes} [Wed Feb 9 07:16:04 2022] GET /placement => generated 136 bytes in 16 msecs (HTTP/1.1 200) 6 headers in 224 bytes (1 switches on core 0)
Feb 09 07:17:02.903970 n-d-712139-30 devstack@placement-api.service[103573]: DEBUG placement.requestlog [None req-29b01150-f74f-4d2f-bf94-a8f6175afaee None None] Starting request: 10.222.0.15 "GET /placement/" {{(pid=103573) __call__ /opt/stack/placement/placement/requestlog.py:55}}
Feb 09 07:17:02.921064 n-d-712139-30 devstack@placement-api.service[103573]: INFO placement.requestlog [None req-29b01150-f74f-4d2f-bf94-a8f6175afaee None None] 10.222.0.15 "GET /placement/" status: 200 len: 136 microversion: 1.0
Feb 09 07:17:02.922478 n-d-712139-30 devstack@placement-api.service[103573]: [pid: 103573|app: 0|req: 1/2] 10.222.0.15 () {54 vars in 916 bytes} [Wed Feb 9 07:17:02 2022] GET /placement => generated 136 bytes in 20 msecs (HTTP/1.1 200) 6 headers in 224 bytes (1 switches on core 0)
Feb 09 07:17:07.324387 n-d-712139-30 devstack@placement-api.service[103574]: DEBUG placement.requestlog [None req-26dab7fe-6112-4b2d-8bbe-7ba2c9b23748 None None] Starting request: 10.222.0.15 "GET /placement/" {{(pid=103574) __call__ /opt/stack/placement/placement/requestlog.py:55}}
Feb 09 07:17:07.325349 n-d-712139-30 devstack@placement-api.service[103574]: INFO placement.requestlog [None req-26dab7fe-6112-4b2d-8bbe-7ba2c9b23748 None None] 10.222.0.15 "GET /placement/" status: 200 len: 136 microversion: 1.0
Feb 09 07:17:07.325716 n-d-712139-30 devstack@placement-api.service[103574]: [pid: 103574|app: 0|req: 2/3] 10.222.0.15 () {54 vars in 916 bytes} [Wed Feb 9 07:17:07 2022] GET /placement => generated 136 bytes in 2 msecs (HTTP/1.1 200) 6 headers in 224 bytes (1 switches on core 0)
Feb 09 07:17:08.695332 n-d-712139-30 devstack@placement-api.service[103573]: DEBUG placement.requestlog [None req-2e81dc22-8d64-4528-b02e-cd8a55c05f11 None None] Starting request: 10.222.0.15 "GET /placement/" {{(pid=103573) __call__ /opt/stack/placement/placement/requestlog.py:55}}
Feb 09 07:17:08.696334 n-d-712139-30 devstack@placement-api.service[103573]: INFO placement.requestlog [None req-2e81dc22-8d64-4528-b02e-cd8a55c05f11 None None] 10.222.0.15 "GET /placement/" status: 200 len: 136 microversion: 1.0
Feb 09 07:17:08.696679 n-d-712139-30 devstack@placement-api.service[103573]: [pid: 103573|app: 0|req: 2/4] 10.222.0.15 () {54 vars in 916 bytes} [Wed Feb 9 07:17:08 2022] GET /placement => generated 136 bytes in 2 msecs (HTTP/1.1 200) 6 headers in 224 bytes (1 switches on core 0)
Feb 09 07:18:04.434984 n-d-712139-30 devstack@placement-api.service[103574]: DEBUG placement.requestlog [None req-783157b1-fe82-4c76-b91e-ca4b67842c46 None None] Starting request: 10.222.0.15 "GET /placement//" {{(pid=103574) __call__ /opt/stack/placement/placement/requestlog.py:55}}
Feb 09 07:18:04.435941 n-d-712139-30 devstack@placement-api.service[103574]: INFO placement.requestlog [None req-783157b1-fe82-4c76-b91e-ca4b67842c46 None None] 10.222.0.15 "GET /placement//" status: 200 len: 136 microversion: 1.0
Feb 09 07:18:04.436267 n-d-712139-30 devstack@placement-api.service[103574]: [pid: 103574|app: 0|req: 3/5] 10.222.0.15 () {56 vars in 1106 bytes} [Wed Feb 9 07:18:04 2022] GET /placement/ => generated 136 bytes in 2 msecs (HTTP/1.1 200) 6 headers in 224 bytes (1 switches on core 0)
Feb 09 07:24:03.252289 n-d-712139-30 devstack@placement-api.service[103573]: DEBUG placement.requestlog [None req-b1920677-67fc-45ea-8656-16371362fa37 None None] Starting request: 10.222.0.47 "GET /placement/" {{(pid=103573) __call__ /opt/stack/placement/placement/requestlog.py:55}}
Feb 09 07:24:03.253237 n-d-712139-30 devstack@placement-api.service[103573]: INFO placement.requestlog [None req-b1920677-67fc-45ea-8656-16371362fa37 None None] 10.222.0.47 "GET /placement/" status: 200 len: 136 microversion: 1.0
Feb 09 07:24:03.253544 n-d-712139-30 devstack@placement-api.service[103573]: [pid: 103573|app: 0|req: 3/6] 10.222.0.47 () {54 vars in 913 bytes} [Wed Feb 9 07:24:03 2022] GET /placement => generated 136 bytes in 2 msecs (HTTP/1.1 200) 6 headers in 224 bytes (1 switches on core 0)
Feb 09 07:24:06.236270 n-d-712139-30 devstack@placement-api.service[103574]: DEBUG placement.requestlog [None req-c90e3cad-fbe2-48c4-a059-36fa93803b21 None None] Starting request: 10.222.0.60 "GET /placement/" {{(pid=103574) __call__ /opt/stack/placement/placement/requestlog.py:55}}
Feb 09 07:24:06.237211 n-d-712139-30 devstack@placement-api.service[103574]: INFO placement.requestlog [None req-c90e3cad-fbe2-48c4-a059-36fa93803b21 None None] 10.222.0.60 "GET /placement/" status: 200 len: 136 microversion: 1.0
Feb 09 07:24:06.237516 n-d-712139-30 devstack@placement-api.service[103574]: [pid: 103574|app: 0|req: 4/7] 10.222.0.60 () {54 vars in 913 bytes} [Wed Feb 9 07:24:06 2022] GET /placement => generated 136 bytes in 1 msecs (HTTP/1.1 200) 6 headers in 224 bytes (1 switches on core 0)
Feb 09 07:24:06.718585 n-d-712139-30 devstack@placement-api.service[103573]: DEBUG placement.requestlog [req-bc6ece5d-d6b9-48b2-887e-4c8f0431328f req-851a046f-d53a-44e2-a85b-928b29557689 None None] Starting request: 10.222.0.47 "GET /placement/resource_providers?in_tree=ce39e7db-600f-47da-980e-b2015572841c" {{(pid=103573) __call__ /opt/stack/placement/placement/requestlog.py:55}}
Feb 09 07:24:07.172716 n-d-712139-30 devstack@placement-api.service[103573]: INFO placement.requestlog [req-bc6ece5d-d6b9-48b2-887e-4c8f0431328f req-851a046f-d53a-44e2-a85b-928b29557689 service placement] 10.222.0.47 "GET /placement/resource_providers?in_tree=ce39e7db-600f-47da-980e-b2015572841c" status: 200 len: 26 microversion: 1.14
Feb 09 07:24:07.172716 n-d-712139-30 devstack@placement-api.service[103573]: [pid: 103573|app: 0|req: 4/8] 10.222.0.47 () {60 vars in 1376 bytes} [Wed Feb 9 07:24:06 2022] GET /placement/resource_providers?in_tree=ce39e7db-600f-47da-980e-b2015572841c => generated 26 bytes in 454 msecs (HTTP/1.1 200) 6 headers in 224 bytes (1 switches on core 0)
Feb 09 07:24:07.179578 n-d-712139-30 devstack@placement-api.service[103574]: DEBUG placement.requestlog [req-bc6ece5d-d6b9-48b2-887e-4c8f0431328f req-645fb805-b9a0-4122-9e43-2fafa7e4d9ea None None] Starting request: 10.222.0.47 "POST /placement/resource_providers" {{(pid=103574) __call__ /opt/stack/placement/placement/requestlog.py:55}}
Feb 09 07:24:07.545918 n-d-712139-30 devstack@placement-api.service[103574]: INFO placement.requestlog [req-bc6ece5d-d6b9-48b2-887e-4c8f0431328f req-645fb805-b9a0-4122-9e43-2fafa7e4d9ea service placement] 10.222.0.47 "POST /placement/resource_providers" status: 200 len: 837 microversion: 1.20
Feb 09 07:24:07.546630 n-d-712139-30 devstack@placement-api.service[103574]: [pid: 103574|app: 0|req: 5/9] 10.222.0.47 () {64 vars in 1340 bytes} [Wed Feb 9 07:24:07 2022] POST /placement/resource_providers => generated 837 bytes in 367 msecs (HTTP/1.1 200) 9 headers in 392 bytes (1 switches on core 0)
Feb 09 07:24:07.765976 n-d-712139-30 devstack@placement-api.service[103573]: DEBUG placement.requestlog [req-bc6ece5d-d6b9-48b2-887e-4c8f0431328f req-80800731-c6a2-4e28-841a-b952e4deff22 None None] Starting request: 10.222.0.47 "PUT /placement/resource_providers/ce39e7db-600f-47da-980e-b2015572841c/inventories" {{(pid=103573) __call__ /opt/stack/placement/placement/requestlog.py:55}}
Feb 09 07:24:07.797147 n-d-712139-30 devstack@placement-api.service[103573]: INFO placement.requestlog [req-bc6ece5d-d6b9-48b2-887e-4c8f0431328f req-80800731-c6a2-4e28-841a-b952e4deff22 service placement] 10.222.0.47 "PUT /placement/resource_providers/ce39e7db-600f-47da-980e-b2015572841c/inventories" status: 200 len: 397 microversion: 1.26
Feb 09 07:24:07.797465 n-d-712139-30 devstack@placement-api.service[103573]: [pid: 103573|app: 0|req: 5/10] 10.222.0.47 () {64 vars in 1487 bytes} [Wed Feb 9 07:24:07 2022] PUT /placement/resource_providers/ce39e7db-600f-47da-980e-b2015572841c/inventories => generated 397 bytes in 32 msecs (HTTP/1.1 200) 8 headers in 296 bytes (1 switches on core 0)
Feb 09 07:24:07.809113 n-d-712139-30 devstack@placement-api.service[103574]: DEBUG placement.requestlog [req-bc6ece5d-d6b9-48b2-887e-4c8f0431328f req-b46888b1-feed-4c27-a328-8367d5909479 None None] Starting request: 10.222.0.47 "GET /placement/traits?name=in:COMPUTE_NODE,COMPUTE_NET_ATTACH_INTERFACE,COMPUTE_IMAGE_TYPE_VHDX,COMPUTE_SECURITY_UEFI_SECURE_BOOT,COMPUTE_DEVICE_TAGGING,COMPUTE_IMAGE_TYPE_VHD" {{(pid=103574) __call__ /opt/stack/placement/placement/requestlog.py:55}}
Feb 09 07:24:07.822040 n-d-712139-30 devstack@placement-api.service[103574]: INFO placement.requestlog [req-bc6ece5d-d6b9-48b2-887e-4c8f0431328f req-b46888b1-feed-4c27-a328-8367d5909479 service placement] 10.222.0.47 "GET /placement/traits?name=in:COMPUTE_NODE,COMPUTE_NET_ATTACH_INTERFACE,COMPUTE_IMAGE_TYPE_VHDX,COMPUTE_SECURITY_UEFI_SECURE_BOOT,COMPUTE_DEVICE_TAGGING,COMPUTE_IMAGE_TYPE_VHD" status: 200 len: 176 microversion: 1.6
Feb 09 07:24:07.822355 n-d-712139-30 devstack@placement-api.service[103574]: [pid: 103574|app: 0|req: 6/11] 10.222.0.47 () {60 vars in 1557 bytes} [Wed Feb 9 07:24:07 2022] GET /placement/traits?name=in:COMPUTE_NODE,COMPUTE_NET_ATTACH_INTERFACE,COMPUTE_IMAGE_TYPE_VHDX,COMPUTE_SECURITY_UEFI_SECURE_BOOT,COMPUTE_DEVICE_TAGGING,COMPUTE_IMAGE_TYPE_VHD => generated 176 bytes in 14 msecs (HTTP/1.1 200) 6 headers in 224 bytes (1 switches on core 0)
Feb 09 07:24:07.829767 n-d-712139-30 devstack@placement-api.service[103573]: DEBUG placement.requestlog [req-bc6ece5d-d6b9-48b2-887e-4c8f0431328f req-3dbd70d0-a9b4-4451-bdcb-fff86cac8d53 None None] Starting request: 10.222.0.47 "PUT /placement/resource_providers/ce39e7db-600f-47da-980e-b2015572841c/traits" {{(pid=103573) __call__ /opt/stack/placement/placement/requestlog.py:55}}
Feb 09 07:24:07.876169 n-d-712139-30 devstack@placement-api.service[103573]: INFO placement.requestlog [req-bc6ece5d-d6b9-48b2-887e-4c8f0431328f req-3dbd70d0-a9b4-4451-bdcb-fff86cac8d53 service placement] 10.222.0.47 "PUT /placement/resource_providers/ce39e7db-600f-47da-980e-b2015572841c/traits" status: 200 len: 211 microversion: 1.6
Feb 09 07:24:07.876741 n-d-712139-30 devstack@placement-api.service[103573]: [pid: 103573|app: 0|req: 6/12] 10.222.0.47 () {64 vars in 1471 bytes} [Wed Feb 9 07:24:07 2022] PUT /placement/resource_providers/ce39e7db-600f-47da-980e-b2015572841c/traits => generated 211 bytes in 47 msecs (HTTP/1.1 200) 6 headers in 224 bytes (1 switches on core 0)
Feb 09 07:24:09.662461 n-d-712139-30 devstack@placement-api.service[103574]: DEBUG placement.requestlog [req-eb710d07-1bc2-4d41-a030-f59c75af6f9a req-944a6c62-ea03-4055-a6d1-693525dfa5dd None None] Starting request: 10.222.0.60 "GET /placement/resource_providers?in_tree=50722427-d070-4fb2-acb2-6a263e9870fd" {{(pid=103574) __call__ /opt/stack/placement/placement/requestlog.py:55}}
Feb 09 07:24:09.777413 n-d-712139-30 devstack@placement-api.service[103574]: INFO placement.requestlog [req-eb710d07-1bc2-4d41-a030-f59c75af6f9a req-944a6c62-ea03-4055-a6d1-693525dfa5dd service placement] 10.222.0.60 "GET /placement/resource_providers?in_tree=50722427-d070-4fb2-acb2-6a263e9870fd" status: 200 len: 26 microversion: 1.14
Feb 09 07:24:09.777921 n-d-712139-30 devstack@placement-api.service[103574]: [pid: 103574|app: 0|req: 7/13] 10.222.0.60 () {60 vars in 1376 bytes} [Wed Feb 9 07:24:09 2022] GET /placement/resource_providers?in_tree=50722427-d070-4fb2-acb2-6a263e9870fd => generated 26 bytes in 116 msecs (HTTP/1.1 200) 6 headers in 224 bytes (1 switches on core 0)
Feb 09 07:24:09.786166 n-d-712139-30 devstack@placement-api.service[103573]: DEBUG placement.requestlog [req-eb710d07-1bc2-4d41-a030-f59c75af6f9a req-c99642d9-e576-4a2b-9ae9-a9dae25e3a04 None None] Starting request: 10.222.0.60 "POST /placement/resource_providers" {{(pid=103573) __call__ /opt/stack/placement/placement/requestlog.py:55}}
Feb 09 07:24:09.807786 n-d-712139-30 devstack@placement-api.service[103573]: INFO placement.requestlog [req-eb710d07-1bc2-4d41-a030-f59c75af6f9a req-c99642d9-e576-4a2b-9ae9-a9dae25e3a04 service placement] 10.222.0.60 "POST /placement/resource_providers" status: 200 len: 837 microversion: 1.20
Feb 09 07:24:09.808380 n-d-712139-30 devstack@placement-api.service[103573]: [pid: 103573|app: 0|req: 7/14] 10.222.0.60 () {64 vars in 1340 bytes} [Wed Feb 9 07:24:09 2022] POST /placement/resource_providers => generated 837 bytes in 23 msecs (HTTP/1.1 200) 9 headers in 392 bytes (1 switches on core 0)
Feb 09 07:24:10.043082 n-d-712139-30 devstack@placement-api.service[103574]: DEBUG placement.requestlog [req-eb710d07-1bc2-4d41-a030-f59c75af6f9a req-4f956821-3002-4f50-bd14-97542aca291e None None] Starting request: 10.222.0.60 "PUT /placement/resource_providers/50722427-d070-4fb2-acb2-6a263e9870fd/inventories" {{(pid=103574) __call__ /opt/stack/placement/placement/requestlog.py:55}}
Feb 09 07:24:10.074399 n-d-712139-30 devstack@placement-api.service[103574]: INFO placement.requestlog [req-eb710d07-1bc2-4d41-a030-f59c75af6f9a req-4f956821-3002-4f50-bd14-97542aca291e service placement] 10.222.0.60 "PUT /placement/resource_providers/50722427-d070-4fb2-acb2-6a263e9870fd/inventories" status: 200 len: 397 microversion: 1.26
Feb 09 07:24:10.074981 n-d-712139-30 devstack@placement-api.service[103574]: [pid: 103574|app: 0|req: 8/15] 10.222.0.60 () {64 vars in 1487 bytes} [Wed Feb 9 07:24:10 2022] PUT /placement/resource_providers/50722427-d070-4fb2-acb2-6a263e9870fd/inventories => generated 397 bytes in 32 msecs (HTTP/1.1 200) 8 headers in 296 bytes (1 switches on core 0)
Feb 09 07:24:10.084629 n-d-712139-30 devstack@placement-api.service[103573]: DEBUG placement.requestlog [req-eb710d07-1bc2-4d41-a030-f59c75af6f9a req-e6b86a7d-8501-4ea5-ba24-fd8e11e5883d None None] Starting request: 10.222.0.60 "GET /placement/traits?name=in:COMPUTE_DEVICE_TAGGING,COMPUTE_IMAGE_TYPE_VHD,COMPUTE_NODE,COMPUTE_NET_ATTACH_INTERFACE,COMPUTE_IMAGE_TYPE_VHDX,COMPUTE_SECURITY_UEFI_SECURE_BOOT" {{(pid=103573) __call__ /opt/stack/placement/placement/requestlog.py:55}}
Feb 09 07:24:10.095129 n-d-712139-30 devstack@placement-api.service[103573]: INFO placement.requestlog [req-eb710d07-1bc2-4d41-a030-f59c75af6f9a req-e6b86a7d-8501-4ea5-ba24-fd8e11e5883d service placement] 10.222.0.60 "GET /placement/traits?name=in:COMPUTE_DEVICE_TAGGING,COMPUTE_IMAGE_TYPE_VHD,COMPUTE_NODE,COMPUTE_NET_ATTACH_INTERFACE,COMPUTE_IMAGE_TYPE_VHDX,COMPUTE_SECURITY_UEFI_SECURE_BOOT" status: 200 len: 176 microversion: 1.6
Feb 09 07:24:10.095457 n-d-712139-30 devstack@placement-api.service[103573]: [pid: 103573|app: 0|req: 8/16] 10.222.0.60 () {60 vars in 1557 bytes} [Wed Feb 9 07:24:10 2022] GET /placement/traits?name=in:COMPUTE_DEVICE_TAGGING,COMPUTE_IMAGE_TYPE_VHD,COMPUTE_NODE,COMPUTE_NET_ATTACH_INTERFACE,COMPUTE_IMAGE_TYPE_VHDX,COMPUTE_SECURITY_UEFI_SECURE_BOOT => generated 176 bytes in 11 msecs (HTTP/1.1 200) 6 headers in 224 bytes (1 switches on core 0)
Feb 09 07:24:10.102397 n-d-712139-30 devstack@placement-api.service[103574]: DEBUG placement.requestlog [req-eb710d07-1bc2-4d41-a030-f59c75af6f9a req-c733e2dd-caaa-4001-9564-04bb639da73f None None] Starting request: 10.222.0.60 "PUT /placement/resource_providers/50722427-d070-4fb2-acb2-6a263e9870fd/traits" {{(pid=103574) __call__ /opt/stack/placement/placement/requestlog.py:55}}
Feb 09 07:24:10.131145 n-d-712139-30 devstack@placement-api.service[103574]: INFO placement.requestlog [req-eb710d07-1bc2-4d41-a030-f59c75af6f9a req-c733e2dd-caaa-4001-9564-04bb639da73f service placement] 10.222.0.60 "PUT /placement/resource_providers/50722427-d070-4fb2-acb2-6a263e9870fd/traits" status: 200 len: 211 microversion: 1.6
Feb 09 07:24:10.131503 n-d-712139-30 devstack@placement-api.service[103574]: [pid: 103574|app: 0|req: 9/17] 10.222.0.60 () {64 vars in 1471 bytes} [Wed Feb 9 07:24:10 2022] PUT /placement/resource_providers/50722427-d070-4fb2-acb2-6a263e9870fd/traits => generated 211 bytes in 30 msecs (HTTP/1.1 200) 6 headers in 224 bytes (2 switches on core 0)
Feb 09 07:25:03.432061 n-d-712139-30 devstack@placement-api.service[103573]: DEBUG placement.requestlog [req-2c5409b8-2793-472c-882e-ee2bf5b77476 req-2f788ba3-65c8-43bb-af7a-f38240ddc899 None None] Starting request: 10.222.0.47 "GET /placement/resource_providers/ce39e7db-600f-47da-980e-b2015572841c/allocations" {{(pid=103573) __call__ /opt/stack/placement/placement/requestlog.py:55}}
Feb 09 07:25:03.453757 n-d-712139-30 devstack@placement-api.service[103573]: INFO placement.requestlog [req-2c5409b8-2793-472c-882e-ee2bf5b77476 req-2f788ba3-65c8-43bb-af7a-f38240ddc899 service placement] 10.222.0.47 "GET /placement/resource_providers/ce39e7db-600f-47da-980e-b2015572841c/allocations" status: 200 len: 54 microversion: 1.0
Feb 09 07:25:03.454149 n-d-712139-30 devstack@placement-api.service[103573]: [pid: 103573|app: 0|req: 9/18] 10.222.0.47 () {58 vars in 1390 bytes} [Wed Feb 9 07:25:03 2022] GET /placement/resource_providers/ce39e7db-600f-47da-980e-b2015572841c/allocations => generated 54 bytes in 22 msecs (HTTP/1.1 200) 6 headers in 223 bytes (1 switches on core 0)
Feb 09 07:25:06.444386 n-d-712139-30 devstack@placement-api.service[103574]: DEBUG placement.requestlog [req-4a7a76c6-ccd5-4985-9742-3fd934aee27e req-25776081-cafb-4750-be19-a5a86fac7b5e None None] Starting request: 10.222.0.60 "GET /placement/resource_providers/50722427-d070-4fb2-acb2-6a263e9870fd/allocations" {{(pid=103574) __call__ /opt/stack/placement/placement/requestlog.py:55}}
Feb 09 07:25:06.463230 n-d-712139-30 devstack@placement-api.service[103574]: INFO placement.requestlog [req-4a7a76c6-ccd5-4985-9742-3fd934aee27e req-25776081-cafb-4750-be19-a5a86fac7b5e service placement] 10.222.0.60 "GET /placement/resource_providers/50722427-d070-4fb2-acb2-6a263e9870fd/allocations" status: 200 len: 54 microversion: 1.0
Feb 09 07:25:06.463563 n-d-712139-30 devstack@placement-api.service[103574]: [pid: 103574|app: 0|req: 10/19] 10.222.0.60 () {58 vars in 1390 bytes} [Wed Feb 9 07:25:06 2022] GET /placement/resource_providers/50722427-d070-4fb2-acb2-6a263e9870fd/allocations => generated 54 bytes in 20 msecs (HTTP/1.1 200) 6 headers in 223 bytes (1 switches on core 0)
Feb 09 07:25:38.280497 n-d-712139-30 devstack@placement-api.service[103573]: DEBUG placement.requestlog [None req-98c4a6e4-3a48-49a0-88f1-181344f5e72a None None] Starting request: 10.222.0.15 "GET /placement/" {{(pid=103573) __call__ /opt/stack/placement/placement/requestlog.py:55}}
Feb 09 07:25:38.281482 n-d-712139-30 devstack@placement-api.service[103573]: INFO placement.requestlog [None req-98c4a6e4-3a48-49a0-88f1-181344f5e72a None None] 10.222.0.15 "GET /placement/" status: 200 len: 136 microversion: 1.0
Feb 09 07:25:38.281801 n-d-712139-30 devstack@placement-api.service[103573]: [pid: 103573|app: 0|req: 10/20] 10.222.0.15 () {54 vars in 916 bytes} [Wed Feb 9 07:25:38 2022] GET /placement => generated 136 bytes in 2 msecs (HTTP/1.1 200) 6 headers in 224 bytes (1 switches on core 0)
Feb 09 07:26:05.408409 n-d-712139-30 devstack@placement-api.service[103574]: DEBUG placement.requestlog [req-ee1695dd-c0ff-430e-bf2d-e618a077a5fb req-e03d8db6-01af-4063-bebd-22321a707d7b None None] Starting request: 10.222.0.47 "GET /placement/resource_providers/ce39e7db-600f-47da-980e-b2015572841c/allocations" {{(pid=103574) __call__ /opt/stack/placement/placement/requestlog.py:55}}
Feb 09 07:26:05.424464 n-d-712139-30 devstack@placement-api.service[103574]: INFO placement.requestlog [req-ee1695dd-c0ff-430e-bf2d-e618a077a5fb req-e03d8db6-01af-4063-bebd-22321a707d7b service placement] 10.222.0.47 "GET /placement/resource_providers/ce39e7db-600f-47da-980e-b2015572841c/allocations" status: 200 len: 54 microversion: 1.0
Feb 09 07:26:05.424780 n-d-712139-30 devstack@placement-api.service[103574]: [pid: 103574|app: 0|req: 11/21] 10.222.0.47 () {58 vars in 1390 bytes} [Wed Feb 9 07:26:05 2022] GET /placement/resource_providers/ce39e7db-600f-47da-980e-b2015572841c/allocations => generated 54 bytes in 17 msecs (HTTP/1.1 200) 6 headers in 223 bytes (1 switches on core 0)
Feb 09 07:26:07.519336 n-d-712139-30 devstack@placement-api.service[103573]: DEBUG placement.requestlog [req-8a829361-f2a3-4613-bf3a-1c7ce84d671b req-1b02af0c-2d2e-4d18-93fb-842280d90241 None None] Starting request: 10.222.0.60 "GET /placement/resource_providers/50722427-d070-4fb2-acb2-6a263e9870fd/allocations" {{(pid=103573) __call__ /opt/stack/placement/placement/requestlog.py:55}}
Feb 09 07:26:07.568998 n-d-712139-30 devstack@placement-api.service[103573]: INFO placement.requestlog [req-8a829361-f2a3-4613-bf3a-1c7ce84d671b req-1b02af0c-2d2e-4d18-93fb-842280d90241 service placement] 10.222.0.60 "GET /placement/resource_providers/50722427-d070-4fb2-acb2-6a263e9870fd/allocations" status: 200 len: 54 microversion: 1.0
Feb 09 07:26:07.569977 n-d-712139-30 devstack@placement-api.service[103573]: [pid: 103573|app: 0|req: 11/22] 10.222.0.60 () {58 vars in 1390 bytes} [Wed Feb 9 07:26:07 2022] GET /placement/resource_providers/50722427-d070-4fb2-acb2-6a263e9870fd/allocations => generated 54 bytes in 51 msecs (HTTP/1.1 200) 6 headers in 223 bytes (1 switches on core 0)
Feb 09 07:26:17.169726 n-d-712139-30 devstack@placement-api.service[103574]: DEBUG placement.requestlog [req-e3ac97bc-ed53-4603-8203-95bd6ab01992 req-01e870ac-3b40-497b-829a-74cc6d04d55e None None] Starting request: 10.222.0.15 "GET /placement/allocation_candidates?limit=1000&resources=DISK_GB%3A1%2CMEMORY_MB%3A1024%2CVCPU%3A1&root_required=%21COMPUTE_STATUS_DISABLED" {{(pid=103574) __call__ /opt/stack/placement/placement/requestlog.py:55}}
Feb 09 07:26:17.671816 n-d-712139-30 devstack@placement-api.service[103574]: DEBUG placement.objects.research_context [req-e3ac97bc-ed53-4603-8203-95bd6ab01992 req-01e870ac-3b40-497b-829a-74cc6d04d55e service placement] getting providers with 1 DISK_GB {{(pid=103574) __init__ /opt/stack/placement/placement/objects/research_context.py:126}}
Feb 09 07:26:17.690722 n-d-712139-30 devstack@placement-api.service[103574]: DEBUG placement.objects.research_context [req-e3ac97bc-ed53-4603-8203-95bd6ab01992 req-01e870ac-3b40-497b-829a-74cc6d04d55e service placement] getting providers with 1024 MEMORY_MB {{(pid=103574) __init__ /opt/stack/placement/placement/objects/research_context.py:126}}
Feb 09 07:26:17.707895 n-d-712139-30 devstack@placement-api.service[103574]: DEBUG placement.objects.research_context [req-e3ac97bc-ed53-4603-8203-95bd6ab01992 req-01e870ac-3b40-497b-829a-74cc6d04d55e service placement] getting providers with 1 VCPU {{(pid=103574) __init__ /opt/stack/placement/placement/objects/research_context.py:126}}
Feb 09 07:26:17.723892 n-d-712139-30 devstack@placement-api.service[103574]: DEBUG placement.objects.research_context [req-e3ac97bc-ed53-4603-8203-95bd6ab01992 req-01e870ac-3b40-497b-829a-74cc6d04d55e service placement] found 2 providers with available 1 DISK_GB {{(pid=103574) get_provider_ids_matching /opt/stack/placement/placement/objects/research_context.py:549}}
Feb 09 07:26:17.724220 n-d-712139-30 devstack@placement-api.service[103574]: DEBUG placement.objects.research_context [req-e3ac97bc-ed53-4603-8203-95bd6ab01992 req-01e870ac-3b40-497b-829a-74cc6d04d55e service placement] found 2 providers with available 1024 MEMORY_MB {{(pid=103574) get_provider_ids_matching /opt/stack/placement/placement/objects/research_context.py:549}}
Feb 09 07:26:17.724688 n-d-712139-30 devstack@placement-api.service[103574]: DEBUG placement.objects.research_context [req-e3ac97bc-ed53-4603-8203-95bd6ab01992 req-01e870ac-3b40-497b-829a-74cc6d04d55e service placement] found 2 providers after filtering by previous result {{(pid=103574) get_provider_ids_matching /opt/stack/placement/placement/objects/research_context.py:580}}
Feb 09 07:26:17.724957 n-d-712139-30 devstack@placement-api.service[103574]: DEBUG placement.objects.research_context [req-e3ac97bc-ed53-4603-8203-95bd6ab01992 req-01e870ac-3b40-497b-829a-74cc6d04d55e service placement] found 2 providers with available 1 VCPU {{(pid=103574) get_provider_ids_matching /opt/stack/placement/placement/objects/research_context.py:549}}
Feb 09 07:26:17.725228 n-d-712139-30 devstack@placement-api.service[103574]: DEBUG placement.objects.research_context [req-e3ac97bc-ed53-4603-8203-95bd6ab01992 req-01e870ac-3b40-497b-829a-74cc6d04d55e service placement] found 2 providers after filtering by previous result {{(pid=103574) get_provider_ids_matching /opt/stack/placement/placement/objects/research_context.py:580}}
Feb 09 07:26:17.757988 n-d-712139-30 devstack@placement-api.service[103574]: DEBUG placement.objects.allocation_candidate [req-e3ac97bc-ed53-4603-8203-95bd6ab01992 req-01e870ac-3b40-497b-829a-74cc6d04d55e service placement] RequestGroup(use_same_provider=False, resources={DISK_GB:1, MEMORY_MB:1024, VCPU:1}, traits=[], aggregates=[]) (suffix '') returned 2 matches {{(pid=103574) _get_by_requests /opt/stack/placement/placement/objects/allocation_candidate.py:145}}
Feb 09 07:26:17.758384 n-d-712139-30 devstack@placement-api.service[103574]: DEBUG placement.objects.allocation_candidate [req-e3ac97bc-ed53-4603-8203-95bd6ab01992 req-01e870ac-3b40-497b-829a-74cc6d04d55e service placement] Merging candidates yields 2 allocation requests and 2 provider summaries {{(pid=103574) _merge_candidates /opt/stack/placement/placement/objects/allocation_candidate.py:783}}
Feb 09 07:26:17.764681 n-d-712139-30 devstack@placement-api.service[103574]: INFO placement.requestlog [req-e3ac97bc-ed53-4603-8203-95bd6ab01992 req-01e870ac-3b40-497b-829a-74cc6d04d55e service placement] 10.222.0.15 "GET /placement/allocation_candidates?limit=1000&resources=DISK_GB%3A1%2CMEMORY_MB%3A1024%2CVCPU%3A1&root_required=%21COMPUTE_STATUS_DISABLED" status: 200 len: 1303 microversion: 1.36
Feb 09 07:26:17.765047 n-d-712139-30 devstack@placement-api.service[103574]: [pid: 103574|app: 0|req: 12/23] 10.222.0.15 () {60 vars in 1506 bytes} [Wed Feb 9 07:26:17 2022] GET /placement/allocation_candidates?limit=1000&resources=DISK_GB%3A1%2CMEMORY_MB%3A1024%2CVCPU%3A1&root_required=%21COMPUTE_STATUS_DISABLED => generated 1303 bytes in 596 msecs (HTTP/1.1 200) 8 headers in 297 bytes (1 switches on core 0)
Feb 09 07:26:17.980567 n-d-712139-30 devstack@placement-api.service[103573]: DEBUG placement.requestlog [req-e3ac97bc-ed53-4603-8203-95bd6ab01992 req-5cdecb18-1ab7-448e-8abc-a4eee85376c7 None None] Starting request: 10.222.0.15 "GET /placement/allocations/8c65b2b9-a23b-467b-8b70-95c0cf8c4069" {{(pid=103573) __call__ /opt/stack/placement/placement/requestlog.py:55}}
Feb 09 07:26:18.000033 n-d-712139-30 devstack@placement-api.service[103573]: INFO placement.requestlog [req-e3ac97bc-ed53-4603-8203-95bd6ab01992 req-5cdecb18-1ab7-448e-8abc-a4eee85376c7 service placement] 10.222.0.15 "GET /placement/allocations/8c65b2b9-a23b-467b-8b70-95c0cf8c4069" status: 200 len: 19 microversion: 1.28
Feb 09 07:26:18.005374 n-d-712139-30 devstack@placement-api.service[103573]: [pid: 103573|app: 0|req: 12/24] 10.222.0.15 () {60 vars in 1380 bytes} [Wed Feb 9 07:26:17 2022] GET /placement/allocations/8c65b2b9-a23b-467b-8b70-95c0cf8c4069 => generated 19 bytes in 24 msecs (HTTP/1.1 200) 8 headers in 295 bytes (1 switches on core 0)
Feb 09 07:26:18.006669 n-d-712139-30 devstack@placement-api.service[103574]: DEBUG placement.requestlog [req-e3ac97bc-ed53-4603-8203-95bd6ab01992 req-c9ad2bb8-d278-42c2-a593-8131269cd657 None None] Starting request: 10.222.0.15 "PUT /placement/allocations/8c65b2b9-a23b-467b-8b70-95c0cf8c4069" {{(pid=103574) __call__ /opt/stack/placement/placement/requestlog.py:55}}
Feb 09 07:26:18.095855 n-d-712139-30 devstack@placement-api.service[103574]: DEBUG placement.handlers.allocation [req-e3ac97bc-ed53-4603-8203-95bd6ab01992 req-c9ad2bb8-d278-42c2-a593-8131269cd657 service placement] Successfully wrote allocations [, , ] {{(pid=103574) _update_consumers_and_create_allocations /opt/stack/placement/placement/handlers/allocation.py:462}}
Feb 09 07:26:18.101141 n-d-712139-30 devstack@placement-api.service[103574]: INFO placement.requestlog [req-e3ac97bc-ed53-4603-8203-95bd6ab01992 req-c9ad2bb8-d278-42c2-a593-8131269cd657 service placement] 10.222.0.15 "PUT /placement/allocations/8c65b2b9-a23b-467b-8b70-95c0cf8c4069" status: 204 len: 0 microversion: 1.36
Feb 09 07:26:18.101721 n-d-712139-30 devstack@placement-api.service[103574]: [pid: 103574|app: 0|req: 13/25] 10.222.0.15 () {64 vars in 1433 bytes} [Wed Feb 9 07:26:18 2022] PUT /placement/allocations/8c65b2b9-a23b-467b-8b70-95c0cf8c4069 => generated 0 bytes in 95 msecs (HTTP/1.1 204) 5 headers in 199 bytes (1 switches on core 0)
Feb 09 07:26:18.956983 n-d-712139-30 devstack@placement-api.service[103573]: DEBUG placement.requestlog [req-e3ac97bc-ed53-4603-8203-95bd6ab01992 req-3072421e-a62d-4f6d-9607-5fca790f468e None None] Starting request: 10.222.0.47 "GET /placement/allocations/8c65b2b9-a23b-467b-8b70-95c0cf8c4069" {{(pid=103573) __call__ /opt/stack/placement/placement/requestlog.py:55}}
Feb 09 07:26:18.986997 n-d-712139-30 devstack@placement-api.service[103573]: INFO placement.requestlog [req-e3ac97bc-ed53-4603-8203-95bd6ab01992 req-3072421e-a62d-4f6d-9607-5fca790f468e service placement] 10.222.0.47 "GET /placement/allocations/8c65b2b9-a23b-467b-8b70-95c0cf8c4069" status: 200 len: 258 microversion: 1.28
Feb 09 07:26:18.987549 n-d-712139-30 devstack@placement-api.service[103573]: [pid: 103573|app: 0|req: 13/26] 10.222.0.47 () {60 vars in 1377 bytes} [Wed Feb 9 07:26:18 2022] GET /placement/allocations/8c65b2b9-a23b-467b-8b70-95c0cf8c4069 => generated 258 bytes in 31 msecs (HTTP/1.1 200) 8 headers in 296 bytes (1 switches on core 0)
Feb 09 07:26:19.120022 n-d-712139-30 devstack@placement-api.service[103574]: DEBUG placement.requestlog [None req-5f99467b-c0f7-4827-98b1-da6748815b6c None None] Starting request: 10.222.0.15 "GET /placement/" {{(pid=103574) __call__ /opt/stack/placement/placement/requestlog.py:55}}
Feb 09 07:26:19.121771 n-d-712139-30 devstack@placement-api.service[103574]: INFO placement.requestlog [None req-5f99467b-c0f7-4827-98b1-da6748815b6c None None] 10.222.0.15 "GET /placement/" status: 200 len: 136 microversion: 1.0
Feb 09 07:26:19.122273 n-d-712139-30 devstack@placement-api.service[103574]: [pid: 103574|app: 0|req: 14/27] 10.222.0.15 () {54 vars in 907 bytes} [Wed Feb 9 07:26:19 2022] GET /placement => generated 136 bytes in 3 msecs (HTTP/1.1 200) 6 headers in 224 bytes (1 switches on core 0)
Feb 09 07:26:19.141716 n-d-712139-30 devstack@placement-api.service[103573]: DEBUG placement.requestlog [req-2d5b9d38-6c0b-48fc-9048-9621e665cec4 req-571cc102-465d-4632-88bb-9c49f70ae4ec None None] Starting request: 10.222.0.15 "GET /placement/resource_providers?name=n-h2-712139-30" {{(pid=103573) __call__ /opt/stack/placement/placement/requestlog.py:55}}
Feb 09 07:26:19.379515 n-d-712139-30 devstack@placement-api.service[103573]: INFO placement.requestlog [req-2d5b9d38-6c0b-48fc-9048-9621e665cec4 req-571cc102-465d-4632-88bb-9c49f70ae4ec service placement] 10.222.0.15 "GET /placement/resource_providers?name=n-h2-712139-30" status: 200 len: 441 microversion: 1.0
Feb 09 07:26:19.380519 n-d-712139-30 devstack@placement-api.service[103573]: [pid: 103573|app: 0|req: 14/28] 10.222.0.15 () {58 vars in 1276 bytes} [Wed Feb 9 07:26:19 2022] GET /placement/resource_providers?name=n-h2-712139-30 => generated 441 bytes in 239 msecs (HTTP/1.1 200) 6 headers in 224 bytes (1 switches on core 0)
Feb 09 07:26:19.387014 n-d-712139-30 devstack@placement-api.service[103574]: DEBUG placement.requestlog [req-2d5b9d38-6c0b-48fc-9048-9621e665cec4 req-e53728b0-21fa-4316-ade8-aabcce1ca786 None None] Starting request: 10.222.0.15 "GET /placement/resource_providers/ce39e7db-600f-47da-980e-b2015572841c/aggregates" {{(pid=103574) __call__ /opt/stack/placement/placement/requestlog.py:55}}
Feb 09 07:26:19.407128 n-d-712139-30 devstack@placement-api.service[103574]: INFO placement.requestlog [req-2d5b9d38-6c0b-48fc-9048-9621e665cec4 req-e53728b0-21fa-4316-ade8-aabcce1ca786 service placement] 10.222.0.15 "GET /placement/resource_providers/ce39e7db-600f-47da-980e-b2015572841c/aggregates" status: 200 len: 53 microversion: 1.19
Feb 09 07:26:19.414431 n-d-712139-30 devstack@placement-api.service[103574]: [pid: 103574|app: 0|req: 15/29] 10.222.0.15 () {60 vars in 1425 bytes} [Wed Feb 9 07:26:19 2022] GET /placement/resource_providers/ce39e7db-600f-47da-980e-b2015572841c/aggregates => generated 53 bytes in 27 msecs (HTTP/1.1 200) 8 headers in 295 bytes (1 switches on core 0)
Feb 09 07:26:19.430204 n-d-712139-30 devstack@placement-api.service[103573]: DEBUG placement.requestlog [req-2d5b9d38-6c0b-48fc-9048-9621e665cec4 req-456e1742-fa34-4bf2-b53f-c93d3f9a0f5f None None] Starting request: 10.222.0.15 "PUT /placement/resource_providers/ce39e7db-600f-47da-980e-b2015572841c/aggregates" {{(pid=103573) __call__ /opt/stack/placement/placement/requestlog.py:55}}
Feb 09 07:26:19.467667 n-d-712139-30 devstack@placement-api.service[103573]: DEBUG placement.objects.resource_provider [req-2d5b9d38-6c0b-48fc-9048-9621e665cec4 req-456e1742-fa34-4bf2-b53f-c93d3f9a0f5f service placement] _ensure_aggregate() did not find aggregate edede430-77d6-4bff-9e23-6e68603694c4. Attempting to create it. {{(pid=103573) _ensure_aggregate /opt/stack/placement/placement/objects/resource_provider.py:320}}
Feb 09 07:26:19.470251 n-d-712139-30 devstack@placement-api.service[103573]: DEBUG placement.objects.resource_provider [req-2d5b9d38-6c0b-48fc-9048-9621e665cec4 req-456e1742-fa34-4bf2-b53f-c93d3f9a0f5f service placement] _ensure_aggregate() created new aggregate edede430-77d6-4bff-9e23-6e68603694c4 (id=1). {{(pid=103573) _ensure_aggregate /opt/stack/placement/placement/objects/resource_provider.py:326}}
