Jan 21 20:43:45.019743 n-d-712139-26 devstack@placement-api.service[104321]: [pid: 104321|app: 0|req: 128/247] 10.222.0.107 () {60 vars in 1509 bytes} [Fri Jan 21 20:43:44 2022] GET /placement/allocation_candidates?limit=1000&resources=DISK_GB%3A1%2CMEMORY_MB%3A512%2CVCPU%3A1&root_required=%21COMPUTE_STATUS_DISABLED => generated 1307 bytes in 115 msecs (HTTP/1.1 200) 8 headers in 297 bytes (1 switches on core 0)
Jan 21 20:43:45.154440 n-d-712139-26 devstack@placement-api.service[104320]: DEBUG placement.requestlog [req-5b4ba5c8-a28e-4823-9b4b-a65375375348 req-cfbf12eb-9369-42c0-a58d-323f96305262 None None] Starting request: 10.222.0.107 "GET /placement/allocations/f29e3407-049c-4b00-8389-71edcd2c7769" {{(pid=104320) __call__ /opt/stack/placement/placement/requestlog.py:55}}
Jan 21 20:43:45.171475 n-d-712139-26 devstack@placement-api.service[104320]: INFO placement.requestlog [req-5b4ba5c8-a28e-4823-9b4b-a65375375348 req-cfbf12eb-9369-42c0-a58d-323f96305262 service placement] 10.222.0.107 "GET /placement/allocations/f29e3407-049c-4b00-8389-71edcd2c7769" status: 200 len: 19 microversion: 1.28
Jan 21 20:43:45.173759 n-d-712139-26 devstack@placement-api.service[104320]: [pid: 104320|app: 0|req: 120/248] 10.222.0.107 () {60 vars in 1385 bytes} [Fri Jan 21 20:43:45 2022] GET /placement/allocations/f29e3407-049c-4b00-8389-71edcd2c7769 => generated 19 bytes in 19 msecs (HTTP/1.1 200) 8 headers in 295 bytes (1 switches on core 0)
Jan 21 20:43:45.181596 n-d-712139-26 devstack@placement-api.service[104321]: DEBUG placement.requestlog [req-5b4ba5c8-a28e-4823-9b4b-a65375375348 req-a99fb4c8-b572-4439-ae37-6993e3d33b99 None None] Starting request: 10.222.0.107 "PUT /placement/allocations/f29e3407-049c-4b00-8389-71edcd2c7769" {{(pid=104321) __call__ /opt/stack/placement/placement/requestlog.py:55}}
Jan 21 20:43:45.282994 n-d-712139-26 devstack@placement-api.service[104321]: DEBUG placement.handlers.allocation [req-5b4ba5c8-a28e-4823-9b4b-a65375375348 req-a99fb4c8-b572-4439-ae37-6993e3d33b99 service placement] Successfully wrote allocations [, , ] {{(pid=104321) _update_consumers_and_create_allocations /opt/stack/placement/placement/handlers/allocation.py:462}}
Jan 21 20:43:45.287702 n-d-712139-26 devstack@placement-api.service[104321]: INFO placement.requestlog [req-5b4ba5c8-a28e-4823-9b4b-a65375375348 req-a99fb4c8-b572-4439-ae37-6993e3d33b99 service placement] 10.222.0.107 "PUT /placement/allocations/f29e3407-049c-4b00-8389-71edcd2c7769" status: 204 len: 0 microversion: 1.36
Jan 21 20:43:45.290234 n-d-712139-26 devstack@placement-api.service[104321]: [pid: 104321|app: 0|req: 129/249] 10.222.0.107 () {64 vars in 1438 bytes} [Fri Jan 21 20:43:45 2022] PUT /placement/allocations/f29e3407-049c-4b00-8389-71edcd2c7769 => generated 0 bytes in 110 msecs (HTTP/1.1 204) 5 headers in 199 bytes (1 switches on core 0)
Jan 21 20:43:45.584118 n-d-712139-26 devstack@placement-api.service[104320]: DEBUG placement.requestlog [req-5b4ba5c8-a28e-4823-9b4b-a65375375348 req-9541c30f-d970-47b7-91d8-f3739c39b172 None None] Starting request: 10.222.0.99 "GET /placement/allocations/f29e3407-049c-4b00-8389-71edcd2c7769" {{(pid=104320) __call__ /opt/stack/placement/placement/requestlog.py:55}}
Jan 21 20:43:45.636275 n-d-712139-26 devstack@placement-api.service[104320]: INFO placement.requestlog [req-5b4ba5c8-a28e-4823-9b4b-a65375375348 req-9541c30f-d970-47b7-91d8-f3739c39b172 service placement] 10.222.0.99 "GET /placement/allocations/f29e3407-049c-4b00-8389-71edcd2c7769" status: 200 len: 258 microversion: 1.28
Jan 21 20:43:45.636762 n-d-712139-26 devstack@placement-api.service[104320]: [pid: 104320|app: 0|req: 121/250] 10.222.0.99 () {60 vars in 1381 bytes} [Fri Jan 21 20:43:45 2022] GET /placement/allocations/f29e3407-049c-4b00-8389-71edcd2c7769 => generated 258 bytes in 53 msecs (HTTP/1.1 200) 8 headers in 296 bytes (1 switches on core 0)
Jan 21 20:43:52.825830 n-d-712139-26 devstack@placement-api.service[104321]: DEBUG placement.requestlog [req-2841f222-6602-457e-aefe-90575635db7f req-53aeffb5-d793-4b44-bbb2-9bfe8b573307 None None] Starting request: 10.222.0.45 "DELETE /placement/allocations/40d7c118-7695-4656-8071-d82b672af6a9" {{(pid=104321) __call__ /opt/stack/placement/placement/requestlog.py:55}}
Jan 21 20:43:52.901511 n-d-712139-26 devstack@placement-api.service[104321]: DEBUG placement.handlers.allocation [req-2841f222-6602-457e-aefe-90575635db7f req-53aeffb5-d793-4b44-bbb2-9bfe8b573307 service placement] Successfully deleted allocations [, , ] {{(pid=104321) delete_allocations /opt/stack/placement/placement/handlers/allocation.py:627}}
Jan 21 20:43:52.902267 n-d-712139-26 devstack@placement-api.service[104321]: INFO placement.requestlog [req-2841f222-6602-457e-aefe-90575635db7f req-53aeffb5-d793-4b44-bbb2-9bfe8b573307 service placement] 10.222.0.45 "DELETE /placement/allocations/40d7c118-7695-4656-8071-d82b672af6a9" status: 204 len: 0 microversion: 1.0
Jan 21 20:43:52.902967 n-d-712139-26 devstack@placement-api.service[104321]: [pid: 104321|app: 0|req: 130/251] 10.222.0.45 () {60 vars in 1359 bytes} [Fri Jan 21 20:43:52 2022] DELETE /placement/allocations/40d7c118-7695-4656-8071-d82b672af6a9 => generated 0 bytes in 77 msecs (HTTP/1.1 204) 5 headers in 198 bytes (1 switches on core 0)
Jan 21 20:43:53.453148 n-d-712139-26 devstack@placement-api.service[104320]: DEBUG placement.requestlog [req-77f9937c-63f9-48dd-832e-22c4424b3b77 req-b4329538-e4d2-4385-b383-e59f3637229e None None] Starting request: 10.222.0.99 "DELETE /placement/allocations/be01b704-5b70-47c7-abc7-8c06bd62ef1f" {{(pid=104320) __call__ /opt/stack/placement/placement/requestlog.py:55}}
Jan 21 20:43:53.504265 n-d-712139-26 devstack@placement-api.service[104320]: DEBUG placement.handlers.allocation [req-77f9937c-63f9-48dd-832e-22c4424b3b77 req-b4329538-e4d2-4385-b383-e59f3637229e service placement] Successfully deleted allocations [, , ] {{(pid=104320) delete_allocations /opt/stack/placement/placement/handlers/allocation.py:627}}
Jan 21 20:43:53.505288 n-d-712139-26 devstack@placement-api.service[104320]: INFO placement.requestlog [req-77f9937c-63f9-48dd-832e-22c4424b3b77 req-b4329538-e4d2-4385-b383-e59f3637229e service placement] 10.222.0.99 "DELETE /placement/allocations/be01b704-5b70-47c7-abc7-8c06bd62ef1f" status: 204 len: 0 microversion: 1.0
Jan 21 20:43:53.506178 n-d-712139-26 devstack@placement-api.service[104320]: [pid: 104320|app: 0|req: 122/252] 10.222.0.99 () {60 vars in 1359 bytes} [Fri Jan 21 20:43:53 2022] DELETE /placement/allocations/be01b704-5b70-47c7-abc7-8c06bd62ef1f => generated 0 bytes in 53 msecs (HTTP/1.1 204) 5 headers in 198 bytes (2 switches on core 0)
Jan 21 20:43:58.582609 n-d-712139-26 devstack@placement-api.service[104321]: DEBUG placement.requestlog [req-08d605db-d5be-43f3-b672-8c0d3eda656c req-c3e13b99-6c0e-4c58-a980-5b67f67fc53b None None] Starting request: 10.222.0.45 "DELETE /placement/allocations/6528f617-a322-4b75-a940-3635354e1fc8" {{(pid=104321) __call__ /opt/stack/placement/placement/requestlog.py:55}}
Jan 21 20:43:58.649452 n-d-712139-26 devstack@placement-api.service[104321]: DEBUG placement.handlers.allocation [req-08d605db-d5be-43f3-b672-8c0d3eda656c req-c3e13b99-6c0e-4c58-a980-5b67f67fc53b service placement] Successfully deleted allocations [, , ] {{(pid=104321) delete_allocations /opt/stack/placement/placement/handlers/allocation.py:627}}
Jan 21 20:43:58.650350 n-d-712139-26 devstack@placement-api.service[104321]: INFO placement.requestlog [req-08d605db-d5be-43f3-b672-8c0d3eda656c req-c3e13b99-6c0e-4c58-a980-5b67f67fc53b service placement] 10.222.0.45 "DELETE /placement/allocations/6528f617-a322-4b75-a940-3635354e1fc8" status: 204 len: 0 microversion: 1.0
Jan 21 20:43:58.655611 n-d-712139-26 devstack@placement-api.service[104321]: [pid: 104321|app: 0|req: 131/253] 10.222.0.45 () {60 vars in 1359 bytes} [Fri Jan 21 20:43:58 2022] DELETE /placement/allocations/6528f617-a322-4b75-a940-3635354e1fc8 => generated 0 bytes in 73 msecs (HTTP/1.1 204) 5 headers in 198 bytes (1 switches on core 0)
Jan 21 20:44:00.022188 n-d-712139-26 devstack@placement-api.service[104320]: DEBUG placement.requestlog [req-a9ec5fcf-cf7e-4b00-a8b9-ac1b38947fcb req-7c143228-3216-469e-9500-d9838692e655 None None] Starting request: 10.222.0.45 "DELETE /placement/allocations/71d308df-33d9-4e0c-ac0f-45407983ff7d" {{(pid=104320) __call__ /opt/stack/placement/placement/requestlog.py:55}}
Jan 21 20:44:00.059918 n-d-712139-26 devstack@placement-api.service[104320]: DEBUG placement.handlers.allocation [req-a9ec5fcf-cf7e-4b00-a8b9-ac1b38947fcb req-7c143228-3216-469e-9500-d9838692e655 service placement] Successfully deleted allocations [, , ] {{(pid=104320) delete_allocations /opt/stack/placement/placement/handlers/allocation.py:627}}
Jan 21 20:44:00.060885 n-d-712139-26 devstack@placement-api.service[104320]: INFO placement.requestlog [req-a9ec5fcf-cf7e-4b00-a8b9-ac1b38947fcb req-7c143228-3216-469e-9500-d9838692e655 service placement] 10.222.0.45 "DELETE /placement/allocations/71d308df-33d9-4e0c-ac0f-45407983ff7d" status: 204 len: 0 microversion: 1.0
Jan 21 20:44:00.062537 n-d-712139-26 devstack@placement-api.service[104320]: [pid: 104320|app: 0|req: 123/254] 10.222.0.45 () {60 vars in 1359 bytes} [Fri Jan 21 20:44:00 2022] DELETE /placement/allocations/71d308df-33d9-4e0c-ac0f-45407983ff7d => generated 0 bytes in 40 msecs (HTTP/1.1 204) 5 headers in 198 bytes (2 switches on core 0)
Jan 21 20:44:02.450842 n-d-712139-26 devstack@placement-api.service[104321]: DEBUG placement.requestlog [req-79832e8e-229c-44b9-a07c-8e015a558ca1 req-2705f353-89d6-46e7-b043-7b57e255235b None None] Starting request: 10.222.0.99 "DELETE /placement/allocations/9e8f4998-a009-46bc-989b-e22556a3773b" {{(pid=104321) __call__ /opt/stack/placement/placement/requestlog.py:55}}
Jan 21 20:44:02.504247 n-d-712139-26 devstack@placement-api.service[104321]: DEBUG placement.handlers.allocation [req-79832e8e-229c-44b9-a07c-8e015a558ca1 req-2705f353-89d6-46e7-b043-7b57e255235b service placement] Successfully deleted allocations [, , ] {{(pid=104321) delete_allocations /opt/stack/placement/placement/handlers/allocation.py:627}}
Jan 21 20:44:02.505178 n-d-712139-26 devstack@placement-api.service[104321]: INFO placement.requestlog [req-79832e8e-229c-44b9-a07c-8e015a558ca1 req-2705f353-89d6-46e7-b043-7b57e255235b service placement] 10.222.0.99 "DELETE /placement/allocations/9e8f4998-a009-46bc-989b-e22556a3773b" status: 204 len: 0 microversion: 1.0
Jan 21 20:44:02.505813 n-d-712139-26 devstack@placement-api.service[104321]: [pid: 104321|app: 0|req: 132/255] 10.222.0.99 () {60 vars in 1359 bytes} [Fri Jan 21 20:44:02 2022] DELETE /placement/allocations/9e8f4998-a009-46bc-989b-e22556a3773b => generated 0 bytes in 55 msecs (HTTP/1.1 204) 5 headers in 198 bytes (1 switches on core 0)
Jan 21 20:44:08.372403 n-d-712139-26 devstack@placement-api.service[104320]: DEBUG placement.requestlog [req-b91dc2db-5ca6-49fc-b505-0bc464a93a6b req-209b5770-41a3-4d26-87af-ed6324ad87ed None None] Starting request: 10.222.0.107 "GET /placement/allocation_candidates?limit=1000&resources=DISK_GB%3A1%2CMEMORY_MB%3A1024%2CVCPU%3A1&root_required=%21COMPUTE_STATUS_DISABLED" {{(pid=104320) __call__ /opt/stack/placement/placement/requestlog.py:55}}
Jan 21 20:44:08.439572 n-d-712139-26 devstack@placement-api.service[104320]: DEBUG placement.objects.research_context [req-b91dc2db-5ca6-49fc-b505-0bc464a93a6b req-209b5770-41a3-4d26-87af-ed6324ad87ed service placement] getting providers with 1 DISK_GB {{(pid=104320) __init__ /opt/stack/placement/placement/objects/research_context.py:126}}
Jan 21 20:44:08.448926 n-d-712139-26 devstack@placement-api.service[104320]: DEBUG placement.objects.research_context [req-b91dc2db-5ca6-49fc-b505-0bc464a93a6b req-209b5770-41a3-4d26-87af-ed6324ad87ed service placement] getting providers with 1024 MEMORY_MB {{(pid=104320) __init__ /opt/stack/placement/placement/objects/research_context.py:126}}
Jan 21 20:44:08.457417 n-d-712139-26 devstack@placement-api.service[104320]: DEBUG placement.objects.research_context [req-b91dc2db-5ca6-49fc-b505-0bc464a93a6b req-209b5770-41a3-4d26-87af-ed6324ad87ed service placement] getting providers with 1 VCPU {{(pid=104320) __init__ /opt/stack/placement/placement/objects/research_context.py:126}}
Jan 21 20:44:08.466005 n-d-712139-26 devstack@placement-api.service[104320]: DEBUG placement.objects.research_context [req-b91dc2db-5ca6-49fc-b505-0bc464a93a6b req-209b5770-41a3-4d26-87af-ed6324ad87ed service placement] found 2 providers with available 1 DISK_GB {{(pid=104320) get_provider_ids_matching /opt/stack/placement/placement/objects/research_context.py:549}}
Jan 21 20:44:08.466394 n-d-712139-26 devstack@placement-api.service[104320]: DEBUG placement.objects.research_context [req-b91dc2db-5ca6-49fc-b505-0bc464a93a6b req-209b5770-41a3-4d26-87af-ed6324ad87ed service placement] found 2 providers with available 1024 MEMORY_MB {{(pid=104320) get_provider_ids_matching /opt/stack/placement/placement/objects/research_context.py:549}}
Jan 21 20:44:08.466761 n-d-712139-26 devstack@placement-api.service[104320]: DEBUG placement.objects.research_context [req-b91dc2db-5ca6-49fc-b505-0bc464a93a6b req-209b5770-41a3-4d26-87af-ed6324ad87ed service placement] found 2 providers after filtering by previous result {{(pid=104320) get_provider_ids_matching /opt/stack/placement/placement/objects/research_context.py:580}}
Jan 21 20:44:08.467291 n-d-712139-26 devstack@placement-api.service[104320]: DEBUG placement.objects.research_context [req-b91dc2db-5ca6-49fc-b505-0bc464a93a6b req-209b5770-41a3-4d26-87af-ed6324ad87ed service placement] found 2 providers with available 1 VCPU {{(pid=104320) get_provider_ids_matching /opt/stack/placement/placement/objects/research_context.py:549}}
Jan 21 20:44:08.468272 n-d-712139-26 devstack@placement-api.service[104320]: DEBUG placement.objects.research_context [req-b91dc2db-5ca6-49fc-b505-0bc464a93a6b req-209b5770-41a3-4d26-87af-ed6324ad87ed service placement] found 2 providers after filtering by previous result {{(pid=104320) get_provider_ids_matching /opt/stack/placement/placement/objects/research_context.py:580}}
Jan 21 20:44:08.484875 n-d-712139-26 devstack@placement-api.service[104320]: DEBUG placement.objects.allocation_candidate [req-b91dc2db-5ca6-49fc-b505-0bc464a93a6b req-209b5770-41a3-4d26-87af-ed6324ad87ed service placement] RequestGroup(use_same_provider=False, resources={DISK_GB:1, MEMORY_MB:1024, VCPU:1}, traits=[], aggregates=[]) (suffix '') returned 2 matches {{(pid=104320) _get_by_requests /opt/stack/placement/placement/objects/allocation_candidate.py:145}}
Jan 21 20:44:08.486040 n-d-712139-26 devstack@placement-api.service[104320]: DEBUG placement.objects.allocation_candidate [req-b91dc2db-5ca6-49fc-b505-0bc464a93a6b req-209b5770-41a3-4d26-87af-ed6324ad87ed service placement] Merging candidates yields 2 allocation requests and 2 provider summaries {{(pid=104320) _merge_candidates /opt/stack/placement/placement/objects/allocation_candidate.py:783}}
Jan 21 20:44:08.487918 n-d-712139-26 devstack@placement-api.service[104320]: INFO placement.requestlog [req-b91dc2db-5ca6-49fc-b505-0bc464a93a6b req-209b5770-41a3-4d26-87af-ed6324ad87ed service placement] 10.222.0.107 "GET /placement/allocation_candidates?limit=1000&resources=DISK_GB%3A1%2CMEMORY_MB%3A1024%2CVCPU%3A1&root_required=%21COMPUTE_STATUS_DISABLED" status: 200 len: 1309 microversion: 1.36
Jan 21 20:44:08.489235 n-d-712139-26 devstack@placement-api.service[104321]: DEBUG placement.requestlog [req-d8b2e6f1-c336-4aac-94db-a1d421228c37 req-2ea6fc85-8ee8-4a6b-877e-256fbcbc6fb5 None None] Starting request: 10.222.0.107 "GET /placement/allocation_candidates?limit=1000&resources=DISK_GB%3A1%2CMEMORY_MB%3A1024%2CVCPU%3A1&root_required=%21COMPUTE_STATUS_DISABLED" {{(pid=104321) __call__ /opt/stack/placement/placement/requestlog.py:55}}
Jan 21 20:44:08.500166 n-d-712139-26 devstack@placement-api.service[104320]: [pid: 104320|app: 0|req: 124/256] 10.222.0.107 () {60 vars in 1511 bytes} [Fri Jan 21 20:44:08 2022] GET /placement/allocation_candidates?limit=1000&resources=DISK_GB%3A1%2CMEMORY_MB%3A1024%2CVCPU%3A1&root_required=%21COMPUTE_STATUS_DISABLED => generated 1309 bytes in 121 msecs (HTTP/1.1 200) 8 headers in 297 bytes (1 switches on core 0)
Jan 21 20:44:08.560715 n-d-712139-26 devstack@placement-api.service[104320]: DEBUG placement.requestlog [req-b91dc2db-5ca6-49fc-b505-0bc464a93a6b req-2dc331ad-bed9-4e20-852c-31cde4215841 None None] Starting request: 10.222.0.107 "GET /placement/allocations/5f9ff260-1f4d-4e52-b79e-47e42ae0f290" {{(pid=104320) __call__ /opt/stack/placement/placement/requestlog.py:55}}
Jan 21 20:44:08.590703 n-d-712139-26 devstack@placement-api.service[104320]: INFO placement.requestlog [req-b91dc2db-5ca6-49fc-b505-0bc464a93a6b req-2dc331ad-bed9-4e20-852c-31cde4215841 service placement] 10.222.0.107 "GET /placement/allocations/5f9ff260-1f4d-4e52-b79e-47e42ae0f290" status: 200 len: 19 microversion: 1.28
Jan 21 20:44:08.591062 n-d-712139-26 devstack@placement-api.service[104320]: [pid: 104320|app: 0|req: 125/257] 10.222.0.107 () {60 vars in 1385 bytes} [Fri Jan 21 20:44:08 2022] GET /placement/allocations/5f9ff260-1f4d-4e52-b79e-47e42ae0f290 => generated 19 bytes in 31 msecs (HTTP/1.1 200) 8 headers in 295 bytes (2 switches on core 0)
Jan 21 20:44:08.601872 n-d-712139-26 devstack@placement-api.service[104321]: DEBUG placement.objects.research_context [req-d8b2e6f1-c336-4aac-94db-a1d421228c37 req-2ea6fc85-8ee8-4a6b-877e-256fbcbc6fb5 service placement] getting providers with 1 DISK_GB {{(pid=104321) __init__ /opt/stack/placement/placement/objects/research_context.py:126}}
Jan 21 20:44:08.610537 n-d-712139-26 devstack@placement-api.service[104320]: DEBUG placement.requestlog [req-b91dc2db-5ca6-49fc-b505-0bc464a93a6b req-6fd691a5-5295-41ce-b19d-7069b5d79065 None None] Starting request: 10.222.0.107 "PUT /placement/allocations/5f9ff260-1f4d-4e52-b79e-47e42ae0f290" {{(pid=104320) __call__ /opt/stack/placement/placement/requestlog.py:55}}
Jan 21 20:44:08.625047 n-d-712139-26 devstack@placement-api.service[104321]: DEBUG placement.objects.research_context [req-d8b2e6f1-c336-4aac-94db-a1d421228c37 req-2ea6fc85-8ee8-4a6b-877e-256fbcbc6fb5 service placement] getting providers with 1024 MEMORY_MB {{(pid=104321) __init__ /opt/stack/placement/placement/objects/research_context.py:126}}
Jan 21 20:44:08.645897 n-d-712139-26 devstack@placement-api.service[104321]: DEBUG placement.objects.research_context [req-d8b2e6f1-c336-4aac-94db-a1d421228c37 req-2ea6fc85-8ee8-4a6b-877e-256fbcbc6fb5 service placement] getting providers with 1 VCPU {{(pid=104321) __init__ /opt/stack/placement/placement/objects/research_context.py:126}}
Jan 21 20:44:08.663106 n-d-712139-26 devstack@placement-api.service[104321]: DEBUG placement.objects.research_context [req-d8b2e6f1-c336-4aac-94db-a1d421228c37 req-2ea6fc85-8ee8-4a6b-877e-256fbcbc6fb5 service placement] found 2 providers with available 1 DISK_GB {{(pid=104321) get_provider_ids_matching /opt/stack/placement/placement/objects/research_context.py:549}}
Jan 21 20:44:08.663432 n-d-712139-26 devstack@placement-api.service[104321]: DEBUG placement.objects.research_context [req-d8b2e6f1-c336-4aac-94db-a1d421228c37 req-2ea6fc85-8ee8-4a6b-877e-256fbcbc6fb5 service placement] found 2 providers with available 1024 MEMORY_MB {{(pid=104321) get_provider_ids_matching /opt/stack/placement/placement/objects/research_context.py:549}}
Jan 21 20:44:08.663668 n-d-712139-26 devstack@placement-api.service[104321]: DEBUG placement.objects.research_context [req-d8b2e6f1-c336-4aac-94db-a1d421228c37 req-2ea6fc85-8ee8-4a6b-877e-256fbcbc6fb5 service placement] found 2 providers after filtering by previous result {{(pid=104321) get_provider_ids_matching /opt/stack/placement/placement/objects/research_context.py:580}}
Jan 21 20:44:08.663934 n-d-712139-26 devstack@placement-api.service[104321]: DEBUG placement.objects.research_context [req-d8b2e6f1-c336-4aac-94db-a1d421228c37 req-2ea6fc85-8ee8-4a6b-877e-256fbcbc6fb5 service placement] found 2 providers with available 1 VCPU {{(pid=104321) get_provider_ids_matching /opt/stack/placement/placement/objects/research_context.py:549}}
Jan 21 20:44:08.667612 n-d-712139-26 devstack@placement-api.service[104321]: DEBUG placement.objects.research_context [req-d8b2e6f1-c336-4aac-94db-a1d421228c37 req-2ea6fc85-8ee8-4a6b-877e-256fbcbc6fb5 service placement] found 2 providers after filtering by previous result {{(pid=104321) get_provider_ids_matching /opt/stack/placement/placement/objects/research_context.py:580}}
Jan 21 20:44:08.684838 n-d-712139-26 devstack@placement-api.service[104321]: DEBUG placement.objects.allocation_candidate [req-d8b2e6f1-c336-4aac-94db-a1d421228c37 req-2ea6fc85-8ee8-4a6b-877e-256fbcbc6fb5 service placement] RequestGroup(use_same_provider=False, resources={DISK_GB:1, MEMORY_MB:1024, VCPU:1}, traits=[], aggregates=[]) (suffix '') returned 2 matches {{(pid=104321) _get_by_requests /opt/stack/placement/placement/objects/allocation_candidate.py:145}}
Jan 21 20:44:08.685579 n-d-712139-26 devstack@placement-api.service[104321]: DEBUG placement.objects.allocation_candidate [req-d8b2e6f1-c336-4aac-94db-a1d421228c37 req-2ea6fc85-8ee8-4a6b-877e-256fbcbc6fb5 service placement] Merging candidates yields 2 allocation requests and 2 provider summaries {{(pid=104321) _merge_candidates /opt/stack/placement/placement/objects/allocation_candidate.py:783}}
Jan 21 20:44:08.698709 n-d-712139-26 devstack@placement-api.service[104321]: INFO placement.requestlog [req-d8b2e6f1-c336-4aac-94db-a1d421228c37 req-2ea6fc85-8ee8-4a6b-877e-256fbcbc6fb5 service placement] 10.222.0.107 "GET /placement/allocation_candidates?limit=1000&resources=DISK_GB%3A1%2CMEMORY_MB%3A1024%2CVCPU%3A1&root_required=%21COMPUTE_STATUS_DISABLED" status: 200 len: 1309 microversion: 1.36
Jan 21 20:44:08.700393 n-d-712139-26 devstack@placement-api.service[104321]: [pid: 104321|app: 0|req: 133/258] 10.222.0.107 () {60 vars in 1511 bytes} [Fri Jan 21 20:44:08 2022] GET /placement/allocation_candidates?limit=1000&resources=DISK_GB%3A1%2CMEMORY_MB%3A1024%2CVCPU%3A1&root_required=%21COMPUTE_STATUS_DISABLED => generated 1309 bytes in 211 msecs (HTTP/1.1 200) 8 headers in 297 bytes (2 switches on core 0)
Jan 21 20:44:08.802542 n-d-712139-26 devstack@placement-api.service[104320]: DEBUG placement.handlers.allocation [req-b91dc2db-5ca6-49fc-b505-0bc464a93a6b req-6fd691a5-5295-41ce-b19d-7069b5d79065 service placement] Successfully wrote allocations [, , ] {{(pid=104320) _update_consumers_and_create_allocations /opt/stack/placement/placement/handlers/allocation.py:462}}
Jan 21 20:44:08.813575 n-d-712139-26 devstack@placement-api.service[104320]: INFO placement.requestlog [req-b91dc2db-5ca6-49fc-b505-0bc464a93a6b req-6fd691a5-5295-41ce-b19d-7069b5d79065 service placement] 10.222.0.107 "PUT /placement/allocations/5f9ff260-1f4d-4e52-b79e-47e42ae0f290" status: 204 len: 0 microversion: 1.36
Jan 21 20:44:08.820358 n-d-712139-26 devstack@placement-api.service[104320]: [pid: 104320|app: 0|req: 126/259] 10.222.0.107 () {64 vars in 1438 bytes} [Fri Jan 21 20:44:08 2022] PUT /placement/allocations/5f9ff260-1f4d-4e52-b79e-47e42ae0f290 => generated 0 bytes in 204 msecs (HTTP/1.1 204) 5 headers in 199 bytes (1 switches on core 0)
Jan 21 20:44:08.844932 n-d-712139-26 devstack@placement-api.service[104321]: DEBUG placement.requestlog [req-d8b2e6f1-c336-4aac-94db-a1d421228c37 req-92aa90d9-ad9a-485e-a74f-d9120ed159da None None] Starting request: 10.222.0.107 "GET /placement/allocations/e667e6b1-c66b-43ca-bcb9-fd30d4e2354c" {{(pid=104321) __call__ /opt/stack/placement/placement/requestlog.py:55}}
Jan 21 20:44:08.875069 n-d-712139-26 devstack@placement-api.service[104321]: INFO placement.requestlog [req-d8b2e6f1-c336-4aac-94db-a1d421228c37 req-92aa90d9-ad9a-485e-a74f-d9120ed159da service placement] 10.222.0.107 "GET /placement/allocations/e667e6b1-c66b-43ca-bcb9-fd30d4e2354c" status: 200 len: 19 microversion: 1.28
Jan 21 20:44:08.879957 n-d-712139-26 devstack@placement-api.service[104321]: [pid: 104321|app: 0|req: 134/260] 10.222.0.107 () {60 vars in 1385 bytes} [Fri Jan 21 20:44:08 2022] GET /placement/allocations/e667e6b1-c66b-43ca-bcb9-fd30d4e2354c => generated 19 bytes in 32 msecs (HTTP/1.1 200) 8 headers in 295 bytes (1 switches on core 0)
Jan 21 20:44:08.882183 n-d-712139-26 devstack@placement-api.service[104320]: DEBUG placement.requestlog [req-d8b2e6f1-c336-4aac-94db-a1d421228c37 req-b682e74a-4b1c-4d81-a880-3cd509fa44e8 None None] Starting request: 10.222.0.107 "PUT /placement/allocations/e667e6b1-c66b-43ca-bcb9-fd30d4e2354c" {{(pid=104320) __call__ /opt/stack/placement/placement/requestlog.py:55}}
Jan 21 20:44:08.993472 n-d-712139-26 devstack@placement-api.service[104320]: DEBUG placement.handlers.allocation [req-d8b2e6f1-c336-4aac-94db-a1d421228c37 req-b682e74a-4b1c-4d81-a880-3cd509fa44e8 service placement] Successfully wrote allocations [, , ] {{(pid=104320) _update_consumers_and_create_allocations /opt/stack/placement/placement/handlers/allocation.py:462}}
Jan 21 20:44:09.010631 n-d-712139-26 devstack@placement-api.service[104320]: INFO placement.requestlog [req-d8b2e6f1-c336-4aac-94db-a1d421228c37 req-b682e74a-4b1c-4d81-a880-3cd509fa44e8 service placement] 10.222.0.107 "PUT /placement/allocations/e667e6b1-c66b-43ca-bcb9-fd30d4e2354c" status: 204 len: 0 microversion: 1.36
Jan 21 20:44:09.011335 n-d-712139-26 devstack@placement-api.service[104320]: [pid: 104320|app: 0|req: 127/261] 10.222.0.107 () {64 vars in 1438 bytes} [Fri Jan 21 20:44:08 2022] PUT /placement/allocations/e667e6b1-c66b-43ca-bcb9-fd30d4e2354c => generated 0 bytes in 129 msecs (HTTP/1.1 204) 5 headers in 199 bytes (1 switches on core 0)
Jan 21 20:44:09.437013 n-d-712139-26 devstack@placement-api.service[104321]: DEBUG placement.requestlog [req-b91dc2db-5ca6-49fc-b505-0bc464a93a6b req-0adea84c-3605-45f5-83bd-afad39f1c25b None None] Starting request: 10.222.0.45 "GET /placement/allocations/5f9ff260-1f4d-4e52-b79e-47e42ae0f290" {{(pid=104321) __call__ /opt/stack/placement/placement/requestlog.py:55}}
Jan 21 20:44:09.458334 n-d-712139-26 devstack@placement-api.service[104321]: INFO placement.requestlog [req-b91dc2db-5ca6-49fc-b505-0bc464a93a6b req-0adea84c-3605-45f5-83bd-afad39f1c25b service placement] 10.222.0.45 "GET /placement/allocations/5f9ff260-1f4d-4e52-b79e-47e42ae0f290" status: 200 len: 259 microversion: 1.28
Jan 21 20:44:09.460075 n-d-712139-26 devstack@placement-api.service[104321]: [pid: 104321|app: 0|req: 135/262] 10.222.0.45 () {60 vars in 1381 bytes} [Fri Jan 21 20:44:09 2022] GET /placement/allocations/5f9ff260-1f4d-4e52-b79e-47e42ae0f290 => generated 259 bytes in 22 msecs (HTTP/1.1 200) 8 headers in 296 bytes (1 switches on core 0)
Jan 21 20:44:09.662768 n-d-712139-26 devstack@placement-api.service[104320]: DEBUG placement.requestlog [req-d8b2e6f1-c336-4aac-94db-a1d421228c37 req-1655ec0c-8734-4756-87a7-9b625ad60699 None None] Starting request: 10.222.0.45 "GET /placement/allocations/e667e6b1-c66b-43ca-bcb9-fd30d4e2354c" {{(pid=104320) __call__ /opt/stack/placement/placement/requestlog.py:55}}
Jan 21 20:44:09.693673 n-d-712139-26 devstack@placement-api.service[104320]: INFO placement.requestlog [req-d8b2e6f1-c336-4aac-94db-a1d421228c37 req-1655ec0c-8734-4756-87a7-9b625ad60699 service placement] 10.222.0.45 "GET /placement/allocations/e667e6b1-c66b-43ca-bcb9-fd30d4e2354c" status: 200 len: 259 microversion: 1.28
Jan 21 20:44:09.696244 n-d-712139-26 devstack@placement-api.service[104320]: [pid: 104320|app: 0|req: 128/263] 10.222.0.45 () {60 vars in 1381 bytes} [Fri Jan 21 20:44:09 2022] GET /placement/allocations/e667e6b1-c66b-43ca-bcb9-fd30d4e2354c => generated 259 bytes in 34 msecs (HTTP/1.1 200) 8 headers in 296 bytes (1 switches on core 0)
Jan 21 20:44:13.483168 n-d-712139-26 devstack@placement-api.service[104321]: DEBUG placement.requestlog [None req-42e1ba2b-a69c-4ffd-b415-d63d83ad2e71 None None] Starting request: 10.222.0.107 "GET /placement/" {{(pid=104321) __call__ /opt/stack/placement/placement/requestlog.py:55}}
Jan 21 20:44:13.484808 n-d-712139-26 devstack@placement-api.service[104321]: INFO placement.requestlog [None req-42e1ba2b-a69c-4ffd-b415-d63d83ad2e71 None None] 10.222.0.107 "GET /placement/" status: 200 len: 136 microversion: 1.0
Jan 21 20:44:13.485194 n-d-712139-26 devstack@placement-api.service[104321]: [pid: 104321|app: 0|req: 136/264] 10.222.0.107 () {54 vars in 921 bytes} [Fri Jan 21 20:44:13 2022] GET /placement => generated 136 bytes in 2 msecs (HTTP/1.1 200) 6 headers in 224 bytes (1 switches on core 0)
Jan 21 20:44:13.496274 n-d-712139-26 devstack@placement-api.service[104320]: DEBUG placement.requestlog [req-35d07f7d-c31b-40f5-b4a1-4bb0d5f52e3c req-ace35559-ece7-4518-b099-3333b59e58c7 None None] Starting request: 10.222.0.107 "GET /placement/allocations/9622ac18-d93c-450c-8641-9d7d5b4a482b" {{(pid=104320) __call__ /opt/stack/placement/placement/requestlog.py:55}}
Jan 21 20:44:13.580968 n-d-712139-26 devstack@placement-api.service[104320]: INFO placement.requestlog [req-35d07f7d-c31b-40f5-b4a1-4bb0d5f52e3c req-ace35559-ece7-4518-b099-3333b59e58c7 service placement] 10.222.0.107 "GET /placement/allocations/9622ac18-d93c-450c-8641-9d7d5b4a482b" status: 200 len: 259 microversion: 1.28
Jan 21 20:44:13.582282 n-d-712139-26 devstack@placement-api.service[104320]: [pid: 104320|app: 0|req: 129/265] 10.222.0.107 () {60 vars in 1385 bytes} [Fri Jan 21 20:44:13 2022] GET /placement/allocations/9622ac18-d93c-450c-8641-9d7d5b4a482b => generated 259 bytes in 86 msecs (HTTP/1.1 200) 8 headers in 296 bytes (1 switches on core 0)
Jan 21 20:44:13.590772 n-d-712139-26 devstack@placement-api.service[104321]: DEBUG placement.requestlog [req-35d07f7d-c31b-40f5-b4a1-4bb0d5f52e3c req-0ccd4586-c56e-4f5e-8515-509cd967e705 None None] Starting request: 10.222.0.107 "GET /placement/allocations/9622ac18-d93c-450c-8641-9d7d5b4a482b" {{(pid=104321) __call__ /opt/stack/placement/placement/requestlog.py:55}}
Jan 21 20:44:13.608363 n-d-712139-26 devstack@placement-api.service[104321]: INFO placement.requestlog [req-35d07f7d-c31b-40f5-b4a1-4bb0d5f52e3c req-0ccd4586-c56e-4f5e-8515-509cd967e705 service placement] 10.222.0.107 "GET /placement/allocations/9622ac18-d93c-450c-8641-9d7d5b4a482b" status: 200 len: 259 microversion: 1.28
Jan 21 20:44:13.609569 n-d-712139-26 devstack@placement-api.service[104321]: [pid: 104321|app: 0|req: 137/266] 10.222.0.107 () {60 vars in 1385 bytes} [Fri Jan 21 20:44:13 2022] GET /placement/allocations/9622ac18-d93c-450c-8641-9d7d5b4a482b => generated 259 bytes in 19 msecs (HTTP/1.1 200) 8 headers in 296 bytes (1 switches on core 0)
Jan 21 20:44:13.616674 n-d-712139-26 devstack@placement-api.service[104320]: DEBUG placement.requestlog [req-35d07f7d-c31b-40f5-b4a1-4bb0d5f52e3c req-8bc79a70-d67c-4cbe-a4d8-b50a70062a21 None None] Starting request: 10.222.0.107 "GET /placement/allocations/78f2e58b-e7ec-4608-911c-76efa61fa2af" {{(pid=104320) __call__ /opt/stack/placement/placement/requestlog.py:55}}
Jan 21 20:44:13.636386 n-d-712139-26 devstack@placement-api.service[104320]: INFO placement.requestlog [req-35d07f7d-c31b-40f5-b4a1-4bb0d5f52e3c req-8bc79a70-d67c-4cbe-a4d8-b50a70062a21 service placement] 10.222.0.107 "GET /placement/allocations/78f2e58b-e7ec-4608-911c-76efa61fa2af" status: 200 len: 19 microversion: 1.28
Jan 21 20:44:13.637126 n-d-712139-26 devstack@placement-api.service[104320]: [pid: 104320|app: 0|req: 130/267] 10.222.0.107 () {60 vars in 1385 bytes} [Fri Jan 21 20:44:13 2022] GET /placement/allocations/78f2e58b-e7ec-4608-911c-76efa61fa2af => generated 19 bytes in 21 msecs (HTTP/1.1 200) 8 headers in 295 bytes (1 switches on core 0)
Jan 21 20:44:13.643736 n-d-712139-26 devstack@placement-api.service[104321]: DEBUG placement.requestlog [req-35d07f7d-c31b-40f5-b4a1-4bb0d5f52e3c req-237ce07a-3cf4-4865-b85c-64502621bc66 None None] Starting request: 10.222.0.107 "POST /placement/allocations" {{(pid=104321) __call__ /opt/stack/placement/placement/requestlog.py:55}}
Jan 21 20:44:13.770230 n-d-712139-26 devstack@placement-api.service[104321]: DEBUG placement.handlers.allocation [req-35d07f7d-c31b-40f5-b4a1-4bb0d5f52e3c req-237ce07a-3cf4-4865-b85c-64502621bc66 service placement] Successfully wrote allocations [, , , , , ] {{(pid=104321) _update_consumers_and_create_allocations /opt/stack/placement/placement/handlers/allocation.py:572}}
Jan 21 20:44:13.782782 n-d-712139-26 devstack@placement-api.service[104321]: INFO placement.requestlog [req-35d07f7d-c31b-40f5-b4a1-4bb0d5f52e3c req-237ce07a-3cf4-4865-b85c-64502621bc66 service placement] 10.222.0.107 "POST /placement/allocations" status: 204 len: 0 microversion: 1.28
Jan 21 20:44:13.783416 n-d-712139-26 devstack@placement-api.service[104321]: [pid: 104321|app: 0|req: 138/268] 10.222.0.107 () {64 vars in 1328 bytes} [Fri Jan 21 20:44:13 2022] POST /placement/allocations => generated 0 bytes in 140 msecs (HTTP/1.1 204) 5 headers in 199 bytes (1 switches on core 0)
Jan 21 20:44:13.837452 n-d-712139-26 devstack@placement-api.service[104320]: DEBUG placement.requestlog [req-35d07f7d-c31b-40f5-b4a1-4bb0d5f52e3c req-ab81e9aa-2bdd-4f3a-b405-063fcfa08ccb None None] Starting request: 10.222.0.107 "GET /placement/allocations/9622ac18-d93c-450c-8641-9d7d5b4a482b" {{(pid=104320) __call__ /opt/stack/placement/placement/requestlog.py:55}}
Jan 21 20:44:13.852891 n-d-712139-26 devstack@placement-api.service[104320]: INFO placement.requestlog [req-35d07f7d-c31b-40f5-b4a1-4bb0d5f52e3c req-ab81e9aa-2bdd-4f3a-b405-063fcfa08ccb service placement] 10.222.0.107 "GET /placement/allocations/9622ac18-d93c-450c-8641-9d7d5b4a482b" status: 200 len: 19 microversion: 1.28
Jan 21 20:44:13.853360 n-d-712139-26 devstack@placement-api.service[104320]: [pid: 104320|app: 0|req: 131/269] 10.222.0.107 () {60 vars in 1385 bytes} [Fri Jan 21 20:44:13 2022] GET /placement/allocations/9622ac18-d93c-450c-8641-9d7d5b4a482b => generated 19 bytes in 17 msecs (HTTP/1.1 200) 8 headers in 295 bytes (1 switches on core 0)
Jan 21 20:44:13.860889 n-d-712139-26 devstack@placement-api.service[104321]: DEBUG placement.requestlog [req-35d07f7d-c31b-40f5-b4a1-4bb0d5f52e3c req-526f79ec-cd7e-465d-96a1-276cdf44459f None None] Starting request: 10.222.0.107 "PUT /placement/allocations/9622ac18-d93c-450c-8641-9d7d5b4a482b" {{(pid=104321) __call__ /opt/stack/placement/placement/requestlog.py:55}}
Jan 21 20:44:13.935825 n-d-712139-26 devstack@placement-api.service[104321]: DEBUG placement.handlers.allocation [req-35d07f7d-c31b-40f5-b4a1-4bb0d5f52e3c req-526f79ec-cd7e-465d-96a1-276cdf44459f service placement] Successfully wrote allocations [, , ] {{(pid=104321) _update_consumers_and_create_allocations /opt/stack/placement/placement/handlers/allocation.py:462}}
Jan 21 20:44:13.942182 n-d-712139-26 devstack@placement-api.service[104321]: INFO placement.requestlog [req-35d07f7d-c31b-40f5-b4a1-4bb0d5f52e3c req-526f79ec-cd7e-465d-96a1-276cdf44459f service placement] 10.222.0.107 "PUT /placement/allocations/9622ac18-d93c-450c-8641-9d7d5b4a482b" status: 204 len: 0 microversion: 1.28
Jan 21 20:44:13.943120 n-d-712139-26 devstack@placement-api.service[104321]: [pid: 104321|app: 0|req: 139/270] 10.222.0.107 () {64 vars in 1438 bytes} [Fri Jan 21 20:44:13 2022] PUT /placement/allocations/9622ac18-d93c-450c-8641-9d7d5b4a482b => generated 0 bytes in 82 msecs (HTTP/1.1 204) 5 headers in 199 bytes (1 switches on core 0)
Jan 21 20:44:14.135127 n-d-712139-26 devstack@placement-api.service[104320]: DEBUG placement.requestlog [req-35d07f7d-c31b-40f5-b4a1-4bb0d5f52e3c req-17b88bd3-c136-4605-a4e3-925fc6ab13bb None None] Starting request: 10.222.0.45 "GET /placement/allocations/9622ac18-d93c-450c-8641-9d7d5b4a482b" {{(pid=104320) __call__ /opt/stack/placement/placement/requestlog.py:55}}
Jan 21 20:44:14.166421 n-d-712139-26 devstack@placement-api.service[104320]: INFO placement.requestlog [req-35d07f7d-c31b-40f5-b4a1-4bb0d5f52e3c req-17b88bd3-c136-4605-a4e3-925fc6ab13bb service placement] 10.222.0.45 "GET /placement/allocations/9622ac18-d93c-450c-8641-9d7d5b4a482b" status: 200 len: 259 microversion: 1.28
Jan 21 20:44:14.167576 n-d-712139-26 devstack@placement-api.service[104320]: [pid: 104320|app: 0|req: 132/271] 10.222.0.45 () {60 vars in 1381 bytes} [Fri Jan 21 20:44:14 2022] GET /placement/allocations/9622ac18-d93c-450c-8641-9d7d5b4a482b => generated 259 bytes in 33 msecs (HTTP/1.1 200) 8 headers in 296 bytes (1 switches on core 0)
Jan 21 20:44:14.539757 n-d-712139-26 devstack@placement-api.service[104321]: DEBUG placement.requestlog [req-f768df69-3645-461a-8623-4e10b6dac44c req-cbbf3add-594d-4da2-b5bd-13b28d2467f6 None None] Starting request: 10.222.0.107 "GET /placement/allocation_candidates?limit=1000&resources=DISK_GB%3A1%2CMEMORY_MB%3A1024%2CVCPU%3A1&root_required=%21COMPUTE_STATUS_DISABLED" {{(pid=104321) __call__ /opt/stack/placement/placement/requestlog.py:55}}
Jan 21 20:44:14.587139 n-d-712139-26 devstack@placement-api.service[104321]: DEBUG placement.objects.research_context [req-f768df69-3645-461a-8623-4e10b6dac44c req-cbbf3add-594d-4da2-b5bd-13b28d2467f6 service placement] getting providers with 1 DISK_GB {{(pid=104321) __init__ /opt/stack/placement/placement/objects/research_context.py:126}}
Jan 21 20:44:14.593598 n-d-712139-26 devstack@placement-api.service[104321]: DEBUG placement.objects.research_context [req-f768df69-3645-461a-8623-4e10b6dac44c req-cbbf3add-594d-4da2-b5bd-13b28d2467f6 service placement] getting providers with 1024 MEMORY_MB {{(pid=104321) __init__ /opt/stack/placement/placement/objects/research_context.py:126}}
Jan 21 20:44:14.599785 n-d-712139-26 devstack@placement-api.service[104321]: DEBUG placement.objects.research_context [req-f768df69-3645-461a-8623-4e10b6dac44c req-cbbf3add-594d-4da2-b5bd-13b28d2467f6 service placement] getting providers with 1 VCPU {{(pid=104321) __init__ /opt/stack/placement/placement/objects/research_context.py:126}}
Jan 21 20:44:14.608791 n-d-712139-26 devstack@placement-api.service[104321]: DEBUG placement.objects.research_context [req-f768df69-3645-461a-8623-4e10b6dac44c req-cbbf3add-594d-4da2-b5bd-13b28d2467f6 service placement] found 2 providers with available 1 DISK_GB {{(pid=104321) get_provider_ids_matching /opt/stack/placement/placement/objects/research_context.py:549}}
Jan 21 20:44:14.611844 n-d-712139-26 devstack@placement-api.service[104321]: DEBUG placement.objects.research_context [req-f768df69-3645-461a-8623-4e10b6dac44c req-cbbf3add-594d-4da2-b5bd-13b28d2467f6 service placement] found 2 providers with available 1024 MEMORY_MB {{(pid=104321) get_provider_ids_matching /opt/stack/placement/placement/objects/research_context.py:549}}
Jan 21 20:44:14.612140 n-d-712139-26 devstack@placement-api.service[104321]: DEBUG placement.objects.research_context [req-f768df69-3645-461a-8623-4e10b6dac44c req-cbbf3add-594d-4da2-b5bd-13b28d2467f6 service placement] found 2 providers after filtering by previous result {{(pid=104321) get_provider_ids_matching /opt/stack/placement/placement/objects/research_context.py:580}}
Jan 21 20:44:14.612423 n-d-712139-26 devstack@placement-api.service[104321]: DEBUG placement.objects.research_context [req-f768df69-3645-461a-8623-4e10b6dac44c req-cbbf3add-594d-4da2-b5bd-13b28d2467f6 service placement] found 2 providers with available 1 VCPU {{(pid=104321) get_provider_ids_matching /opt/stack/placement/placement/objects/research_context.py:549}}
Jan 21 20:44:14.612853 n-d-712139-26 devstack@placement-api.service[104321]: DEBUG placement.objects.research_context [req-f768df69-3645-461a-8623-4e10b6dac44c req-cbbf3add-594d-4da2-b5bd-13b28d2467f6 service placement] found 2 providers after filtering by previous result {{(pid=104321) get_provider_ids_matching /opt/stack/placement/placement/objects/research_context.py:580}}
Jan 21 20:44:14.624405 n-d-712139-26 devstack@placement-api.service[104321]: DEBUG placement.objects.allocation_candidate [req-f768df69-3645-461a-8623-4e10b6dac44c req-cbbf3add-594d-4da2-b5bd-13b28d2467f6 service placement] RequestGroup(use_same_provider=False, resources={DISK_GB:1, MEMORY_MB:1024, VCPU:1}, traits=[], aggregates=[]) (suffix '') returned 2 matches {{(pid=104321) _get_by_requests /opt/stack/placement/placement/objects/allocation_candidate.py:145}}
Jan 21 20:44:14.625423 n-d-712139-26 devstack@placement-api.service[104321]: DEBUG placement.objects.allocation_candidate [req-f768df69-3645-461a-8623-4e10b6dac44c req-cbbf3add-594d-4da2-b5bd-13b28d2467f6 service placement] Merging candidates yields 2 allocation requests and 2 provider summaries {{(pid=104321) _merge_candidates /opt/stack/placement/placement/objects/allocation_candidate.py:783}}
Jan 21 20:44:14.628917 n-d-712139-26 devstack@placement-api.service[104321]: INFO placement.requestlog [req-f768df69-3645-461a-8623-4e10b6dac44c req-cbbf3add-594d-4da2-b5bd-13b28d2467f6 service placement] 10.222.0.107 "GET /placement/allocation_candidates?limit=1000&resources=DISK_GB%3A1%2CMEMORY_MB%3A1024%2CVCPU%3A1&root_required=%21COMPUTE_STATUS_DISABLED" status: 200 len: 1309 microversion: 1.36
Jan 21 20:44:14.629511 n-d-712139-26 devstack@placement-api.service[104321]: [pid: 104321|app: 0|req: 140/272] 10.222.0.107 () {60 vars in 1511 bytes} [Fri Jan 21 20:44:14 2022] GET /placement/allocation_candidates?limit=1000&resources=DISK_GB%3A1%2CMEMORY_MB%3A1024%2CVCPU%3A1&root_required=%21COMPUTE_STATUS_DISABLED => generated 1309 bytes in 90 msecs (HTTP/1.1 200) 8 headers in 297 bytes (1 switches on core 0)
Jan 21 20:44:14.683438 n-d-712139-26 devstack@placement-api.service[104320]: DEBUG placement.requestlog [req-f768df69-3645-461a-8623-4e10b6dac44c req-99f644d3-effd-4998-9406-6ded44d06846 None None] Starting request: 10.222.0.107 "GET /placement/allocations/d979a505-996f-4cdc-b9af-48d874582e53" {{(pid=104320) __call__ /opt/stack/placement/placement/requestlog.py:55}}
Jan 21 20:44:14.694018 n-d-712139-26 devstack@placement-api.service[104320]: INFO placement.requestlog [req-f768df69-3645-461a-8623-4e10b6dac44c req-99f644d3-effd-4998-9406-6ded44d06846 service placement] 10.222.0.107 "GET /placement/allocations/d979a505-996f-4cdc-b9af-48d874582e53" status: 200 len: 19 microversion: 1.28
Jan 21 20:44:14.694375 n-d-712139-26 devstack@placement-api.service[104320]: [pid: 104320|app: 0|req: 133/273] 10.222.0.107 () {60 vars in 1385 bytes} [Fri Jan 21 20:44:14 2022] GET /placement/allocations/d979a505-996f-4cdc-b9af-48d874582e53 => generated 19 bytes in 11 msecs (HTTP/1.1 200) 8 headers in 295 bytes (1 switches on core 0)
Jan 21 20:44:14.701786 n-d-712139-26 devstack@placement-api.service[104321]: DEBUG placement.requestlog [req-f768df69-3645-461a-8623-4e10b6dac44c req-4d031ce3-b0b9-4515-b0d6-dce3db3a5e8e None None] Starting request: 10.222.0.107 "PUT /placement/allocations/d979a505-996f-4cdc-b9af-48d874582e53" {{(pid=104321) __call__ /opt/stack/placement/placement/requestlog.py:55}}
Jan 21 20:44:14.770735 n-d-712139-26 devstack@placement-api.service[104321]: DEBUG placement.handlers.allocation [req-f768df69-3645-461a-8623-4e10b6dac44c req-4d031ce3-b0b9-4515-b0d6-dce3db3a5e8e service placement] Successfully wrote allocations [, , ] {{(pid=104321) _update_consumers_and_create_allocations /opt/stack/placement/placement/handlers/allocation.py:462}}
Jan 21 20:44:14.775136 n-d-712139-26 devstack@placement-api.service[104321]: INFO placement.requestlog [req-f768df69-3645-461a-8623-4e10b6dac44c req-4d031ce3-b0b9-4515-b0d6-dce3db3a5e8e service placement] 10.222.0.107 "PUT /placement/allocations/d979a505-996f-4cdc-b9af-48d874582e53" status: 204 len: 0 microversion: 1.36
Jan 21 20:44:14.775841 n-d-712139-26 devstack@placement-api.service[104321]: [pid: 104321|app: 0|req: 141/274] 10.222.0.107 () {64 vars in 1438 bytes} [Fri Jan 21 20:44:14 2022] PUT /placement/allocations/d979a505-996f-4cdc-b9af-48d874582e53 => generated 0 bytes in 74 msecs (HTTP/1.1 204) 5 headers in 199 bytes (1 switches on core 0)
Jan 21 20:44:15.077877 n-d-712139-26 devstack@placement-api.service[104320]: DEBUG placement.requestlog [req-f768df69-3645-461a-8623-4e10b6dac44c req-a8815f72-4151-4c04-b441-7b75050413fe None None] Starting request: 10.222.0.99 "GET /placement/allocations/d979a505-996f-4cdc-b9af-48d874582e53" {{(pid=104320) __call__ /opt/stack/placement/placement/requestlog.py:55}}
Jan 21 20:44:15.114436 n-d-712139-26 devstack@placement-api.service[104320]: INFO placement.requestlog [req-f768df69-3645-461a-8623-4e10b6dac44c req-a8815f72-4151-4c04-b441-7b75050413fe service placement] 10.222.0.99 "GET /placement/allocations/d979a505-996f-4cdc-b9af-48d874582e53" status: 200 len: 259 microversion: 1.28
Jan 21 20:44:15.116144 n-d-712139-26 devstack@placement-api.service[104320]: [pid: 104320|app: 0|req: 134/275] 10.222.0.99 () {60 vars in 1381 bytes} [Fri Jan 21 20:44:15 2022] GET /placement/allocations/d979a505-996f-4cdc-b9af-48d874582e53 => generated 259 bytes in 39 msecs (HTTP/1.1 200) 8 headers in 296 bytes (1 switches on core 0)
Jan 21 20:44:16.097268 n-d-712139-26 devstack@placement-api.service[104321]: DEBUG placement.requestlog [req-7ab12e49-ece5-45dc-9d0d-47ebf82255fd req-fd3156c2-7a7c-4b66-a387-5fb064aaef39 None None] Starting request: 10.222.0.99 "GET /placement/resource_providers/7c065063-9ba5-450e-8354-c6afaea6ec36/allocations" {{(pid=104321) __call__ /opt/stack/placement/placement/requestlog.py:55}}
Jan 21 20:44:16.119092 n-d-712139-26 devstack@placement-api.service[104321]: INFO placement.requestlog [req-7ab12e49-ece5-45dc-9d0d-47ebf82255fd req-fd3156c2-7a7c-4b66-a387-5fb064aaef39 service placement] 10.222.0.99 "GET /placement/resource_providers/7c065063-9ba5-450e-8354-c6afaea6ec36/allocations" status: 200 len: 759 microversion: 1.0
Jan 21 20:44:16.119637 n-d-712139-26 devstack@placement-api.service[104321]: [pid: 104321|app: 0|req: 142/276] 10.222.0.99 () {58 vars in 1394 bytes} [Fri Jan 21 20:44:16 2022] GET /placement/resource_providers/7c065063-9ba5-450e-8354-c6afaea6ec36/allocations => generated 759 bytes in 23 msecs (HTTP/1.1 200) 6 headers in 224 bytes (1 switches on core 0)
Jan 21 20:44:19.012473 n-d-712139-26 devstack@placement-api.service[104320]: DEBUG placement.requestlog [req-22daf69c-c815-4855-9cf5-53a1903b1062 req-45776e7a-7d34-481a-87bf-7c6484fd607f None None] Starting request: 10.222.0.45 "GET /placement/resource_providers/d7125cb6-81ef-49e4-abf9-b01e0dbfcd47/allocations" {{(pid=104320) __call__ /opt/stack/placement/placement/requestlog.py:55}}
Jan 21 20:44:19.044885 n-d-712139-26 devstack@placement-api.service[104320]: INFO placement.requestlog [req-22daf69c-c815-4855-9cf5-53a1903b1062 req-45776e7a-7d34-481a-87bf-7c6484fd607f service placement] 10.222.0.45 "GET /placement/resource_providers/d7125cb6-81ef-49e4-abf9-b01e0dbfcd47/allocations" status: 200 len: 861 microversion: 1.0
Jan 21 20:44:19.045767 n-d-712139-26 devstack@placement-api.service[104320]: [pid: 104320|app: 0|req: 135/277] 10.222.0.45 () {58 vars in 1394 bytes} [Fri Jan 21 20:44:19 2022] GET /placement/resource_providers/d7125cb6-81ef-49e4-abf9-b01e0dbfcd47/allocations => generated 861 bytes in 33 msecs (HTTP/1.1 200) 6 headers in 224 bytes (1 switches on core 0)
Jan 21 20:44:19.723152 n-d-712139-26 devstack@placement-api.service[104321]: DEBUG placement.requestlog [None req-39cba287-2b24-4072-9a6f-6543c1f2803f None None] Starting request: 10.222.0.107 "GET /placement/" {{(pid=104321) __call__ /opt/stack/placement/placement/requestlog.py:55}}
Jan 21 20:44:19.725820 n-d-712139-26 devstack@placement-api.service[104321]: INFO placement.requestlog [None req-39cba287-2b24-4072-9a6f-6543c1f2803f None None] 10.222.0.107 "GET /placement/" status: 200 len: 136 microversion: 1.0
Jan 21 20:44:19.727555 n-d-712139-26 devstack@placement-api.service[104321]: [pid: 104321|app: 0|req: 143/278] 10.222.0.107 () {54 vars in 921 bytes} [Fri Jan 21 20:44:19 2022] GET /placement => generated 136 bytes in 4 msecs (HTTP/1.1 200) 6 headers in 224 bytes (1 switches on core 0)
Jan 21 20:44:19.739039 n-d-712139-26 devstack@placement-api.service[104320]: DEBUG placement.requestlog [req-c7aec191-71c2-452d-b03a-6ddba726393d req-f0eed58d-0c76-4db9-a9cf-5e1ca089ccf3 None None] Starting request: 10.222.0.107 "GET /placement/allocations/e4663f83-a17f-4753-a0a0-6543c6fa2825" {{(pid=104320) __call__ /opt/stack/placement/placement/requestlog.py:55}}
Jan 21 20:44:19.849277 n-d-712139-26 devstack@placement-api.service[104320]: INFO placement.requestlog [req-c7aec191-71c2-452d-b03a-6ddba726393d req-f0eed58d-0c76-4db9-a9cf-5e1ca089ccf3 service placement] 10.222.0.107 "GET /placement/allocations/e4663f83-a17f-4753-a0a0-6543c6fa2825" status: 200 len: 259 microversion: 1.28
Jan 21 20:44:19.858140 n-d-712139-26 devstack@placement-api.service[104321]: DEBUG placement.requestlog [req-c7aec191-71c2-452d-b03a-6ddba726393d req-11a33fc4-6feb-42bd-9fa6-f6ee6767cf7f None None] Starting request: 10.222.0.107 "GET /placement/allocations/e4663f83-a17f-4753-a0a0-6543c6fa2825" {{(pid=104321) __call__ /opt/stack/placement/placement/requestlog.py:55}}
Jan 21 20:44:19.870765 n-d-712139-26 devstack@placement-api.service[104320]: [pid: 104320|app: 0|req: 136/279] 10.222.0.107 () {60 vars in 1385 bytes} [Fri Jan 21 20:44:19 2022] GET /placement/allocations/e4663f83-a17f-4753-a0a0-6543c6fa2825 => generated 259 bytes in 129 msecs (HTTP/1.1 200) 8 headers in 296 bytes (1 switches on core 0)
Jan 21 20:44:19.886567 n-d-712139-26 devstack@placement-api.service[104321]: INFO placement.requestlog [req-c7aec191-71c2-452d-b03a-6ddba726393d req-11a33fc4-6feb-42bd-9fa6-f6ee6767cf7f service placement] 10.222.0.107 "GET /placement/allocations/e4663f83-a17f-4753-a0a0-6543c6fa2825" status: 200 len: 259 microversion: 1.28
Jan 21 20:44:19.892286 n-d-712139-26 devstack@placement-api.service[104321]: [pid: 104321|app: 0|req: 144/280] 10.222.0.107 () {60 vars in 1385 bytes} [Fri Jan 21 20:44:19 2022] GET /placement/allocations/e4663f83-a17f-4753-a0a0-6543c6fa2825 => generated 259 bytes in 34 msecs (HTTP/1.1 200) 8 headers in 296 bytes (2 switches on core 0)
