Nov 12 00:47:07.567410 n-d-712139-24 devstack@n-api.service[129213]: DEBUG nova.policy [None req-7268e3c7-46f0-4383-aa9b-0890fd49ea22 tempest-ServersWithSpecificFlavorTestJSON-1286681648 tempest-ServersWithSpecificFlavorTestJSON-1286681648-project] Policy check for os_compute_api:os-extended-server-attributes failed with credentials {'is_admin': False, 'user_id': 'fbfeea35cfb04fc1badaeb6dcd2f2beb', 'user_domain_id': 'default', 'system_scope': None, 'domain_id': None, 'project_id': 'c9a0967b0d41439991b9cc144723fd00', 'project_domain_id': 'default', 'roles': ['member', 'reader'], 'is_admin_project': True, 'service_user_id': None, 'service_user_domain_id': None, 'service_project_id': None, 'service_project_domain_id': None, 'service_roles': []} {{(pid=129213) authorize /opt/stack/nova/nova/policy.py:199}}
Nov 12 00:47:07.577433 n-d-712139-24 devstack@n-api.service[129213]: INFO nova.api.openstack.requestlog [None req-7268e3c7-46f0-4383-aa9b-0890fd49ea22 tempest-ServersWithSpecificFlavorTestJSON-1286681648 tempest-ServersWithSpecificFlavorTestJSON-1286681648-project] 10.222.0.55 "GET /compute/v2.1/servers/d9ddd690-49fb-46d0-9e02-d86fd041cea5" status: 200 len: 1387 microversion: 2.1 time: 0.200429
Nov 12 00:47:07.578371 n-d-712139-24 devstack@n-api.service[129213]: [pid: 129213|app: 0|req: 123/259] 10.222.0.55 () {58 vars in 1235 bytes} [Fri Nov 12 00:47:07 2021] GET /compute/v2.1/servers/d9ddd690-49fb-46d0-9e02-d86fd041cea5 => generated 1387 bytes in 202 msecs (HTTP/1.1 200) 9 headers in 358 bytes (1 switches on core 0)
Nov 12 00:47:07.582638 n-d-712139-24 devstack@n-api.service[129213]: DEBUG nova.api.openstack.wsgi [None req-98bfa321-bd42-4f69-b2d3-1100481e6235 tempest-AggregatesAdminTestJSON-827761410 tempest-AggregatesAdminTestJSON-827761410-project-admin] Action: 'create', calling method: >, body: {"aggregate": {"name": "tempest-test_aggregate-1858731950"}} {{(pid=129213) _process_stack /opt/stack/nova/nova/api/openstack/wsgi.py:511}}
Nov 12 00:47:07.585178 n-d-712139-24 devstack@n-api.service[129213]: /usr/local/lib/python3.8/dist-packages/oslo_policy/policy.py:1075: UserWarning: Policy os_compute_api:os-aggregates:create failed scope check. The token used to make the request was project scoped but the policy requires ['system'] scope. This behavior may change in the future where using the intended scope is required
Nov 12 00:47:07.585178 n-d-712139-24 devstack@n-api.service[129213]: warnings.warn(msg)
Nov 12 00:47:07.586785 n-d-712139-24 devstack@n-api.service[129213]: DEBUG nova.objects.aggregate [None req-98bfa321-bd42-4f69-b2d3-1100481e6235 tempest-AggregatesAdminTestJSON-827761410 tempest-AggregatesAdminTestJSON-827761410-project-admin] Generated uuid 5072683f-c5fa-4c3e-8f0e-46b88da3c001 for aggregate {{(pid=129213) create /opt/stack/nova/nova/objects/aggregate.py:298}}
Nov 12 00:47:07.615844 n-d-712139-24 devstack@n-api.service[129212]: DEBUG nova.api.openstack.wsgi [None req-39e666ef-8b0e-4a29-9f88-3e5459207c6b tempest-InstanceUsageAuditLogNegativeTestJSON-1830148580 tempest-InstanceUsageAuditLogNegativeTestJSON-1830148580-project] Calling method '>' {{(pid=129212) _process_stack /opt/stack/nova/nova/api/openstack/wsgi.py:513}}
Nov 12 00:47:07.618733 n-d-712139-24 devstack@n-api.service[129212]: /usr/local/lib/python3.8/dist-packages/oslo_policy/policy.py:1075: UserWarning: Policy os_compute_api:os-instance-usage-audit-log:list failed scope check. The token used to make the request was project scoped but the policy requires ['system'] scope. This behavior may change in the future where using the intended scope is required
Nov 12 00:47:07.618733 n-d-712139-24 devstack@n-api.service[129212]: warnings.warn(msg)
Nov 12 00:47:07.620080 n-d-712139-24 devstack@n-api.service[129212]: DEBUG nova.policy [None req-39e666ef-8b0e-4a29-9f88-3e5459207c6b tempest-InstanceUsageAuditLogNegativeTestJSON-1830148580 tempest-InstanceUsageAuditLogNegativeTestJSON-1830148580-project] Policy check for os_compute_api:os-instance-usage-audit-log:list failed with credentials {'is_admin': False, 'user_id': 'e6cb7362853a4ce485d418e74f2c7293', 'user_domain_id': 'default', 'system_scope': None, 'domain_id': None, 'project_id': 'f71563385d9e4801bb2fa2a9d4e320de', 'project_domain_id': 'default', 'roles': ['member', 'reader'], 'is_admin_project': True, 'service_user_id': None, 'service_user_domain_id': None, 'service_project_id': None, 'service_project_domain_id': None, 'service_roles': []} {{(pid=129212) authorize /opt/stack/nova/nova/policy.py:199}}
Nov 12 00:47:07.620934 n-d-712139-24 devstack@n-api.service[129212]: DEBUG nova.api.openstack.wsgi [None req-39e666ef-8b0e-4a29-9f88-3e5459207c6b tempest-InstanceUsageAuditLogNegativeTestJSON-1830148580 tempest-InstanceUsageAuditLogNegativeTestJSON-1830148580-project] Returning 403 to user: Policy doesn't allow os_compute_api:os-instance-usage-audit-log:list to be performed. {{(pid=129212) __call__ /opt/stack/nova/nova/api/openstack/wsgi.py:936}}
Nov 12 00:47:07.621855 n-d-712139-24 devstack@n-api.service[129212]: INFO nova.api.openstack.requestlog [None req-39e666ef-8b0e-4a29-9f88-3e5459207c6b tempest-InstanceUsageAuditLogNegativeTestJSON-1830148580 tempest-InstanceUsageAuditLogNegativeTestJSON-1830148580-project] 10.222.0.55 "GET /compute/v2.1/os-instance_usage_audit_log" status: 403 len: 128 microversion: 2.1 time: 0.291212
Nov 12 00:47:07.622679 n-d-712139-24 devstack@n-api.service[129212]: [pid: 129212|app: 0|req: 137/260] 10.222.0.55 () {58 vars in 1184 bytes} [Fri Nov 12 00:47:07 2021] GET /compute/v2.1/os-instance_usage_audit_log => generated 128 bytes in 292 msecs (HTTP/1.1 403) 9 headers in 379 bytes (1 switches on core 0)
Nov 12 00:47:07.628134 n-d-712139-24 devstack@n-api.service[129213]: INFO nova.api.openstack.requestlog [None req-98bfa321-bd42-4f69-b2d3-1100481e6235 tempest-AggregatesAdminTestJSON-827761410 tempest-AggregatesAdminTestJSON-827761410-project-admin] 10.222.0.55 "POST /compute/v2.1/os-aggregates" status: 200 len: 199 microversion: 2.1 time: 0.048664
Nov 12 00:47:07.630655 n-d-712139-24 devstack@n-api.service[129212]: DEBUG nova.api.openstack.wsgi [None req-dbba5deb-9d8b-4304-8fb1-2c2436f08105 tempest-SecurityGroupsTestAdminJSON-724477375 tempest-SecurityGroupsTestAdminJSON-724477375-project] Calling method '.version_select at 0x7fabeeb78a60>' {{(pid=129212) _process_stack /opt/stack/nova/nova/api/openstack/wsgi.py:513}}
Nov 12 00:47:07.631825 n-d-712139-24 devstack@n-api.service[129213]: [pid: 129213|app: 0|req: 124/261] 10.222.0.55 () {60 vars in 1163 bytes} [Fri Nov 12 00:47:07 2021] POST /compute/v2.1/os-aggregates => generated 199 bytes in 53 msecs (HTTP/1.1 200) 9 headers in 357 bytes (1 switches on core 0)
Nov 12 00:47:07.644190 n-d-712139-24 devstack@n-api.service[129213]: DEBUG nova.api.openstack.wsgi [None req-b895f720-8e4d-43b1-a52b-d28689a3e2b2 tempest-LiveAutoBlockMigrationV225Test-501157621 tempest-LiveAutoBlockMigrationV225Test-501157621-project] Calling method '>' {{(pid=129213) _process_stack /opt/stack/nova/nova/api/openstack/wsgi.py:513}}
Nov 12 00:47:07.645122 n-d-712139-24 devstack@n-api.service[129213]: DEBUG nova.compute.api [None req-b895f720-8e4d-43b1-a52b-d28689a3e2b2 tempest-LiveAutoBlockMigrationV225Test-501157621 tempest-LiveAutoBlockMigrationV225Test-501157621-project] [instance: 2f33ceca-e992-4afa-a061-d71572f5fd4a] Fetching instance by UUID {{(pid=129213) get /opt/stack/nova/nova/compute/api.py:2865}}
Nov 12 00:47:07.651814 n-d-712139-24 devstack@n-api.service[129213]: DEBUG oslo_concurrency.lockutils [None req-b895f720-8e4d-43b1-a52b-d28689a3e2b2 tempest-LiveAutoBlockMigrationV225Test-501157621 tempest-LiveAutoBlockMigrationV225Test-501157621-project] Lock "e966ea2d-1c12-4ab8-b32b-8c425c138e80" acquired by "nova.context.set_target_cell..get_or_set_cached_cell_and_set_connections" :: waited 0.000s {{(pid=129213) inner /usr/local/lib/python3.8/dist-packages/oslo_concurrency/lockutils.py:386}}
Nov 12 00:47:07.652348 n-d-712139-24 devstack@n-api.service[129213]: DEBUG oslo_concurrency.lockutils [None req-b895f720-8e4d-43b1-a52b-d28689a3e2b2 tempest-LiveAutoBlockMigrationV225Test-501157621 tempest-LiveAutoBlockMigrationV225Test-501157621-project] Lock "e966ea2d-1c12-4ab8-b32b-8c425c138e80" "released" by "nova.context.set_target_cell..get_or_set_cached_cell_and_set_connections" :: held 0.001s {{(pid=129213) inner /usr/local/lib/python3.8/dist-packages/oslo_concurrency/lockutils.py:400}}
Nov 12 00:47:07.653197 n-d-712139-24 devstack@n-api.service[129213]: DEBUG oslo_concurrency.lockutils [None req-b895f720-8e4d-43b1-a52b-d28689a3e2b2 tempest-LiveAutoBlockMigrationV225Test-501157621 tempest-LiveAutoBlockMigrationV225Test-501157621-project] Lock "e966ea2d-1c12-4ab8-b32b-8c425c138e80" acquired by "nova.context.set_target_cell..get_or_set_cached_cell_and_set_connections" :: waited 0.000s {{(pid=129213) inner /usr/local/lib/python3.8/dist-packages/oslo_concurrency/lockutils.py:386}}
Nov 12 00:47:07.653734 n-d-712139-24 devstack@n-api.service[129213]: DEBUG oslo_concurrency.lockutils [None req-b895f720-8e4d-43b1-a52b-d28689a3e2b2 tempest-LiveAutoBlockMigrationV225Test-501157621 tempest-LiveAutoBlockMigrationV225Test-501157621-project] Lock "e966ea2d-1c12-4ab8-b32b-8c425c138e80" "released" by "nova.context.set_target_cell..get_or_set_cached_cell_and_set_connections" :: held 0.001s {{(pid=129213) inner /usr/local/lib/python3.8/dist-packages/oslo_concurrency/lockutils.py:400}}
Nov 12 00:47:07.941203 n-d-712139-24 devstack@n-api.service[129213]: DEBUG nova.policy [None req-b895f720-8e4d-43b1-a52b-d28689a3e2b2 tempest-LiveAutoBlockMigrationV225Test-501157621 tempest-LiveAutoBlockMigrationV225Test-501157621-project] Policy check for os_compute_api:os-extended-server-attributes failed with credentials {'is_admin': False, 'user_id': 'fdc4959b95fe4284a58a68374ef2c9e7', 'user_domain_id': 'default', 'system_scope': None, 'domain_id': None, 'project_id': 'a9c66fabbde144258c62795ca6b04a5a', 'project_domain_id': 'default', 'roles': ['member', 'reader'], 'is_admin_project': True, 'service_user_id': None, 'service_user_domain_id': None, 'service_project_id': None, 'service_project_domain_id': None, 'service_roles': []} {{(pid=129213) authorize /opt/stack/nova/nova/policy.py:199}}
Nov 12 00:47:07.957777 n-d-712139-24 devstack@n-api.service[129213]: DEBUG nova.policy [None req-b895f720-8e4d-43b1-a52b-d28689a3e2b2 tempest-LiveAutoBlockMigrationV225Test-501157621 tempest-LiveAutoBlockMigrationV225Test-501157621-project] Policy check for os_compute_api:servers:show:host_status failed with credentials {'is_admin': False, 'user_id': 'fdc4959b95fe4284a58a68374ef2c9e7', 'user_domain_id': 'default', 'system_scope': None, 'domain_id': None, 'project_id': 'a9c66fabbde144258c62795ca6b04a5a', 'project_domain_id': 'default', 'roles': ['member', 'reader'], 'is_admin_project': True, 'service_user_id': None, 'service_user_domain_id': None, 'service_project_id': None, 'service_project_domain_id': None, 'service_roles': []} {{(pid=129213) authorize /opt/stack/nova/nova/policy.py:199}}
Nov 12 00:47:07.961074 n-d-712139-24 devstack@n-api.service[129213]: DEBUG nova.policy [None req-b895f720-8e4d-43b1-a52b-d28689a3e2b2 tempest-LiveAutoBlockMigrationV225Test-501157621 tempest-LiveAutoBlockMigrationV225Test-501157621-project] Policy check for os_compute_api:servers:show:host_status:unknown-only failed with credentials {'is_admin': False, 'user_id': 'fdc4959b95fe4284a58a68374ef2c9e7', 'user_domain_id': 'default', 'system_scope': None, 'domain_id': None, 'project_id': 'a9c66fabbde144258c62795ca6b04a5a', 'project_domain_id': 'default', 'roles': ['member', 'reader'], 'is_admin_project': True, 'service_user_id': None, 'service_user_domain_id': None, 'service_project_id': None, 'service_project_domain_id': None, 'service_roles': []} {{(pid=129213) authorize /opt/stack/nova/nova/policy.py:199}}
Nov 12 00:47:07.962805 n-d-712139-24 devstack@n-api.service[129213]: INFO nova.api.openstack.requestlog [None req-b895f720-8e4d-43b1-a52b-d28689a3e2b2 tempest-LiveAutoBlockMigrationV225Test-501157621 tempest-LiveAutoBlockMigrationV225Test-501157621-project] 10.222.0.55 "GET /compute/v2.1/servers/2f33ceca-e992-4afa-a061-d71572f5fd4a" status: 200 len: 1362 microversion: 2.25 time: 0.329710
Nov 12 00:47:07.975153 n-d-712139-24 devstack@n-api.service[129213]: [pid: 129213|app: 0|req: 125/262] 10.222.0.55 () {60 vars in 1276 bytes} [Fri Nov 12 00:47:07 2021] GET /compute/v2.1/servers/2f33ceca-e992-4afa-a061-d71572f5fd4a => generated 1362 bytes in 333 msecs (HTTP/1.1 200) 9 headers in 360 bytes (1 switches on core 0)
Nov 12 00:47:07.983048 n-d-712139-24 devstack@n-api.service[129213]: DEBUG nova.api.openstack.wsgi [None req-883edbc9-4263-4a6a-bd8d-f2468bb9e454 tempest-InstanceUsageAuditLogNegativeTestJSON-1830148580 tempest-InstanceUsageAuditLogNegativeTestJSON-1830148580-project] Calling method '>' {{(pid=129213) _process_stack /opt/stack/nova/nova/api/openstack/wsgi.py:513}}
Nov 12 00:47:07.984677 n-d-712139-24 devstack@n-api.service[129213]: /usr/local/lib/python3.8/dist-packages/oslo_policy/policy.py:1075: UserWarning: Policy os_compute_api:os-instance-usage-audit-log:show failed scope check. The token used to make the request was project scoped but the policy requires ['system'] scope. This behavior may change in the future where using the intended scope is required
Nov 12 00:47:07.984677 n-d-712139-24 devstack@n-api.service[129213]: warnings.warn(msg)
Nov 12 00:47:07.986535 n-d-712139-24 devstack@n-api.service[129213]: DEBUG nova.policy [None req-883edbc9-4263-4a6a-bd8d-f2468bb9e454 tempest-InstanceUsageAuditLogNegativeTestJSON-1830148580 tempest-InstanceUsageAuditLogNegativeTestJSON-1830148580-project] Policy check for os_compute_api:os-instance-usage-audit-log:show failed with credentials {'is_admin': False, 'user_id': 'e6cb7362853a4ce485d418e74f2c7293', 'user_domain_id': 'default', 'system_scope': None, 'domain_id': None, 'project_id': 'f71563385d9e4801bb2fa2a9d4e320de', 'project_domain_id': 'default', 'roles': ['member', 'reader'], 'is_admin_project': True, 'service_user_id': None, 'service_user_domain_id': None, 'service_project_id': None, 'service_project_domain_id': None, 'service_roles': []} {{(pid=129213) authorize /opt/stack/nova/nova/policy.py:199}}
Nov 12 00:47:07.987737 n-d-712139-24 devstack@n-api.service[129213]: DEBUG nova.api.openstack.wsgi [None req-883edbc9-4263-4a6a-bd8d-f2468bb9e454 tempest-InstanceUsageAuditLogNegativeTestJSON-1830148580 tempest-InstanceUsageAuditLogNegativeTestJSON-1830148580-project] Returning 403 to user: Policy doesn't allow os_compute_api:os-instance-usage-audit-log:show to be performed. {{(pid=129213) __call__ /opt/stack/nova/nova/api/openstack/wsgi.py:936}}
Nov 12 00:47:07.988981 n-d-712139-24 devstack@n-api.service[129213]: INFO nova.api.openstack.requestlog [None req-883edbc9-4263-4a6a-bd8d-f2468bb9e454 tempest-InstanceUsageAuditLogNegativeTestJSON-1830148580 tempest-InstanceUsageAuditLogNegativeTestJSON-1830148580-project] 10.222.0.55 "GET /compute/v2.1/os-instance_usage_audit_log/2021-11-12 00:47:07" status: 403 len: 128 microversion: 2.1 time: 0.022515
Nov 12 00:47:08.017563 n-d-712139-24 devstack@n-api.service[129213]: [pid: 129213|app: 0|req: 126/263] 10.222.0.55 () {58 vars in 1250 bytes} [Fri Nov 12 00:47:07 2021] GET /compute/v2.1/os-instance_usage_audit_log/2021-11-12%2000%3A47%3A07 => generated 128 bytes in 49 msecs (HTTP/1.1 403) 9 headers in 379 bytes (1 switches on core 0)
Nov 12 00:47:08.019248 n-d-712139-24 devstack@n-api.service[129212]: INFO nova.api.openstack.requestlog [None req-dbba5deb-9d8b-4304-8fb1-2c2436f08105 tempest-SecurityGroupsTestAdminJSON-724477375 tempest-SecurityGroupsTestAdminJSON-724477375-project] 10.222.0.55 "DELETE /compute/v2.1/os-security-groups/9d038b58-894a-416e-b173-7fcd747d25fc" status: 202 len: 0 microversion: 2.1 time: 0.395099
Nov 12 00:47:08.024496 n-d-712139-24 devstack@n-api.service[129212]: [pid: 129212|app: 0|req: 138/264] 10.222.0.55 () {58 vars in 1271 bytes} [Fri Nov 12 00:47:07 2021] DELETE /compute/v2.1/os-security-groups/9d038b58-894a-416e-b173-7fcd747d25fc => generated 0 bytes in 401 msecs (HTTP/1.1 202) 9 headers in 361 bytes (1 switches on core 0)
Nov 12 00:47:08.026305 n-d-712139-24 devstack@n-api.service[129213]: DEBUG nova.api.openstack.wsgi [None req-e62f7654-87aa-4506-80a7-6692ad6a7aeb tempest-AggregatesAdminTestJSON-827761410 tempest-AggregatesAdminTestJSON-827761410-project-admin] Action: 'action', calling method: >, body: {"add_host": {"host": "n-h2-712139-24"}} {{(pid=129213) _process_stack /opt/stack/nova/nova/api/openstack/wsgi.py:511}}
Nov 12 00:47:08.028602 n-d-712139-24 devstack@n-api.service[129213]: /usr/local/lib/python3.8/dist-packages/oslo_policy/policy.py:1075: UserWarning: Policy os_compute_api:os-aggregates:add_host failed scope check. The token used to make the request was project scoped but the policy requires ['system'] scope. This behavior may change in the future where using the intended scope is required
Nov 12 00:47:08.028602 n-d-712139-24 devstack@n-api.service[129213]: warnings.warn(msg)
Nov 12 00:47:08.031263 n-d-712139-24 devstack@n-api.service[129212]: DEBUG nova.api.openstack.wsgi [None req-719aa665-f0f6-48fe-9444-d91c722cdad8 tempest-FloatingIPsAssociationNegativeTestJSON-557731721 tempest-FloatingIPsAssociationNegativeTestJSON-557731721-project] Calling method '>' {{(pid=129212) _process_stack /opt/stack/nova/nova/api/openstack/wsgi.py:513}}
Nov 12 00:47:08.031941 n-d-712139-24 devstack@n-api.service[129212]: DEBUG nova.compute.api [None req-719aa665-f0f6-48fe-9444-d91c722cdad8 tempest-FloatingIPsAssociationNegativeTestJSON-557731721 tempest-FloatingIPsAssociationNegativeTestJSON-557731721-project] [instance: c027f0a2-0c58-4273-9ec1-af5f3ce47667] Fetching instance by UUID {{(pid=129212) get /opt/stack/nova/nova/compute/api.py:2865}}
Nov 12 00:47:08.043230 n-d-712139-24 devstack@n-api.service[129212]: DEBUG oslo_concurrency.lockutils [None req-719aa665-f0f6-48fe-9444-d91c722cdad8 tempest-FloatingIPsAssociationNegativeTestJSON-557731721 tempest-FloatingIPsAssociationNegativeTestJSON-557731721-project] Lock "e966ea2d-1c12-4ab8-b32b-8c425c138e80" acquired by "nova.context.set_target_cell..get_or_set_cached_cell_and_set_connections" :: waited 0.000s {{(pid=129212) inner /usr/local/lib/python3.8/dist-packages/oslo_concurrency/lockutils.py:386}}
Nov 12 00:47:08.043507 n-d-712139-24 devstack@n-api.service[129212]: DEBUG oslo_concurrency.lockutils [None req-719aa665-f0f6-48fe-9444-d91c722cdad8 tempest-FloatingIPsAssociationNegativeTestJSON-557731721 tempest-FloatingIPsAssociationNegativeTestJSON-557731721-project] Lock "e966ea2d-1c12-4ab8-b32b-8c425c138e80" "released" by "nova.context.set_target_cell..get_or_set_cached_cell_and_set_connections" :: held 0.003s {{(pid=129212) inner /usr/local/lib/python3.8/dist-packages/oslo_concurrency/lockutils.py:400}}
Nov 12 00:47:08.043934 n-d-712139-24 devstack@n-api.service[129213]: DEBUG oslo_concurrency.lockutils [None req-e62f7654-87aa-4506-80a7-6692ad6a7aeb tempest-AggregatesAdminTestJSON-827761410 tempest-AggregatesAdminTestJSON-827761410-project-admin] Lock "e966ea2d-1c12-4ab8-b32b-8c425c138e80" acquired by "nova.context.set_target_cell..get_or_set_cached_cell_and_set_connections" :: waited 0.000s {{(pid=129213) inner /usr/local/lib/python3.8/dist-packages/oslo_concurrency/lockutils.py:386}}
Nov 12 00:47:08.044590 n-d-712139-24 devstack@n-api.service[129213]: DEBUG oslo_concurrency.lockutils [None req-e62f7654-87aa-4506-80a7-6692ad6a7aeb tempest-AggregatesAdminTestJSON-827761410 tempest-AggregatesAdminTestJSON-827761410-project-admin] Lock "e966ea2d-1c12-4ab8-b32b-8c425c138e80" "released" by "nova.context.set_target_cell..get_or_set_cached_cell_and_set_connections" :: held 0.001s {{(pid=129213) inner /usr/local/lib/python3.8/dist-packages/oslo_concurrency/lockutils.py:400}}
Nov 12 00:47:08.045490 n-d-712139-24 devstack@n-api.service[129212]: DEBUG oslo_concurrency.lockutils [None req-719aa665-f0f6-48fe-9444-d91c722cdad8 tempest-FloatingIPsAssociationNegativeTestJSON-557731721 tempest-FloatingIPsAssociationNegativeTestJSON-557731721-project] Lock "e966ea2d-1c12-4ab8-b32b-8c425c138e80" acquired by "nova.context.set_target_cell..get_or_set_cached_cell_and_set_connections" :: waited 0.000s {{(pid=129212) inner /usr/local/lib/python3.8/dist-packages/oslo_concurrency/lockutils.py:386}}
Nov 12 00:47:08.045948 n-d-712139-24 devstack@n-api.service[129212]: DEBUG oslo_concurrency.lockutils [None req-719aa665-f0f6-48fe-9444-d91c722cdad8 tempest-FloatingIPsAssociationNegativeTestJSON-557731721 tempest-FloatingIPsAssociationNegativeTestJSON-557731721-project] Lock "e966ea2d-1c12-4ab8-b32b-8c425c138e80" "released" by "nova.context.set_target_cell..get_or_set_cached_cell_and_set_connections" :: held 0.000s {{(pid=129212) inner /usr/local/lib/python3.8/dist-packages/oslo_concurrency/lockutils.py:400}}
Nov 12 00:47:08.225076 n-d-712139-24 devstack@n-api.service[129213]: INFO nova.api.openstack.requestlog [None req-e62f7654-87aa-4506-80a7-6692ad6a7aeb tempest-AggregatesAdminTestJSON-827761410 tempest-AggregatesAdminTestJSON-827761410-project-admin] 10.222.0.55 "POST /compute/v2.1/os-aggregates/13/action" status: 200 len: 244 microversion: 2.1 time: 0.206259
Nov 12 00:47:08.226502 n-d-712139-24 devstack@n-api.service[129213]: [pid: 129213|app: 0|req: 127/265] 10.222.0.55 () {60 vars in 1193 bytes} [Fri Nov 12 00:47:08 2021] POST /compute/v2.1/os-aggregates/13/action => generated 244 bytes in 208 msecs (HTTP/1.1 200) 9 headers in 357 bytes (1 switches on core 0)
Nov 12 00:47:08.237959 n-d-712139-24 devstack@n-api.service[129213]: DEBUG nova.api.openstack.wsgi [None req-baff681d-167a-4403-9788-c5522816fd97 tempest-AggregatesAdminTestJSON-827761410 tempest-AggregatesAdminTestJSON-827761410-project-admin] Action: 'action', calling method: >, body: {"remove_host": {"host": "n-h2-712139-24"}} {{(pid=129213) _process_stack /opt/stack/nova/nova/api/openstack/wsgi.py:511}}
Nov 12 00:47:08.239491 n-d-712139-24 devstack@n-api.service[129213]: /usr/local/lib/python3.8/dist-packages/oslo_policy/policy.py:1075: UserWarning: Policy os_compute_api:os-aggregates:remove_host failed scope check. The token used to make the request was project scoped but the policy requires ['system'] scope. This behavior may change in the future where using the intended scope is required
Nov 12 00:47:08.239491 n-d-712139-24 devstack@n-api.service[129213]: warnings.warn(msg)
Nov 12 00:47:08.250085 n-d-712139-24 devstack@n-api.service[129213]: DEBUG oslo_concurrency.lockutils [None req-baff681d-167a-4403-9788-c5522816fd97 tempest-AggregatesAdminTestJSON-827761410 tempest-AggregatesAdminTestJSON-827761410-project-admin] Lock "e966ea2d-1c12-4ab8-b32b-8c425c138e80" acquired by "nova.context.set_target_cell..get_or_set_cached_cell_and_set_connections" :: waited 0.000s {{(pid=129213) inner /usr/local/lib/python3.8/dist-packages/oslo_concurrency/lockutils.py:386}}
Nov 12 00:47:08.250528 n-d-712139-24 devstack@n-api.service[129213]: DEBUG oslo_concurrency.lockutils [None req-baff681d-167a-4403-9788-c5522816fd97 tempest-AggregatesAdminTestJSON-827761410 tempest-AggregatesAdminTestJSON-827761410-project-admin] Lock "e966ea2d-1c12-4ab8-b32b-8c425c138e80" "released" by "nova.context.set_target_cell..get_or_set_cached_cell_and_set_connections" :: held 0.001s {{(pid=129213) inner /usr/local/lib/python3.8/dist-packages/oslo_concurrency/lockutils.py:400}}
Nov 12 00:47:08.315573 n-d-712139-24 devstack@n-api.service[129212]: DEBUG nova.policy [None req-719aa665-f0f6-48fe-9444-d91c722cdad8 tempest-FloatingIPsAssociationNegativeTestJSON-557731721 tempest-FloatingIPsAssociationNegativeTestJSON-557731721-project] Policy check for os_compute_api:os-extended-server-attributes failed with credentials {'is_admin': False, 'user_id': '4ab3de7ddb7740288d6919ea3cf3835b', 'user_domain_id': 'default', 'system_scope': None, 'domain_id': None, 'project_id': '34c312f923d242e697dd01135b6a4107', 'project_domain_id': 'default', 'roles': ['member', 'reader'], 'is_admin_project': True, 'service_user_id': None, 'service_user_domain_id': None, 'service_project_id': None, 'service_project_domain_id': None, 'service_roles': []} {{(pid=129212) authorize /opt/stack/nova/nova/policy.py:199}}
Nov 12 00:47:08.327799 n-d-712139-24 devstack@n-api.service[129212]: INFO nova.api.openstack.requestlog [None req-719aa665-f0f6-48fe-9444-d91c722cdad8 tempest-FloatingIPsAssociationNegativeTestJSON-557731721 tempest-FloatingIPsAssociationNegativeTestJSON-557731721-project] 10.222.0.55 "GET /compute/v2.1/servers/c027f0a2-0c58-4273-9ec1-af5f3ce47667" status: 200 len: 1332 microversion: 2.1 time: 0.302193
Nov 12 00:47:08.328665 n-d-712139-24 devstack@n-api.service[129212]: [pid: 129212|app: 0|req: 139/266] 10.222.0.55 () {58 vars in 1235 bytes} [Fri Nov 12 00:47:08 2021] GET /compute/v2.1/servers/c027f0a2-0c58-4273-9ec1-af5f3ce47667 => generated 1332 bytes in 303 msecs (HTTP/1.1 200) 9 headers in 358 bytes (1 switches on core 0)
Nov 12 00:47:08.343689 n-d-712139-24 devstack@n-api.service[129212]: DEBUG nova.api.openstack.wsgi [req-804c5f58-3722-4347-960f-cfa3fa10915a req-2f15b53f-ddec-4317-89e7-316a2f3152dd service nova] Action: 'create', calling method: >, body: {"events": [{"server_uuid": "d9ddd690-49fb-46d0-9e02-d86fd041cea5", "name": "network-vif-plugged", "status": "completed", "tag": "4003fee6-70a8-4a21-a34c-3b1922389bd3"}]} {{(pid=129212) _process_stack /opt/stack/nova/nova/api/openstack/wsgi.py:511}}
Nov 12 00:47:08.345323 n-d-712139-24 devstack@n-api.service[129212]: /usr/local/lib/python3.8/dist-packages/oslo_policy/policy.py:1075: UserWarning: Policy os_compute_api:os-server-external-events:create failed scope check. The token used to make the request was project scoped but the policy requires ['system'] scope. This behavior may change in the future where using the intended scope is required
Nov 12 00:47:08.345323 n-d-712139-24 devstack@n-api.service[129212]: warnings.warn(msg)
Nov 12 00:47:08.352803 n-d-712139-24 devstack@n-api.service[129212]: DEBUG oslo_concurrency.lockutils [req-804c5f58-3722-4347-960f-cfa3fa10915a req-2f15b53f-ddec-4317-89e7-316a2f3152dd service nova] Lock "e966ea2d-1c12-4ab8-b32b-8c425c138e80" acquired by "nova.context.set_target_cell..get_or_set_cached_cell_and_set_connections" :: waited 0.000s {{(pid=129212) inner /usr/local/lib/python3.8/dist-packages/oslo_concurrency/lockutils.py:386}}
Nov 12 00:47:08.353828 n-d-712139-24 devstack@n-api.service[129212]: DEBUG oslo_concurrency.lockutils [req-804c5f58-3722-4347-960f-cfa3fa10915a req-2f15b53f-ddec-4317-89e7-316a2f3152dd service nova] Lock "e966ea2d-1c12-4ab8-b32b-8c425c138e80" "released" by "nova.context.set_target_cell..get_or_set_cached_cell_and_set_connections" :: held 0.001s {{(pid=129212) inner /usr/local/lib/python3.8/dist-packages/oslo_concurrency/lockutils.py:400}}
Nov 12 00:47:08.364908 n-d-712139-24 devstack@n-api.service[129212]: INFO nova.api.openstack.compute.server_external_events [req-804c5f58-3722-4347-960f-cfa3fa10915a req-2f15b53f-ddec-4317-89e7-316a2f3152dd service nova] Creating event network-vif-plugged:4003fee6-70a8-4a21-a34c-3b1922389bd3 for instance d9ddd690-49fb-46d0-9e02-d86fd041cea5 on n-h1-712139-24
Nov 12 00:47:08.372208 n-d-712139-24 devstack@n-api.service[129212]: INFO nova.api.openstack.requestlog [req-804c5f58-3722-4347-960f-cfa3fa10915a req-2f15b53f-ddec-4317-89e7-316a2f3152dd service nova] 10.222.0.55 "POST /compute/v2.1/os-server-external-events" status: 200 len: 183 microversion: 2.1 time: 0.031866
Nov 12 00:47:08.372802 n-d-712139-24 devstack@n-api.service[129212]: [pid: 129212|app: 0|req: 140/267] 10.222.0.55 () {64 vars in 1317 bytes} [Fri Nov 12 00:47:08 2021] POST /compute/v2.1/os-server-external-events => generated 183 bytes in 33 msecs (HTTP/1.1 200) 9 headers in 357 bytes (2 switches on core 0)
Nov 12 00:47:08.431025 n-d-712139-24 devstack@n-api.service[129213]: INFO nova.api.openstack.requestlog [None req-baff681d-167a-4403-9788-c5522816fd97 tempest-AggregatesAdminTestJSON-827761410 tempest-AggregatesAdminTestJSON-827761410-project-admin] 10.222.0.55 "POST /compute/v2.1/os-aggregates/13/action" status: 200 len: 228 microversion: 2.1 time: 0.184348
Nov 12 00:47:08.433773 n-d-712139-24 devstack@n-api.service[129213]: [pid: 129213|app: 0|req: 128/268] 10.222.0.55 () {60 vars in 1193 bytes} [Fri Nov 12 00:47:08 2021] POST /compute/v2.1/os-aggregates/13/action => generated 228 bytes in 201 msecs (HTTP/1.1 200) 9 headers in 357 bytes (2 switches on core 0)
Nov 12 00:47:08.454493 n-d-712139-24 devstack@n-api.service[129212]: DEBUG nova.api.openstack.wsgi [None req-c0d66870-3bc5-445d-9fba-67c9434310d1 tempest-AggregatesAdminTestJSON-827761410 tempest-AggregatesAdminTestJSON-827761410-project-admin] Calling method '>' {{(pid=129212) _process_stack /opt/stack/nova/nova/api/openstack/wsgi.py:513}}
Nov 12 00:47:08.455473 n-d-712139-24 devstack@n-api.service[129212]: /usr/local/lib/python3.8/dist-packages/oslo_policy/policy.py:1075: UserWarning: Policy os_compute_api:os-aggregates:delete failed scope check. The token used to make the request was project scoped but the policy requires ['system'] scope. This behavior may change in the future where using the intended scope is required
Nov 12 00:47:08.455473 n-d-712139-24 devstack@n-api.service[129212]: warnings.warn(msg)
Nov 12 00:47:08.487852 n-d-712139-24 devstack@n-api.service[129212]: INFO nova.api.openstack.requestlog [None req-c0d66870-3bc5-445d-9fba-67c9434310d1 tempest-AggregatesAdminTestJSON-827761410 tempest-AggregatesAdminTestJSON-827761410-project-admin] 10.222.0.55 "DELETE /compute/v2.1/os-aggregates/13" status: 200 len: 0 microversion: 2.1 time: 0.047642
Nov 12 00:47:08.488431 n-d-712139-24 devstack@n-api.service[129212]: [pid: 129212|app: 0|req: 141/269] 10.222.0.55 () {58 vars in 1154 bytes} [Fri Nov 12 00:47:08 2021] DELETE /compute/v2.1/os-aggregates/13 => generated 0 bytes in 49 msecs (HTTP/1.1 200) 9 headers in 355 bytes (1 switches on core 0)
Nov 12 00:47:08.500645 n-d-712139-24 devstack@n-api.service[129213]: DEBUG nova.api.openstack.wsgi [None req-6bf281ee-5ee1-4ebc-b48a-6fe30e89b8ff tempest-AggregatesAdminTestJSON-827761410 tempest-AggregatesAdminTestJSON-827761410-project-admin] Action: 'create', calling method: >, body: {"aggregate": {"name": "tempest-test_aggregate-1013984865"}} {{(pid=129213) _process_stack /opt/stack/nova/nova/api/openstack/wsgi.py:511}}
Nov 12 00:47:08.502101 n-d-712139-24 devstack@n-api.service[129213]: /usr/local/lib/python3.8/dist-packages/oslo_policy/policy.py:1075: UserWarning: Policy os_compute_api:os-aggregates:create failed scope check. The token used to make the request was project scoped but the policy requires ['system'] scope. This behavior may change in the future where using the intended scope is required
Nov 12 00:47:08.502101 n-d-712139-24 devstack@n-api.service[129213]: warnings.warn(msg)
Nov 12 00:47:08.503954 n-d-712139-24 devstack@n-api.service[129213]: DEBUG nova.objects.aggregate [None req-6bf281ee-5ee1-4ebc-b48a-6fe30e89b8ff tempest-AggregatesAdminTestJSON-827761410 tempest-AggregatesAdminTestJSON-827761410-project-admin] Generated uuid 41baa9b0-5b0c-4579-98c5-9eb4388e5b9a for aggregate {{(pid=129213) create /opt/stack/nova/nova/objects/aggregate.py:298}}
Nov 12 00:47:08.547553 n-d-712139-24 devstack@n-api.service[129213]: INFO nova.api.openstack.requestlog [None req-6bf281ee-5ee1-4ebc-b48a-6fe30e89b8ff tempest-AggregatesAdminTestJSON-827761410 tempest-AggregatesAdminTestJSON-827761410-project-admin] 10.222.0.55 "POST /compute/v2.1/os-aggregates" status: 200 len: 199 microversion: 2.1 time: 0.051416
Nov 12 00:47:08.549231 n-d-712139-24 devstack@n-api.service[129213]: [pid: 129213|app: 0|req: 129/270] 10.222.0.55 () {60 vars in 1163 bytes} [Fri Nov 12 00:47:08 2021] POST /compute/v2.1/os-aggregates => generated 199 bytes in 54 msecs (HTTP/1.1 200) 9 headers in 357 bytes (1 switches on core 0)
Nov 12 00:47:08.559219 n-d-712139-24 devstack@n-api.service[129212]: DEBUG nova.api.openstack.wsgi [None req-389f0736-b0da-47e1-889b-72e9900eb2d6 tempest-AggregatesAdminTestJSON-827761410 tempest-AggregatesAdminTestJSON-827761410-project-admin] Calling method '>' {{(pid=129212) _process_stack /opt/stack/nova/nova/api/openstack/wsgi.py:513}}
Nov 12 00:47:08.559964 n-d-712139-24 devstack@n-api.service[129212]: /usr/local/lib/python3.8/dist-packages/oslo_policy/policy.py:1075: UserWarning: Policy os_compute_api:os-aggregates:delete failed scope check. The token used to make the request was project scoped but the policy requires ['system'] scope. This behavior may change in the future where using the intended scope is required
Nov 12 00:47:08.559964 n-d-712139-24 devstack@n-api.service[129212]: warnings.warn(msg)
Nov 12 00:47:08.585279 n-d-712139-24 devstack@n-api.service[129212]: INFO nova.api.openstack.requestlog [None req-389f0736-b0da-47e1-889b-72e9900eb2d6 tempest-AggregatesAdminTestJSON-827761410 tempest-AggregatesAdminTestJSON-827761410-project-admin] 10.222.0.55 "DELETE /compute/v2.1/os-aggregates/14" status: 200 len: 0 microversion: 2.1 time: 0.030355
Nov 12 00:47:08.586379 n-d-712139-24 devstack@n-api.service[129212]: [pid: 129212|app: 0|req: 142/271] 10.222.0.55 () {58 vars in 1154 bytes} [Fri Nov 12 00:47:08 2021] DELETE /compute/v2.1/os-aggregates/14 => generated 0 bytes in 32 msecs (HTTP/1.1 200) 9 headers in 355 bytes (1 switches on core 0)
Nov 12 00:47:08.594809 n-d-712139-24 devstack@n-api.service[129213]: DEBUG nova.api.openstack.wsgi [None req-963c544e-1b58-4e43-94d6-d9d88013e0e9 tempest-ServersWithSpecificFlavorTestJSON-1286681648 tempest-ServersWithSpecificFlavorTestJSON-1286681648-project] Calling method '>' {{(pid=129213) _process_stack /opt/stack/nova/nova/api/openstack/wsgi.py:513}}
Nov 12 00:47:08.595568 n-d-712139-24 devstack@n-api.service[129213]: DEBUG nova.compute.api [None req-963c544e-1b58-4e43-94d6-d9d88013e0e9 tempest-ServersWithSpecificFlavorTestJSON-1286681648 tempest-ServersWithSpecificFlavorTestJSON-1286681648-project] [instance: d9ddd690-49fb-46d0-9e02-d86fd041cea5] Fetching instance by UUID {{(pid=129213) get /opt/stack/nova/nova/compute/api.py:2865}}
Nov 12 00:47:08.598800 n-d-712139-24 devstack@n-api.service[129212]: DEBUG nova.api.openstack.wsgi [None req-818a6e15-8fcf-4004-af8e-b50ec321339f tempest-AggregatesAdminTestJSON-827761410 tempest-AggregatesAdminTestJSON-827761410-project-admin] Calling method '>' {{(pid=129212) _process_stack /opt/stack/nova/nova/api/openstack/wsgi.py:513}}
Nov 12 00:47:08.599911 n-d-712139-24 devstack@n-api.service[129212]: /usr/local/lib/python3.8/dist-packages/oslo_policy/policy.py:1075: UserWarning: Policy os_compute_api:os-aggregates:show failed scope check. The token used to make the request was project scoped but the policy requires ['system'] scope. This behavior may change in the future where using the intended scope is required
Nov 12 00:47:08.599911 n-d-712139-24 devstack@n-api.service[129212]: warnings.warn(msg)
Nov 12 00:47:08.606991 n-d-712139-24 devstack@n-api.service[129213]: DEBUG oslo_concurrency.lockutils [None req-963c544e-1b58-4e43-94d6-d9d88013e0e9 tempest-ServersWithSpecificFlavorTestJSON-1286681648 tempest-ServersWithSpecificFlavorTestJSON-1286681648-project] Lock "e966ea2d-1c12-4ab8-b32b-8c425c138e80" acquired by "nova.context.set_target_cell..get_or_set_cached_cell_and_set_connections" :: waited 0.000s {{(pid=129213) inner /usr/local/lib/python3.8/dist-packages/oslo_concurrency/lockutils.py:386}}
Nov 12 00:47:08.607566 n-d-712139-24 devstack@n-api.service[129213]: DEBUG oslo_concurrency.lockutils [None req-963c544e-1b58-4e43-94d6-d9d88013e0e9 tempest-ServersWithSpecificFlavorTestJSON-1286681648 tempest-ServersWithSpecificFlavorTestJSON-1286681648-project] Lock "e966ea2d-1c12-4ab8-b32b-8c425c138e80" "released" by "nova.context.set_target_cell..get_or_set_cached_cell_and_set_connections" :: held 0.001s {{(pid=129213) inner /usr/local/lib/python3.8/dist-packages/oslo_concurrency/lockutils.py:400}}
Nov 12 00:47:08.608085 n-d-712139-24 devstack@n-api.service[129212]: INFO nova.api.openstack.wsgi [None req-818a6e15-8fcf-4004-af8e-b50ec321339f tempest-AggregatesAdminTestJSON-827761410 tempest-AggregatesAdminTestJSON-827761410-project-admin] HTTP exception thrown: Aggregate 14 could not be found.
Nov 12 00:47:08.608558 n-d-712139-24 devstack@n-api.service[129213]: DEBUG oslo_concurrency.lockutils [None req-963c544e-1b58-4e43-94d6-d9d88013e0e9 tempest-ServersWithSpecificFlavorTestJSON-1286681648 tempest-ServersWithSpecificFlavorTestJSON-1286681648-project] Lock "e966ea2d-1c12-4ab8-b32b-8c425c138e80" acquired by "nova.context.set_target_cell..get_or_set_cached_cell_and_set_connections" :: waited 0.000s {{(pid=129213) inner /usr/local/lib/python3.8/dist-packages/oslo_concurrency/lockutils.py:386}}
Nov 12 00:47:08.608676 n-d-712139-24 devstack@n-api.service[129212]: DEBUG nova.api.openstack.wsgi [None req-818a6e15-8fcf-4004-af8e-b50ec321339f tempest-AggregatesAdminTestJSON-827761410 tempest-AggregatesAdminTestJSON-827761410-project-admin] Returning 404 to user: Aggregate 14 could not be found. {{(pid=129212) __call__ /opt/stack/nova/nova/api/openstack/wsgi.py:936}}
Nov 12 00:47:08.609569 n-d-712139-24 devstack@n-api.service[129212]: INFO nova.api.openstack.requestlog [None req-818a6e15-8fcf-4004-af8e-b50ec321339f tempest-AggregatesAdminTestJSON-827761410 tempest-AggregatesAdminTestJSON-827761410-project-admin] 10.222.0.55 "GET /compute/v2.1/os-aggregates/14" status: 404 len: 78 microversion: 2.1 time: 0.017098
Nov 12 00:47:08.610136 n-d-712139-24 devstack@n-api.service[129213]: DEBUG oslo_concurrency.lockutils [None req-963c544e-1b58-4e43-94d6-d9d88013e0e9 tempest-ServersWithSpecificFlavorTestJSON-1286681648 tempest-ServersWithSpecificFlavorTestJSON-1286681648-project] Lock "e966ea2d-1c12-4ab8-b32b-8c425c138e80" "released" by "nova.context.set_target_cell..get_or_set_cached_cell_and_set_connections" :: held 0.002s {{(pid=129213) inner /usr/local/lib/python3.8/dist-packages/oslo_concurrency/lockutils.py:400}}
Nov 12 00:47:08.610846 n-d-712139-24 devstack@n-api.service[129212]: [pid: 129212|app: 0|req: 143/272] 10.222.0.55 () {58 vars in 1151 bytes} [Fri Nov 12 00:47:08 2021] GET /compute/v2.1/os-aggregates/14 => generated 78 bytes in 20 msecs (HTTP/1.1 404) 9 headers in 378 bytes (2 switches on core 0)
Nov 12 00:47:08.618869 n-d-712139-24 devstack@n-api.service[129212]: DEBUG nova.api.openstack.wsgi [None req-23915d83-fae5-49f8-b84d-836ca3c7bee2 tempest-AggregatesAdminTestJSON-827761410 tempest-AggregatesAdminTestJSON-827761410-project-admin] Calling method '>' {{(pid=129212) _process_stack /opt/stack/nova/nova/api/openstack/wsgi.py:513}}
Nov 12 00:47:08.620717 n-d-712139-24 devstack@n-api.service[129212]: /usr/local/lib/python3.8/dist-packages/oslo_policy/policy.py:1075: UserWarning: Policy os_compute_api:os-aggregates:delete failed scope check. The token used to make the request was project scoped but the policy requires ['system'] scope. This behavior may change in the future where using the intended scope is required
Nov 12 00:47:08.620717 n-d-712139-24 devstack@n-api.service[129212]: warnings.warn(msg)
Nov 12 00:47:08.632874 n-d-712139-24 devstack@n-api.service[129212]: INFO nova.api.openstack.wsgi [None req-23915d83-fae5-49f8-b84d-836ca3c7bee2 tempest-AggregatesAdminTestJSON-827761410 tempest-AggregatesAdminTestJSON-827761410-project-admin] HTTP exception thrown: Aggregate 14 could not be found.
Nov 12 00:47:08.633713 n-d-712139-24 devstack@n-api.service[129212]: DEBUG nova.api.openstack.wsgi [None req-23915d83-fae5-49f8-b84d-836ca3c7bee2 tempest-AggregatesAdminTestJSON-827761410 tempest-AggregatesAdminTestJSON-827761410-project-admin] Returning 404 to user: Aggregate 14 could not be found. {{(pid=129212) __call__ /opt/stack/nova/nova/api/openstack/wsgi.py:936}}
Nov 12 00:47:08.634763 n-d-712139-24 devstack@n-api.service[129212]: INFO nova.api.openstack.requestlog [None req-23915d83-fae5-49f8-b84d-836ca3c7bee2 tempest-AggregatesAdminTestJSON-827761410 tempest-AggregatesAdminTestJSON-827761410-project-admin] 10.222.0.55 "DELETE /compute/v2.1/os-aggregates/14" status: 404 len: 78 microversion: 2.1 time: 0.019604
Nov 12 00:47:08.635280 n-d-712139-24 devstack@n-api.service[129212]: [pid: 129212|app: 0|req: 144/273] 10.222.0.55 () {58 vars in 1154 bytes} [Fri Nov 12 00:47:08 2021] DELETE /compute/v2.1/os-aggregates/14 => generated 78 bytes in 21 msecs (HTTP/1.1 404) 9 headers in 378 bytes (2 switches on core 0)
Nov 12 00:47:08.644470 n-d-712139-24 devstack@n-api.service[129212]: DEBUG nova.api.openstack.wsgi [None req-777c5013-8d26-47da-9594-b1a5ae3eb3bb tempest-AggregatesAdminTestJSON-827761410 tempest-AggregatesAdminTestJSON-827761410-project-admin] Action: 'create', calling method: >, body: {"aggregate": {"availability_zone": "tempest-test_az-5672392", "name": "tempest-test_aggregate-1089376315"}} {{(pid=129212) _process_stack /opt/stack/nova/nova/api/openstack/wsgi.py:511}}
Nov 12 00:47:08.646165 n-d-712139-24 devstack@n-api.service[129212]: /usr/local/lib/python3.8/dist-packages/oslo_policy/policy.py:1075: UserWarning: Policy os_compute_api:os-aggregates:create failed scope check. The token used to make the request was project scoped but the policy requires ['system'] scope. This behavior may change in the future where using the intended scope is required
Nov 12 00:47:08.646165 n-d-712139-24 devstack@n-api.service[129212]: warnings.warn(msg)
Nov 12 00:47:08.647638 n-d-712139-24 devstack@n-api.service[129212]: DEBUG nova.objects.aggregate [None req-777c5013-8d26-47da-9594-b1a5ae3eb3bb tempest-AggregatesAdminTestJSON-827761410 tempest-AggregatesAdminTestJSON-827761410-project-admin] Generated uuid 9c8e1696-52c4-4c91-8a48-5b08ab60cb0a for aggregate {{(pid=129212) create /opt/stack/nova/nova/objects/aggregate.py:298}}
Nov 12 00:47:08.691953 n-d-712139-24 devstack@n-api.service[129212]: INFO nova.api.openstack.requestlog [None req-777c5013-8d26-47da-9594-b1a5ae3eb3bb tempest-AggregatesAdminTestJSON-827761410 tempest-AggregatesAdminTestJSON-827761410-project-admin] 10.222.0.55 "POST /compute/v2.1/os-aggregates" status: 200 len: 220 microversion: 2.1 time: 0.048520
Nov 12 00:47:08.692471 n-d-712139-24 devstack@n-api.service[129212]: [pid: 129212|app: 0|req: 145/274] 10.222.0.55 () {60 vars in 1164 bytes} [Fri Nov 12 00:47:08 2021] POST /compute/v2.1/os-aggregates => generated 220 bytes in 52 msecs (HTTP/1.1 200) 9 headers in 357 bytes (1 switches on core 0)
Nov 12 00:47:08.702425 n-d-712139-24 devstack@n-api.service[129212]: DEBUG nova.api.openstack.wsgi [None req-c6329480-5801-4d14-8c0c-3e81b54bb3fb tempest-AggregatesAdminTestJSON-827761410 tempest-AggregatesAdminTestJSON-827761410-project-admin] Calling method '>' {{(pid=129212) _process_stack /opt/stack/nova/nova/api/openstack/wsgi.py:513}}
Nov 12 00:47:08.703726 n-d-712139-24 devstack@n-api.service[129212]: /usr/local/lib/python3.8/dist-packages/oslo_policy/policy.py:1075: UserWarning: Policy os_compute_api:os-aggregates:delete failed scope check. The token used to make the request was project scoped but the policy requires ['system'] scope. This behavior may change in the future where using the intended scope is required
Nov 12 00:47:08.703726 n-d-712139-24 devstack@n-api.service[129212]: warnings.warn(msg)
Nov 12 00:47:08.729249 n-d-712139-24 devstack@n-api.service[129212]: INFO nova.api.openstack.requestlog [None req-c6329480-5801-4d14-8c0c-3e81b54bb3fb tempest-AggregatesAdminTestJSON-827761410 tempest-AggregatesAdminTestJSON-827761410-project-admin] 10.222.0.55 "DELETE /compute/v2.1/os-aggregates/15" status: 200 len: 0 microversion: 2.1 time: 0.029528
Nov 12 00:47:08.730189 n-d-712139-24 devstack@n-api.service[129212]: [pid: 129212|app: 0|req: 146/275] 10.222.0.55 () {58 vars in 1154 bytes} [Fri Nov 12 00:47:08 2021] DELETE /compute/v2.1/os-aggregates/15 => generated 0 bytes in 32 msecs (HTTP/1.1 200) 9 headers in 355 bytes (1 switches on core 0)
Nov 12 00:47:08.737911 n-d-712139-24 devstack@n-api.service[129212]: DEBUG nova.api.openstack.wsgi [None req-807c1e70-2c2c-4d37-9ece-74d26d47a4bc tempest-AggregatesAdminTestJSON-827761410 tempest-AggregatesAdminTestJSON-827761410-project-admin] Calling method '>' {{(pid=129212) _process_stack /opt/stack/nova/nova/api/openstack/wsgi.py:513}}
Nov 12 00:47:08.738764 n-d-712139-24 devstack@n-api.service[129212]: /usr/local/lib/python3.8/dist-packages/oslo_policy/policy.py:1075: UserWarning: Policy os_compute_api:os-aggregates:show failed scope check. The token used to make the request was project scoped but the policy requires ['system'] scope. This behavior may change in the future where using the intended scope is required
Nov 12 00:47:08.738764 n-d-712139-24 devstack@n-api.service[129212]: warnings.warn(msg)
Nov 12 00:47:08.745569 n-d-712139-24 devstack@n-api.service[129212]: INFO nova.api.openstack.wsgi [None req-807c1e70-2c2c-4d37-9ece-74d26d47a4bc tempest-AggregatesAdminTestJSON-827761410 tempest-AggregatesAdminTestJSON-827761410-project-admin] HTTP exception thrown: Aggregate 15 could not be found.
Nov 12 00:47:08.746435 n-d-712139-24 devstack@n-api.service[129212]: DEBUG nova.api.openstack.wsgi [None req-807c1e70-2c2c-4d37-9ece-74d26d47a4bc tempest-AggregatesAdminTestJSON-827761410 tempest-AggregatesAdminTestJSON-827761410-project-admin] Returning 404 to user: Aggregate 15 could not be found. {{(pid=129212) __call__ /opt/stack/nova/nova/api/openstack/wsgi.py:936}}
Nov 12 00:47:08.747440 n-d-712139-24 devstack@n-api.service[129212]: INFO nova.api.openstack.requestlog [None req-807c1e70-2c2c-4d37-9ece-74d26d47a4bc tempest-AggregatesAdminTestJSON-827761410 tempest-AggregatesAdminTestJSON-827761410-project-admin] 10.222.0.55 "GET /compute/v2.1/os-aggregates/15" status: 404 len: 78 microversion: 2.1 time: 0.013016
Nov 12 00:47:08.748532 n-d-712139-24 devstack@n-api.service[129212]: [pid: 129212|app: 0|req: 147/276] 10.222.0.55 () {58 vars in 1151 bytes} [Fri Nov 12 00:47:08 2021] GET /compute/v2.1/os-aggregates/15 => generated 78 bytes in 14 msecs (HTTP/1.1 404) 9 headers in 378 bytes (1 switches on core 0)
Nov 12 00:47:08.758150 n-d-712139-24 devstack@n-api.service[129212]: DEBUG nova.api.openstack.wsgi [None req-f23ec77b-d4fb-4dcf-8004-ba0ebfb09a1f tempest-AggregatesAdminTestJSON-827761410 tempest-AggregatesAdminTestJSON-827761410-project-admin] Calling method '>' {{(pid=129212) _process_stack /opt/stack/nova/nova/api/openstack/wsgi.py:513}}
Nov 12 00:47:08.760734 n-d-712139-24 devstack@n-api.service[129212]: /usr/local/lib/python3.8/dist-packages/oslo_policy/policy.py:1075: UserWarning: Policy os_compute_api:os-aggregates:delete failed scope check. The token used to make the request was project scoped but the policy requires ['system'] scope. This behavior may change in the future where using the intended scope is required
Nov 12 00:47:08.760734 n-d-712139-24 devstack@n-api.service[129212]: warnings.warn(msg)
Nov 12 00:47:08.777690 n-d-712139-24 devstack@n-api.service[129212]: INFO nova.api.openstack.wsgi [None req-f23ec77b-d4fb-4dcf-8004-ba0ebfb09a1f tempest-AggregatesAdminTestJSON-827761410 tempest-AggregatesAdminTestJSON-827761410-project-admin] HTTP exception thrown: Aggregate 15 could not be found.
Nov 12 00:47:08.778305 n-d-712139-24 devstack@n-api.service[129212]: DEBUG nova.api.openstack.wsgi [None req-f23ec77b-d4fb-4dcf-8004-ba0ebfb09a1f tempest-AggregatesAdminTestJSON-827761410 tempest-AggregatesAdminTestJSON-827761410-project-admin] Returning 404 to user: Aggregate 15 could not be found. {{(pid=129212) __call__ /opt/stack/nova/nova/api/openstack/wsgi.py:936}}
Nov 12 00:47:08.778436 n-d-712139-24 devstack@n-api.service[129213]: DEBUG nova.policy [None req-963c544e-1b58-4e43-94d6-d9d88013e0e9 tempest-ServersWithSpecificFlavorTestJSON-1286681648 tempest-ServersWithSpecificFlavorTestJSON-1286681648-project] Policy check for os_compute_api:os-extended-server-attributes failed with credentials {'is_admin': False, 'user_id': 'fbfeea35cfb04fc1badaeb6dcd2f2beb', 'user_domain_id': 'default', 'system_scope': None, 'domain_id': None, 'project_id': 'c9a0967b0d41439991b9cc144723fd00', 'project_domain_id': 'default', 'roles': ['member', 'reader'], 'is_admin_project': True, 'service_user_id': None, 'service_user_domain_id': None, 'service_project_id': None, 'service_project_domain_id': None, 'service_roles': []} {{(pid=129213) authorize /opt/stack/nova/nova/policy.py:199}}
Nov 12 00:47:08.779113 n-d-712139-24 devstack@n-api.service[129212]: INFO nova.api.openstack.requestlog [None req-f23ec77b-d4fb-4dcf-8004-ba0ebfb09a1f tempest-AggregatesAdminTestJSON-827761410 tempest-AggregatesAdminTestJSON-827761410-project-admin] 10.222.0.55 "DELETE /compute/v2.1/os-aggregates/15" status: 404 len: 78 microversion: 2.1 time: 0.024414
Nov 12 00:47:08.781775 n-d-712139-24 devstack@n-api.service[129212]: [pid: 129212|app: 0|req: 148/277] 10.222.0.55 () {58 vars in 1154 bytes} [Fri Nov 12 00:47:08 2021] DELETE /compute/v2.1/os-aggregates/15 => generated 78 bytes in 26 msecs (HTTP/1.1 404) 9 headers in 378 bytes (1 switches on core 0)
Nov 12 00:47:08.786768 n-d-712139-24 devstack@n-api.service[129213]: INFO nova.api.openstack.requestlog [None req-963c544e-1b58-4e43-94d6-d9d88013e0e9 tempest-ServersWithSpecificFlavorTestJSON-1286681648 tempest-ServersWithSpecificFlavorTestJSON-1286681648-project] 10.222.0.55 "GET /compute/v2.1/servers/d9ddd690-49fb-46d0-9e02-d86fd041cea5" status: 200 len: 1387 microversion: 2.1 time: 0.196092
Nov 12 00:47:08.787805 n-d-712139-24 devstack@n-api.service[129213]: [pid: 129213|app: 0|req: 130/278] 10.222.0.55 () {58 vars in 1235 bytes} [Fri Nov 12 00:47:08 2021] GET /compute/v2.1/servers/d9ddd690-49fb-46d0-9e02-d86fd041cea5 => generated 1387 bytes in 198 msecs (HTTP/1.1 200) 9 headers in 358 bytes (1 switches on core 0)
