Jan 28 02:02:11.652721 n-d-712137-17 devstack@placement-api.service[104854]: DEBUG placement.requestlog [req-68e78172-d861-414f-a92d-5395dd588686 req-2b7a7b79-139e-4288-83a5-0f51cf0dbfd5 None None] Starting request: 10.222.0.60 "DELETE /placement/allocations/1070180f-f2cf-449d-9be4-5ad074270255" {{(pid=104854) __call__ /opt/stack/placement/placement/requestlog.py:55}}
Jan 28 02:02:11.889629 n-d-712137-17 devstack@placement-api.service[104854]: DEBUG placement.handlers.allocation [req-68e78172-d861-414f-a92d-5395dd588686 req-2b7a7b79-139e-4288-83a5-0f51cf0dbfd5 service placement] Successfully deleted allocations [, , ] {{(pid=104854) delete_allocations /opt/stack/placement/placement/handlers/allocation.py:627}}
Jan 28 02:02:11.890269 n-d-712137-17 devstack@placement-api.service[104854]: INFO placement.requestlog [req-68e78172-d861-414f-a92d-5395dd588686 req-2b7a7b79-139e-4288-83a5-0f51cf0dbfd5 service placement] 10.222.0.60 "DELETE /placement/allocations/1070180f-f2cf-449d-9be4-5ad074270255" status: 204 len: 0 microversion: 1.0
Jan 28 02:02:11.891244 n-d-712137-17 devstack@placement-api.service[104854]: [pid: 104854|app: 0|req: 520/1046] 10.222.0.60 () {60 vars in 1355 bytes} [Fri Jan 28 02:02:11 2022] DELETE /placement/allocations/1070180f-f2cf-449d-9be4-5ad074270255 => generated 0 bytes in 239 msecs (HTTP/1.1 204) 5 headers in 198 bytes (1 switches on core 0)
Jan 28 02:02:15.756371 n-d-712137-17 devstack@placement-api.service[104855]: DEBUG placement.requestlog [req-91cb4757-2439-4ea9-b472-815d39046335 req-4ee35e3f-6acf-473e-81b7-b57d4d933f13 None None] Starting request: 10.222.0.60 "DELETE /placement/allocations/9b426d9c-4c30-4fad-a786-ca4e7613935c" {{(pid=104855) __call__ /opt/stack/placement/placement/requestlog.py:55}}
Jan 28 02:02:16.025760 n-d-712137-17 devstack@placement-api.service[104855]: DEBUG placement.handlers.allocation [req-91cb4757-2439-4ea9-b472-815d39046335 req-4ee35e3f-6acf-473e-81b7-b57d4d933f13 service placement] Successfully deleted allocations [, , ] {{(pid=104855) delete_allocations /opt/stack/placement/placement/handlers/allocation.py:627}}
Jan 28 02:02:16.026348 n-d-712137-17 devstack@placement-api.service[104855]: INFO placement.requestlog [req-91cb4757-2439-4ea9-b472-815d39046335 req-4ee35e3f-6acf-473e-81b7-b57d4d933f13 service placement] 10.222.0.60 "DELETE /placement/allocations/9b426d9c-4c30-4fad-a786-ca4e7613935c" status: 204 len: 0 microversion: 1.0
Jan 28 02:02:16.026854 n-d-712137-17 devstack@placement-api.service[104855]: [pid: 104855|app: 0|req: 527/1047] 10.222.0.60 () {60 vars in 1355 bytes} [Fri Jan 28 02:02:15 2022] DELETE /placement/allocations/9b426d9c-4c30-4fad-a786-ca4e7613935c => generated 0 bytes in 271 msecs (HTTP/1.1 204) 5 headers in 198 bytes (1 switches on core 0)
Jan 28 02:02:25.896175 n-d-712137-17 devstack@placement-api.service[104854]: DEBUG placement.requestlog [req-a97e36dc-a60c-422c-8495-01b2dca18e04 req-11a1cc1c-4c88-4858-a7b4-8b7d62685d75 None None] Starting request: 10.222.0.60 "DELETE /placement/allocations/9f33913d-e2be-403b-8ed7-6a07b82e8365" {{(pid=104854) __call__ /opt/stack/placement/placement/requestlog.py:55}}
Jan 28 02:02:26.141878 n-d-712137-17 devstack@placement-api.service[104854]: DEBUG placement.handlers.allocation [req-a97e36dc-a60c-422c-8495-01b2dca18e04 req-11a1cc1c-4c88-4858-a7b4-8b7d62685d75 service placement] Successfully deleted allocations [, , ] {{(pid=104854) delete_allocations /opt/stack/placement/placement/handlers/allocation.py:627}}
Jan 28 02:02:26.142809 n-d-712137-17 devstack@placement-api.service[104854]: INFO placement.requestlog [req-a97e36dc-a60c-422c-8495-01b2dca18e04 req-11a1cc1c-4c88-4858-a7b4-8b7d62685d75 service placement] 10.222.0.60 "DELETE /placement/allocations/9f33913d-e2be-403b-8ed7-6a07b82e8365" status: 204 len: 0 microversion: 1.0
Jan 28 02:02:26.143331 n-d-712137-17 devstack@placement-api.service[104854]: [pid: 104854|app: 0|req: 521/1048] 10.222.0.60 () {60 vars in 1355 bytes} [Fri Jan 28 02:02:25 2022] DELETE /placement/allocations/9f33913d-e2be-403b-8ed7-6a07b82e8365 => generated 0 bytes in 248 msecs (HTTP/1.1 204) 5 headers in 198 bytes (1 switches on core 0)
Jan 28 02:02:27.043181 n-d-712137-17 devstack@placement-api.service[104855]: DEBUG placement.requestlog [req-aac12ca9-b5f9-4335-bf0f-90cc695dc51e req-6a7935c8-9ba0-45f8-a346-9b14dbf35b66 None None] Starting request: 10.222.0.47 "GET /placement/allocation_candidates?limit=1000&resources=DISK_GB%3A1%2CMEMORY_MB%3A1024%2CVCPU%3A1&root_required=%21COMPUTE_STATUS_DISABLED" {{(pid=104855) __call__ /opt/stack/placement/placement/requestlog.py:55}}
Jan 28 02:02:27.274672 n-d-712137-17 devstack@placement-api.service[104855]: DEBUG placement.objects.research_context [req-aac12ca9-b5f9-4335-bf0f-90cc695dc51e req-6a7935c8-9ba0-45f8-a346-9b14dbf35b66 service placement] getting providers with 1 DISK_GB {{(pid=104855) __init__ /opt/stack/placement/placement/objects/research_context.py:126}}
Jan 28 02:02:27.282478 n-d-712137-17 devstack@placement-api.service[104855]: DEBUG placement.objects.research_context [req-aac12ca9-b5f9-4335-bf0f-90cc695dc51e req-6a7935c8-9ba0-45f8-a346-9b14dbf35b66 service placement] getting providers with 1024 MEMORY_MB {{(pid=104855) __init__ /opt/stack/placement/placement/objects/research_context.py:126}}
Jan 28 02:02:27.288618 n-d-712137-17 devstack@placement-api.service[104855]: DEBUG placement.objects.research_context [req-aac12ca9-b5f9-4335-bf0f-90cc695dc51e req-6a7935c8-9ba0-45f8-a346-9b14dbf35b66 service placement] getting providers with 1 VCPU {{(pid=104855) __init__ /opt/stack/placement/placement/objects/research_context.py:126}}
Jan 28 02:02:27.298516 n-d-712137-17 devstack@placement-api.service[104855]: DEBUG placement.objects.research_context [req-aac12ca9-b5f9-4335-bf0f-90cc695dc51e req-6a7935c8-9ba0-45f8-a346-9b14dbf35b66 service placement] found 2 providers with available 1 DISK_GB {{(pid=104855) get_provider_ids_matching /opt/stack/placement/placement/objects/research_context.py:549}}
Jan 28 02:02:27.299059 n-d-712137-17 devstack@placement-api.service[104855]: DEBUG placement.objects.research_context [req-aac12ca9-b5f9-4335-bf0f-90cc695dc51e req-6a7935c8-9ba0-45f8-a346-9b14dbf35b66 service placement] found 2 providers with available 1024 MEMORY_MB {{(pid=104855) get_provider_ids_matching /opt/stack/placement/placement/objects/research_context.py:549}}
Jan 28 02:02:27.299480 n-d-712137-17 devstack@placement-api.service[104855]: DEBUG placement.objects.research_context [req-aac12ca9-b5f9-4335-bf0f-90cc695dc51e req-6a7935c8-9ba0-45f8-a346-9b14dbf35b66 service placement] found 2 providers after filtering by previous result {{(pid=104855) get_provider_ids_matching /opt/stack/placement/placement/objects/research_context.py:580}}
Jan 28 02:02:27.299920 n-d-712137-17 devstack@placement-api.service[104855]: DEBUG placement.objects.research_context [req-aac12ca9-b5f9-4335-bf0f-90cc695dc51e req-6a7935c8-9ba0-45f8-a346-9b14dbf35b66 service placement] found 2 providers with available 1 VCPU {{(pid=104855) get_provider_ids_matching /opt/stack/placement/placement/objects/research_context.py:549}}
Jan 28 02:02:27.300332 n-d-712137-17 devstack@placement-api.service[104855]: DEBUG placement.objects.research_context [req-aac12ca9-b5f9-4335-bf0f-90cc695dc51e req-6a7935c8-9ba0-45f8-a346-9b14dbf35b66 service placement] found 2 providers after filtering by previous result {{(pid=104855) get_provider_ids_matching /opt/stack/placement/placement/objects/research_context.py:580}}
Jan 28 02:02:27.313171 n-d-712137-17 devstack@placement-api.service[104855]: DEBUG placement.objects.allocation_candidate [req-aac12ca9-b5f9-4335-bf0f-90cc695dc51e req-6a7935c8-9ba0-45f8-a346-9b14dbf35b66 service placement] RequestGroup(use_same_provider=False, resources={DISK_GB:1, MEMORY_MB:1024, VCPU:1}, traits=[], aggregates=[]) (suffix '') returned 2 matches {{(pid=104855) _get_by_requests /opt/stack/placement/placement/objects/allocation_candidate.py:145}}
Jan 28 02:02:27.314211 n-d-712137-17 devstack@placement-api.service[104855]: DEBUG placement.objects.allocation_candidate [req-aac12ca9-b5f9-4335-bf0f-90cc695dc51e req-6a7935c8-9ba0-45f8-a346-9b14dbf35b66 service placement] Merging candidates yields 2 allocation requests and 2 provider summaries {{(pid=104855) _merge_candidates /opt/stack/placement/placement/objects/allocation_candidate.py:783}}
Jan 28 02:02:27.316142 n-d-712137-17 devstack@placement-api.service[104855]: INFO placement.requestlog [req-aac12ca9-b5f9-4335-bf0f-90cc695dc51e req-6a7935c8-9ba0-45f8-a346-9b14dbf35b66 service placement] 10.222.0.47 "GET /placement/allocation_candidates?limit=1000&resources=DISK_GB%3A1%2CMEMORY_MB%3A1024%2CVCPU%3A1&root_required=%21COMPUTE_STATUS_DISABLED" status: 200 len: 1309 microversion: 1.36
Jan 28 02:02:27.320736 n-d-712137-17 devstack@placement-api.service[104855]: [pid: 104855|app: 0|req: 528/1049] 10.222.0.47 () {60 vars in 1506 bytes} [Fri Jan 28 02:02:27 2022] GET /placement/allocation_candidates?limit=1000&resources=DISK_GB%3A1%2CMEMORY_MB%3A1024%2CVCPU%3A1&root_required=%21COMPUTE_STATUS_DISABLED => generated 1309 bytes in 278 msecs (HTTP/1.1 200) 8 headers in 297 bytes (2 switches on core 0)
Jan 28 02:02:27.395147 n-d-712137-17 devstack@placement-api.service[104854]: DEBUG placement.requestlog [req-aac12ca9-b5f9-4335-bf0f-90cc695dc51e req-a8947d71-0ebe-4df0-9be4-c666c8d0c8bd None None] Starting request: 10.222.0.47 "GET /placement/allocations/25c667d6-a9b1-4f56-8bf2-a8c3bebfef9a" {{(pid=104854) __call__ /opt/stack/placement/placement/requestlog.py:55}}
Jan 28 02:02:27.416694 n-d-712137-17 devstack@placement-api.service[104854]: INFO placement.requestlog [req-aac12ca9-b5f9-4335-bf0f-90cc695dc51e req-a8947d71-0ebe-4df0-9be4-c666c8d0c8bd service placement] 10.222.0.47 "GET /placement/allocations/25c667d6-a9b1-4f56-8bf2-a8c3bebfef9a" status: 200 len: 19 microversion: 1.28
Jan 28 02:02:27.417838 n-d-712137-17 devstack@placement-api.service[104854]: [pid: 104854|app: 0|req: 522/1050] 10.222.0.47 () {60 vars in 1380 bytes} [Fri Jan 28 02:02:27 2022] GET /placement/allocations/25c667d6-a9b1-4f56-8bf2-a8c3bebfef9a => generated 19 bytes in 22 msecs (HTTP/1.1 200) 8 headers in 295 bytes (1 switches on core 0)
Jan 28 02:02:27.428139 n-d-712137-17 devstack@placement-api.service[104855]: DEBUG placement.requestlog [req-aac12ca9-b5f9-4335-bf0f-90cc695dc51e req-7f856b40-6a89-483a-adbb-5e5af74c5862 None None] Starting request: 10.222.0.47 "PUT /placement/allocations/25c667d6-a9b1-4f56-8bf2-a8c3bebfef9a" {{(pid=104855) __call__ /opt/stack/placement/placement/requestlog.py:55}}
Jan 28 02:02:27.724669 n-d-712137-17 devstack@placement-api.service[104855]: DEBUG placement.handlers.allocation [req-aac12ca9-b5f9-4335-bf0f-90cc695dc51e req-7f856b40-6a89-483a-adbb-5e5af74c5862 service placement] Successfully wrote allocations [, , ] {{(pid=104855) _update_consumers_and_create_allocations /opt/stack/placement/placement/handlers/allocation.py:462}}
Jan 28 02:02:27.918065 n-d-712137-17 devstack@placement-api.service[104855]: INFO placement.requestlog [req-aac12ca9-b5f9-4335-bf0f-90cc695dc51e req-7f856b40-6a89-483a-adbb-5e5af74c5862 service placement] 10.222.0.47 "PUT /placement/allocations/25c667d6-a9b1-4f56-8bf2-a8c3bebfef9a" status: 204 len: 0 microversion: 1.36
Jan 28 02:02:27.918821 n-d-712137-17 devstack@placement-api.service[104855]: [pid: 104855|app: 0|req: 529/1051] 10.222.0.47 () {64 vars in 1433 bytes} [Fri Jan 28 02:02:27 2022] PUT /placement/allocations/25c667d6-a9b1-4f56-8bf2-a8c3bebfef9a => generated 0 bytes in 491 msecs (HTTP/1.1 204) 5 headers in 199 bytes (1 switches on core 0)
Jan 28 02:02:29.580925 n-d-712137-17 devstack@placement-api.service[104854]: DEBUG placement.requestlog [req-aac12ca9-b5f9-4335-bf0f-90cc695dc51e req-a0cc4f50-b231-4677-9c1b-9a7e64128542 None None] Starting request: 10.222.0.60 "GET /placement/allocations/25c667d6-a9b1-4f56-8bf2-a8c3bebfef9a" {{(pid=104854) __call__ /opt/stack/placement/placement/requestlog.py:55}}
Jan 28 02:02:29.611650 n-d-712137-17 devstack@placement-api.service[104854]: INFO placement.requestlog [req-aac12ca9-b5f9-4335-bf0f-90cc695dc51e req-a0cc4f50-b231-4677-9c1b-9a7e64128542 service placement] 10.222.0.60 "GET /placement/allocations/25c667d6-a9b1-4f56-8bf2-a8c3bebfef9a" status: 200 len: 259 microversion: 1.28
Jan 28 02:02:29.612225 n-d-712137-17 devstack@placement-api.service[104854]: [pid: 104854|app: 0|req: 523/1052] 10.222.0.60 () {60 vars in 1377 bytes} [Fri Jan 28 02:02:29 2022] GET /placement/allocations/25c667d6-a9b1-4f56-8bf2-a8c3bebfef9a => generated 259 bytes in 32 msecs (HTTP/1.1 200) 8 headers in 296 bytes (1 switches on core 0)
Jan 28 02:02:29.878588 n-d-712137-17 devstack@placement-api.service[104855]: DEBUG placement.requestlog [req-4e79bc58-15bc-48ec-9c0e-19093b7d632e req-0f04f527-f8d8-4ca3-b9a6-a4ae6aa5a9bc None None] Starting request: 10.222.0.60 "DELETE /placement/allocations/0809bb58-37dd-4a00-bc9c-85fbc706b5a2" {{(pid=104855) __call__ /opt/stack/placement/placement/requestlog.py:55}}
Jan 28 02:02:30.249560 n-d-712137-17 devstack@placement-api.service[104855]: DEBUG placement.handlers.allocation [req-4e79bc58-15bc-48ec-9c0e-19093b7d632e req-0f04f527-f8d8-4ca3-b9a6-a4ae6aa5a9bc service placement] Successfully deleted allocations [, , ] {{(pid=104855) delete_allocations /opt/stack/placement/placement/handlers/allocation.py:627}}
Jan 28 02:02:30.259537 n-d-712137-17 devstack@placement-api.service[104855]: INFO placement.requestlog [req-4e79bc58-15bc-48ec-9c0e-19093b7d632e req-0f04f527-f8d8-4ca3-b9a6-a4ae6aa5a9bc service placement] 10.222.0.60 "DELETE /placement/allocations/0809bb58-37dd-4a00-bc9c-85fbc706b5a2" status: 204 len: 0 microversion: 1.0
Jan 28 02:02:30.259537 n-d-712137-17 devstack@placement-api.service[104855]: [pid: 104855|app: 0|req: 530/1053] 10.222.0.60 () {60 vars in 1355 bytes} [Fri Jan 28 02:02:29 2022] DELETE /placement/allocations/0809bb58-37dd-4a00-bc9c-85fbc706b5a2 => generated 0 bytes in 373 msecs (HTTP/1.1 204) 5 headers in 198 bytes (1 switches on core 0)
Jan 28 02:02:47.509932 n-d-712137-17 devstack@placement-api.service[104854]: DEBUG placement.requestlog [req-7ba89651-6d67-4f4c-a778-275b97266ea4 req-8985d6da-cd25-480d-b818-260b1dcbfed0 None None] Starting request: 10.222.0.47 "GET /placement/allocation_candidates?limit=1000&resources=DISK_GB%3A1%2CMEMORY_MB%3A1024%2CVCPU%3A1&root_required=%21COMPUTE_STATUS_DISABLED" {{(pid=104854) __call__ /opt/stack/placement/placement/requestlog.py:55}}
Jan 28 02:02:47.539729 n-d-712137-17 devstack@placement-api.service[104855]: DEBUG placement.requestlog [req-ff3f2fce-d8d5-4b30-b324-0eb382703b50 req-fb03d6bf-321a-4750-99be-54359bc67d16 None None] Starting request: 10.222.0.60 "GET /placement/resource_providers/c0d6e3f3-9d39-4344-be04-f2b913fa2afa/allocations" {{(pid=104855) __call__ /opt/stack/placement/placement/requestlog.py:55}}
Jan 28 02:02:47.573080 n-d-712137-17 devstack@placement-api.service[104854]: DEBUG placement.objects.research_context [req-7ba89651-6d67-4f4c-a778-275b97266ea4 req-8985d6da-cd25-480d-b818-260b1dcbfed0 service placement] getting providers with 1 DISK_GB {{(pid=104854) __init__ /opt/stack/placement/placement/objects/research_context.py:126}}
Jan 28 02:02:47.594135 n-d-712137-17 devstack@placement-api.service[104854]: DEBUG placement.objects.research_context [req-7ba89651-6d67-4f4c-a778-275b97266ea4 req-8985d6da-cd25-480d-b818-260b1dcbfed0 service placement] getting providers with 1024 MEMORY_MB {{(pid=104854) __init__ /opt/stack/placement/placement/objects/research_context.py:126}}
Jan 28 02:02:47.599594 n-d-712137-17 devstack@placement-api.service[104855]: INFO placement.requestlog [req-ff3f2fce-d8d5-4b30-b324-0eb382703b50 req-fb03d6bf-321a-4750-99be-54359bc67d16 service placement] 10.222.0.60 "GET /placement/resource_providers/c0d6e3f3-9d39-4344-be04-f2b913fa2afa/allocations" status: 200 len: 154 microversion: 1.0
Jan 28 02:02:47.603148 n-d-712137-17 devstack@placement-api.service[104855]: [pid: 104855|app: 0|req: 531/1054] 10.222.0.60 () {58 vars in 1390 bytes} [Fri Jan 28 02:02:47 2022] GET /placement/resource_providers/c0d6e3f3-9d39-4344-be04-f2b913fa2afa/allocations => generated 154 bytes in 64 msecs (HTTP/1.1 200) 6 headers in 224 bytes (1 switches on core 0)
Jan 28 02:02:47.606076 n-d-712137-17 devstack@placement-api.service[104854]: DEBUG placement.objects.research_context [req-7ba89651-6d67-4f4c-a778-275b97266ea4 req-8985d6da-cd25-480d-b818-260b1dcbfed0 service placement] getting providers with 1 VCPU {{(pid=104854) __init__ /opt/stack/placement/placement/objects/research_context.py:126}}
Jan 28 02:02:47.619100 n-d-712137-17 devstack@placement-api.service[104854]: DEBUG placement.objects.research_context [req-7ba89651-6d67-4f4c-a778-275b97266ea4 req-8985d6da-cd25-480d-b818-260b1dcbfed0 service placement] found 2 providers with available 1 DISK_GB {{(pid=104854) get_provider_ids_matching /opt/stack/placement/placement/objects/research_context.py:549}}
Jan 28 02:02:47.619786 n-d-712137-17 devstack@placement-api.service[104854]: DEBUG placement.objects.research_context [req-7ba89651-6d67-4f4c-a778-275b97266ea4 req-8985d6da-cd25-480d-b818-260b1dcbfed0 service placement] found 2 providers with available 1024 MEMORY_MB {{(pid=104854) get_provider_ids_matching /opt/stack/placement/placement/objects/research_context.py:549}}
Jan 28 02:02:47.620873 n-d-712137-17 devstack@placement-api.service[104854]: DEBUG placement.objects.research_context [req-7ba89651-6d67-4f4c-a778-275b97266ea4 req-8985d6da-cd25-480d-b818-260b1dcbfed0 service placement] found 2 providers after filtering by previous result {{(pid=104854) get_provider_ids_matching /opt/stack/placement/placement/objects/research_context.py:580}}
Jan 28 02:02:47.625002 n-d-712137-17 devstack@placement-api.service[104854]: DEBUG placement.objects.research_context [req-7ba89651-6d67-4f4c-a778-275b97266ea4 req-8985d6da-cd25-480d-b818-260b1dcbfed0 service placement] found 2 providers with available 1 VCPU {{(pid=104854) get_provider_ids_matching /opt/stack/placement/placement/objects/research_context.py:549}}
Jan 28 02:02:47.625002 n-d-712137-17 devstack@placement-api.service[104854]: DEBUG placement.objects.research_context [req-7ba89651-6d67-4f4c-a778-275b97266ea4 req-8985d6da-cd25-480d-b818-260b1dcbfed0 service placement] found 2 providers after filtering by previous result {{(pid=104854) get_provider_ids_matching /opt/stack/placement/placement/objects/research_context.py:580}}
Jan 28 02:02:47.646985 n-d-712137-17 devstack@placement-api.service[104854]: DEBUG placement.objects.allocation_candidate [req-7ba89651-6d67-4f4c-a778-275b97266ea4 req-8985d6da-cd25-480d-b818-260b1dcbfed0 service placement] RequestGroup(use_same_provider=False, resources={DISK_GB:1, MEMORY_MB:1024, VCPU:1}, traits=[], aggregates=[]) (suffix '') returned 2 matches {{(pid=104854) _get_by_requests /opt/stack/placement/placement/objects/allocation_candidate.py:145}}
Jan 28 02:02:47.647686 n-d-712137-17 devstack@placement-api.service[104854]: DEBUG placement.objects.allocation_candidate [req-7ba89651-6d67-4f4c-a778-275b97266ea4 req-8985d6da-cd25-480d-b818-260b1dcbfed0 service placement] Merging candidates yields 2 allocation requests and 2 provider summaries {{(pid=104854) _merge_candidates /opt/stack/placement/placement/objects/allocation_candidate.py:783}}
Jan 28 02:02:47.650785 n-d-712137-17 devstack@placement-api.service[104854]: INFO placement.requestlog [req-7ba89651-6d67-4f4c-a778-275b97266ea4 req-8985d6da-cd25-480d-b818-260b1dcbfed0 service placement] 10.222.0.47 "GET /placement/allocation_candidates?limit=1000&resources=DISK_GB%3A1%2CMEMORY_MB%3A1024%2CVCPU%3A1&root_required=%21COMPUTE_STATUS_DISABLED" status: 200 len: 1309 microversion: 1.36
Jan 28 02:02:47.651714 n-d-712137-17 devstack@placement-api.service[104854]: [pid: 104854|app: 0|req: 524/1055] 10.222.0.47 () {60 vars in 1506 bytes} [Fri Jan 28 02:02:47 2022] GET /placement/allocation_candidates?limit=1000&resources=DISK_GB%3A1%2CMEMORY_MB%3A1024%2CVCPU%3A1&root_required=%21COMPUTE_STATUS_DISABLED => generated 1309 bytes in 142 msecs (HTTP/1.1 200) 8 headers in 297 bytes (1 switches on core 0)
Jan 28 02:02:47.725273 n-d-712137-17 devstack@placement-api.service[104855]: DEBUG placement.requestlog [req-7ba89651-6d67-4f4c-a778-275b97266ea4 req-95c22106-26e6-440f-aaf4-ee40696df733 None None] Starting request: 10.222.0.47 "GET /placement/allocations/ab8e63c8-1441-4e7c-9b2d-3b97ac19dfb6" {{(pid=104855) __call__ /opt/stack/placement/placement/requestlog.py:55}}
Jan 28 02:02:47.755734 n-d-712137-17 devstack@placement-api.service[104855]: INFO placement.requestlog [req-7ba89651-6d67-4f4c-a778-275b97266ea4 req-95c22106-26e6-440f-aaf4-ee40696df733 service placement] 10.222.0.47 "GET /placement/allocations/ab8e63c8-1441-4e7c-9b2d-3b97ac19dfb6" status: 200 len: 19 microversion: 1.28
Jan 28 02:02:47.775614 n-d-712137-17 devstack@placement-api.service[104855]: [pid: 104855|app: 0|req: 532/1056] 10.222.0.47 () {60 vars in 1380 bytes} [Fri Jan 28 02:02:47 2022] GET /placement/allocations/ab8e63c8-1441-4e7c-9b2d-3b97ac19dfb6 => generated 19 bytes in 38 msecs (HTTP/1.1 200) 8 headers in 295 bytes (1 switches on core 0)
Jan 28 02:02:47.776156 n-d-712137-17 devstack@placement-api.service[104854]: DEBUG placement.requestlog [req-7ba89651-6d67-4f4c-a778-275b97266ea4 req-44084eb7-c23c-43f5-bd4d-f4a8bf711d46 None None] Starting request: 10.222.0.47 "PUT /placement/allocations/ab8e63c8-1441-4e7c-9b2d-3b97ac19dfb6" {{(pid=104854) __call__ /opt/stack/placement/placement/requestlog.py:55}}
Jan 28 02:02:47.929175 n-d-712137-17 devstack@placement-api.service[104854]: DEBUG placement.handlers.allocation [req-7ba89651-6d67-4f4c-a778-275b97266ea4 req-44084eb7-c23c-43f5-bd4d-f4a8bf711d46 service placement] Successfully wrote allocations [, , ] {{(pid=104854) _update_consumers_and_create_allocations /opt/stack/placement/placement/handlers/allocation.py:462}}
Jan 28 02:02:48.107936 n-d-712137-17 devstack@placement-api.service[104854]: INFO placement.requestlog [req-7ba89651-6d67-4f4c-a778-275b97266ea4 req-44084eb7-c23c-43f5-bd4d-f4a8bf711d46 service placement] 10.222.0.47 "PUT /placement/allocations/ab8e63c8-1441-4e7c-9b2d-3b97ac19dfb6" status: 204 len: 0 microversion: 1.36
Jan 28 02:02:48.108373 n-d-712137-17 devstack@placement-api.service[104854]: [pid: 104854|app: 0|req: 525/1057] 10.222.0.47 () {64 vars in 1433 bytes} [Fri Jan 28 02:02:47 2022] PUT /placement/allocations/ab8e63c8-1441-4e7c-9b2d-3b97ac19dfb6 => generated 0 bytes in 345 msecs (HTTP/1.1 204) 5 headers in 199 bytes (1 switches on core 0)
Jan 28 02:02:49.664855 n-d-712137-17 devstack@placement-api.service[104855]: DEBUG placement.requestlog [req-0d22ad55-7a7e-4263-8787-f278380529a4 req-844edf90-11cb-4038-b006-58946222ad43 None None] Starting request: 10.222.0.24 "GET /placement/resource_providers/047abf3e-5739-4277-a62e-e6ecc30b995f/allocations" {{(pid=104855) __call__ /opt/stack/placement/placement/requestlog.py:55}}
Jan 28 02:02:49.693991 n-d-712137-17 devstack@placement-api.service[104855]: INFO placement.requestlog [req-0d22ad55-7a7e-4263-8787-f278380529a4 req-844edf90-11cb-4038-b006-58946222ad43 service placement] 10.222.0.24 "GET /placement/resource_providers/047abf3e-5739-4277-a62e-e6ecc30b995f/allocations" status: 200 len: 458 microversion: 1.0
Jan 28 02:02:49.694567 n-d-712137-17 devstack@placement-api.service[104855]: [pid: 104855|app: 0|req: 533/1058] 10.222.0.24 () {58 vars in 1390 bytes} [Fri Jan 28 02:02:49 2022] GET /placement/resource_providers/047abf3e-5739-4277-a62e-e6ecc30b995f/allocations => generated 458 bytes in 30 msecs (HTTP/1.1 200) 6 headers in 224 bytes (1 switches on core 0)
Jan 28 02:02:49.729526 n-d-712137-17 devstack@placement-api.service[104854]: DEBUG placement.requestlog [req-7ba89651-6d67-4f4c-a778-275b97266ea4 req-a24a1811-feab-4f38-8d48-93519ffaa1aa None None] Starting request: 10.222.0.24 "GET /placement/allocations/ab8e63c8-1441-4e7c-9b2d-3b97ac19dfb6" {{(pid=104854) __call__ /opt/stack/placement/placement/requestlog.py:55}}
Jan 28 02:02:49.746220 n-d-712137-17 devstack@placement-api.service[104854]: INFO placement.requestlog [req-7ba89651-6d67-4f4c-a778-275b97266ea4 req-a24a1811-feab-4f38-8d48-93519ffaa1aa service placement] 10.222.0.24 "GET /placement/allocations/ab8e63c8-1441-4e7c-9b2d-3b97ac19dfb6" status: 200 len: 260 microversion: 1.28
Jan 28 02:02:49.747108 n-d-712137-17 devstack@placement-api.service[104854]: [pid: 104854|app: 0|req: 526/1059] 10.222.0.24 () {60 vars in 1377 bytes} [Fri Jan 28 02:02:49 2022] GET /placement/allocations/ab8e63c8-1441-4e7c-9b2d-3b97ac19dfb6 => generated 260 bytes in 18 msecs (HTTP/1.1 200) 8 headers in 296 bytes (1 switches on core 0)
Jan 28 02:03:05.543664 n-d-712137-17 devstack@placement-api.service[104855]: DEBUG placement.requestlog [req-90905e91-7960-4ef4-bbc6-62266b727aa4 req-d04ee75f-7e88-4647-b8df-4a9274e23ae7 None None] Starting request: 10.222.0.47 "GET /placement/allocation_candidates?limit=1000&resources=DISK_GB%3A1%2CMEMORY_MB%3A1024%2CVCPU%3A1&root_required=%21COMPUTE_STATUS_DISABLED" {{(pid=104855) __call__ /opt/stack/placement/placement/requestlog.py:55}}
Jan 28 02:03:05.604785 n-d-712137-17 devstack@placement-api.service[104855]: DEBUG placement.objects.research_context [req-90905e91-7960-4ef4-bbc6-62266b727aa4 req-d04ee75f-7e88-4647-b8df-4a9274e23ae7 service placement] getting providers with 1 DISK_GB {{(pid=104855) __init__ /opt/stack/placement/placement/objects/research_context.py:126}}
Jan 28 02:03:05.618538 n-d-712137-17 devstack@placement-api.service[104855]: DEBUG placement.objects.research_context [req-90905e91-7960-4ef4-bbc6-62266b727aa4 req-d04ee75f-7e88-4647-b8df-4a9274e23ae7 service placement] getting providers with 1024 MEMORY_MB {{(pid=104855) __init__ /opt/stack/placement/placement/objects/research_context.py:126}}
Jan 28 02:03:05.632288 n-d-712137-17 devstack@placement-api.service[104855]: DEBUG placement.objects.research_context [req-90905e91-7960-4ef4-bbc6-62266b727aa4 req-d04ee75f-7e88-4647-b8df-4a9274e23ae7 service placement] getting providers with 1 VCPU {{(pid=104855) __init__ /opt/stack/placement/placement/objects/research_context.py:126}}
Jan 28 02:03:05.646963 n-d-712137-17 devstack@placement-api.service[104855]: DEBUG placement.objects.research_context [req-90905e91-7960-4ef4-bbc6-62266b727aa4 req-d04ee75f-7e88-4647-b8df-4a9274e23ae7 service placement] found 2 providers with available 1 DISK_GB {{(pid=104855) get_provider_ids_matching /opt/stack/placement/placement/objects/research_context.py:549}}
Jan 28 02:03:05.647249 n-d-712137-17 devstack@placement-api.service[104855]: DEBUG placement.objects.research_context [req-90905e91-7960-4ef4-bbc6-62266b727aa4 req-d04ee75f-7e88-4647-b8df-4a9274e23ae7 service placement] found 2 providers with available 1024 MEMORY_MB {{(pid=104855) get_provider_ids_matching /opt/stack/placement/placement/objects/research_context.py:549}}
Jan 28 02:03:05.647527 n-d-712137-17 devstack@placement-api.service[104855]: DEBUG placement.objects.research_context [req-90905e91-7960-4ef4-bbc6-62266b727aa4 req-d04ee75f-7e88-4647-b8df-4a9274e23ae7 service placement] found 2 providers after filtering by previous result {{(pid=104855) get_provider_ids_matching /opt/stack/placement/placement/objects/research_context.py:580}}
Jan 28 02:03:05.647789 n-d-712137-17 devstack@placement-api.service[104855]: DEBUG placement.objects.research_context [req-90905e91-7960-4ef4-bbc6-62266b727aa4 req-d04ee75f-7e88-4647-b8df-4a9274e23ae7 service placement] found 2 providers with available 1 VCPU {{(pid=104855) get_provider_ids_matching /opt/stack/placement/placement/objects/research_context.py:549}}
Jan 28 02:03:05.648051 n-d-712137-17 devstack@placement-api.service[104855]: DEBUG placement.objects.research_context [req-90905e91-7960-4ef4-bbc6-62266b727aa4 req-d04ee75f-7e88-4647-b8df-4a9274e23ae7 service placement] found 2 providers after filtering by previous result {{(pid=104855) get_provider_ids_matching /opt/stack/placement/placement/objects/research_context.py:580}}
Jan 28 02:03:05.667778 n-d-712137-17 devstack@placement-api.service[104855]: DEBUG placement.objects.allocation_candidate [req-90905e91-7960-4ef4-bbc6-62266b727aa4 req-d04ee75f-7e88-4647-b8df-4a9274e23ae7 service placement] RequestGroup(use_same_provider=False, resources={DISK_GB:1, MEMORY_MB:1024, VCPU:1}, traits=[], aggregates=[]) (suffix '') returned 2 matches {{(pid=104855) _get_by_requests /opt/stack/placement/placement/objects/allocation_candidate.py:145}}
Jan 28 02:03:05.668164 n-d-712137-17 devstack@placement-api.service[104855]: DEBUG placement.objects.allocation_candidate [req-90905e91-7960-4ef4-bbc6-62266b727aa4 req-d04ee75f-7e88-4647-b8df-4a9274e23ae7 service placement] Merging candidates yields 2 allocation requests and 2 provider summaries {{(pid=104855) _merge_candidates /opt/stack/placement/placement/objects/allocation_candidate.py:783}}
Jan 28 02:03:05.670274 n-d-712137-17 devstack@placement-api.service[104855]: INFO placement.requestlog [req-90905e91-7960-4ef4-bbc6-62266b727aa4 req-d04ee75f-7e88-4647-b8df-4a9274e23ae7 service placement] 10.222.0.47 "GET /placement/allocation_candidates?limit=1000&resources=DISK_GB%3A1%2CMEMORY_MB%3A1024%2CVCPU%3A1&root_required=%21COMPUTE_STATUS_DISABLED" status: 200 len: 1309 microversion: 1.36
Jan 28 02:03:05.671051 n-d-712137-17 devstack@placement-api.service[104855]: [pid: 104855|app: 0|req: 534/1060] 10.222.0.47 () {60 vars in 1506 bytes} [Fri Jan 28 02:03:05 2022] GET /placement/allocation_candidates?limit=1000&resources=DISK_GB%3A1%2CMEMORY_MB%3A1024%2CVCPU%3A1&root_required=%21COMPUTE_STATUS_DISABLED => generated 1309 bytes in 128 msecs (HTTP/1.1 200) 8 headers in 297 bytes (1 switches on core 0)
Jan 28 02:03:05.755473 n-d-712137-17 devstack@placement-api.service[104854]: DEBUG placement.requestlog [req-90905e91-7960-4ef4-bbc6-62266b727aa4 req-01aa5f2a-ce2e-4774-8911-9d7f2607db01 None None] Starting request: 10.222.0.47 "GET /placement/allocations/d097a656-a78e-49eb-8e9e-9054a660df6e" {{(pid=104854) __call__ /opt/stack/placement/placement/requestlog.py:55}}
Jan 28 02:03:05.770325 n-d-712137-17 devstack@placement-api.service[104854]: INFO placement.requestlog [req-90905e91-7960-4ef4-bbc6-62266b727aa4 req-01aa5f2a-ce2e-4774-8911-9d7f2607db01 service placement] 10.222.0.47 "GET /placement/allocations/d097a656-a78e-49eb-8e9e-9054a660df6e" status: 200 len: 19 microversion: 1.28
Jan 28 02:03:05.771457 n-d-712137-17 devstack@placement-api.service[104854]: [pid: 104854|app: 0|req: 527/1061] 10.222.0.47 () {60 vars in 1380 bytes} [Fri Jan 28 02:03:05 2022] GET /placement/allocations/d097a656-a78e-49eb-8e9e-9054a660df6e => generated 19 bytes in 16 msecs (HTTP/1.1 200) 8 headers in 295 bytes (1 switches on core 0)
Jan 28 02:03:05.798996 n-d-712137-17 devstack@placement-api.service[104855]: DEBUG placement.requestlog [req-90905e91-7960-4ef4-bbc6-62266b727aa4 req-6458241a-34fa-45cd-8e35-48ede72b7e8a None None] Starting request: 10.222.0.47 "PUT /placement/allocations/d097a656-a78e-49eb-8e9e-9054a660df6e" {{(pid=104855) __call__ /opt/stack/placement/placement/requestlog.py:55}}
Jan 28 02:03:06.304854 n-d-712137-17 devstack@placement-api.service[104855]: DEBUG placement.handlers.allocation [req-90905e91-7960-4ef4-bbc6-62266b727aa4 req-6458241a-34fa-45cd-8e35-48ede72b7e8a service placement] Successfully wrote allocations [, , ] {{(pid=104855) _update_consumers_and_create_allocations /opt/stack/placement/placement/handlers/allocation.py:462}}
Jan 28 02:03:06.518221 n-d-712137-17 devstack@placement-api.service[104855]: INFO placement.requestlog [req-90905e91-7960-4ef4-bbc6-62266b727aa4 req-6458241a-34fa-45cd-8e35-48ede72b7e8a service placement] 10.222.0.47 "PUT /placement/allocations/d097a656-a78e-49eb-8e9e-9054a660df6e" status: 204 len: 0 microversion: 1.36
Jan 28 02:03:06.521985 n-d-712137-17 devstack@placement-api.service[104855]: [pid: 104855|app: 0|req: 535/1062] 10.222.0.47 () {64 vars in 1433 bytes} [Fri Jan 28 02:03:05 2022] PUT /placement/allocations/d097a656-a78e-49eb-8e9e-9054a660df6e => generated 0 bytes in 721 msecs (HTTP/1.1 204) 5 headers in 199 bytes (1 switches on core 0)
Jan 28 02:03:08.097371 n-d-712137-17 devstack@placement-api.service[104854]: DEBUG placement.requestlog [req-90905e91-7960-4ef4-bbc6-62266b727aa4 req-a159d51d-7f00-4b89-b2e3-aa6d1baf5149 None None] Starting request: 10.222.0.60 "GET /placement/allocations/d097a656-a78e-49eb-8e9e-9054a660df6e" {{(pid=104854) __call__ /opt/stack/placement/placement/requestlog.py:55}}
Jan 28 02:03:08.113381 n-d-712137-17 devstack@placement-api.service[104854]: INFO placement.requestlog [req-90905e91-7960-4ef4-bbc6-62266b727aa4 req-a159d51d-7f00-4b89-b2e3-aa6d1baf5149 service placement] 10.222.0.60 "GET /placement/allocations/d097a656-a78e-49eb-8e9e-9054a660df6e" status: 200 len: 259 microversion: 1.28
Jan 28 02:03:08.117607 n-d-712137-17 devstack@placement-api.service[104854]: [pid: 104854|app: 0|req: 528/1063] 10.222.0.60 () {60 vars in 1377 bytes} [Fri Jan 28 02:03:08 2022] GET /placement/allocations/d097a656-a78e-49eb-8e9e-9054a660df6e => generated 259 bytes in 17 msecs (HTTP/1.1 200) 8 headers in 296 bytes (1 switches on core 0)
Jan 28 02:03:36.449901 n-d-712137-17 devstack@placement-api.service[104855]: DEBUG placement.requestlog [req-d396bfdc-7cf4-4c09-823a-01b61f8e994d req-ffc88f47-06e5-4082-a0d8-434146d3acc8 None None] Starting request: 10.222.0.24 "DELETE /placement/allocations/ab8e63c8-1441-4e7c-9b2d-3b97ac19dfb6" {{(pid=104855) __call__ /opt/stack/placement/placement/requestlog.py:55}}
Jan 28 02:03:36.621302 n-d-712137-17 devstack@placement-api.service[104855]: DEBUG placement.handlers.allocation [req-d396bfdc-7cf4-4c09-823a-01b61f8e994d req-ffc88f47-06e5-4082-a0d8-434146d3acc8 service placement] Successfully deleted allocations [, , ] {{(pid=104855) delete_allocations /opt/stack/placement/placement/handlers/allocation.py:627}}
Jan 28 02:03:36.622023 n-d-712137-17 devstack@placement-api.service[104855]: INFO placement.requestlog [req-d396bfdc-7cf4-4c09-823a-01b61f8e994d req-ffc88f47-06e5-4082-a0d8-434146d3acc8 service placement] 10.222.0.24 "DELETE /placement/allocations/ab8e63c8-1441-4e7c-9b2d-3b97ac19dfb6" status: 204 len: 0 microversion: 1.0
Jan 28 02:03:36.622801 n-d-712137-17 devstack@placement-api.service[104855]: [pid: 104855|app: 0|req: 536/1064] 10.222.0.24 () {60 vars in 1355 bytes} [Fri Jan 28 02:03:36 2022] DELETE /placement/allocations/ab8e63c8-1441-4e7c-9b2d-3b97ac19dfb6 => generated 0 bytes in 173 msecs (HTTP/1.1 204) 5 headers in 198 bytes (1 switches on core 0)
Jan 28 02:03:44.222159 n-d-712137-17 devstack@placement-api.service[104854]: DEBUG placement.requestlog [req-fa3fdf68-fcd6-4e25-b4bb-2e4863779b09 req-814ed624-4a54-4d5f-83c8-d08a07d4e559 None None] Starting request: 10.222.0.60 "DELETE /placement/allocations/d097a656-a78e-49eb-8e9e-9054a660df6e" {{(pid=104854) __call__ /opt/stack/placement/placement/requestlog.py:55}}
Jan 28 02:03:44.444438 n-d-712137-17 devstack@placement-api.service[104854]: DEBUG placement.handlers.allocation [req-fa3fdf68-fcd6-4e25-b4bb-2e4863779b09 req-814ed624-4a54-4d5f-83c8-d08a07d4e559 service placement] Successfully deleted allocations [, , ] {{(pid=104854) delete_allocations /opt/stack/placement/placement/handlers/allocation.py:627}}
Jan 28 02:03:44.445228 n-d-712137-17 devstack@placement-api.service[104854]: INFO placement.requestlog [req-fa3fdf68-fcd6-4e25-b4bb-2e4863779b09 req-814ed624-4a54-4d5f-83c8-d08a07d4e559 service placement] 10.222.0.60 "DELETE /placement/allocations/d097a656-a78e-49eb-8e9e-9054a660df6e" status: 204 len: 0 microversion: 1.0
Jan 28 02:03:44.446065 n-d-712137-17 devstack@placement-api.service[104854]: [pid: 104854|app: 0|req: 529/1065] 10.222.0.60 () {60 vars in 1355 bytes} [Fri Jan 28 02:03:44 2022] DELETE /placement/allocations/d097a656-a78e-49eb-8e9e-9054a660df6e => generated 0 bytes in 227 msecs (HTTP/1.1 204) 5 headers in 198 bytes (1 switches on core 0)
Jan 28 02:03:47.540330 n-d-712137-17 devstack@placement-api.service[104855]: DEBUG placement.requestlog [req-fa62c32b-e392-4bf7-b456-c12211ee275e req-a2d7f2d4-a6aa-4cd7-81b6-6a7358eb4ee8 None None] Starting request: 10.222.0.60 "GET /placement/resource_providers/c0d6e3f3-9d39-4344-be04-f2b913fa2afa/allocations" {{(pid=104855) __call__ /opt/stack/placement/placement/requestlog.py:55}}
Jan 28 02:03:47.580777 n-d-712137-17 devstack@placement-api.service[104855]: INFO placement.requestlog [req-fa62c32b-e392-4bf7-b456-c12211ee275e req-a2d7f2d4-a6aa-4cd7-81b6-6a7358eb4ee8 service placement] 10.222.0.60 "GET /placement/resource_providers/c0d6e3f3-9d39-4344-be04-f2b913fa2afa/allocations" status: 200 len: 154 microversion: 1.0
Jan 28 02:03:47.582026 n-d-712137-17 devstack@placement-api.service[104855]: [pid: 104855|app: 0|req: 537/1066] 10.222.0.60 () {58 vars in 1390 bytes} [Fri Jan 28 02:03:47 2022] GET /placement/resource_providers/c0d6e3f3-9d39-4344-be04-f2b913fa2afa/allocations => generated 154 bytes in 42 msecs (HTTP/1.1 200) 6 headers in 224 bytes (1 switches on core 0)
Jan 28 02:03:51.715635 n-d-712137-17 devstack@placement-api.service[104854]: DEBUG placement.requestlog [req-bec70ddc-ac0c-426f-869e-9b94f9c74122 req-f475f27d-c761-4066-846d-ece836c32a81 None None] Starting request: 10.222.0.24 "GET /placement/resource_providers/047abf3e-5739-4277-a62e-e6ecc30b995f/allocations" {{(pid=104854) __call__ /opt/stack/placement/placement/requestlog.py:55}}
Jan 28 02:03:51.742736 n-d-712137-17 devstack@placement-api.service[104854]: INFO placement.requestlog [req-bec70ddc-ac0c-426f-869e-9b94f9c74122 req-f475f27d-c761-4066-846d-ece836c32a81 service placement] 10.222.0.24 "GET /placement/resource_providers/047abf3e-5739-4277-a62e-e6ecc30b995f/allocations" status: 200 len: 357 microversion: 1.0
Jan 28 02:03:51.744581 n-d-712137-17 devstack@placement-api.service[104854]: [pid: 104854|app: 0|req: 530/1067] 10.222.0.24 () {58 vars in 1390 bytes} [Fri Jan 28 02:03:51 2022] GET /placement/resource_providers/047abf3e-5739-4277-a62e-e6ecc30b995f/allocations => generated 357 bytes in 29 msecs (HTTP/1.1 200) 6 headers in 224 bytes (1 switches on core 0)
Jan 28 02:04:06.005812 n-d-712137-17 devstack@placement-api.service[104855]: DEBUG placement.requestlog [req-d6ed1a54-992e-4d0c-80a1-c53326aa0ffb req-e092647a-8256-4d66-9381-21f6c7c3a48c None None] Starting request: 10.222.0.47 "DELETE /placement/allocations/ab8e63c8-1441-4e7c-9b2d-3b97ac19dfb6" {{(pid=104855) __call__ /opt/stack/placement/placement/requestlog.py:55}}
Jan 28 02:04:06.161174 n-d-712137-17 devstack@placement-api.service[104855]: DEBUG placement.wsgi_wrapper [req-d6ed1a54-992e-4d0c-80a1-c53326aa0ffb req-e092647a-8256-4d66-9381-21f6c7c3a48c service placement] Placement API returning an error response: No allocations for consumer 'ab8e63c8-1441-4e7c-9b2d-3b97ac19dfb6' {{(pid=104855) call_func /opt/stack/placement/placement/wsgi_wrapper.py:31}}
Jan 28 02:04:06.161946 n-d-712137-17 devstack@placement-api.service[104855]: INFO placement.requestlog [req-d6ed1a54-992e-4d0c-80a1-c53326aa0ffb req-e092647a-8256-4d66-9381-21f6c7c3a48c service placement] 10.222.0.47 "DELETE /placement/allocations/ab8e63c8-1441-4e7c-9b2d-3b97ac19dfb6" status: 404 len: 228 microversion: 1.0
Jan 28 02:04:06.162288 n-d-712137-17 devstack@placement-api.service[104855]: [pid: 104855|app: 0|req: 538/1068] 10.222.0.47 () {60 vars in 1349 bytes} [Fri Jan 28 02:04:06 2022] DELETE /placement/allocations/ab8e63c8-1441-4e7c-9b2d-3b97ac19dfb6 => generated 228 bytes in 157 msecs (HTTP/1.1 404) 6 headers in 231 bytes (1 switches on core 0)
Jan 28 02:04:11.281911 n-d-712137-17 devstack@placement-api.service[104854]: DEBUG placement.requestlog [req-8fdf8c3f-480f-4bd0-90d8-db788293c77b req-a70d5cac-293d-40f3-b3fe-4e2873e93ec1 None None] Starting request: 10.222.0.60 "DELETE /placement/allocations/25c667d6-a9b1-4f56-8bf2-a8c3bebfef9a" {{(pid=104854) __call__ /opt/stack/placement/placement/requestlog.py:55}}
Jan 28 02:04:11.695234 n-d-712137-17 devstack@placement-api.service[104854]: DEBUG placement.handlers.allocation [req-8fdf8c3f-480f-4bd0-90d8-db788293c77b req-a70d5cac-293d-40f3-b3fe-4e2873e93ec1 service placement] Successfully deleted allocations [, , ] {{(pid=104854) delete_allocations /opt/stack/placement/placement/handlers/allocation.py:627}}
Jan 28 02:04:11.696045 n-d-712137-17 devstack@placement-api.service[104854]: INFO placement.requestlog [req-8fdf8c3f-480f-4bd0-90d8-db788293c77b req-a70d5cac-293d-40f3-b3fe-4e2873e93ec1 service placement] 10.222.0.60 "DELETE /placement/allocations/25c667d6-a9b1-4f56-8bf2-a8c3bebfef9a" status: 204 len: 0 microversion: 1.0
Jan 28 02:04:11.706881 n-d-712137-17 devstack@placement-api.service[104854]: [pid: 104854|app: 0|req: 531/1069] 10.222.0.60 () {60 vars in 1355 bytes} [Fri Jan 28 02:04:11 2022] DELETE /placement/allocations/25c667d6-a9b1-4f56-8bf2-a8c3bebfef9a => generated 0 bytes in 415 msecs (HTTP/1.1 204) 5 headers in 198 bytes (1 switches on core 0)
Jan 28 02:04:16.661432 n-d-712137-17 devstack@placement-api.service[104855]: DEBUG placement.requestlog [req-93aa57a9-e289-4ebe-bdb2-c80f0e64dff7 req-0d4ef509-8194-48eb-a091-e0c387a38b8a None None] Starting request: 10.222.0.24 "DELETE /placement/allocations/17793530-78ee-482d-b886-633599ae9d5f" {{(pid=104855) __call__ /opt/stack/placement/placement/requestlog.py:55}}
Jan 28 02:04:16.947773 n-d-712137-17 devstack@placement-api.service[104855]: DEBUG placement.handlers.allocation [req-93aa57a9-e289-4ebe-bdb2-c80f0e64dff7 req-0d4ef509-8194-48eb-a091-e0c387a38b8a service placement] Successfully deleted allocations [, , ] {{(pid=104855) delete_allocations /opt/stack/placement/placement/handlers/allocation.py:627}}
Jan 28 02:04:16.949558 n-d-712137-17 devstack@placement-api.service[104855]: INFO placement.requestlog [req-93aa57a9-e289-4ebe-bdb2-c80f0e64dff7 req-0d4ef509-8194-48eb-a091-e0c387a38b8a service placement] 10.222.0.24 "DELETE /placement/allocations/17793530-78ee-482d-b886-633599ae9d5f" status: 204 len: 0 microversion: 1.0
Jan 28 02:04:16.949933 n-d-712137-17 devstack@placement-api.service[104855]: [pid: 104855|app: 0|req: 539/1070] 10.222.0.24 () {60 vars in 1355 bytes} [Fri Jan 28 02:04:16 2022] DELETE /placement/allocations/17793530-78ee-482d-b886-633599ae9d5f => generated 0 bytes in 289 msecs (HTTP/1.1 204) 5 headers in 198 bytes (2 switches on core 0)
Jan 28 02:04:22.492202 n-d-712137-17 devstack@placement-api.service[104854]: DEBUG placement.requestlog [req-67078ee8-b93e-4965-a964-93757dcd34a6 req-67702ae2-9a55-4d72-a9bc-64be526d5a03 None None] Starting request: 10.222.0.24 "DELETE /placement/allocations/c8bd3fe7-2454-42ad-9814-3f28799d749b" {{(pid=104854) __call__ /opt/stack/placement/placement/requestlog.py:55}}
Jan 28 02:04:22.792502 n-d-712137-17 devstack@placement-api.service[104854]: DEBUG placement.handlers.allocation [req-67078ee8-b93e-4965-a964-93757dcd34a6 req-67702ae2-9a55-4d72-a9bc-64be526d5a03 service placement] Successfully deleted allocations [, , ] {{(pid=104854) delete_allocations /opt/stack/placement/placement/handlers/allocation.py:627}}
Jan 28 02:04:22.793300 n-d-712137-17 devstack@placement-api.service[104854]: INFO placement.requestlog [req-67078ee8-b93e-4965-a964-93757dcd34a6 req-67702ae2-9a55-4d72-a9bc-64be526d5a03 service placement] 10.222.0.24 "DELETE /placement/allocations/c8bd3fe7-2454-42ad-9814-3f28799d749b" status: 204 len: 0 microversion: 1.0
Jan 28 02:04:22.793529 n-d-712137-17 devstack@placement-api.service[104854]: [pid: 104854|app: 0|req: 532/1071] 10.222.0.24 () {60 vars in 1355 bytes} [Fri Jan 28 02:04:22 2022] DELETE /placement/allocations/c8bd3fe7-2454-42ad-9814-3f28799d749b => generated 0 bytes in 302 msecs (HTTP/1.1 204) 5 headers in 198 bytes (1 switches on core 0)
Jan 28 02:04:28.744378 n-d-712137-17 devstack@placement-api.service[104855]: DEBUG placement.requestlog [req-2fb1079a-62df-4cb5-8f72-dba4cfdd5a90 req-b1b6bd8c-ae7c-48ee-b7d4-e129f2cc5e24 None None] Starting request: 10.222.0.24 "DELETE /placement/allocations/79da013a-ed8a-48d8-901d-9830349bdadd" {{(pid=104855) __call__ /opt/stack/placement/placement/requestlog.py:55}}
Jan 28 02:04:29.068626 n-d-712137-17 devstack@placement-api.service[104855]: DEBUG placement.handlers.allocation [req-2fb1079a-62df-4cb5-8f72-dba4cfdd5a90 req-b1b6bd8c-ae7c-48ee-b7d4-e129f2cc5e24 service placement] Successfully deleted allocations [, , ] {{(pid=104855) delete_allocations /opt/stack/placement/placement/handlers/allocation.py:627}}
Jan 28 02:04:29.069408 n-d-712137-17 devstack@placement-api.service[104855]: INFO placement.requestlog [req-2fb1079a-62df-4cb5-8f72-dba4cfdd5a90 req-b1b6bd8c-ae7c-48ee-b7d4-e129f2cc5e24 service placement] 10.222.0.24 "DELETE /placement/allocations/79da013a-ed8a-48d8-901d-9830349bdadd" status: 204 len: 0 microversion: 1.0
Jan 28 02:04:29.070338 n-d-712137-17 devstack@placement-api.service[104855]: [pid: 104855|app: 0|req: 540/1072] 10.222.0.24 () {60 vars in 1355 bytes} [Fri Jan 28 02:04:28 2022] DELETE /placement/allocations/79da013a-ed8a-48d8-901d-9830349bdadd => generated 0 bytes in 326 msecs (HTTP/1.1 204) 5 headers in 198 bytes (1 switches on core 0)
Jan 28 02:04:47.451604 n-d-712137-17 devstack@placement-api.service[104854]: DEBUG placement.requestlog [req-e7e854da-b553-4d3d-a0e8-b362b099dad8 req-4ac65a0e-4c80-46c6-887d-0023696e0342 None None] Starting request: 10.222.0.60 "GET /placement/resource_providers/c0d6e3f3-9d39-4344-be04-f2b913fa2afa/allocations" {{(pid=104854) __call__ /opt/stack/placement/placement/requestlog.py:55}}
Jan 28 02:04:47.478057 n-d-712137-17 devstack@placement-api.service[104854]: INFO placement.requestlog [req-e7e854da-b553-4d3d-a0e8-b362b099dad8 req-4ac65a0e-4c80-46c6-887d-0023696e0342 service placement] 10.222.0.60 "GET /placement/resource_providers/c0d6e3f3-9d39-4344-be04-f2b913fa2afa/allocations" status: 200 len: 55 microversion: 1.0
Jan 28 02:04:47.479231 n-d-712137-17 devstack@placement-api.service[104854]: [pid: 104854|app: 0|req: 533/1073] 10.222.0.60 () {58 vars in 1390 bytes} [Fri Jan 28 02:04:47 2022] GET /placement/resource_providers/c0d6e3f3-9d39-4344-be04-f2b913fa2afa/allocations => generated 55 bytes in 29 msecs (HTTP/1.1 200) 6 headers in 223 bytes (1 switches on core 0)
Jan 28 02:04:47.651200 n-d-712137-17 devstack@placement-api.service[104855]: DEBUG placement.requestlog [req-451b6d79-fb5b-4168-9cb1-19ab431887db req-f4c7a25a-dd2f-4b95-8974-ce781cc4362e None None] Starting request: 10.222.0.47 "GET /placement/allocation_candidates?limit=1000&resources=DISK_GB%3A1%2CMEMORY_MB%3A1024%2CVCPU%3A1&root_required=%21COMPUTE_STATUS_DISABLED" {{(pid=104855) __call__ /opt/stack/placement/placement/requestlog.py:55}}
Jan 28 02:04:47.721127 n-d-712137-17 devstack@placement-api.service[104855]: DEBUG placement.objects.research_context [req-451b6d79-fb5b-4168-9cb1-19ab431887db req-f4c7a25a-dd2f-4b95-8974-ce781cc4362e service placement] getting providers with 1 DISK_GB {{(pid=104855) __init__ /opt/stack/placement/placement/objects/research_context.py:126}}
Jan 28 02:04:47.729780 n-d-712137-17 devstack@placement-api.service[104855]: DEBUG placement.objects.research_context [req-451b6d79-fb5b-4168-9cb1-19ab431887db req-f4c7a25a-dd2f-4b95-8974-ce781cc4362e service placement] getting providers with 1024 MEMORY_MB {{(pid=104855) __init__ /opt/stack/placement/placement/objects/research_context.py:126}}
Jan 28 02:04:47.739126 n-d-712137-17 devstack@placement-api.service[104855]: DEBUG placement.objects.research_context [req-451b6d79-fb5b-4168-9cb1-19ab431887db req-f4c7a25a-dd2f-4b95-8974-ce781cc4362e service placement] getting providers with 1 VCPU {{(pid=104855) __init__ /opt/stack/placement/placement/objects/research_context.py:126}}
Jan 28 02:04:47.760130 n-d-712137-17 devstack@placement-api.service[104855]: DEBUG placement.objects.research_context [req-451b6d79-fb5b-4168-9cb1-19ab431887db req-f4c7a25a-dd2f-4b95-8974-ce781cc4362e service placement] found 2 providers with available 1 DISK_GB {{(pid=104855) get_provider_ids_matching /opt/stack/placement/placement/objects/research_context.py:549}}
Jan 28 02:04:47.760130 n-d-712137-17 devstack@placement-api.service[104855]: DEBUG placement.objects.research_context [req-451b6d79-fb5b-4168-9cb1-19ab431887db req-f4c7a25a-dd2f-4b95-8974-ce781cc4362e service placement] found 2 providers with available 1024 MEMORY_MB {{(pid=104855) get_provider_ids_matching /opt/stack/placement/placement/objects/research_context.py:549}}
Jan 28 02:04:47.760130 n-d-712137-17 devstack@placement-api.service[104855]: DEBUG placement.objects.research_context [req-451b6d79-fb5b-4168-9cb1-19ab431887db req-f4c7a25a-dd2f-4b95-8974-ce781cc4362e service placement] found 2 providers after filtering by previous result {{(pid=104855) get_provider_ids_matching /opt/stack/placement/placement/objects/research_context.py:580}}
Jan 28 02:04:47.760130 n-d-712137-17 devstack@placement-api.service[104855]: DEBUG placement.objects.research_context [req-451b6d79-fb5b-4168-9cb1-19ab431887db req-f4c7a25a-dd2f-4b95-8974-ce781cc4362e service placement] found 2 providers with available 1 VCPU {{(pid=104855) get_provider_ids_matching /opt/stack/placement/placement/objects/research_context.py:549}}
Jan 28 02:04:47.760130 n-d-712137-17 devstack@placement-api.service[104855]: DEBUG placement.objects.research_context [req-451b6d79-fb5b-4168-9cb1-19ab431887db req-f4c7a25a-dd2f-4b95-8974-ce781cc4362e service placement] found 2 providers after filtering by previous result {{(pid=104855) get_provider_ids_matching /opt/stack/placement/placement/objects/research_context.py:580}}
Jan 28 02:04:47.764159 n-d-712137-17 devstack@placement-api.service[104855]: DEBUG placement.objects.allocation_candidate [req-451b6d79-fb5b-4168-9cb1-19ab431887db req-f4c7a25a-dd2f-4b95-8974-ce781cc4362e service placement] RequestGroup(use_same_provider=False, resources={DISK_GB:1, MEMORY_MB:1024, VCPU:1}, traits=[], aggregates=[]) (suffix '') returned 2 matches {{(pid=104855) _get_by_requests /opt/stack/placement/placement/objects/allocation_candidate.py:145}}
