Jan 21 20:49:55.096349 n-d-712137-16 devstack@placement-api.service[103874]: INFO placement.requestlog [req-758c1cee-67c1-485b-9d0a-255d7d7d598a req-dd584df3-1542-4748-8915-ef89a13e9c25 service placement] 10.222.0.72 "GET /placement/allocation_candidates?limit=1000&resources=DISK_GB%3A1%2CMEMORY_MB%3A1024%2CVCPU%3A1&root_required=%21COMPUTE_STATUS_DISABLED" status: 200 len: 1309 microversion: 1.36
Jan 21 20:49:55.110399 n-d-712137-16 devstack@placement-api.service[103874]: [pid: 103874|app: 0|req: 340/684] 10.222.0.72 () {60 vars in 1506 bytes} [Fri Jan 21 20:49:54 2022] GET /placement/allocation_candidates?limit=1000&resources=DISK_GB%3A1%2CMEMORY_MB%3A1024%2CVCPU%3A1&root_required=%21COMPUTE_STATUS_DISABLED => generated 1309 bytes in 180 msecs (HTTP/1.1 200) 8 headers in 297 bytes (1 switches on core 0)
Jan 21 20:49:55.348550 n-d-712137-16 devstack@placement-api.service[103875]: DEBUG placement.requestlog [req-758c1cee-67c1-485b-9d0a-255d7d7d598a req-7f548faf-51b8-47eb-b13b-3ad3a7c4ca2f None None] Starting request: 10.222.0.72 "GET /placement/allocations/d078dca0-5153-4268-8f53-ee7187df186d" {{(pid=103875) __call__ /opt/stack/placement/placement/requestlog.py:55}}
Jan 21 20:49:55.385154 n-d-712137-16 devstack@placement-api.service[103875]: INFO placement.requestlog [req-758c1cee-67c1-485b-9d0a-255d7d7d598a req-7f548faf-51b8-47eb-b13b-3ad3a7c4ca2f service placement] 10.222.0.72 "GET /placement/allocations/d078dca0-5153-4268-8f53-ee7187df186d" status: 200 len: 19 microversion: 1.28
Jan 21 20:49:55.385729 n-d-712137-16 devstack@placement-api.service[103875]: [pid: 103875|app: 0|req: 345/685] 10.222.0.72 () {60 vars in 1380 bytes} [Fri Jan 21 20:49:55 2022] GET /placement/allocations/d078dca0-5153-4268-8f53-ee7187df186d => generated 19 bytes in 38 msecs (HTTP/1.1 200) 8 headers in 295 bytes (1 switches on core 0)
Jan 21 20:49:55.398085 n-d-712137-16 devstack@placement-api.service[103874]: DEBUG placement.requestlog [req-758c1cee-67c1-485b-9d0a-255d7d7d598a req-8f367bef-ab8f-48a9-aebc-3e3db7c9ac51 None None] Starting request: 10.222.0.72 "PUT /placement/allocations/d078dca0-5153-4268-8f53-ee7187df186d" {{(pid=103874) __call__ /opt/stack/placement/placement/requestlog.py:55}}
Jan 21 20:49:55.707079 n-d-712137-16 devstack@placement-api.service[103874]: DEBUG placement.handlers.allocation [req-758c1cee-67c1-485b-9d0a-255d7d7d598a req-8f367bef-ab8f-48a9-aebc-3e3db7c9ac51 service placement] Successfully wrote allocations [, , ] {{(pid=103874) _update_consumers_and_create_allocations /opt/stack/placement/placement/handlers/allocation.py:462}}
Jan 21 20:49:55.720860 n-d-712137-16 devstack@placement-api.service[103874]: INFO placement.requestlog [req-758c1cee-67c1-485b-9d0a-255d7d7d598a req-8f367bef-ab8f-48a9-aebc-3e3db7c9ac51 service placement] 10.222.0.72 "PUT /placement/allocations/d078dca0-5153-4268-8f53-ee7187df186d" status: 204 len: 0 microversion: 1.36
Jan 21 20:49:55.730248 n-d-712137-16 devstack@placement-api.service[103874]: [pid: 103874|app: 0|req: 341/686] 10.222.0.72 () {64 vars in 1433 bytes} [Fri Jan 21 20:49:55 2022] PUT /placement/allocations/d078dca0-5153-4268-8f53-ee7187df186d => generated 0 bytes in 325 msecs (HTTP/1.1 204) 5 headers in 199 bytes (1 switches on core 0)
Jan 21 20:49:56.121628 n-d-712137-16 devstack@placement-api.service[103875]: DEBUG placement.requestlog [req-d8d8eabc-ba13-42a0-96fb-956f76142752 req-cbcac5b8-e05f-40c0-8dc4-a42a3dd0d7d1 None None] Starting request: 10.222.0.85 "GET /placement/resource_providers/920b0db2-25b6-49d6-a916-8f91146a8264/allocations" {{(pid=103875) __call__ /opt/stack/placement/placement/requestlog.py:55}}
Jan 21 20:49:56.216882 n-d-712137-16 devstack@placement-api.service[103875]: INFO placement.requestlog [req-d8d8eabc-ba13-42a0-96fb-956f76142752 req-cbcac5b8-e05f-40c0-8dc4-a42a3dd0d7d1 service placement] 10.222.0.85 "GET /placement/resource_providers/920b0db2-25b6-49d6-a916-8f91146a8264/allocations" status: 200 len: 559 microversion: 1.0
Jan 21 20:49:56.218701 n-d-712137-16 devstack@placement-api.service[103875]: [pid: 103875|app: 0|req: 346/687] 10.222.0.85 () {58 vars in 1390 bytes} [Fri Jan 21 20:49:56 2022] GET /placement/resource_providers/920b0db2-25b6-49d6-a916-8f91146a8264/allocations => generated 559 bytes in 98 msecs (HTTP/1.1 200) 6 headers in 224 bytes (2 switches on core 0)
Jan 21 20:49:56.699209 n-d-712137-16 devstack@placement-api.service[103874]: DEBUG placement.requestlog [req-e019a060-169d-4734-9469-07b5de309fee req-f700dd6d-dc39-49d3-be5c-485c287d615a None None] Starting request: 10.222.0.79 "GET /placement/resource_providers/8101f9d8-edd1-4686-bad4-3b4e223fd337/allocations" {{(pid=103874) __call__ /opt/stack/placement/placement/requestlog.py:55}}
Jan 21 20:49:56.741985 n-d-712137-16 devstack@placement-api.service[103875]: DEBUG placement.requestlog [req-758c1cee-67c1-485b-9d0a-255d7d7d598a req-a9e9a70d-a34b-4817-bb0f-8ffad957d2bc None None] Starting request: 10.222.0.85 "GET /placement/allocations/d078dca0-5153-4268-8f53-ee7187df186d" {{(pid=103875) __call__ /opt/stack/placement/placement/requestlog.py:55}}
Jan 21 20:49:56.823903 n-d-712137-16 devstack@placement-api.service[103875]: INFO placement.requestlog [req-758c1cee-67c1-485b-9d0a-255d7d7d598a req-a9e9a70d-a34b-4817-bb0f-8ffad957d2bc service placement] 10.222.0.85 "GET /placement/allocations/d078dca0-5153-4268-8f53-ee7187df186d" status: 200 len: 260 microversion: 1.28
Jan 21 20:49:56.828690 n-d-712137-16 devstack@placement-api.service[103875]: [pid: 103875|app: 0|req: 347/688] 10.222.0.85 () {60 vars in 1377 bytes} [Fri Jan 21 20:49:56 2022] GET /placement/allocations/d078dca0-5153-4268-8f53-ee7187df186d => generated 260 bytes in 87 msecs (HTTP/1.1 200) 8 headers in 296 bytes (1 switches on core 0)
Jan 21 20:49:56.861699 n-d-712137-16 devstack@placement-api.service[103874]: INFO placement.requestlog [req-e019a060-169d-4734-9469-07b5de309fee req-f700dd6d-dc39-49d3-be5c-485c287d615a service placement] 10.222.0.79 "GET /placement/resource_providers/8101f9d8-edd1-4686-bad4-3b4e223fd337/allocations" status: 200 len: 457 microversion: 1.0
Jan 21 20:49:56.863013 n-d-712137-16 devstack@placement-api.service[103874]: [pid: 103874|app: 0|req: 342/689] 10.222.0.79 () {58 vars in 1390 bytes} [Fri Jan 21 20:49:56 2022] GET /placement/resource_providers/8101f9d8-edd1-4686-bad4-3b4e223fd337/allocations => generated 457 bytes in 164 msecs (HTTP/1.1 200) 6 headers in 224 bytes (1 switches on core 0)
Jan 21 20:49:56.912923 n-d-712137-16 devstack@placement-api.service[103875]: DEBUG placement.requestlog [req-2527de5d-dd0e-42df-844c-60e23c87c0e7 req-56669ad1-577e-4eb1-8cb6-4abcd4363498 None None] Starting request: 10.222.0.72 "GET /placement/allocation_candidates?limit=1000&resources=DISK_GB%3A1%2CMEMORY_MB%3A1024%2CVCPU%3A1&root_required=%21COMPUTE_STATUS_DISABLED" {{(pid=103875) __call__ /opt/stack/placement/placement/requestlog.py:55}}
Jan 21 20:49:57.111474 n-d-712137-16 devstack@placement-api.service[103875]: DEBUG placement.objects.research_context [req-2527de5d-dd0e-42df-844c-60e23c87c0e7 req-56669ad1-577e-4eb1-8cb6-4abcd4363498 service placement] getting providers with 1 DISK_GB {{(pid=103875) __init__ /opt/stack/placement/placement/objects/research_context.py:126}}
Jan 21 20:49:57.120824 n-d-712137-16 devstack@placement-api.service[103875]: DEBUG placement.objects.research_context [req-2527de5d-dd0e-42df-844c-60e23c87c0e7 req-56669ad1-577e-4eb1-8cb6-4abcd4363498 service placement] getting providers with 1024 MEMORY_MB {{(pid=103875) __init__ /opt/stack/placement/placement/objects/research_context.py:126}}
Jan 21 20:49:57.130503 n-d-712137-16 devstack@placement-api.service[103875]: DEBUG placement.objects.research_context [req-2527de5d-dd0e-42df-844c-60e23c87c0e7 req-56669ad1-577e-4eb1-8cb6-4abcd4363498 service placement] getting providers with 1 VCPU {{(pid=103875) __init__ /opt/stack/placement/placement/objects/research_context.py:126}}
Jan 21 20:49:57.138021 n-d-712137-16 devstack@placement-api.service[103875]: DEBUG placement.objects.research_context [req-2527de5d-dd0e-42df-844c-60e23c87c0e7 req-56669ad1-577e-4eb1-8cb6-4abcd4363498 service placement] found 2 providers with available 1 DISK_GB {{(pid=103875) get_provider_ids_matching /opt/stack/placement/placement/objects/research_context.py:549}}
Jan 21 20:49:57.138555 n-d-712137-16 devstack@placement-api.service[103875]: DEBUG placement.objects.research_context [req-2527de5d-dd0e-42df-844c-60e23c87c0e7 req-56669ad1-577e-4eb1-8cb6-4abcd4363498 service placement] found 2 providers with available 1024 MEMORY_MB {{(pid=103875) get_provider_ids_matching /opt/stack/placement/placement/objects/research_context.py:549}}
Jan 21 20:49:57.139231 n-d-712137-16 devstack@placement-api.service[103875]: DEBUG placement.objects.research_context [req-2527de5d-dd0e-42df-844c-60e23c87c0e7 req-56669ad1-577e-4eb1-8cb6-4abcd4363498 service placement] found 2 providers after filtering by previous result {{(pid=103875) get_provider_ids_matching /opt/stack/placement/placement/objects/research_context.py:580}}
Jan 21 20:49:57.139856 n-d-712137-16 devstack@placement-api.service[103875]: DEBUG placement.objects.research_context [req-2527de5d-dd0e-42df-844c-60e23c87c0e7 req-56669ad1-577e-4eb1-8cb6-4abcd4363498 service placement] found 2 providers with available 1 VCPU {{(pid=103875) get_provider_ids_matching /opt/stack/placement/placement/objects/research_context.py:549}}
Jan 21 20:49:57.140479 n-d-712137-16 devstack@placement-api.service[103875]: DEBUG placement.objects.research_context [req-2527de5d-dd0e-42df-844c-60e23c87c0e7 req-56669ad1-577e-4eb1-8cb6-4abcd4363498 service placement] found 2 providers after filtering by previous result {{(pid=103875) get_provider_ids_matching /opt/stack/placement/placement/objects/research_context.py:580}}
Jan 21 20:49:57.157699 n-d-712137-16 devstack@placement-api.service[103875]: DEBUG placement.objects.allocation_candidate [req-2527de5d-dd0e-42df-844c-60e23c87c0e7 req-56669ad1-577e-4eb1-8cb6-4abcd4363498 service placement] RequestGroup(use_same_provider=False, resources={DISK_GB:1, MEMORY_MB:1024, VCPU:1}, traits=[], aggregates=[]) (suffix '') returned 2 matches {{(pid=103875) _get_by_requests /opt/stack/placement/placement/objects/allocation_candidate.py:145}}
Jan 21 20:49:57.158529 n-d-712137-16 devstack@placement-api.service[103875]: DEBUG placement.objects.allocation_candidate [req-2527de5d-dd0e-42df-844c-60e23c87c0e7 req-56669ad1-577e-4eb1-8cb6-4abcd4363498 service placement] Merging candidates yields 2 allocation requests and 2 provider summaries {{(pid=103875) _merge_candidates /opt/stack/placement/placement/objects/allocation_candidate.py:783}}
Jan 21 20:49:57.160563 n-d-712137-16 devstack@placement-api.service[103875]: INFO placement.requestlog [req-2527de5d-dd0e-42df-844c-60e23c87c0e7 req-56669ad1-577e-4eb1-8cb6-4abcd4363498 service placement] 10.222.0.72 "GET /placement/allocation_candidates?limit=1000&resources=DISK_GB%3A1%2CMEMORY_MB%3A1024%2CVCPU%3A1&root_required=%21COMPUTE_STATUS_DISABLED" status: 200 len: 1309 microversion: 1.36
Jan 21 20:49:57.187950 n-d-712137-16 devstack@placement-api.service[103875]: [pid: 103875|app: 0|req: 348/690] 10.222.0.72 () {60 vars in 1506 bytes} [Fri Jan 21 20:49:56 2022] GET /placement/allocation_candidates?limit=1000&resources=DISK_GB%3A1%2CMEMORY_MB%3A1024%2CVCPU%3A1&root_required=%21COMPUTE_STATUS_DISABLED => generated 1309 bytes in 275 msecs (HTTP/1.1 200) 8 headers in 297 bytes (2 switches on core 0)
Jan 21 20:49:57.263785 n-d-712137-16 devstack@placement-api.service[103874]: DEBUG placement.requestlog [req-2527de5d-dd0e-42df-844c-60e23c87c0e7 req-cbae4f21-3c43-42c9-bf2b-531c3a8ee56a None None] Starting request: 10.222.0.72 "GET /placement/allocations/e5b11aa0-ae72-476a-aeb0-0894f67c0ab3" {{(pid=103874) __call__ /opt/stack/placement/placement/requestlog.py:55}}
Jan 21 20:49:57.315785 n-d-712137-16 devstack@placement-api.service[103874]: INFO placement.requestlog [req-2527de5d-dd0e-42df-844c-60e23c87c0e7 req-cbae4f21-3c43-42c9-bf2b-531c3a8ee56a service placement] 10.222.0.72 "GET /placement/allocations/e5b11aa0-ae72-476a-aeb0-0894f67c0ab3" status: 200 len: 19 microversion: 1.28
Jan 21 20:49:57.319631 n-d-712137-16 devstack@placement-api.service[103874]: [pid: 103874|app: 0|req: 343/691] 10.222.0.72 () {60 vars in 1380 bytes} [Fri Jan 21 20:49:57 2022] GET /placement/allocations/e5b11aa0-ae72-476a-aeb0-0894f67c0ab3 => generated 19 bytes in 57 msecs (HTTP/1.1 200) 8 headers in 295 bytes (1 switches on core 0)
Jan 21 20:49:57.327421 n-d-712137-16 devstack@placement-api.service[103875]: DEBUG placement.requestlog [req-2527de5d-dd0e-42df-844c-60e23c87c0e7 req-51c47410-430a-4bd2-8fa2-9eb4fb8fbe02 None None] Starting request: 10.222.0.72 "PUT /placement/allocations/e5b11aa0-ae72-476a-aeb0-0894f67c0ab3" {{(pid=103875) __call__ /opt/stack/placement/placement/requestlog.py:55}}
Jan 21 20:49:57.504747 n-d-712137-16 devstack@placement-api.service[103875]: DEBUG placement.handlers.allocation [req-2527de5d-dd0e-42df-844c-60e23c87c0e7 req-51c47410-430a-4bd2-8fa2-9eb4fb8fbe02 service placement] Successfully wrote allocations [, , ] {{(pid=103875) _update_consumers_and_create_allocations /opt/stack/placement/placement/handlers/allocation.py:462}}
Jan 21 20:49:57.518235 n-d-712137-16 devstack@placement-api.service[103875]: INFO placement.requestlog [req-2527de5d-dd0e-42df-844c-60e23c87c0e7 req-51c47410-430a-4bd2-8fa2-9eb4fb8fbe02 service placement] 10.222.0.72 "PUT /placement/allocations/e5b11aa0-ae72-476a-aeb0-0894f67c0ab3" status: 204 len: 0 microversion: 1.36
Jan 21 20:49:57.521052 n-d-712137-16 devstack@placement-api.service[103875]: [pid: 103875|app: 0|req: 349/692] 10.222.0.72 () {64 vars in 1433 bytes} [Fri Jan 21 20:49:57 2022] PUT /placement/allocations/e5b11aa0-ae72-476a-aeb0-0894f67c0ab3 => generated 0 bytes in 193 msecs (HTTP/1.1 204) 5 headers in 199 bytes (1 switches on core 0)
Jan 21 20:49:58.267726 n-d-712137-16 devstack@placement-api.service[103874]: DEBUG placement.requestlog [req-2527de5d-dd0e-42df-844c-60e23c87c0e7 req-5bc3030f-5932-4702-9f9d-42fe5a84534e None None] Starting request: 10.222.0.85 "GET /placement/allocations/e5b11aa0-ae72-476a-aeb0-0894f67c0ab3" {{(pid=103874) __call__ /opt/stack/placement/placement/requestlog.py:55}}
Jan 21 20:49:58.336817 n-d-712137-16 devstack@placement-api.service[103874]: INFO placement.requestlog [req-2527de5d-dd0e-42df-844c-60e23c87c0e7 req-5bc3030f-5932-4702-9f9d-42fe5a84534e service placement] 10.222.0.85 "GET /placement/allocations/e5b11aa0-ae72-476a-aeb0-0894f67c0ab3" status: 200 len: 260 microversion: 1.28
Jan 21 20:49:58.337467 n-d-712137-16 devstack@placement-api.service[103874]: [pid: 103874|app: 0|req: 344/693] 10.222.0.85 () {60 vars in 1377 bytes} [Fri Jan 21 20:49:58 2022] GET /placement/allocations/e5b11aa0-ae72-476a-aeb0-0894f67c0ab3 => generated 260 bytes in 71 msecs (HTTP/1.1 200) 8 headers in 296 bytes (1 switches on core 0)
Jan 21 20:49:58.385929 n-d-712137-16 devstack@placement-api.service[103875]: DEBUG placement.requestlog [req-5f4bdfa0-0649-487f-80f0-c742027b0c69 req-a75df85e-33de-4a01-b6fc-1632212cd20f None None] Starting request: 10.222.0.72 "GET /placement/allocation_candidates?limit=1000&resources=DISK_GB%3A1%2CMEMORY_MB%3A1024%2CVCPU%3A1&root_required=%21COMPUTE_STATUS_DISABLED" {{(pid=103875) __call__ /opt/stack/placement/placement/requestlog.py:55}}
Jan 21 20:49:58.528026 n-d-712137-16 devstack@placement-api.service[103875]: DEBUG placement.objects.research_context [req-5f4bdfa0-0649-487f-80f0-c742027b0c69 req-a75df85e-33de-4a01-b6fc-1632212cd20f service placement] getting providers with 1 DISK_GB {{(pid=103875) __init__ /opt/stack/placement/placement/objects/research_context.py:126}}
Jan 21 20:49:58.546702 n-d-712137-16 devstack@placement-api.service[103875]: DEBUG placement.objects.research_context [req-5f4bdfa0-0649-487f-80f0-c742027b0c69 req-a75df85e-33de-4a01-b6fc-1632212cd20f service placement] getting providers with 1024 MEMORY_MB {{(pid=103875) __init__ /opt/stack/placement/placement/objects/research_context.py:126}}
Jan 21 20:49:58.563282 n-d-712137-16 devstack@placement-api.service[103875]: DEBUG placement.objects.research_context [req-5f4bdfa0-0649-487f-80f0-c742027b0c69 req-a75df85e-33de-4a01-b6fc-1632212cd20f service placement] getting providers with 1 VCPU {{(pid=103875) __init__ /opt/stack/placement/placement/objects/research_context.py:126}}
Jan 21 20:49:58.580157 n-d-712137-16 devstack@placement-api.service[103875]: DEBUG placement.objects.research_context [req-5f4bdfa0-0649-487f-80f0-c742027b0c69 req-a75df85e-33de-4a01-b6fc-1632212cd20f service placement] found 2 providers with available 1 DISK_GB {{(pid=103875) get_provider_ids_matching /opt/stack/placement/placement/objects/research_context.py:549}}
Jan 21 20:49:58.580807 n-d-712137-16 devstack@placement-api.service[103875]: DEBUG placement.objects.research_context [req-5f4bdfa0-0649-487f-80f0-c742027b0c69 req-a75df85e-33de-4a01-b6fc-1632212cd20f service placement] found 2 providers with available 1024 MEMORY_MB {{(pid=103875) get_provider_ids_matching /opt/stack/placement/placement/objects/research_context.py:549}}
Jan 21 20:49:58.581377 n-d-712137-16 devstack@placement-api.service[103875]: DEBUG placement.objects.research_context [req-5f4bdfa0-0649-487f-80f0-c742027b0c69 req-a75df85e-33de-4a01-b6fc-1632212cd20f service placement] found 2 providers after filtering by previous result {{(pid=103875) get_provider_ids_matching /opt/stack/placement/placement/objects/research_context.py:580}}
Jan 21 20:49:58.581796 n-d-712137-16 devstack@placement-api.service[103875]: DEBUG placement.objects.research_context [req-5f4bdfa0-0649-487f-80f0-c742027b0c69 req-a75df85e-33de-4a01-b6fc-1632212cd20f service placement] found 2 providers with available 1 VCPU {{(pid=103875) get_provider_ids_matching /opt/stack/placement/placement/objects/research_context.py:549}}
Jan 21 20:49:58.582216 n-d-712137-16 devstack@placement-api.service[103875]: DEBUG placement.objects.research_context [req-5f4bdfa0-0649-487f-80f0-c742027b0c69 req-a75df85e-33de-4a01-b6fc-1632212cd20f service placement] found 2 providers after filtering by previous result {{(pid=103875) get_provider_ids_matching /opt/stack/placement/placement/objects/research_context.py:580}}
Jan 21 20:49:58.625032 n-d-712137-16 devstack@placement-api.service[103875]: DEBUG placement.objects.allocation_candidate [req-5f4bdfa0-0649-487f-80f0-c742027b0c69 req-a75df85e-33de-4a01-b6fc-1632212cd20f service placement] RequestGroup(use_same_provider=False, resources={DISK_GB:1, MEMORY_MB:1024, VCPU:1}, traits=[], aggregates=[]) (suffix '') returned 2 matches {{(pid=103875) _get_by_requests /opt/stack/placement/placement/objects/allocation_candidate.py:145}}
Jan 21 20:49:58.625032 n-d-712137-16 devstack@placement-api.service[103875]: DEBUG placement.objects.allocation_candidate [req-5f4bdfa0-0649-487f-80f0-c742027b0c69 req-a75df85e-33de-4a01-b6fc-1632212cd20f service placement] Merging candidates yields 2 allocation requests and 2 provider summaries {{(pid=103875) _merge_candidates /opt/stack/placement/placement/objects/allocation_candidate.py:783}}
Jan 21 20:49:58.625032 n-d-712137-16 devstack@placement-api.service[103875]: INFO placement.requestlog [req-5f4bdfa0-0649-487f-80f0-c742027b0c69 req-a75df85e-33de-4a01-b6fc-1632212cd20f service placement] 10.222.0.72 "GET /placement/allocation_candidates?limit=1000&resources=DISK_GB%3A1%2CMEMORY_MB%3A1024%2CVCPU%3A1&root_required=%21COMPUTE_STATUS_DISABLED" status: 200 len: 1309 microversion: 1.36
Jan 21 20:49:58.625032 n-d-712137-16 devstack@placement-api.service[103875]: [pid: 103875|app: 0|req: 350/694] 10.222.0.72 () {60 vars in 1506 bytes} [Fri Jan 21 20:49:58 2022] GET /placement/allocation_candidates?limit=1000&resources=DISK_GB%3A1%2CMEMORY_MB%3A1024%2CVCPU%3A1&root_required=%21COMPUTE_STATUS_DISABLED => generated 1309 bytes in 235 msecs (HTTP/1.1 200) 8 headers in 297 bytes (1 switches on core 0)
Jan 21 20:49:58.807425 n-d-712137-16 devstack@placement-api.service[103874]: DEBUG placement.requestlog [req-5f4bdfa0-0649-487f-80f0-c742027b0c69 req-ab515d10-2773-49d6-b76c-9787049b198f None None] Starting request: 10.222.0.72 "GET /placement/allocations/7c554198-b53e-4988-9dcb-ff9ea9f1d9fe" {{(pid=103874) __call__ /opt/stack/placement/placement/requestlog.py:55}}
Jan 21 20:49:58.835460 n-d-712137-16 devstack@placement-api.service[103874]: INFO placement.requestlog [req-5f4bdfa0-0649-487f-80f0-c742027b0c69 req-ab515d10-2773-49d6-b76c-9787049b198f service placement] 10.222.0.72 "GET /placement/allocations/7c554198-b53e-4988-9dcb-ff9ea9f1d9fe" status: 200 len: 19 microversion: 1.28
Jan 21 20:49:58.835993 n-d-712137-16 devstack@placement-api.service[103874]: [pid: 103874|app: 0|req: 345/695] 10.222.0.72 () {60 vars in 1380 bytes} [Fri Jan 21 20:49:58 2022] GET /placement/allocations/7c554198-b53e-4988-9dcb-ff9ea9f1d9fe => generated 19 bytes in 29 msecs (HTTP/1.1 200) 8 headers in 295 bytes (1 switches on core 0)
Jan 21 20:49:58.846402 n-d-712137-16 devstack@placement-api.service[103875]: DEBUG placement.requestlog [req-5f4bdfa0-0649-487f-80f0-c742027b0c69 req-5da57e41-5c1e-4d3a-8e44-97e1b77f2de2 None None] Starting request: 10.222.0.72 "PUT /placement/allocations/7c554198-b53e-4988-9dcb-ff9ea9f1d9fe" {{(pid=103875) __call__ /opt/stack/placement/placement/requestlog.py:55}}
Jan 21 20:49:59.075338 n-d-712137-16 devstack@placement-api.service[103875]: DEBUG placement.handlers.allocation [req-5f4bdfa0-0649-487f-80f0-c742027b0c69 req-5da57e41-5c1e-4d3a-8e44-97e1b77f2de2 service placement] Successfully wrote allocations [, , ] {{(pid=103875) _update_consumers_and_create_allocations /opt/stack/placement/placement/handlers/allocation.py:462}}
Jan 21 20:49:59.099405 n-d-712137-16 devstack@placement-api.service[103875]: INFO placement.requestlog [req-5f4bdfa0-0649-487f-80f0-c742027b0c69 req-5da57e41-5c1e-4d3a-8e44-97e1b77f2de2 service placement] 10.222.0.72 "PUT /placement/allocations/7c554198-b53e-4988-9dcb-ff9ea9f1d9fe" status: 204 len: 0 microversion: 1.36
Jan 21 20:49:59.100272 n-d-712137-16 devstack@placement-api.service[103875]: [pid: 103875|app: 0|req: 351/696] 10.222.0.72 () {64 vars in 1433 bytes} [Fri Jan 21 20:49:58 2022] PUT /placement/allocations/7c554198-b53e-4988-9dcb-ff9ea9f1d9fe => generated 0 bytes in 254 msecs (HTTP/1.1 204) 5 headers in 199 bytes (2 switches on core 0)
Jan 21 20:50:00.008225 n-d-712137-16 devstack@placement-api.service[103874]: DEBUG placement.requestlog [req-5f4bdfa0-0649-487f-80f0-c742027b0c69 req-74407d1a-02fc-4fe8-a06d-6ac8137150b0 None None] Starting request: 10.222.0.85 "GET /placement/allocations/7c554198-b53e-4988-9dcb-ff9ea9f1d9fe" {{(pid=103874) __call__ /opt/stack/placement/placement/requestlog.py:55}}
Jan 21 20:50:00.051307 n-d-712137-16 devstack@placement-api.service[103874]: INFO placement.requestlog [req-5f4bdfa0-0649-487f-80f0-c742027b0c69 req-74407d1a-02fc-4fe8-a06d-6ac8137150b0 service placement] 10.222.0.85 "GET /placement/allocations/7c554198-b53e-4988-9dcb-ff9ea9f1d9fe" status: 200 len: 260 microversion: 1.28
Jan 21 20:50:00.052008 n-d-712137-16 devstack@placement-api.service[103874]: [pid: 103874|app: 0|req: 346/697] 10.222.0.85 () {60 vars in 1377 bytes} [Fri Jan 21 20:50:00 2022] GET /placement/allocations/7c554198-b53e-4988-9dcb-ff9ea9f1d9fe => generated 260 bytes in 44 msecs (HTTP/1.1 200) 8 headers in 296 bytes (1 switches on core 0)
Jan 21 20:50:00.707703 n-d-712137-16 devstack@placement-api.service[103875]: DEBUG placement.requestlog [req-51515571-4f46-4694-a129-3cfb8b7a76a3 req-90291473-3cef-4216-a00e-1175dcf7ceaa None None] Starting request: 10.222.0.72 "GET /placement/allocation_candidates?limit=1000&resources=DISK_GB%3A1%2CMEMORY_MB%3A1024%2CVCPU%3A1&root_required=%21COMPUTE_STATUS_DISABLED" {{(pid=103875) __call__ /opt/stack/placement/placement/requestlog.py:55}}
Jan 21 20:50:00.876961 n-d-712137-16 devstack@placement-api.service[103875]: DEBUG placement.objects.research_context [req-51515571-4f46-4694-a129-3cfb8b7a76a3 req-90291473-3cef-4216-a00e-1175dcf7ceaa service placement] getting providers with 1 DISK_GB {{(pid=103875) __init__ /opt/stack/placement/placement/objects/research_context.py:126}}
Jan 21 20:50:00.918648 n-d-712137-16 devstack@placement-api.service[103875]: DEBUG placement.objects.research_context [req-51515571-4f46-4694-a129-3cfb8b7a76a3 req-90291473-3cef-4216-a00e-1175dcf7ceaa service placement] getting providers with 1024 MEMORY_MB {{(pid=103875) __init__ /opt/stack/placement/placement/objects/research_context.py:126}}
Jan 21 20:50:00.946555 n-d-712137-16 devstack@placement-api.service[103875]: DEBUG placement.objects.research_context [req-51515571-4f46-4694-a129-3cfb8b7a76a3 req-90291473-3cef-4216-a00e-1175dcf7ceaa service placement] getting providers with 1 VCPU {{(pid=103875) __init__ /opt/stack/placement/placement/objects/research_context.py:126}}
Jan 21 20:50:00.985361 n-d-712137-16 devstack@placement-api.service[103875]: DEBUG placement.objects.research_context [req-51515571-4f46-4694-a129-3cfb8b7a76a3 req-90291473-3cef-4216-a00e-1175dcf7ceaa service placement] found 2 providers with available 1 DISK_GB {{(pid=103875) get_provider_ids_matching /opt/stack/placement/placement/objects/research_context.py:549}}
Jan 21 20:50:00.986143 n-d-712137-16 devstack@placement-api.service[103875]: DEBUG placement.objects.research_context [req-51515571-4f46-4694-a129-3cfb8b7a76a3 req-90291473-3cef-4216-a00e-1175dcf7ceaa service placement] found 2 providers with available 1024 MEMORY_MB {{(pid=103875) get_provider_ids_matching /opt/stack/placement/placement/objects/research_context.py:549}}
Jan 21 20:50:00.986884 n-d-712137-16 devstack@placement-api.service[103875]: DEBUG placement.objects.research_context [req-51515571-4f46-4694-a129-3cfb8b7a76a3 req-90291473-3cef-4216-a00e-1175dcf7ceaa service placement] found 2 providers after filtering by previous result {{(pid=103875) get_provider_ids_matching /opt/stack/placement/placement/objects/research_context.py:580}}
Jan 21 20:50:01.005839 n-d-712137-16 devstack@placement-api.service[103875]: DEBUG placement.objects.research_context [req-51515571-4f46-4694-a129-3cfb8b7a76a3 req-90291473-3cef-4216-a00e-1175dcf7ceaa service placement] found 2 providers with available 1 VCPU {{(pid=103875) get_provider_ids_matching /opt/stack/placement/placement/objects/research_context.py:549}}
Jan 21 20:50:01.006401 n-d-712137-16 devstack@placement-api.service[103875]: DEBUG placement.objects.research_context [req-51515571-4f46-4694-a129-3cfb8b7a76a3 req-90291473-3cef-4216-a00e-1175dcf7ceaa service placement] found 2 providers after filtering by previous result {{(pid=103875) get_provider_ids_matching /opt/stack/placement/placement/objects/research_context.py:580}}
Jan 21 20:50:01.091849 n-d-712137-16 devstack@placement-api.service[103875]: DEBUG placement.objects.allocation_candidate [req-51515571-4f46-4694-a129-3cfb8b7a76a3 req-90291473-3cef-4216-a00e-1175dcf7ceaa service placement] RequestGroup(use_same_provider=False, resources={DISK_GB:1, MEMORY_MB:1024, VCPU:1}, traits=[], aggregates=[]) (suffix '') returned 2 matches {{(pid=103875) _get_by_requests /opt/stack/placement/placement/objects/allocation_candidate.py:145}}
Jan 21 20:50:01.098804 n-d-712137-16 devstack@placement-api.service[103875]: DEBUG placement.objects.allocation_candidate [req-51515571-4f46-4694-a129-3cfb8b7a76a3 req-90291473-3cef-4216-a00e-1175dcf7ceaa service placement] Merging candidates yields 2 allocation requests and 2 provider summaries {{(pid=103875) _merge_candidates /opt/stack/placement/placement/objects/allocation_candidate.py:783}}
Jan 21 20:50:01.108793 n-d-712137-16 devstack@placement-api.service[103875]: INFO placement.requestlog [req-51515571-4f46-4694-a129-3cfb8b7a76a3 req-90291473-3cef-4216-a00e-1175dcf7ceaa service placement] 10.222.0.72 "GET /placement/allocation_candidates?limit=1000&resources=DISK_GB%3A1%2CMEMORY_MB%3A1024%2CVCPU%3A1&root_required=%21COMPUTE_STATUS_DISABLED" status: 200 len: 1309 microversion: 1.36
Jan 21 20:50:01.125500 n-d-712137-16 devstack@placement-api.service[103875]: [pid: 103875|app: 0|req: 352/698] 10.222.0.72 () {60 vars in 1506 bytes} [Fri Jan 21 20:50:00 2022] GET /placement/allocation_candidates?limit=1000&resources=DISK_GB%3A1%2CMEMORY_MB%3A1024%2CVCPU%3A1&root_required=%21COMPUTE_STATUS_DISABLED => generated 1309 bytes in 419 msecs (HTTP/1.1 200) 8 headers in 297 bytes (1 switches on core 0)
Jan 21 20:50:01.454492 n-d-712137-16 devstack@placement-api.service[103874]: DEBUG placement.requestlog [req-51515571-4f46-4694-a129-3cfb8b7a76a3 req-53ee8e59-db8f-4926-a162-7f4a798a84a0 None None] Starting request: 10.222.0.72 "GET /placement/allocations/c7801cb5-f625-430b-9180-520cfd813066" {{(pid=103874) __call__ /opt/stack/placement/placement/requestlog.py:55}}
Jan 21 20:50:01.494686 n-d-712137-16 devstack@placement-api.service[103874]: INFO placement.requestlog [req-51515571-4f46-4694-a129-3cfb8b7a76a3 req-53ee8e59-db8f-4926-a162-7f4a798a84a0 service placement] 10.222.0.72 "GET /placement/allocations/c7801cb5-f625-430b-9180-520cfd813066" status: 200 len: 19 microversion: 1.28
Jan 21 20:50:01.498374 n-d-712137-16 devstack@placement-api.service[103874]: [pid: 103874|app: 0|req: 347/699] 10.222.0.72 () {60 vars in 1380 bytes} [Fri Jan 21 20:50:01 2022] GET /placement/allocations/c7801cb5-f625-430b-9180-520cfd813066 => generated 19 bytes in 44 msecs (HTTP/1.1 200) 8 headers in 295 bytes (2 switches on core 0)
Jan 21 20:50:01.510299 n-d-712137-16 devstack@placement-api.service[103875]: DEBUG placement.requestlog [req-51515571-4f46-4694-a129-3cfb8b7a76a3 req-a6db66d8-41cf-48f1-bde7-813b812db743 None None] Starting request: 10.222.0.72 "PUT /placement/allocations/c7801cb5-f625-430b-9180-520cfd813066" {{(pid=103875) __call__ /opt/stack/placement/placement/requestlog.py:55}}
Jan 21 20:50:01.647184 n-d-712137-16 devstack@placement-api.service[103875]: DEBUG placement.handlers.allocation [req-51515571-4f46-4694-a129-3cfb8b7a76a3 req-a6db66d8-41cf-48f1-bde7-813b812db743 service placement] Successfully wrote allocations [, , ] {{(pid=103875) _update_consumers_and_create_allocations /opt/stack/placement/placement/handlers/allocation.py:462}}
Jan 21 20:50:01.665394 n-d-712137-16 devstack@placement-api.service[103875]: INFO placement.requestlog [req-51515571-4f46-4694-a129-3cfb8b7a76a3 req-a6db66d8-41cf-48f1-bde7-813b812db743 service placement] 10.222.0.72 "PUT /placement/allocations/c7801cb5-f625-430b-9180-520cfd813066" status: 204 len: 0 microversion: 1.36
Jan 21 20:50:01.666702 n-d-712137-16 devstack@placement-api.service[103875]: [pid: 103875|app: 0|req: 353/700] 10.222.0.72 () {64 vars in 1433 bytes} [Fri Jan 21 20:50:01 2022] PUT /placement/allocations/c7801cb5-f625-430b-9180-520cfd813066 => generated 0 bytes in 156 msecs (HTTP/1.1 204) 5 headers in 199 bytes (3 switches on core 0)
Jan 21 20:50:03.044185 n-d-712137-16 devstack@placement-api.service[103874]: DEBUG placement.requestlog [req-51515571-4f46-4694-a129-3cfb8b7a76a3 req-0848e598-3e3a-4969-85a8-626af1d00a39 None None] Starting request: 10.222.0.85 "GET /placement/allocations/c7801cb5-f625-430b-9180-520cfd813066" {{(pid=103874) __call__ /opt/stack/placement/placement/requestlog.py:55}}
Jan 21 20:50:03.085459 n-d-712137-16 devstack@placement-api.service[103874]: INFO placement.requestlog [req-51515571-4f46-4694-a129-3cfb8b7a76a3 req-0848e598-3e3a-4969-85a8-626af1d00a39 service placement] 10.222.0.85 "GET /placement/allocations/c7801cb5-f625-430b-9180-520cfd813066" status: 200 len: 260 microversion: 1.28
Jan 21 20:50:03.088041 n-d-712137-16 devstack@placement-api.service[103874]: [pid: 103874|app: 0|req: 348/701] 10.222.0.85 () {60 vars in 1377 bytes} [Fri Jan 21 20:50:03 2022] GET /placement/allocations/c7801cb5-f625-430b-9180-520cfd813066 => generated 260 bytes in 44 msecs (HTTP/1.1 200) 8 headers in 296 bytes (1 switches on core 0)
Jan 21 20:50:05.386847 n-d-712137-16 devstack@placement-api.service[103875]: DEBUG placement.requestlog [req-e853aefc-9c9d-4499-bc72-55ecd05179c1 req-e401499d-88be-4160-b415-f04865deb1ee None None] Starting request: 10.222.0.72 "GET /placement/allocation_candidates?limit=1000&resources=DISK_GB%3A1%2CMEMORY_MB%3A1024%2CVCPU%3A1&root_required=%21COMPUTE_STATUS_DISABLED" {{(pid=103875) __call__ /opt/stack/placement/placement/requestlog.py:55}}
Jan 21 20:50:05.518577 n-d-712137-16 devstack@placement-api.service[103875]: DEBUG placement.objects.research_context [req-e853aefc-9c9d-4499-bc72-55ecd05179c1 req-e401499d-88be-4160-b415-f04865deb1ee service placement] getting providers with 1 DISK_GB {{(pid=103875) __init__ /opt/stack/placement/placement/objects/research_context.py:126}}
Jan 21 20:50:05.531503 n-d-712137-16 devstack@placement-api.service[103875]: DEBUG placement.objects.research_context [req-e853aefc-9c9d-4499-bc72-55ecd05179c1 req-e401499d-88be-4160-b415-f04865deb1ee service placement] getting providers with 1024 MEMORY_MB {{(pid=103875) __init__ /opt/stack/placement/placement/objects/research_context.py:126}}
Jan 21 20:50:05.550519 n-d-712137-16 devstack@placement-api.service[103875]: DEBUG placement.objects.research_context [req-e853aefc-9c9d-4499-bc72-55ecd05179c1 req-e401499d-88be-4160-b415-f04865deb1ee service placement] getting providers with 1 VCPU {{(pid=103875) __init__ /opt/stack/placement/placement/objects/research_context.py:126}}
Jan 21 20:50:05.560053 n-d-712137-16 devstack@placement-api.service[103875]: DEBUG placement.objects.research_context [req-e853aefc-9c9d-4499-bc72-55ecd05179c1 req-e401499d-88be-4160-b415-f04865deb1ee service placement] found 2 providers with available 1 DISK_GB {{(pid=103875) get_provider_ids_matching /opt/stack/placement/placement/objects/research_context.py:549}}
Jan 21 20:50:05.560820 n-d-712137-16 devstack@placement-api.service[103875]: DEBUG placement.objects.research_context [req-e853aefc-9c9d-4499-bc72-55ecd05179c1 req-e401499d-88be-4160-b415-f04865deb1ee service placement] found 2 providers with available 1024 MEMORY_MB {{(pid=103875) get_provider_ids_matching /opt/stack/placement/placement/objects/research_context.py:549}}
Jan 21 20:50:05.561334 n-d-712137-16 devstack@placement-api.service[103875]: DEBUG placement.objects.research_context [req-e853aefc-9c9d-4499-bc72-55ecd05179c1 req-e401499d-88be-4160-b415-f04865deb1ee service placement] found 2 providers after filtering by previous result {{(pid=103875) get_provider_ids_matching /opt/stack/placement/placement/objects/research_context.py:580}}
Jan 21 20:50:05.561952 n-d-712137-16 devstack@placement-api.service[103875]: DEBUG placement.objects.research_context [req-e853aefc-9c9d-4499-bc72-55ecd05179c1 req-e401499d-88be-4160-b415-f04865deb1ee service placement] found 2 providers with available 1 VCPU {{(pid=103875) get_provider_ids_matching /opt/stack/placement/placement/objects/research_context.py:549}}
Jan 21 20:50:05.562399 n-d-712137-16 devstack@placement-api.service[103875]: DEBUG placement.objects.research_context [req-e853aefc-9c9d-4499-bc72-55ecd05179c1 req-e401499d-88be-4160-b415-f04865deb1ee service placement] found 2 providers after filtering by previous result {{(pid=103875) get_provider_ids_matching /opt/stack/placement/placement/objects/research_context.py:580}}
Jan 21 20:50:05.584740 n-d-712137-16 devstack@placement-api.service[103875]: DEBUG placement.objects.allocation_candidate [req-e853aefc-9c9d-4499-bc72-55ecd05179c1 req-e401499d-88be-4160-b415-f04865deb1ee service placement] RequestGroup(use_same_provider=False, resources={DISK_GB:1, MEMORY_MB:1024, VCPU:1}, traits=[], aggregates=[]) (suffix '') returned 2 matches {{(pid=103875) _get_by_requests /opt/stack/placement/placement/objects/allocation_candidate.py:145}}
Jan 21 20:50:05.585487 n-d-712137-16 devstack@placement-api.service[103875]: DEBUG placement.objects.allocation_candidate [req-e853aefc-9c9d-4499-bc72-55ecd05179c1 req-e401499d-88be-4160-b415-f04865deb1ee service placement] Merging candidates yields 2 allocation requests and 2 provider summaries {{(pid=103875) _merge_candidates /opt/stack/placement/placement/objects/allocation_candidate.py:783}}
Jan 21 20:50:05.589399 n-d-712137-16 devstack@placement-api.service[103875]: INFO placement.requestlog [req-e853aefc-9c9d-4499-bc72-55ecd05179c1 req-e401499d-88be-4160-b415-f04865deb1ee service placement] 10.222.0.72 "GET /placement/allocation_candidates?limit=1000&resources=DISK_GB%3A1%2CMEMORY_MB%3A1024%2CVCPU%3A1&root_required=%21COMPUTE_STATUS_DISABLED" status: 200 len: 1309 microversion: 1.36
Jan 21 20:50:05.590494 n-d-712137-16 devstack@placement-api.service[103875]: [pid: 103875|app: 0|req: 354/702] 10.222.0.72 () {60 vars in 1506 bytes} [Fri Jan 21 20:50:05 2022] GET /placement/allocation_candidates?limit=1000&resources=DISK_GB%3A1%2CMEMORY_MB%3A1024%2CVCPU%3A1&root_required=%21COMPUTE_STATUS_DISABLED => generated 1309 bytes in 204 msecs (HTTP/1.1 200) 8 headers in 297 bytes (1 switches on core 0)
Jan 21 20:50:05.709104 n-d-712137-16 devstack@placement-api.service[103874]: DEBUG placement.requestlog [req-e853aefc-9c9d-4499-bc72-55ecd05179c1 req-87d42092-4a58-4c63-a4b9-b6c9f91e8372 None None] Starting request: 10.222.0.72 "GET /placement/allocations/10642ae1-5cd6-41c0-b81c-e35f1a294de6" {{(pid=103874) __call__ /opt/stack/placement/placement/requestlog.py:55}}
Jan 21 20:50:05.726097 n-d-712137-16 devstack@placement-api.service[103874]: INFO placement.requestlog [req-e853aefc-9c9d-4499-bc72-55ecd05179c1 req-87d42092-4a58-4c63-a4b9-b6c9f91e8372 service placement] 10.222.0.72 "GET /placement/allocations/10642ae1-5cd6-41c0-b81c-e35f1a294de6" status: 200 len: 19 microversion: 1.28
Jan 21 20:50:05.729707 n-d-712137-16 devstack@placement-api.service[103874]: [pid: 103874|app: 0|req: 349/703] 10.222.0.72 () {60 vars in 1380 bytes} [Fri Jan 21 20:50:05 2022] GET /placement/allocations/10642ae1-5cd6-41c0-b81c-e35f1a294de6 => generated 19 bytes in 21 msecs (HTTP/1.1 200) 8 headers in 295 bytes (1 switches on core 0)
Jan 21 20:50:05.737352 n-d-712137-16 devstack@placement-api.service[103875]: DEBUG placement.requestlog [req-e853aefc-9c9d-4499-bc72-55ecd05179c1 req-8ad047c2-8523-4cd0-a273-9cf082ae99fd None None] Starting request: 10.222.0.72 "PUT /placement/allocations/10642ae1-5cd6-41c0-b81c-e35f1a294de6" {{(pid=103875) __call__ /opt/stack/placement/placement/requestlog.py:55}}
Jan 21 20:50:05.835375 n-d-712137-16 devstack@placement-api.service[103875]: DEBUG placement.handlers.allocation [req-e853aefc-9c9d-4499-bc72-55ecd05179c1 req-8ad047c2-8523-4cd0-a273-9cf082ae99fd service placement] Successfully wrote allocations [, , ] {{(pid=103875) _update_consumers_and_create_allocations /opt/stack/placement/placement/handlers/allocation.py:462}}
Jan 21 20:50:05.854287 n-d-712137-16 devstack@placement-api.service[103875]: INFO placement.requestlog [req-e853aefc-9c9d-4499-bc72-55ecd05179c1 req-8ad047c2-8523-4cd0-a273-9cf082ae99fd service placement] 10.222.0.72 "PUT /placement/allocations/10642ae1-5cd6-41c0-b81c-e35f1a294de6" status: 204 len: 0 microversion: 1.36
Jan 21 20:50:05.855416 n-d-712137-16 devstack@placement-api.service[103875]: [pid: 103875|app: 0|req: 355/704] 10.222.0.72 () {64 vars in 1433 bytes} [Fri Jan 21 20:50:05 2022] PUT /placement/allocations/10642ae1-5cd6-41c0-b81c-e35f1a294de6 => generated 0 bytes in 118 msecs (HTTP/1.1 204) 5 headers in 199 bytes (2 switches on core 0)
Jan 21 20:50:06.368624 n-d-712137-16 devstack@placement-api.service[103874]: DEBUG placement.requestlog [req-e49f1b39-2cf9-46e5-975a-7ee2c8344ea5 req-3a71c10b-6e80-4af9-bf56-98abcbc37742 None None] Starting request: 10.222.0.85 "GET /placement/allocations/e5b11aa0-ae72-476a-aeb0-0894f67c0ab3" {{(pid=103874) __call__ /opt/stack/placement/placement/requestlog.py:55}}
Jan 21 20:50:06.457273 n-d-712137-16 devstack@placement-api.service[103875]: DEBUG placement.requestlog [req-e853aefc-9c9d-4499-bc72-55ecd05179c1 req-de783e75-fe1e-4511-a940-132179e378ef None None] Starting request: 10.222.0.85 "GET /placement/allocations/10642ae1-5cd6-41c0-b81c-e35f1a294de6" {{(pid=103875) __call__ /opt/stack/placement/placement/requestlog.py:55}}
Jan 21 20:50:06.497908 n-d-712137-16 devstack@placement-api.service[103874]: INFO placement.requestlog [req-e49f1b39-2cf9-46e5-975a-7ee2c8344ea5 req-3a71c10b-6e80-4af9-bf56-98abcbc37742 service placement] 10.222.0.85 "GET /placement/allocations/e5b11aa0-ae72-476a-aeb0-0894f67c0ab3" status: 200 len: 260 microversion: 1.28
Jan 21 20:50:06.511975 n-d-712137-16 devstack@placement-api.service[103874]: [pid: 103874|app: 0|req: 350/705] 10.222.0.85 () {60 vars in 1377 bytes} [Fri Jan 21 20:50:06 2022] GET /placement/allocations/e5b11aa0-ae72-476a-aeb0-0894f67c0ab3 => generated 260 bytes in 144 msecs (HTTP/1.1 200) 8 headers in 296 bytes (1 switches on core 0)
Jan 21 20:50:06.535556 n-d-712137-16 devstack@placement-api.service[103875]: INFO placement.requestlog [req-e853aefc-9c9d-4499-bc72-55ecd05179c1 req-de783e75-fe1e-4511-a940-132179e378ef service placement] 10.222.0.85 "GET /placement/allocations/10642ae1-5cd6-41c0-b81c-e35f1a294de6" status: 200 len: 260 microversion: 1.28
Jan 21 20:50:06.536453 n-d-712137-16 devstack@placement-api.service[103875]: [pid: 103875|app: 0|req: 356/706] 10.222.0.85 () {60 vars in 1377 bytes} [Fri Jan 21 20:50:06 2022] GET /placement/allocations/10642ae1-5cd6-41c0-b81c-e35f1a294de6 => generated 260 bytes in 80 msecs (HTTP/1.1 200) 8 headers in 296 bytes (2 switches on core 0)
Jan 21 20:50:18.369156 n-d-712137-16 devstack@placement-api.service[103874]: DEBUG placement.requestlog [req-3aa38b34-8ac7-4ba4-a531-71a7615f1c56 req-21186306-681c-40d2-90f1-ab2072581415 None None] Starting request: 10.222.0.85 "DELETE /placement/allocations/d266b9a2-6654-4952-9c69-ed6286ed2692" {{(pid=103874) __call__ /opt/stack/placement/placement/requestlog.py:55}}
Jan 21 20:50:18.412621 n-d-712137-16 devstack@placement-api.service[103874]: DEBUG placement.handlers.allocation [req-3aa38b34-8ac7-4ba4-a531-71a7615f1c56 req-21186306-681c-40d2-90f1-ab2072581415 service placement] Successfully deleted allocations [, , ] {{(pid=103874) delete_allocations /opt/stack/placement/placement/handlers/allocation.py:627}}
Jan 21 20:50:18.413811 n-d-712137-16 devstack@placement-api.service[103874]: INFO placement.requestlog [req-3aa38b34-8ac7-4ba4-a531-71a7615f1c56 req-21186306-681c-40d2-90f1-ab2072581415 service placement] 10.222.0.85 "DELETE /placement/allocations/d266b9a2-6654-4952-9c69-ed6286ed2692" status: 204 len: 0 microversion: 1.0
Jan 21 20:50:18.417335 n-d-712137-16 devstack@placement-api.service[103874]: [pid: 103874|app: 0|req: 351/707] 10.222.0.85 () {60 vars in 1355 bytes} [Fri Jan 21 20:50:18 2022] DELETE /placement/allocations/d266b9a2-6654-4952-9c69-ed6286ed2692 => generated 0 bytes in 48 msecs (HTTP/1.1 204) 5 headers in 198 bytes (1 switches on core 0)
Jan 21 20:50:30.612806 n-d-712137-16 devstack@placement-api.service[103875]: DEBUG placement.requestlog [req-8252761d-e00b-4bde-a20c-770b996b87c7 req-0ebe2e3c-5d0b-4232-bc0f-f302526040a9 None None] Starting request: 10.222.0.72 "GET /placement/allocation_candidates?limit=1000&resources=DISK_GB%3A1%2CMEMORY_MB%3A1024%2CVCPU%3A1&root_required=%21COMPUTE_STATUS_DISABLED" {{(pid=103875) __call__ /opt/stack/placement/placement/requestlog.py:55}}
Jan 21 20:50:30.667201 n-d-712137-16 devstack@placement-api.service[103875]: DEBUG placement.objects.research_context [req-8252761d-e00b-4bde-a20c-770b996b87c7 req-0ebe2e3c-5d0b-4232-bc0f-f302526040a9 service placement] getting providers with 1 DISK_GB {{(pid=103875) __init__ /opt/stack/placement/placement/objects/research_context.py:126}}
Jan 21 20:50:30.676508 n-d-712137-16 devstack@placement-api.service[103875]: DEBUG placement.objects.research_context [req-8252761d-e00b-4bde-a20c-770b996b87c7 req-0ebe2e3c-5d0b-4232-bc0f-f302526040a9 service placement] getting providers with 1024 MEMORY_MB {{(pid=103875) __init__ /opt/stack/placement/placement/objects/research_context.py:126}}
Jan 21 20:50:30.683786 n-d-712137-16 devstack@placement-api.service[103875]: DEBUG placement.objects.research_context [req-8252761d-e00b-4bde-a20c-770b996b87c7 req-0ebe2e3c-5d0b-4232-bc0f-f302526040a9 service placement] getting providers with 1 VCPU {{(pid=103875) __init__ /opt/stack/placement/placement/objects/research_context.py:126}}
Jan 21 20:50:30.690073 n-d-712137-16 devstack@placement-api.service[103875]: DEBUG placement.objects.research_context [req-8252761d-e00b-4bde-a20c-770b996b87c7 req-0ebe2e3c-5d0b-4232-bc0f-f302526040a9 service placement] found 2 providers with available 1 DISK_GB {{(pid=103875) get_provider_ids_matching /opt/stack/placement/placement/objects/research_context.py:549}}
Jan 21 20:50:30.690654 n-d-712137-16 devstack@placement-api.service[103875]: DEBUG placement.objects.research_context [req-8252761d-e00b-4bde-a20c-770b996b87c7 req-0ebe2e3c-5d0b-4232-bc0f-f302526040a9 service placement] found 2 providers with available 1024 MEMORY_MB {{(pid=103875) get_provider_ids_matching /opt/stack/placement/placement/objects/research_context.py:549}}
Jan 21 20:50:30.691079 n-d-712137-16 devstack@placement-api.service[103875]: DEBUG placement.objects.research_context [req-8252761d-e00b-4bde-a20c-770b996b87c7 req-0ebe2e3c-5d0b-4232-bc0f-f302526040a9 service placement] found 2 providers after filtering by previous result {{(pid=103875) get_provider_ids_matching /opt/stack/placement/placement/objects/research_context.py:580}}
Jan 21 20:50:30.691486 n-d-712137-16 devstack@placement-api.service[103875]: DEBUG placement.objects.research_context [req-8252761d-e00b-4bde-a20c-770b996b87c7 req-0ebe2e3c-5d0b-4232-bc0f-f302526040a9 service placement] found 2 providers with available 1 VCPU {{(pid=103875) get_provider_ids_matching /opt/stack/placement/placement/objects/research_context.py:549}}
Jan 21 20:50:30.691908 n-d-712137-16 devstack@placement-api.service[103875]: DEBUG placement.objects.research_context [req-8252761d-e00b-4bde-a20c-770b996b87c7 req-0ebe2e3c-5d0b-4232-bc0f-f302526040a9 service placement] found 2 providers after filtering by previous result {{(pid=103875) get_provider_ids_matching /opt/stack/placement/placement/objects/research_context.py:580}}
Jan 21 20:50:30.705139 n-d-712137-16 devstack@placement-api.service[103875]: DEBUG placement.objects.allocation_candidate [req-8252761d-e00b-4bde-a20c-770b996b87c7 req-0ebe2e3c-5d0b-4232-bc0f-f302526040a9 service placement] RequestGroup(use_same_provider=False, resources={DISK_GB:1, MEMORY_MB:1024, VCPU:1}, traits=[], aggregates=[]) (suffix '') returned 2 matches {{(pid=103875) _get_by_requests /opt/stack/placement/placement/objects/allocation_candidate.py:145}}
Jan 21 20:50:30.705746 n-d-712137-16 devstack@placement-api.service[103875]: DEBUG placement.objects.allocation_candidate [req-8252761d-e00b-4bde-a20c-770b996b87c7 req-0ebe2e3c-5d0b-4232-bc0f-f302526040a9 service placement] Merging candidates yields 2 allocation requests and 2 provider summaries {{(pid=103875) _merge_candidates /opt/stack/placement/placement/objects/allocation_candidate.py:783}}
Jan 21 20:50:30.707504 n-d-712137-16 devstack@placement-api.service[103875]: INFO placement.requestlog [req-8252761d-e00b-4bde-a20c-770b996b87c7 req-0ebe2e3c-5d0b-4232-bc0f-f302526040a9 service placement] 10.222.0.72 "GET /placement/allocation_candidates?limit=1000&resources=DISK_GB%3A1%2CMEMORY_MB%3A1024%2CVCPU%3A1&root_required=%21COMPUTE_STATUS_DISABLED" status: 200 len: 1309 microversion: 1.36
Jan 21 20:50:30.708370 n-d-712137-16 devstack@placement-api.service[103875]: [pid: 103875|app: 0|req: 357/708] 10.222.0.72 () {60 vars in 1506 bytes} [Fri Jan 21 20:50:30 2022] GET /placement/allocation_candidates?limit=1000&resources=DISK_GB%3A1%2CMEMORY_MB%3A1024%2CVCPU%3A1&root_required=%21COMPUTE_STATUS_DISABLED => generated 1309 bytes in 96 msecs (HTTP/1.1 200) 8 headers in 297 bytes (1 switches on core 0)
Jan 21 20:50:30.879050 n-d-712137-16 devstack@placement-api.service[103874]: DEBUG placement.requestlog [req-8252761d-e00b-4bde-a20c-770b996b87c7 req-dd280dbd-5b1d-451a-abfa-8ccee8272bcf None None] Starting request: 10.222.0.72 "GET /placement/allocations/f1797c73-c1e6-48eb-8151-c9207c0dcdd9" {{(pid=103874) __call__ /opt/stack/placement/placement/requestlog.py:55}}
Jan 21 20:50:30.902515 n-d-712137-16 devstack@placement-api.service[103874]: INFO placement.requestlog [req-8252761d-e00b-4bde-a20c-770b996b87c7 req-dd280dbd-5b1d-451a-abfa-8ccee8272bcf service placement] 10.222.0.72 "GET /placement/allocations/f1797c73-c1e6-48eb-8151-c9207c0dcdd9" status: 200 len: 19 microversion: 1.28
Jan 21 20:50:30.903046 n-d-712137-16 devstack@placement-api.service[103874]: [pid: 103874|app: 0|req: 352/709] 10.222.0.72 () {60 vars in 1380 bytes} [Fri Jan 21 20:50:30 2022] GET /placement/allocations/f1797c73-c1e6-48eb-8151-c9207c0dcdd9 => generated 19 bytes in 25 msecs (HTTP/1.1 200) 8 headers in 295 bytes (2 switches on core 0)
Jan 21 20:50:30.927452 n-d-712137-16 devstack@placement-api.service[103875]: DEBUG placement.requestlog [req-8252761d-e00b-4bde-a20c-770b996b87c7 req-a5748fa1-214d-4f54-898a-94b6667d10a8 None None] Starting request: 10.222.0.72 "PUT /placement/allocations/f1797c73-c1e6-48eb-8151-c9207c0dcdd9" {{(pid=103875) __call__ /opt/stack/placement/placement/requestlog.py:55}}
Jan 21 20:50:31.144138 n-d-712137-16 devstack@placement-api.service[103875]: DEBUG placement.handlers.allocation [req-8252761d-e00b-4bde-a20c-770b996b87c7 req-a5748fa1-214d-4f54-898a-94b6667d10a8 service placement] Successfully wrote allocations [, , ] {{(pid=103875) _update_consumers_and_create_allocations /opt/stack/placement/placement/handlers/allocation.py:462}}
Jan 21 20:50:31.149707 n-d-712137-16 devstack@placement-api.service[103875]: INFO placement.requestlog [req-8252761d-e00b-4bde-a20c-770b996b87c7 req-a5748fa1-214d-4f54-898a-94b6667d10a8 service placement] 10.222.0.72 "PUT /placement/allocations/f1797c73-c1e6-48eb-8151-c9207c0dcdd9" status: 204 len: 0 microversion: 1.36
