Jan 21 20:39:40.678499 n-d-712137-16 devstack@placement-api.service[103875]: [pid: 103875|app: 0|req: 122/239] 10.222.0.72 () {60 vars in 1380 bytes} [Fri Jan 21 20:39:40 2022] GET /placement/allocations/a148ef15-cd1c-4aec-ae19-1a14d84cf61e => generated 19 bytes in 27 msecs (HTTP/1.1 200) 8 headers in 295 bytes (1 switches on core 0)
Jan 21 20:39:40.683551 n-d-712137-16 devstack@placement-api.service[103874]: DEBUG placement.requestlog [req-5611c293-96db-44f6-a004-6f3400d8d104 req-b68d66f6-6ccd-4c17-9b50-dba2b2dd69f4 None None] Starting request: 10.222.0.72 "POST /placement/allocations" {{(pid=103874) __call__ /opt/stack/placement/placement/requestlog.py:55}}
Jan 21 20:39:40.808372 n-d-712137-16 devstack@placement-api.service[103874]: DEBUG placement.handlers.allocation [req-5611c293-96db-44f6-a004-6f3400d8d104 req-b68d66f6-6ccd-4c17-9b50-dba2b2dd69f4 service placement] Successfully wrote allocations [, , , , , ] {{(pid=103874) _update_consumers_and_create_allocations /opt/stack/placement/placement/handlers/allocation.py:572}}
Jan 21 20:39:40.813360 n-d-712137-16 devstack@placement-api.service[103874]: INFO placement.requestlog [req-5611c293-96db-44f6-a004-6f3400d8d104 req-b68d66f6-6ccd-4c17-9b50-dba2b2dd69f4 service placement] 10.222.0.72 "POST /placement/allocations" status: 204 len: 0 microversion: 1.28
Jan 21 20:39:40.832945 n-d-712137-16 devstack@placement-api.service[103874]: [pid: 103874|app: 0|req: 118/240] 10.222.0.72 () {64 vars in 1323 bytes} [Fri Jan 21 20:39:40 2022] POST /placement/allocations => generated 0 bytes in 131 msecs (HTTP/1.1 204) 5 headers in 199 bytes (1 switches on core 0)
Jan 21 20:39:40.863859 n-d-712137-16 devstack@placement-api.service[103875]: DEBUG placement.requestlog [req-5611c293-96db-44f6-a004-6f3400d8d104 req-7ce51ae9-59a7-4463-98d4-e82ca395b8ec None None] Starting request: 10.222.0.72 "GET /placement/allocations/43a9d0c2-6c0d-46a7-974a-d940d5600ccb" {{(pid=103875) __call__ /opt/stack/placement/placement/requestlog.py:55}}
Jan 21 20:39:40.879615 n-d-712137-16 devstack@placement-api.service[103875]: INFO placement.requestlog [req-5611c293-96db-44f6-a004-6f3400d8d104 req-7ce51ae9-59a7-4463-98d4-e82ca395b8ec service placement] 10.222.0.72 "GET /placement/allocations/43a9d0c2-6c0d-46a7-974a-d940d5600ccb" status: 200 len: 19 microversion: 1.28
Jan 21 20:39:40.886428 n-d-712137-16 devstack@placement-api.service[103875]: [pid: 103875|app: 0|req: 123/241] 10.222.0.72 () {60 vars in 1380 bytes} [Fri Jan 21 20:39:40 2022] GET /placement/allocations/43a9d0c2-6c0d-46a7-974a-d940d5600ccb => generated 19 bytes in 22 msecs (HTTP/1.1 200) 8 headers in 295 bytes (1 switches on core 0)
Jan 21 20:39:40.888836 n-d-712137-16 devstack@placement-api.service[103874]: DEBUG placement.requestlog [req-5611c293-96db-44f6-a004-6f3400d8d104 req-d334b49f-4af6-4e12-94fd-957128a0981b None None] Starting request: 10.222.0.72 "PUT /placement/allocations/43a9d0c2-6c0d-46a7-974a-d940d5600ccb" {{(pid=103874) __call__ /opt/stack/placement/placement/requestlog.py:55}}
Jan 21 20:39:40.997770 n-d-712137-16 devstack@placement-api.service[103874]: DEBUG placement.handlers.allocation [req-5611c293-96db-44f6-a004-6f3400d8d104 req-d334b49f-4af6-4e12-94fd-957128a0981b service placement] Successfully wrote allocations [, , ] {{(pid=103874) _update_consumers_and_create_allocations /opt/stack/placement/placement/handlers/allocation.py:462}}
Jan 21 20:39:41.005192 n-d-712137-16 devstack@placement-api.service[103874]: INFO placement.requestlog [req-5611c293-96db-44f6-a004-6f3400d8d104 req-d334b49f-4af6-4e12-94fd-957128a0981b service placement] 10.222.0.72 "PUT /placement/allocations/43a9d0c2-6c0d-46a7-974a-d940d5600ccb" status: 204 len: 0 microversion: 1.28
Jan 21 20:39:41.005929 n-d-712137-16 devstack@placement-api.service[103874]: [pid: 103874|app: 0|req: 119/242] 10.222.0.72 () {64 vars in 1433 bytes} [Fri Jan 21 20:39:40 2022] PUT /placement/allocations/43a9d0c2-6c0d-46a7-974a-d940d5600ccb => generated 0 bytes in 117 msecs (HTTP/1.1 204) 5 headers in 199 bytes (2 switches on core 0)
Jan 21 20:39:41.190482 n-d-712137-16 devstack@placement-api.service[103875]: DEBUG placement.requestlog [req-5611c293-96db-44f6-a004-6f3400d8d104 req-159eafc3-17d2-4b20-b112-48aaa200c2fb None None] Starting request: 10.222.0.85 "GET /placement/allocations/43a9d0c2-6c0d-46a7-974a-d940d5600ccb" {{(pid=103875) __call__ /opt/stack/placement/placement/requestlog.py:55}}
Jan 21 20:39:41.225745 n-d-712137-16 devstack@placement-api.service[103875]: INFO placement.requestlog [req-5611c293-96db-44f6-a004-6f3400d8d104 req-159eafc3-17d2-4b20-b112-48aaa200c2fb service placement] 10.222.0.85 "GET /placement/allocations/43a9d0c2-6c0d-46a7-974a-d940d5600ccb" status: 200 len: 259 microversion: 1.28
Jan 21 20:39:41.226430 n-d-712137-16 devstack@placement-api.service[103875]: [pid: 103875|app: 0|req: 124/243] 10.222.0.85 () {60 vars in 1377 bytes} [Fri Jan 21 20:39:41 2022] GET /placement/allocations/43a9d0c2-6c0d-46a7-974a-d940d5600ccb => generated 259 bytes in 36 msecs (HTTP/1.1 200) 8 headers in 296 bytes (1 switches on core 0)
Jan 21 20:39:43.267574 n-d-712137-16 devstack@placement-api.service[103874]: DEBUG placement.requestlog [req-a995ae7d-42c2-4f90-b5eb-66b8c8fa2874 req-fdf3ab76-da4c-4f32-af9f-82b33f63f3b7 None None] Starting request: 10.222.0.72 "GET /placement/allocation_candidates?resources=DISK_GB%3A1%2CMEMORY_MB%3A1024%2CVCPU%3A1&root_required=%21COMPUTE_STATUS_DISABLED" {{(pid=103874) __call__ /opt/stack/placement/placement/requestlog.py:55}}
Jan 21 20:39:43.303318 n-d-712137-16 devstack@placement-api.service[103874]: DEBUG placement.objects.research_context [req-a995ae7d-42c2-4f90-b5eb-66b8c8fa2874 req-fdf3ab76-da4c-4f32-af9f-82b33f63f3b7 service placement] getting providers with 1 DISK_GB {{(pid=103874) __init__ /opt/stack/placement/placement/objects/research_context.py:126}}
Jan 21 20:39:43.310272 n-d-712137-16 devstack@placement-api.service[103874]: DEBUG placement.objects.research_context [req-a995ae7d-42c2-4f90-b5eb-66b8c8fa2874 req-fdf3ab76-da4c-4f32-af9f-82b33f63f3b7 service placement] getting providers with 1024 MEMORY_MB {{(pid=103874) __init__ /opt/stack/placement/placement/objects/research_context.py:126}}
Jan 21 20:39:43.316831 n-d-712137-16 devstack@placement-api.service[103874]: DEBUG placement.objects.research_context [req-a995ae7d-42c2-4f90-b5eb-66b8c8fa2874 req-fdf3ab76-da4c-4f32-af9f-82b33f63f3b7 service placement] getting providers with 1 VCPU {{(pid=103874) __init__ /opt/stack/placement/placement/objects/research_context.py:126}}
Jan 21 20:39:43.327912 n-d-712137-16 devstack@placement-api.service[103874]: DEBUG placement.objects.research_context [req-a995ae7d-42c2-4f90-b5eb-66b8c8fa2874 req-fdf3ab76-da4c-4f32-af9f-82b33f63f3b7 service placement] found 2 providers with available 1 DISK_GB {{(pid=103874) get_provider_ids_matching /opt/stack/placement/placement/objects/research_context.py:549}}
Jan 21 20:39:43.328247 n-d-712137-16 devstack@placement-api.service[103874]: DEBUG placement.objects.research_context [req-a995ae7d-42c2-4f90-b5eb-66b8c8fa2874 req-fdf3ab76-da4c-4f32-af9f-82b33f63f3b7 service placement] found 2 providers with available 1024 MEMORY_MB {{(pid=103874) get_provider_ids_matching /opt/stack/placement/placement/objects/research_context.py:549}}
Jan 21 20:39:43.328342 n-d-712137-16 devstack@placement-api.service[103874]: DEBUG placement.objects.research_context [req-a995ae7d-42c2-4f90-b5eb-66b8c8fa2874 req-fdf3ab76-da4c-4f32-af9f-82b33f63f3b7 service placement] found 2 providers after filtering by previous result {{(pid=103874) get_provider_ids_matching /opt/stack/placement/placement/objects/research_context.py:580}}
Jan 21 20:39:43.328746 n-d-712137-16 devstack@placement-api.service[103874]: DEBUG placement.objects.research_context [req-a995ae7d-42c2-4f90-b5eb-66b8c8fa2874 req-fdf3ab76-da4c-4f32-af9f-82b33f63f3b7 service placement] found 2 providers with available 1 VCPU {{(pid=103874) get_provider_ids_matching /opt/stack/placement/placement/objects/research_context.py:549}}
Jan 21 20:39:43.329318 n-d-712137-16 devstack@placement-api.service[103874]: DEBUG placement.objects.research_context [req-a995ae7d-42c2-4f90-b5eb-66b8c8fa2874 req-fdf3ab76-da4c-4f32-af9f-82b33f63f3b7 service placement] found 2 providers after filtering by previous result {{(pid=103874) get_provider_ids_matching /opt/stack/placement/placement/objects/research_context.py:580}}
Jan 21 20:39:43.343751 n-d-712137-16 devstack@placement-api.service[103874]: DEBUG placement.objects.allocation_candidate [req-a995ae7d-42c2-4f90-b5eb-66b8c8fa2874 req-fdf3ab76-da4c-4f32-af9f-82b33f63f3b7 service placement] RequestGroup(use_same_provider=False, resources={DISK_GB:1, MEMORY_MB:1024, VCPU:1}, traits=[], aggregates=[]) (suffix '') returned 2 matches {{(pid=103874) _get_by_requests /opt/stack/placement/placement/objects/allocation_candidate.py:145}}
Jan 21 20:39:43.344518 n-d-712137-16 devstack@placement-api.service[103874]: DEBUG placement.objects.allocation_candidate [req-a995ae7d-42c2-4f90-b5eb-66b8c8fa2874 req-fdf3ab76-da4c-4f32-af9f-82b33f63f3b7 service placement] Merging candidates yields 2 allocation requests and 2 provider summaries {{(pid=103874) _merge_candidates /opt/stack/placement/placement/objects/allocation_candidate.py:783}}
Jan 21 20:39:43.346422 n-d-712137-16 devstack@placement-api.service[103874]: INFO placement.requestlog [req-a995ae7d-42c2-4f90-b5eb-66b8c8fa2874 req-fdf3ab76-da4c-4f32-af9f-82b33f63f3b7 service placement] 10.222.0.72 "GET /placement/allocation_candidates?resources=DISK_GB%3A1%2CMEMORY_MB%3A1024%2CVCPU%3A1&root_required=%21COMPUTE_STATUS_DISABLED" status: 200 len: 1310 microversion: 1.36
Jan 21 20:39:43.349528 n-d-712137-16 devstack@placement-api.service[103874]: [pid: 103874|app: 0|req: 120/244] 10.222.0.72 () {60 vars in 1484 bytes} [Fri Jan 21 20:39:43 2022] GET /placement/allocation_candidates?resources=DISK_GB%3A1%2CMEMORY_MB%3A1024%2CVCPU%3A1&root_required=%21COMPUTE_STATUS_DISABLED => generated 1310 bytes in 82 msecs (HTTP/1.1 200) 8 headers in 297 bytes (1 switches on core 0)
Jan 21 20:39:43.458922 n-d-712137-16 devstack@placement-api.service[103875]: DEBUG placement.requestlog [req-a995ae7d-42c2-4f90-b5eb-66b8c8fa2874 req-4e341d06-85e6-4bda-9122-40d9813d6d80 None None] Starting request: 10.222.0.72 "GET /placement/allocations/89993882-ba05-4789-a311-0b86272a7b47" {{(pid=103875) __call__ /opt/stack/placement/placement/requestlog.py:55}}
Jan 21 20:39:43.478616 n-d-712137-16 devstack@placement-api.service[103875]: INFO placement.requestlog [req-a995ae7d-42c2-4f90-b5eb-66b8c8fa2874 req-4e341d06-85e6-4bda-9122-40d9813d6d80 service placement] 10.222.0.72 "GET /placement/allocations/89993882-ba05-4789-a311-0b86272a7b47" status: 200 len: 19 microversion: 1.28
Jan 21 20:39:43.485303 n-d-712137-16 devstack@placement-api.service[103875]: [pid: 103875|app: 0|req: 125/245] 10.222.0.72 () {60 vars in 1380 bytes} [Fri Jan 21 20:39:43 2022] GET /placement/allocations/89993882-ba05-4789-a311-0b86272a7b47 => generated 19 bytes in 27 msecs (HTTP/1.1 200) 8 headers in 295 bytes (1 switches on core 0)
Jan 21 20:39:43.486078 n-d-712137-16 devstack@placement-api.service[103874]: DEBUG placement.requestlog [req-a995ae7d-42c2-4f90-b5eb-66b8c8fa2874 req-2d294b02-6f51-4c4c-bfd6-c0b2f278e324 None None] Starting request: 10.222.0.72 "PUT /placement/allocations/89993882-ba05-4789-a311-0b86272a7b47" {{(pid=103874) __call__ /opt/stack/placement/placement/requestlog.py:55}}
Jan 21 20:39:43.612764 n-d-712137-16 devstack@placement-api.service[103874]: DEBUG placement.handlers.allocation [req-a995ae7d-42c2-4f90-b5eb-66b8c8fa2874 req-2d294b02-6f51-4c4c-bfd6-c0b2f278e324 service placement] Successfully wrote allocations [, , ] {{(pid=103874) _update_consumers_and_create_allocations /opt/stack/placement/placement/handlers/allocation.py:462}}
Jan 21 20:39:43.622629 n-d-712137-16 devstack@placement-api.service[103874]: INFO placement.requestlog [req-a995ae7d-42c2-4f90-b5eb-66b8c8fa2874 req-2d294b02-6f51-4c4c-bfd6-c0b2f278e324 service placement] 10.222.0.72 "PUT /placement/allocations/89993882-ba05-4789-a311-0b86272a7b47" status: 204 len: 0 microversion: 1.36
Jan 21 20:39:43.623579 n-d-712137-16 devstack@placement-api.service[103874]: [pid: 103874|app: 0|req: 121/246] 10.222.0.72 () {64 vars in 1433 bytes} [Fri Jan 21 20:39:43 2022] PUT /placement/allocations/89993882-ba05-4789-a311-0b86272a7b47 => generated 0 bytes in 138 msecs (HTTP/1.1 204) 5 headers in 199 bytes (1 switches on core 0)
Jan 21 20:39:43.678754 n-d-712137-16 devstack@placement-api.service[103875]: DEBUG placement.requestlog [req-a995ae7d-42c2-4f90-b5eb-66b8c8fa2874 req-87c5be02-9288-4189-a806-fc6004f5114e None None] Starting request: 10.222.0.72 "GET /placement/allocations/dede37a9-5c5e-4bfc-933a-b8e7b67b52f9" {{(pid=103875) __call__ /opt/stack/placement/placement/requestlog.py:55}}
Jan 21 20:39:43.701015 n-d-712137-16 devstack@placement-api.service[103875]: INFO placement.requestlog [req-a995ae7d-42c2-4f90-b5eb-66b8c8fa2874 req-87c5be02-9288-4189-a806-fc6004f5114e service placement] 10.222.0.72 "GET /placement/allocations/dede37a9-5c5e-4bfc-933a-b8e7b67b52f9" status: 200 len: 19 microversion: 1.28
Jan 21 20:39:43.701663 n-d-712137-16 devstack@placement-api.service[103875]: [pid: 103875|app: 0|req: 126/247] 10.222.0.72 () {60 vars in 1380 bytes} [Fri Jan 21 20:39:43 2022] GET /placement/allocations/dede37a9-5c5e-4bfc-933a-b8e7b67b52f9 => generated 19 bytes in 23 msecs (HTTP/1.1 200) 8 headers in 295 bytes (1 switches on core 0)
Jan 21 20:39:43.708082 n-d-712137-16 devstack@placement-api.service[103874]: DEBUG placement.requestlog [req-a995ae7d-42c2-4f90-b5eb-66b8c8fa2874 req-2fb2c911-5b43-4813-9970-838f4cfff0a7 None None] Starting request: 10.222.0.72 "PUT /placement/allocations/dede37a9-5c5e-4bfc-933a-b8e7b67b52f9" {{(pid=103874) __call__ /opt/stack/placement/placement/requestlog.py:55}}
Jan 21 20:39:43.786899 n-d-712137-16 devstack@placement-api.service[103875]: DEBUG placement.requestlog [req-8691b15e-882a-48d9-a894-acc55634192f req-bc1ec552-cb89-4576-b558-06f83448d195 None None] Starting request: 10.222.0.85 "GET /placement/resource_providers/920b0db2-25b6-49d6-a916-8f91146a8264/allocations" {{(pid=103875) __call__ /opt/stack/placement/placement/requestlog.py:55}}
Jan 21 20:39:43.829249 n-d-712137-16 devstack@placement-api.service[103875]: INFO placement.requestlog [req-8691b15e-882a-48d9-a894-acc55634192f req-bc1ec552-cb89-4576-b558-06f83448d195 service placement] 10.222.0.85 "GET /placement/resource_providers/920b0db2-25b6-49d6-a916-8f91146a8264/allocations" status: 200 len: 962 microversion: 1.0
Jan 21 20:39:43.830025 n-d-712137-16 devstack@placement-api.service[103875]: [pid: 103875|app: 0|req: 127/248] 10.222.0.85 () {58 vars in 1390 bytes} [Fri Jan 21 20:39:43 2022] GET /placement/resource_providers/920b0db2-25b6-49d6-a916-8f91146a8264/allocations => generated 962 bytes in 43 msecs (HTTP/1.1 200) 6 headers in 224 bytes (2 switches on core 0)
Jan 21 20:39:43.835803 n-d-712137-16 devstack@placement-api.service[103874]: DEBUG placement.handlers.allocation [req-a995ae7d-42c2-4f90-b5eb-66b8c8fa2874 req-2fb2c911-5b43-4813-9970-838f4cfff0a7 service placement] Successfully wrote allocations [, , ] {{(pid=103874) _update_consumers_and_create_allocations /opt/stack/placement/placement/handlers/allocation.py:462}}
Jan 21 20:39:43.848664 n-d-712137-16 devstack@placement-api.service[103874]: INFO placement.requestlog [req-a995ae7d-42c2-4f90-b5eb-66b8c8fa2874 req-2fb2c911-5b43-4813-9970-838f4cfff0a7 service placement] 10.222.0.72 "PUT /placement/allocations/dede37a9-5c5e-4bfc-933a-b8e7b67b52f9" status: 204 len: 0 microversion: 1.36
Jan 21 20:39:43.854316 n-d-712137-16 devstack@placement-api.service[103874]: [pid: 103874|app: 0|req: 122/249] 10.222.0.72 () {64 vars in 1433 bytes} [Fri Jan 21 20:39:43 2022] PUT /placement/allocations/dede37a9-5c5e-4bfc-933a-b8e7b67b52f9 => generated 0 bytes in 147 msecs (HTTP/1.1 204) 5 headers in 199 bytes (1 switches on core 0)
Jan 21 20:39:44.528949 n-d-712137-16 devstack@placement-api.service[103875]: DEBUG placement.requestlog [req-a995ae7d-42c2-4f90-b5eb-66b8c8fa2874 req-ad6f5d0e-3cf8-4e97-aae9-1107c6870306 None None] Starting request: 10.222.0.79 "GET /placement/allocations/89993882-ba05-4789-a311-0b86272a7b47" {{(pid=103875) __call__ /opt/stack/placement/placement/requestlog.py:55}}
Jan 21 20:39:44.565704 n-d-712137-16 devstack@placement-api.service[103875]: INFO placement.requestlog [req-a995ae7d-42c2-4f90-b5eb-66b8c8fa2874 req-ad6f5d0e-3cf8-4e97-aae9-1107c6870306 service placement] 10.222.0.79 "GET /placement/allocations/89993882-ba05-4789-a311-0b86272a7b47" status: 200 len: 259 microversion: 1.28
Jan 21 20:39:44.567585 n-d-712137-16 devstack@placement-api.service[103875]: [pid: 103875|app: 0|req: 128/250] 10.222.0.79 () {60 vars in 1377 bytes} [Fri Jan 21 20:39:44 2022] GET /placement/allocations/89993882-ba05-4789-a311-0b86272a7b47 => generated 259 bytes in 39 msecs (HTTP/1.1 200) 8 headers in 296 bytes (1 switches on core 0)
Jan 21 20:39:44.717245 n-d-712137-16 devstack@placement-api.service[103874]: DEBUG placement.requestlog [req-a995ae7d-42c2-4f90-b5eb-66b8c8fa2874 req-2f984cf7-6cb4-4f98-894a-a5a5771326e8 None None] Starting request: 10.222.0.85 "GET /placement/allocations/dede37a9-5c5e-4bfc-933a-b8e7b67b52f9" {{(pid=103874) __call__ /opt/stack/placement/placement/requestlog.py:55}}
Jan 21 20:39:44.752264 n-d-712137-16 devstack@placement-api.service[103874]: INFO placement.requestlog [req-a995ae7d-42c2-4f90-b5eb-66b8c8fa2874 req-2f984cf7-6cb4-4f98-894a-a5a5771326e8 service placement] 10.222.0.85 "GET /placement/allocations/dede37a9-5c5e-4bfc-933a-b8e7b67b52f9" status: 200 len: 259 microversion: 1.28
Jan 21 20:39:44.753964 n-d-712137-16 devstack@placement-api.service[103874]: [pid: 103874|app: 0|req: 123/251] 10.222.0.85 () {60 vars in 1377 bytes} [Fri Jan 21 20:39:44 2022] GET /placement/allocations/dede37a9-5c5e-4bfc-933a-b8e7b67b52f9 => generated 259 bytes in 37 msecs (HTTP/1.1 200) 8 headers in 296 bytes (1 switches on core 0)
Jan 21 20:39:45.957348 n-d-712137-16 devstack@placement-api.service[103875]: DEBUG placement.requestlog [req-345d3170-8ca2-4e7c-9c8c-63360b622b2d req-92589168-098a-4ecb-9434-6c35a128f66e None None] Starting request: 10.222.0.85 "GET /placement/allocations/c1128e78-d6cd-4806-9285-b7c646b59ae8" {{(pid=103875) __call__ /opt/stack/placement/placement/requestlog.py:55}}
Jan 21 20:39:45.982195 n-d-712137-16 devstack@placement-api.service[103875]: INFO placement.requestlog [req-345d3170-8ca2-4e7c-9c8c-63360b622b2d req-92589168-098a-4ecb-9434-6c35a128f66e service placement] 10.222.0.85 "GET /placement/allocations/c1128e78-d6cd-4806-9285-b7c646b59ae8" status: 200 len: 259 microversion: 1.28
Jan 21 20:39:45.983175 n-d-712137-16 devstack@placement-api.service[103875]: [pid: 103875|app: 0|req: 129/252] 10.222.0.85 () {60 vars in 1377 bytes} [Fri Jan 21 20:39:45 2022] GET /placement/allocations/c1128e78-d6cd-4806-9285-b7c646b59ae8 => generated 259 bytes in 26 msecs (HTTP/1.1 200) 8 headers in 296 bytes (1 switches on core 0)
Jan 21 20:39:47.878199 n-d-712137-16 devstack@placement-api.service[103874]: DEBUG placement.requestlog [req-3806ee49-de48-48b6-af13-37d1fc72df1a req-ce2ea358-452f-408e-aba3-17a68e0f1e37 None None] Starting request: 10.222.0.79 "GET /placement/resource_providers/8101f9d8-edd1-4686-bad4-3b4e223fd337/allocations" {{(pid=103874) __call__ /opt/stack/placement/placement/requestlog.py:55}}
Jan 21 20:39:47.921196 n-d-712137-16 devstack@placement-api.service[103874]: INFO placement.requestlog [req-3806ee49-de48-48b6-af13-37d1fc72df1a req-ce2ea358-452f-408e-aba3-17a68e0f1e37 service placement] 10.222.0.79 "GET /placement/resource_providers/8101f9d8-edd1-4686-bad4-3b4e223fd337/allocations" status: 200 len: 861 microversion: 1.0
Jan 21 20:39:47.922833 n-d-712137-16 devstack@placement-api.service[103874]: [pid: 103874|app: 0|req: 124/253] 10.222.0.79 () {58 vars in 1390 bytes} [Fri Jan 21 20:39:47 2022] GET /placement/resource_providers/8101f9d8-edd1-4686-bad4-3b4e223fd337/allocations => generated 861 bytes in 45 msecs (HTTP/1.1 200) 6 headers in 224 bytes (1 switches on core 0)
Jan 21 20:39:58.208623 n-d-712137-16 devstack@placement-api.service[103875]: DEBUG placement.requestlog [None req-af504ef1-26df-4f24-96bf-65f8e76dd2cd None None] Starting request: 10.222.0.72 "GET /placement/" {{(pid=103875) __call__ /opt/stack/placement/placement/requestlog.py:55}}
Jan 21 20:39:58.210840 n-d-712137-16 devstack@placement-api.service[103875]: INFO placement.requestlog [None req-af504ef1-26df-4f24-96bf-65f8e76dd2cd None None] 10.222.0.72 "GET /placement/" status: 200 len: 136 microversion: 1.0
Jan 21 20:39:58.226115 n-d-712137-16 devstack@placement-api.service[103874]: DEBUG placement.requestlog [req-b051a055-222e-4f1c-9e85-2ddf6fa5f59c req-056e72e0-e15b-4430-a255-9d91dc26b3ba None None] Starting request: 10.222.0.72 "GET /placement/allocations/8645a75e-f427-40d6-9d25-7b917cebb082" {{(pid=103874) __call__ /opt/stack/placement/placement/requestlog.py:55}}
Jan 21 20:39:58.234965 n-d-712137-16 devstack@placement-api.service[103875]: [pid: 103875|app: 0|req: 130/254] 10.222.0.72 () {54 vars in 916 bytes} [Fri Jan 21 20:39:58 2022] GET /placement => generated 136 bytes in 75 msecs (HTTP/1.1 200) 6 headers in 224 bytes (1 switches on core 0)
Jan 21 20:39:58.391412 n-d-712137-16 devstack@placement-api.service[103874]: INFO placement.requestlog [req-b051a055-222e-4f1c-9e85-2ddf6fa5f59c req-056e72e0-e15b-4430-a255-9d91dc26b3ba service placement] 10.222.0.72 "GET /placement/allocations/8645a75e-f427-40d6-9d25-7b917cebb082" status: 200 len: 259 microversion: 1.28
Jan 21 20:39:58.401927 n-d-712137-16 devstack@placement-api.service[103875]: DEBUG placement.requestlog [req-b051a055-222e-4f1c-9e85-2ddf6fa5f59c req-2f350e03-160f-4705-8750-fce66a79b5e3 None None] Starting request: 10.222.0.72 "GET /placement/allocations/8645a75e-f427-40d6-9d25-7b917cebb082" {{(pid=103875) __call__ /opt/stack/placement/placement/requestlog.py:55}}
Jan 21 20:39:58.416212 n-d-712137-16 devstack@placement-api.service[103874]: [pid: 103874|app: 0|req: 125/255] 10.222.0.72 () {60 vars in 1380 bytes} [Fri Jan 21 20:39:58 2022] GET /placement/allocations/8645a75e-f427-40d6-9d25-7b917cebb082 => generated 259 bytes in 190 msecs (HTTP/1.1 200) 8 headers in 296 bytes (1 switches on core 0)
Jan 21 20:39:58.445851 n-d-712137-16 devstack@placement-api.service[103875]: INFO placement.requestlog [req-b051a055-222e-4f1c-9e85-2ddf6fa5f59c req-2f350e03-160f-4705-8750-fce66a79b5e3 service placement] 10.222.0.72 "GET /placement/allocations/8645a75e-f427-40d6-9d25-7b917cebb082" status: 200 len: 259 microversion: 1.28
Jan 21 20:39:58.456926 n-d-712137-16 devstack@placement-api.service[103874]: DEBUG placement.requestlog [req-b051a055-222e-4f1c-9e85-2ddf6fa5f59c req-46d870c8-fe88-47b1-95c2-31e4673c5568 None None] Starting request: 10.222.0.72 "GET /placement/allocations/107e9e52-8861-47fe-8e5d-c165c98f6176" {{(pid=103874) __call__ /opt/stack/placement/placement/requestlog.py:55}}
Jan 21 20:39:58.468011 n-d-712137-16 devstack@placement-api.service[103875]: [pid: 103875|app: 0|req: 131/256] 10.222.0.72 () {60 vars in 1380 bytes} [Fri Jan 21 20:39:58 2022] GET /placement/allocations/8645a75e-f427-40d6-9d25-7b917cebb082 => generated 259 bytes in 67 msecs (HTTP/1.1 200) 8 headers in 296 bytes (1 switches on core 0)
Jan 21 20:39:58.476352 n-d-712137-16 devstack@placement-api.service[103874]: INFO placement.requestlog [req-b051a055-222e-4f1c-9e85-2ddf6fa5f59c req-46d870c8-fe88-47b1-95c2-31e4673c5568 service placement] 10.222.0.72 "GET /placement/allocations/107e9e52-8861-47fe-8e5d-c165c98f6176" status: 200 len: 19 microversion: 1.28
Jan 21 20:39:58.500010 n-d-712137-16 devstack@placement-api.service[103875]: DEBUG placement.requestlog [req-b051a055-222e-4f1c-9e85-2ddf6fa5f59c req-17a5a566-7166-4098-861d-6a2f780805d2 None None] Starting request: 10.222.0.72 "POST /placement/allocations" {{(pid=103875) __call__ /opt/stack/placement/placement/requestlog.py:55}}
Jan 21 20:39:58.510688 n-d-712137-16 devstack@placement-api.service[103874]: [pid: 103874|app: 0|req: 126/257] 10.222.0.72 () {60 vars in 1380 bytes} [Fri Jan 21 20:39:58 2022] GET /placement/allocations/107e9e52-8861-47fe-8e5d-c165c98f6176 => generated 19 bytes in 54 msecs (HTTP/1.1 200) 8 headers in 295 bytes (2 switches on core 0)
Jan 21 20:39:58.766668 n-d-712137-16 devstack@placement-api.service[103875]: DEBUG placement.handlers.allocation [req-b051a055-222e-4f1c-9e85-2ddf6fa5f59c req-17a5a566-7166-4098-861d-6a2f780805d2 service placement] Successfully wrote allocations [, , , , , ] {{(pid=103875) _update_consumers_and_create_allocations /opt/stack/placement/placement/handlers/allocation.py:572}}
Jan 21 20:39:58.782048 n-d-712137-16 devstack@placement-api.service[103875]: INFO placement.requestlog [req-b051a055-222e-4f1c-9e85-2ddf6fa5f59c req-17a5a566-7166-4098-861d-6a2f780805d2 service placement] 10.222.0.72 "POST /placement/allocations" status: 204 len: 0 microversion: 1.28
Jan 21 20:39:58.782757 n-d-712137-16 devstack@placement-api.service[103875]: [pid: 103875|app: 0|req: 132/258] 10.222.0.72 () {64 vars in 1323 bytes} [Fri Jan 21 20:39:58 2022] POST /placement/allocations => generated 0 bytes in 283 msecs (HTTP/1.1 204) 5 headers in 199 bytes (1 switches on core 0)
Jan 21 20:39:58.812511 n-d-712137-16 devstack@placement-api.service[103874]: DEBUG placement.requestlog [req-b051a055-222e-4f1c-9e85-2ddf6fa5f59c req-daea819c-663f-43fe-8b5b-7029c0d91998 None None] Starting request: 10.222.0.72 "GET /placement/allocation_candidates?limit=1000&resources=DISK_GB%3A1%2CMEMORY_MB%3A512%2CVCPU%3A1&root_required=%21COMPUTE_STATUS_DISABLED" {{(pid=103874) __call__ /opt/stack/placement/placement/requestlog.py:55}}
Jan 21 20:39:58.886497 n-d-712137-16 devstack@placement-api.service[103874]: DEBUG placement.objects.research_context [req-b051a055-222e-4f1c-9e85-2ddf6fa5f59c req-daea819c-663f-43fe-8b5b-7029c0d91998 service placement] getting providers with 1 DISK_GB {{(pid=103874) __init__ /opt/stack/placement/placement/objects/research_context.py:126}}
Jan 21 20:39:58.906832 n-d-712137-16 devstack@placement-api.service[103874]: DEBUG placement.objects.research_context [req-b051a055-222e-4f1c-9e85-2ddf6fa5f59c req-daea819c-663f-43fe-8b5b-7029c0d91998 service placement] getting providers with 512 MEMORY_MB {{(pid=103874) __init__ /opt/stack/placement/placement/objects/research_context.py:126}}
Jan 21 20:39:58.921849 n-d-712137-16 devstack@placement-api.service[103874]: DEBUG placement.objects.research_context [req-b051a055-222e-4f1c-9e85-2ddf6fa5f59c req-daea819c-663f-43fe-8b5b-7029c0d91998 service placement] getting providers with 1 VCPU {{(pid=103874) __init__ /opt/stack/placement/placement/objects/research_context.py:126}}
Jan 21 20:39:58.938725 n-d-712137-16 devstack@placement-api.service[103874]: DEBUG placement.objects.research_context [req-b051a055-222e-4f1c-9e85-2ddf6fa5f59c req-daea819c-663f-43fe-8b5b-7029c0d91998 service placement] found 2 providers with available 1 DISK_GB {{(pid=103874) get_provider_ids_matching /opt/stack/placement/placement/objects/research_context.py:549}}
Jan 21 20:39:58.939155 n-d-712137-16 devstack@placement-api.service[103874]: DEBUG placement.objects.research_context [req-b051a055-222e-4f1c-9e85-2ddf6fa5f59c req-daea819c-663f-43fe-8b5b-7029c0d91998 service placement] found 2 providers with available 512 MEMORY_MB {{(pid=103874) get_provider_ids_matching /opt/stack/placement/placement/objects/research_context.py:549}}
Jan 21 20:39:58.939435 n-d-712137-16 devstack@placement-api.service[103874]: DEBUG placement.objects.research_context [req-b051a055-222e-4f1c-9e85-2ddf6fa5f59c req-daea819c-663f-43fe-8b5b-7029c0d91998 service placement] found 2 providers after filtering by previous result {{(pid=103874) get_provider_ids_matching /opt/stack/placement/placement/objects/research_context.py:580}}
Jan 21 20:39:58.939697 n-d-712137-16 devstack@placement-api.service[103874]: DEBUG placement.objects.research_context [req-b051a055-222e-4f1c-9e85-2ddf6fa5f59c req-daea819c-663f-43fe-8b5b-7029c0d91998 service placement] found 2 providers with available 1 VCPU {{(pid=103874) get_provider_ids_matching /opt/stack/placement/placement/objects/research_context.py:549}}
Jan 21 20:39:58.939968 n-d-712137-16 devstack@placement-api.service[103874]: DEBUG placement.objects.research_context [req-b051a055-222e-4f1c-9e85-2ddf6fa5f59c req-daea819c-663f-43fe-8b5b-7029c0d91998 service placement] found 2 providers after filtering by previous result {{(pid=103874) get_provider_ids_matching /opt/stack/placement/placement/objects/research_context.py:580}}
Jan 21 20:39:58.976372 n-d-712137-16 devstack@placement-api.service[103874]: DEBUG placement.objects.allocation_candidate [req-b051a055-222e-4f1c-9e85-2ddf6fa5f59c req-daea819c-663f-43fe-8b5b-7029c0d91998 service placement] RequestGroup(use_same_provider=False, resources={DISK_GB:1, MEMORY_MB:512, VCPU:1}, traits=[], aggregates=[]) (suffix '') returned 2 matches {{(pid=103874) _get_by_requests /opt/stack/placement/placement/objects/allocation_candidate.py:145}}
Jan 21 20:39:58.977430 n-d-712137-16 devstack@placement-api.service[103874]: DEBUG placement.objects.allocation_candidate [req-b051a055-222e-4f1c-9e85-2ddf6fa5f59c req-daea819c-663f-43fe-8b5b-7029c0d91998 service placement] Merging candidates yields 2 allocation requests and 2 provider summaries {{(pid=103874) _merge_candidates /opt/stack/placement/placement/objects/allocation_candidate.py:783}}
Jan 21 20:39:58.982245 n-d-712137-16 devstack@placement-api.service[103874]: INFO placement.requestlog [req-b051a055-222e-4f1c-9e85-2ddf6fa5f59c req-daea819c-663f-43fe-8b5b-7029c0d91998 service placement] 10.222.0.72 "GET /placement/allocation_candidates?limit=1000&resources=DISK_GB%3A1%2CMEMORY_MB%3A512%2CVCPU%3A1&root_required=%21COMPUTE_STATUS_DISABLED" status: 200 len: 1310 microversion: 1.36
Jan 21 20:39:58.985321 n-d-712137-16 devstack@placement-api.service[103874]: [pid: 103874|app: 0|req: 127/259] 10.222.0.72 () {60 vars in 1504 bytes} [Fri Jan 21 20:39:58 2022] GET /placement/allocation_candidates?limit=1000&resources=DISK_GB%3A1%2CMEMORY_MB%3A512%2CVCPU%3A1&root_required=%21COMPUTE_STATUS_DISABLED => generated 1310 bytes in 174 msecs (HTTP/1.1 200) 8 headers in 297 bytes (1 switches on core 0)
Jan 21 20:39:59.113642 n-d-712137-16 devstack@placement-api.service[103875]: DEBUG placement.requestlog [req-b051a055-222e-4f1c-9e85-2ddf6fa5f59c req-347e9e68-c210-40de-96a7-5d7749cb6325 None None] Starting request: 10.222.0.72 "GET /placement/allocations/8645a75e-f427-40d6-9d25-7b917cebb082" {{(pid=103875) __call__ /opt/stack/placement/placement/requestlog.py:55}}
Jan 21 20:39:59.130134 n-d-712137-16 devstack@placement-api.service[103875]: INFO placement.requestlog [req-b051a055-222e-4f1c-9e85-2ddf6fa5f59c req-347e9e68-c210-40de-96a7-5d7749cb6325 service placement] 10.222.0.72 "GET /placement/allocations/8645a75e-f427-40d6-9d25-7b917cebb082" status: 200 len: 19 microversion: 1.28
Jan 21 20:39:59.145724 n-d-712137-16 devstack@placement-api.service[103874]: DEBUG placement.requestlog [req-b051a055-222e-4f1c-9e85-2ddf6fa5f59c req-977db0a2-2aa2-4c77-a14f-a469527a73b6 None None] Starting request: 10.222.0.72 "PUT /placement/allocations/8645a75e-f427-40d6-9d25-7b917cebb082" {{(pid=103874) __call__ /opt/stack/placement/placement/requestlog.py:55}}
Jan 21 20:39:59.151362 n-d-712137-16 devstack@placement-api.service[103875]: [pid: 103875|app: 0|req: 133/260] 10.222.0.72 () {60 vars in 1380 bytes} [Fri Jan 21 20:39:59 2022] GET /placement/allocations/8645a75e-f427-40d6-9d25-7b917cebb082 => generated 19 bytes in 38 msecs (HTTP/1.1 200) 8 headers in 295 bytes (1 switches on core 0)
Jan 21 20:39:59.312909 n-d-712137-16 devstack@placement-api.service[103874]: DEBUG placement.handlers.allocation [req-b051a055-222e-4f1c-9e85-2ddf6fa5f59c req-977db0a2-2aa2-4c77-a14f-a469527a73b6 service placement] Successfully wrote allocations [, , ] {{(pid=103874) _update_consumers_and_create_allocations /opt/stack/placement/placement/handlers/allocation.py:462}}
Jan 21 20:39:59.327098 n-d-712137-16 devstack@placement-api.service[103874]: INFO placement.requestlog [req-b051a055-222e-4f1c-9e85-2ddf6fa5f59c req-977db0a2-2aa2-4c77-a14f-a469527a73b6 service placement] 10.222.0.72 "PUT /placement/allocations/8645a75e-f427-40d6-9d25-7b917cebb082" status: 204 len: 0 microversion: 1.36
Jan 21 20:39:59.334603 n-d-712137-16 devstack@placement-api.service[103874]: [pid: 103874|app: 0|req: 128/261] 10.222.0.72 () {64 vars in 1433 bytes} [Fri Jan 21 20:39:59 2022] PUT /placement/allocations/8645a75e-f427-40d6-9d25-7b917cebb082 => generated 0 bytes in 182 msecs (HTTP/1.1 204) 5 headers in 199 bytes (3 switches on core 0)
Jan 21 20:39:59.752375 n-d-712137-16 devstack@placement-api.service[103875]: DEBUG placement.requestlog [req-b051a055-222e-4f1c-9e85-2ddf6fa5f59c req-e55bb336-7da6-4c1c-8c6f-1cfd69b8e773 None None] Starting request: 10.222.0.79 "GET /placement/allocations/8645a75e-f427-40d6-9d25-7b917cebb082" {{(pid=103875) __call__ /opt/stack/placement/placement/requestlog.py:55}}
Jan 21 20:39:59.785249 n-d-712137-16 devstack@placement-api.service[103875]: INFO placement.requestlog [req-b051a055-222e-4f1c-9e85-2ddf6fa5f59c req-e55bb336-7da6-4c1c-8c6f-1cfd69b8e773 service placement] 10.222.0.79 "GET /placement/allocations/8645a75e-f427-40d6-9d25-7b917cebb082" status: 200 len: 258 microversion: 1.28
Jan 21 20:39:59.786159 n-d-712137-16 devstack@placement-api.service[103875]: [pid: 103875|app: 0|req: 134/262] 10.222.0.79 () {60 vars in 1377 bytes} [Fri Jan 21 20:39:59 2022] GET /placement/allocations/8645a75e-f427-40d6-9d25-7b917cebb082 => generated 258 bytes in 34 msecs (HTTP/1.1 200) 8 headers in 296 bytes (1 switches on core 0)
Jan 21 20:40:01.960647 n-d-712137-16 devstack@placement-api.service[103874]: DEBUG placement.requestlog [req-678ee942-e368-4105-8b36-167a9b1b0d7c req-b60190ec-116c-4c9e-abcd-54b59edd69b7 None None] Starting request: 10.222.0.79 "DELETE /placement/allocations/ed27c08b-4759-4ffe-8a97-ee5c7788a936" {{(pid=103874) __call__ /opt/stack/placement/placement/requestlog.py:55}}
Jan 21 20:40:02.089545 n-d-712137-16 devstack@placement-api.service[103874]: DEBUG placement.handlers.allocation [req-678ee942-e368-4105-8b36-167a9b1b0d7c req-b60190ec-116c-4c9e-abcd-54b59edd69b7 service placement] Successfully deleted allocations [, , ] {{(pid=103874) delete_allocations /opt/stack/placement/placement/handlers/allocation.py:627}}
Jan 21 20:40:02.091145 n-d-712137-16 devstack@placement-api.service[103874]: INFO placement.requestlog [req-678ee942-e368-4105-8b36-167a9b1b0d7c req-b60190ec-116c-4c9e-abcd-54b59edd69b7 service placement] 10.222.0.79 "DELETE /placement/allocations/ed27c08b-4759-4ffe-8a97-ee5c7788a936" status: 204 len: 0 microversion: 1.0
Jan 21 20:40:02.092256 n-d-712137-16 devstack@placement-api.service[103874]: [pid: 103874|app: 0|req: 129/263] 10.222.0.79 () {60 vars in 1355 bytes} [Fri Jan 21 20:40:01 2022] DELETE /placement/allocations/ed27c08b-4759-4ffe-8a97-ee5c7788a936 => generated 0 bytes in 132 msecs (HTTP/1.1 204) 5 headers in 198 bytes (1 switches on core 0)
Jan 21 20:40:04.800682 n-d-712137-16 devstack@placement-api.service[103875]: DEBUG placement.requestlog [req-af627646-50c7-4744-bf11-b63141dff6cd req-4e1dee96-61a3-4d9c-bc0c-e25252a32886 None None] Starting request: 10.222.0.72 "GET /placement/allocation_candidates?limit=1000&resources=DISK_GB%3A1%2CMEMORY_MB%3A1024%2CVCPU%3A1&root_required=%21COMPUTE_STATUS_DISABLED" {{(pid=103875) __call__ /opt/stack/placement/placement/requestlog.py:55}}
Jan 21 20:40:04.887607 n-d-712137-16 devstack@placement-api.service[103875]: DEBUG placement.objects.research_context [req-af627646-50c7-4744-bf11-b63141dff6cd req-4e1dee96-61a3-4d9c-bc0c-e25252a32886 service placement] getting providers with 1 DISK_GB {{(pid=103875) __init__ /opt/stack/placement/placement/objects/research_context.py:126}}
Jan 21 20:40:04.900063 n-d-712137-16 devstack@placement-api.service[103875]: DEBUG placement.objects.research_context [req-af627646-50c7-4744-bf11-b63141dff6cd req-4e1dee96-61a3-4d9c-bc0c-e25252a32886 service placement] getting providers with 1024 MEMORY_MB {{(pid=103875) __init__ /opt/stack/placement/placement/objects/research_context.py:126}}
Jan 21 20:40:04.907766 n-d-712137-16 devstack@placement-api.service[103875]: DEBUG placement.objects.research_context [req-af627646-50c7-4744-bf11-b63141dff6cd req-4e1dee96-61a3-4d9c-bc0c-e25252a32886 service placement] getting providers with 1 VCPU {{(pid=103875) __init__ /opt/stack/placement/placement/objects/research_context.py:126}}
Jan 21 20:40:04.917783 n-d-712137-16 devstack@placement-api.service[103875]: DEBUG placement.objects.research_context [req-af627646-50c7-4744-bf11-b63141dff6cd req-4e1dee96-61a3-4d9c-bc0c-e25252a32886 service placement] found 2 providers with available 1 DISK_GB {{(pid=103875) get_provider_ids_matching /opt/stack/placement/placement/objects/research_context.py:549}}
Jan 21 20:40:04.918243 n-d-712137-16 devstack@placement-api.service[103875]: DEBUG placement.objects.research_context [req-af627646-50c7-4744-bf11-b63141dff6cd req-4e1dee96-61a3-4d9c-bc0c-e25252a32886 service placement] found 2 providers with available 1024 MEMORY_MB {{(pid=103875) get_provider_ids_matching /opt/stack/placement/placement/objects/research_context.py:549}}
Jan 21 20:40:04.918905 n-d-712137-16 devstack@placement-api.service[103875]: DEBUG placement.objects.research_context [req-af627646-50c7-4744-bf11-b63141dff6cd req-4e1dee96-61a3-4d9c-bc0c-e25252a32886 service placement] found 2 providers after filtering by previous result {{(pid=103875) get_provider_ids_matching /opt/stack/placement/placement/objects/research_context.py:580}}
Jan 21 20:40:04.919373 n-d-712137-16 devstack@placement-api.service[103875]: DEBUG placement.objects.research_context [req-af627646-50c7-4744-bf11-b63141dff6cd req-4e1dee96-61a3-4d9c-bc0c-e25252a32886 service placement] found 2 providers with available 1 VCPU {{(pid=103875) get_provider_ids_matching /opt/stack/placement/placement/objects/research_context.py:549}}
Jan 21 20:40:04.921518 n-d-712137-16 devstack@placement-api.service[103875]: DEBUG placement.objects.research_context [req-af627646-50c7-4744-bf11-b63141dff6cd req-4e1dee96-61a3-4d9c-bc0c-e25252a32886 service placement] found 2 providers after filtering by previous result {{(pid=103875) get_provider_ids_matching /opt/stack/placement/placement/objects/research_context.py:580}}
Jan 21 20:40:04.937457 n-d-712137-16 devstack@placement-api.service[103875]: DEBUG placement.objects.allocation_candidate [req-af627646-50c7-4744-bf11-b63141dff6cd req-4e1dee96-61a3-4d9c-bc0c-e25252a32886 service placement] RequestGroup(use_same_provider=False, resources={DISK_GB:1, MEMORY_MB:1024, VCPU:1}, traits=[], aggregates=[]) (suffix '') returned 2 matches {{(pid=103875) _get_by_requests /opt/stack/placement/placement/objects/allocation_candidate.py:145}}
Jan 21 20:40:04.937831 n-d-712137-16 devstack@placement-api.service[103875]: DEBUG placement.objects.allocation_candidate [req-af627646-50c7-4744-bf11-b63141dff6cd req-4e1dee96-61a3-4d9c-bc0c-e25252a32886 service placement] Merging candidates yields 2 allocation requests and 2 provider summaries {{(pid=103875) _merge_candidates /opt/stack/placement/placement/objects/allocation_candidate.py:783}}
Jan 21 20:40:04.942610 n-d-712137-16 devstack@placement-api.service[103875]: INFO placement.requestlog [req-af627646-50c7-4744-bf11-b63141dff6cd req-4e1dee96-61a3-4d9c-bc0c-e25252a32886 service placement] 10.222.0.72 "GET /placement/allocation_candidates?limit=1000&resources=DISK_GB%3A1%2CMEMORY_MB%3A1024%2CVCPU%3A1&root_required=%21COMPUTE_STATUS_DISABLED" status: 200 len: 1312 microversion: 1.36
Jan 21 20:40:04.950563 n-d-712137-16 devstack@placement-api.service[103875]: [pid: 103875|app: 0|req: 135/264] 10.222.0.72 () {60 vars in 1506 bytes} [Fri Jan 21 20:40:04 2022] GET /placement/allocation_candidates?limit=1000&resources=DISK_GB%3A1%2CMEMORY_MB%3A1024%2CVCPU%3A1&root_required=%21COMPUTE_STATUS_DISABLED => generated 1312 bytes in 150 msecs (HTTP/1.1 200) 8 headers in 297 bytes (1 switches on core 0)
Jan 21 20:40:05.058671 n-d-712137-16 devstack@placement-api.service[103874]: DEBUG placement.requestlog [req-af627646-50c7-4744-bf11-b63141dff6cd req-5c4fee12-f6fb-4345-8d01-128b9c50d7d4 None None] Starting request: 10.222.0.72 "GET /placement/allocations/284e2641-0b9b-4437-b75f-5b07ca818faa" {{(pid=103874) __call__ /opt/stack/placement/placement/requestlog.py:55}}
Jan 21 20:40:05.075637 n-d-712137-16 devstack@placement-api.service[103874]: INFO placement.requestlog [req-af627646-50c7-4744-bf11-b63141dff6cd req-5c4fee12-f6fb-4345-8d01-128b9c50d7d4 service placement] 10.222.0.72 "GET /placement/allocations/284e2641-0b9b-4437-b75f-5b07ca818faa" status: 200 len: 19 microversion: 1.28
Jan 21 20:40:05.076254 n-d-712137-16 devstack@placement-api.service[103874]: [pid: 103874|app: 0|req: 130/265] 10.222.0.72 () {60 vars in 1380 bytes} [Fri Jan 21 20:40:05 2022] GET /placement/allocations/284e2641-0b9b-4437-b75f-5b07ca818faa => generated 19 bytes in 18 msecs (HTTP/1.1 200) 8 headers in 295 bytes (1 switches on core 0)
Jan 21 20:40:05.083346 n-d-712137-16 devstack@placement-api.service[103875]: DEBUG placement.requestlog [req-af627646-50c7-4744-bf11-b63141dff6cd req-39666c94-ddd0-4ca5-9bbb-2a8cd025fc61 None None] Starting request: 10.222.0.72 "PUT /placement/allocations/284e2641-0b9b-4437-b75f-5b07ca818faa" {{(pid=103875) __call__ /opt/stack/placement/placement/requestlog.py:55}}
Jan 21 20:40:05.244537 n-d-712137-16 devstack@placement-api.service[103875]: DEBUG placement.handlers.allocation [req-af627646-50c7-4744-bf11-b63141dff6cd req-39666c94-ddd0-4ca5-9bbb-2a8cd025fc61 service placement] Successfully wrote allocations [, , ] {{(pid=103875) _update_consumers_and_create_allocations /opt/stack/placement/placement/handlers/allocation.py:462}}
Jan 21 20:40:05.252285 n-d-712137-16 devstack@placement-api.service[103875]: INFO placement.requestlog [req-af627646-50c7-4744-bf11-b63141dff6cd req-39666c94-ddd0-4ca5-9bbb-2a8cd025fc61 service placement] 10.222.0.72 "PUT /placement/allocations/284e2641-0b9b-4437-b75f-5b07ca818faa" status: 204 len: 0 microversion: 1.36
Jan 21 20:40:05.267949 n-d-712137-16 devstack@placement-api.service[103875]: [pid: 103875|app: 0|req: 136/266] 10.222.0.72 () {64 vars in 1433 bytes} [Fri Jan 21 20:40:05 2022] PUT /placement/allocations/284e2641-0b9b-4437-b75f-5b07ca818faa => generated 0 bytes in 170 msecs (HTTP/1.1 204) 5 headers in 199 bytes (2 switches on core 0)
Jan 21 20:40:05.837992 n-d-712137-16 devstack@placement-api.service[103874]: DEBUG placement.requestlog [req-af627646-50c7-4744-bf11-b63141dff6cd req-73d5f409-ade7-485c-830f-1b76fdde2c68 None None] Starting request: 10.222.0.79 "GET /placement/allocations/284e2641-0b9b-4437-b75f-5b07ca818faa" {{(pid=103874) __call__ /opt/stack/placement/placement/requestlog.py:55}}
Jan 21 20:40:05.872798 n-d-712137-16 devstack@placement-api.service[103874]: INFO placement.requestlog [req-af627646-50c7-4744-bf11-b63141dff6cd req-73d5f409-ade7-485c-830f-1b76fdde2c68 service placement] 10.222.0.79 "GET /placement/allocations/284e2641-0b9b-4437-b75f-5b07ca818faa" status: 200 len: 259 microversion: 1.28
Jan 21 20:40:05.873741 n-d-712137-16 devstack@placement-api.service[103874]: [pid: 103874|app: 0|req: 131/267] 10.222.0.79 () {60 vars in 1377 bytes} [Fri Jan 21 20:40:05 2022] GET /placement/allocations/284e2641-0b9b-4437-b75f-5b07ca818faa => generated 259 bytes in 37 msecs (HTTP/1.1 200) 8 headers in 296 bytes (1 switches on core 0)
Jan 21 20:40:12.635605 n-d-712137-16 devstack@placement-api.service[103875]: DEBUG placement.requestlog [req-39d43ed9-425f-4942-a8b4-24f72166dd4c req-e9d336cc-6d4a-4a4d-b599-8ba6645ce671 None None] Starting request: 10.222.0.72 "GET /placement/allocation_candidates?resources=DISK_GB%3A1%2CMEMORY_MB%3A1024%2CVCPU%3A1&root_required=%21COMPUTE_STATUS_DISABLED" {{(pid=103875) __call__ /opt/stack/placement/placement/requestlog.py:55}}
Jan 21 20:40:12.734402 n-d-712137-16 devstack@placement-api.service[103875]: DEBUG placement.objects.research_context [req-39d43ed9-425f-4942-a8b4-24f72166dd4c req-e9d336cc-6d4a-4a4d-b599-8ba6645ce671 service placement] getting providers with 1 DISK_GB {{(pid=103875) __init__ /opt/stack/placement/placement/objects/research_context.py:126}}
Jan 21 20:40:12.744628 n-d-712137-16 devstack@placement-api.service[103875]: DEBUG placement.objects.research_context [req-39d43ed9-425f-4942-a8b4-24f72166dd4c req-e9d336cc-6d4a-4a4d-b599-8ba6645ce671 service placement] getting providers with 1024 MEMORY_MB {{(pid=103875) __init__ /opt/stack/placement/placement/objects/research_context.py:126}}
Jan 21 20:40:12.755636 n-d-712137-16 devstack@placement-api.service[103875]: DEBUG placement.objects.research_context [req-39d43ed9-425f-4942-a8b4-24f72166dd4c req-e9d336cc-6d4a-4a4d-b599-8ba6645ce671 service placement] getting providers with 1 VCPU {{(pid=103875) __init__ /opt/stack/placement/placement/objects/research_context.py:126}}
Jan 21 20:40:12.763144 n-d-712137-16 devstack@placement-api.service[103875]: DEBUG placement.objects.research_context [req-39d43ed9-425f-4942-a8b4-24f72166dd4c req-e9d336cc-6d4a-4a4d-b599-8ba6645ce671 service placement] found 2 providers with available 1 DISK_GB {{(pid=103875) get_provider_ids_matching /opt/stack/placement/placement/objects/research_context.py:549}}
Jan 21 20:40:12.764373 n-d-712137-16 devstack@placement-api.service[103875]: DEBUG placement.objects.research_context [req-39d43ed9-425f-4942-a8b4-24f72166dd4c req-e9d336cc-6d4a-4a4d-b599-8ba6645ce671 service placement] found 2 providers with available 1024 MEMORY_MB {{(pid=103875) get_provider_ids_matching /opt/stack/placement/placement/objects/research_context.py:549}}
Jan 21 20:40:12.765001 n-d-712137-16 devstack@placement-api.service[103875]: DEBUG placement.objects.research_context [req-39d43ed9-425f-4942-a8b4-24f72166dd4c req-e9d336cc-6d4a-4a4d-b599-8ba6645ce671 service placement] found 2 providers after filtering by previous result {{(pid=103875) get_provider_ids_matching /opt/stack/placement/placement/objects/research_context.py:580}}
Jan 21 20:40:12.765509 n-d-712137-16 devstack@placement-api.service[103875]: DEBUG placement.objects.research_context [req-39d43ed9-425f-4942-a8b4-24f72166dd4c req-e9d336cc-6d4a-4a4d-b599-8ba6645ce671 service placement] found 2 providers with available 1 VCPU {{(pid=103875) get_provider_ids_matching /opt/stack/placement/placement/objects/research_context.py:549}}
Jan 21 20:40:12.765989 n-d-712137-16 devstack@placement-api.service[103875]: DEBUG placement.objects.research_context [req-39d43ed9-425f-4942-a8b4-24f72166dd4c req-e9d336cc-6d4a-4a4d-b599-8ba6645ce671 service placement] found 2 providers after filtering by previous result {{(pid=103875) get_provider_ids_matching /opt/stack/placement/placement/objects/research_context.py:580}}
Jan 21 20:40:12.782503 n-d-712137-16 devstack@placement-api.service[103875]: DEBUG placement.objects.allocation_candidate [req-39d43ed9-425f-4942-a8b4-24f72166dd4c req-e9d336cc-6d4a-4a4d-b599-8ba6645ce671 service placement] RequestGroup(use_same_provider=False, resources={DISK_GB:1, MEMORY_MB:1024, VCPU:1}, traits=[], aggregates=[]) (suffix '') returned 2 matches {{(pid=103875) _get_by_requests /opt/stack/placement/placement/objects/allocation_candidate.py:145}}
Jan 21 20:40:12.782951 n-d-712137-16 devstack@placement-api.service[103875]: DEBUG placement.objects.allocation_candidate [req-39d43ed9-425f-4942-a8b4-24f72166dd4c req-e9d336cc-6d4a-4a4d-b599-8ba6645ce671 service placement] Merging candidates yields 2 allocation requests and 2 provider summaries {{(pid=103875) _merge_candidates /opt/stack/placement/placement/objects/allocation_candidate.py:783}}
Jan 21 20:40:12.784820 n-d-712137-16 devstack@placement-api.service[103875]: INFO placement.requestlog [req-39d43ed9-425f-4942-a8b4-24f72166dd4c req-e9d336cc-6d4a-4a4d-b599-8ba6645ce671 service placement] 10.222.0.72 "GET /placement/allocation_candidates?resources=DISK_GB%3A1%2CMEMORY_MB%3A1024%2CVCPU%3A1&root_required=%21COMPUTE_STATUS_DISABLED" status: 200 len: 1312 microversion: 1.36
Jan 21 20:40:12.798885 n-d-712137-16 devstack@placement-api.service[103875]: [pid: 103875|app: 0|req: 137/268] 10.222.0.72 () {60 vars in 1484 bytes} [Fri Jan 21 20:40:12 2022] GET /placement/allocation_candidates?resources=DISK_GB%3A1%2CMEMORY_MB%3A1024%2CVCPU%3A1&root_required=%21COMPUTE_STATUS_DISABLED => generated 1312 bytes in 163 msecs (HTTP/1.1 200) 8 headers in 297 bytes (1 switches on core 0)
Jan 21 20:40:12.845855 n-d-712137-16 devstack@placement-api.service[103874]: DEBUG placement.requestlog [req-39d43ed9-425f-4942-a8b4-24f72166dd4c req-979763cf-03d2-447a-b1a8-f5c73c89aa2a None None] Starting request: 10.222.0.72 "GET /placement/allocations/582f771b-b18b-4320-94cf-9fc2b7540817" {{(pid=103874) __call__ /opt/stack/placement/placement/requestlog.py:55}}
Jan 21 20:40:12.859138 n-d-712137-16 devstack@placement-api.service[103874]: INFO placement.requestlog [req-39d43ed9-425f-4942-a8b4-24f72166dd4c req-979763cf-03d2-447a-b1a8-f5c73c89aa2a service placement] 10.222.0.72 "GET /placement/allocations/582f771b-b18b-4320-94cf-9fc2b7540817" status: 200 len: 19 microversion: 1.28
Jan 21 20:40:12.859737 n-d-712137-16 devstack@placement-api.service[103874]: [pid: 103874|app: 0|req: 132/269] 10.222.0.72 () {60 vars in 1380 bytes} [Fri Jan 21 20:40:12 2022] GET /placement/allocations/582f771b-b18b-4320-94cf-9fc2b7540817 => generated 19 bytes in 14 msecs (HTTP/1.1 200) 8 headers in 295 bytes (1 switches on core 0)
