Nov 12 00:36:50.907324 n-d-712137-14 devstack@placement-api.service[114726]: DEBUG placement.objects.research_context [req-cd1a55c4-92b0-4a5f-944e-7146fdf4765e req-10b60139-db11-4dde-9bea-230ec40cb4fd service placement] getting providers with 1024 MEMORY_MB {{(pid=114726) __init__ /opt/stack/placement/placement/objects/research_context.py:126}}
Nov 12 00:36:50.913939 n-d-712137-14 devstack@placement-api.service[114726]: DEBUG placement.objects.research_context [req-cd1a55c4-92b0-4a5f-944e-7146fdf4765e req-10b60139-db11-4dde-9bea-230ec40cb4fd service placement] getting providers with 1 VCPU {{(pid=114726) __init__ /opt/stack/placement/placement/objects/research_context.py:126}}
Nov 12 00:36:50.922409 n-d-712137-14 devstack@placement-api.service[114726]: DEBUG placement.objects.research_context [req-cd1a55c4-92b0-4a5f-944e-7146fdf4765e req-10b60139-db11-4dde-9bea-230ec40cb4fd service placement] found 2 providers with available 1 DISK_GB {{(pid=114726) get_provider_ids_matching /opt/stack/placement/placement/objects/research_context.py:549}}
Nov 12 00:36:50.922897 n-d-712137-14 devstack@placement-api.service[114726]: DEBUG placement.objects.research_context [req-cd1a55c4-92b0-4a5f-944e-7146fdf4765e req-10b60139-db11-4dde-9bea-230ec40cb4fd service placement] found 2 providers with available 1024 MEMORY_MB {{(pid=114726) get_provider_ids_matching /opt/stack/placement/placement/objects/research_context.py:549}}
Nov 12 00:36:50.923399 n-d-712137-14 devstack@placement-api.service[114726]: DEBUG placement.objects.research_context [req-cd1a55c4-92b0-4a5f-944e-7146fdf4765e req-10b60139-db11-4dde-9bea-230ec40cb4fd service placement] found 2 providers after filtering by previous result {{(pid=114726) get_provider_ids_matching /opt/stack/placement/placement/objects/research_context.py:580}}
Nov 12 00:36:50.923790 n-d-712137-14 devstack@placement-api.service[114726]: DEBUG placement.objects.research_context [req-cd1a55c4-92b0-4a5f-944e-7146fdf4765e req-10b60139-db11-4dde-9bea-230ec40cb4fd service placement] found 2 providers with available 1 VCPU {{(pid=114726) get_provider_ids_matching /opt/stack/placement/placement/objects/research_context.py:549}}
Nov 12 00:36:50.924246 n-d-712137-14 devstack@placement-api.service[114726]: DEBUG placement.objects.research_context [req-cd1a55c4-92b0-4a5f-944e-7146fdf4765e req-10b60139-db11-4dde-9bea-230ec40cb4fd service placement] found 2 providers after filtering by previous result {{(pid=114726) get_provider_ids_matching /opt/stack/placement/placement/objects/research_context.py:580}}
Nov 12 00:36:50.941816 n-d-712137-14 devstack@placement-api.service[114726]: DEBUG placement.objects.allocation_candidate [req-cd1a55c4-92b0-4a5f-944e-7146fdf4765e req-10b60139-db11-4dde-9bea-230ec40cb4fd service placement] RequestGroup(use_same_provider=False, resources={DISK_GB:1, MEMORY_MB:1024, VCPU:1}, traits=[], aggregates=[]) (suffix '') returned 2 matches {{(pid=114726) _get_by_requests /opt/stack/placement/placement/objects/allocation_candidate.py:145}}
Nov 12 00:36:50.942649 n-d-712137-14 devstack@placement-api.service[114726]: DEBUG placement.objects.allocation_candidate [req-cd1a55c4-92b0-4a5f-944e-7146fdf4765e req-10b60139-db11-4dde-9bea-230ec40cb4fd service placement] Merging candidates yields 2 allocation requests and 2 provider summaries {{(pid=114726) _merge_candidates /opt/stack/placement/placement/objects/allocation_candidate.py:783}}
Nov 12 00:36:50.944446 n-d-712137-14 devstack@placement-api.service[114726]: INFO placement.requestlog [req-cd1a55c4-92b0-4a5f-944e-7146fdf4765e req-10b60139-db11-4dde-9bea-230ec40cb4fd service placement] 10.222.0.31 "GET /placement/allocation_candidates?limit=1000&resources=DISK_GB%3A1%2CMEMORY_MB%3A1024%2CVCPU%3A1&root_required=%21COMPUTE_STATUS_DISABLED" status: 200 len: 1309 microversion: 1.36
Nov 12 00:36:50.945450 n-d-712137-14 devstack@placement-api.service[114726]: [pid: 114726|app: 0|req: 105/218] 10.222.0.31 () {60 vars in 1506 bytes} [Fri Nov 12 00:36:50 2021] GET /placement/allocation_candidates?limit=1000&resources=DISK_GB%3A1%2CMEMORY_MB%3A1024%2CVCPU%3A1&root_required=%21COMPUTE_STATUS_DISABLED => generated 1309 bytes in 82 msecs (HTTP/1.1 200) 8 headers in 297 bytes (1 switches on core 0)
Nov 12 00:36:51.011198 n-d-712137-14 devstack@placement-api.service[114727]: DEBUG placement.requestlog [req-cd1a55c4-92b0-4a5f-944e-7146fdf4765e req-7ee85446-3a3e-4ded-9158-525d6ad35567 None None] Starting request: 10.222.0.31 "GET /placement/allocations/df8df5da-baba-46dd-818a-6a7936d3fe57" {{(pid=114727) __call__ /opt/stack/placement/placement/requestlog.py:55}}
Nov 12 00:36:51.023026 n-d-712137-14 devstack@placement-api.service[114727]: INFO placement.requestlog [req-cd1a55c4-92b0-4a5f-944e-7146fdf4765e req-7ee85446-3a3e-4ded-9158-525d6ad35567 service placement] 10.222.0.31 "GET /placement/allocations/df8df5da-baba-46dd-818a-6a7936d3fe57" status: 200 len: 19 microversion: 1.28
Nov 12 00:36:51.023834 n-d-712137-14 devstack@placement-api.service[114727]: [pid: 114727|app: 0|req: 114/219] 10.222.0.31 () {60 vars in 1380 bytes} [Fri Nov 12 00:36:51 2021] GET /placement/allocations/df8df5da-baba-46dd-818a-6a7936d3fe57 => generated 19 bytes in 13 msecs (HTTP/1.1 200) 8 headers in 295 bytes (1 switches on core 0)
Nov 12 00:36:51.032042 n-d-712137-14 devstack@placement-api.service[114726]: DEBUG placement.requestlog [req-cd1a55c4-92b0-4a5f-944e-7146fdf4765e req-0c73f4e5-d84f-48e0-b9a8-e57db2a9027f None None] Starting request: 10.222.0.31 "PUT /placement/allocations/df8df5da-baba-46dd-818a-6a7936d3fe57" {{(pid=114726) __call__ /opt/stack/placement/placement/requestlog.py:55}}
Nov 12 00:36:51.106881 n-d-712137-14 devstack@placement-api.service[114726]: DEBUG placement.handlers.allocation [req-cd1a55c4-92b0-4a5f-944e-7146fdf4765e req-0c73f4e5-d84f-48e0-b9a8-e57db2a9027f service placement] Successfully wrote allocations [, , ] {{(pid=114726) _update_consumers_and_create_allocations /opt/stack/placement/placement/handlers/allocation.py:462}}
Nov 12 00:36:51.112370 n-d-712137-14 devstack@placement-api.service[114726]: INFO placement.requestlog [req-cd1a55c4-92b0-4a5f-944e-7146fdf4765e req-0c73f4e5-d84f-48e0-b9a8-e57db2a9027f service placement] 10.222.0.31 "PUT /placement/allocations/df8df5da-baba-46dd-818a-6a7936d3fe57" status: 204 len: 0 microversion: 1.36
Nov 12 00:36:51.112849 n-d-712137-14 devstack@placement-api.service[114726]: [pid: 114726|app: 0|req: 106/220] 10.222.0.31 () {64 vars in 1433 bytes} [Fri Nov 12 00:36:51 2021] PUT /placement/allocations/df8df5da-baba-46dd-818a-6a7936d3fe57 => generated 0 bytes in 81 msecs (HTTP/1.1 204) 5 headers in 199 bytes (1 switches on core 0)
Nov 12 00:36:51.615470 n-d-712137-14 devstack@placement-api.service[114727]: DEBUG placement.requestlog [req-cd1a55c4-92b0-4a5f-944e-7146fdf4765e req-ad12c32a-5970-47c9-a2bf-c4272285883e None None] Starting request: 10.222.0.15 "GET /placement/allocations/df8df5da-baba-46dd-818a-6a7936d3fe57" {{(pid=114727) __call__ /opt/stack/placement/placement/requestlog.py:55}}
Nov 12 00:36:51.672349 n-d-712137-14 devstack@placement-api.service[114727]: INFO placement.requestlog [req-cd1a55c4-92b0-4a5f-944e-7146fdf4765e req-ad12c32a-5970-47c9-a2bf-c4272285883e service placement] 10.222.0.15 "GET /placement/allocations/df8df5da-baba-46dd-818a-6a7936d3fe57" status: 200 len: 259 microversion: 1.28
Nov 12 00:36:51.673191 n-d-712137-14 devstack@placement-api.service[114727]: [pid: 114727|app: 0|req: 115/221] 10.222.0.15 () {60 vars in 1377 bytes} [Fri Nov 12 00:36:51 2021] GET /placement/allocations/df8df5da-baba-46dd-818a-6a7936d3fe57 => generated 259 bytes in 58 msecs (HTTP/1.1 200) 8 headers in 296 bytes (1 switches on core 0)
Nov 12 00:36:51.973383 n-d-712137-14 devstack@placement-api.service[114726]: DEBUG placement.requestlog [req-cd1a55c4-92b0-4a5f-944e-7146fdf4765e req-3e7c503f-982a-47f8-b47c-ad1899145c11 None None] Starting request: 10.222.0.15 "GET /placement/resource_providers?in_tree=1fe4e3f1-cd5d-421e-919e-f428c221920c" {{(pid=114726) __call__ /opt/stack/placement/placement/requestlog.py:55}}
Nov 12 00:36:51.990950 n-d-712137-14 devstack@placement-api.service[114727]: DEBUG placement.requestlog [req-6a5ee988-7512-4775-8757-66f49fe88763 req-4f89d173-189d-4abe-bc13-f9644a05b90e None None] Starting request: 10.222.0.31 "GET /placement/allocation_candidates?limit=1000&resources=DISK_GB%3A1%2CMEMORY_MB%3A1024%2CVCPU%3A1&root_required=%21COMPUTE_STATUS_DISABLED" {{(pid=114727) __call__ /opt/stack/placement/placement/requestlog.py:55}}
Nov 12 00:36:51.998793 n-d-712137-14 devstack@placement-api.service[114726]: INFO placement.requestlog [req-cd1a55c4-92b0-4a5f-944e-7146fdf4765e req-3e7c503f-982a-47f8-b47c-ad1899145c11 service placement] 10.222.0.15 "GET /placement/resource_providers?in_tree=1fe4e3f1-cd5d-421e-919e-f428c221920c" status: 200 len: 864 microversion: 1.14
Nov 12 00:36:51.999611 n-d-712137-14 devstack@placement-api.service[114726]: [pid: 114726|app: 0|req: 107/222] 10.222.0.15 () {60 vars in 1376 bytes} [Fri Nov 12 00:36:51 2021] GET /placement/resource_providers?in_tree=1fe4e3f1-cd5d-421e-919e-f428c221920c => generated 864 bytes in 27 msecs (HTTP/1.1 200) 6 headers in 225 bytes (1 switches on core 0)
Nov 12 00:36:52.019463 n-d-712137-14 devstack@placement-api.service[114726]: DEBUG placement.requestlog [req-cd1a55c4-92b0-4a5f-944e-7146fdf4765e req-f3bdb60b-213a-4c5b-af7f-1325fb7b4621 None None] Starting request: 10.222.0.15 "GET /placement/resource_providers/1fe4e3f1-cd5d-421e-919e-f428c221920c/inventories" {{(pid=114726) __call__ /opt/stack/placement/placement/requestlog.py:55}}
Nov 12 00:36:52.049141 n-d-712137-14 devstack@placement-api.service[114726]: INFO placement.requestlog [req-cd1a55c4-92b0-4a5f-944e-7146fdf4765e req-f3bdb60b-213a-4c5b-af7f-1325fb7b4621 service placement] 10.222.0.15 "GET /placement/resource_providers/1fe4e3f1-cd5d-421e-919e-f428c221920c/inventories" status: 200 len: 398 microversion: 1.0
Nov 12 00:36:52.050043 n-d-712137-14 devstack@placement-api.service[114726]: [pid: 114726|app: 0|req: 108/223] 10.222.0.15 () {58 vars in 1390 bytes} [Fri Nov 12 00:36:52 2021] GET /placement/resource_providers/1fe4e3f1-cd5d-421e-919e-f428c221920c/inventories => generated 398 bytes in 31 msecs (HTTP/1.1 200) 6 headers in 224 bytes (2 switches on core 0)
Nov 12 00:36:52.068829 n-d-712137-14 devstack@placement-api.service[114727]: DEBUG placement.objects.research_context [req-6a5ee988-7512-4775-8757-66f49fe88763 req-4f89d173-189d-4abe-bc13-f9644a05b90e service placement] getting providers with 1 DISK_GB {{(pid=114727) __init__ /opt/stack/placement/placement/objects/research_context.py:126}}
Nov 12 00:36:52.078116 n-d-712137-14 devstack@placement-api.service[114726]: DEBUG placement.requestlog [req-cd1a55c4-92b0-4a5f-944e-7146fdf4765e req-b56be1a6-dec1-4a12-a5f8-59ceff0ccd36 None None] Starting request: 10.222.0.15 "GET /placement/resource_providers/1fe4e3f1-cd5d-421e-919e-f428c221920c/aggregates" {{(pid=114726) __call__ /opt/stack/placement/placement/requestlog.py:55}}
Nov 12 00:36:52.083579 n-d-712137-14 devstack@placement-api.service[114727]: DEBUG placement.objects.research_context [req-6a5ee988-7512-4775-8757-66f49fe88763 req-4f89d173-189d-4abe-bc13-f9644a05b90e service placement] getting providers with 1024 MEMORY_MB {{(pid=114727) __init__ /opt/stack/placement/placement/objects/research_context.py:126}}
Nov 12 00:36:52.096713 n-d-712137-14 devstack@placement-api.service[114726]: INFO placement.requestlog [req-cd1a55c4-92b0-4a5f-944e-7146fdf4765e req-b56be1a6-dec1-4a12-a5f8-59ceff0ccd36 service placement] 10.222.0.15 "GET /placement/resource_providers/1fe4e3f1-cd5d-421e-919e-f428c221920c/aggregates" status: 200 len: 54 microversion: 1.19
Nov 12 00:36:52.099161 n-d-712137-14 devstack@placement-api.service[114727]: DEBUG placement.objects.research_context [req-6a5ee988-7512-4775-8757-66f49fe88763 req-4f89d173-189d-4abe-bc13-f9644a05b90e service placement] getting providers with 1 VCPU {{(pid=114727) __init__ /opt/stack/placement/placement/objects/research_context.py:126}}
Nov 12 00:36:52.099625 n-d-712137-14 devstack@placement-api.service[114726]: [pid: 114726|app: 0|req: 109/224] 10.222.0.15 () {60 vars in 1431 bytes} [Fri Nov 12 00:36:52 2021] GET /placement/resource_providers/1fe4e3f1-cd5d-421e-919e-f428c221920c/aggregates => generated 54 bytes in 22 msecs (HTTP/1.1 200) 8 headers in 295 bytes (2 switches on core 0)
Nov 12 00:36:52.106326 n-d-712137-14 devstack@placement-api.service[114727]: DEBUG placement.objects.research_context [req-6a5ee988-7512-4775-8757-66f49fe88763 req-4f89d173-189d-4abe-bc13-f9644a05b90e service placement] found 2 providers with available 1 DISK_GB {{(pid=114727) get_provider_ids_matching /opt/stack/placement/placement/objects/research_context.py:549}}
Nov 12 00:36:52.106593 n-d-712137-14 devstack@placement-api.service[114727]: DEBUG placement.objects.research_context [req-6a5ee988-7512-4775-8757-66f49fe88763 req-4f89d173-189d-4abe-bc13-f9644a05b90e service placement] found 2 providers with available 1024 MEMORY_MB {{(pid=114727) get_provider_ids_matching /opt/stack/placement/placement/objects/research_context.py:549}}
Nov 12 00:36:52.109460 n-d-712137-14 devstack@placement-api.service[114727]: DEBUG placement.objects.research_context [req-6a5ee988-7512-4775-8757-66f49fe88763 req-4f89d173-189d-4abe-bc13-f9644a05b90e service placement] found 2 providers after filtering by previous result {{(pid=114727) get_provider_ids_matching /opt/stack/placement/placement/objects/research_context.py:580}}
Nov 12 00:36:52.109907 n-d-712137-14 devstack@placement-api.service[114727]: DEBUG placement.objects.research_context [req-6a5ee988-7512-4775-8757-66f49fe88763 req-4f89d173-189d-4abe-bc13-f9644a05b90e service placement] found 2 providers with available 1 VCPU {{(pid=114727) get_provider_ids_matching /opt/stack/placement/placement/objects/research_context.py:549}}
Nov 12 00:36:52.111957 n-d-712137-14 devstack@placement-api.service[114727]: DEBUG placement.objects.research_context [req-6a5ee988-7512-4775-8757-66f49fe88763 req-4f89d173-189d-4abe-bc13-f9644a05b90e service placement] found 2 providers after filtering by previous result {{(pid=114727) get_provider_ids_matching /opt/stack/placement/placement/objects/research_context.py:580}}
Nov 12 00:36:52.119007 n-d-712137-14 devstack@placement-api.service[114726]: DEBUG placement.requestlog [req-cd1a55c4-92b0-4a5f-944e-7146fdf4765e req-ff001105-3a44-465b-a001-2b6258ea47e8 None None] Starting request: 10.222.0.15 "GET /placement/resource_providers/1fe4e3f1-cd5d-421e-919e-f428c221920c/traits" {{(pid=114726) __call__ /opt/stack/placement/placement/requestlog.py:55}}
Nov 12 00:36:52.128571 n-d-712137-14 devstack@placement-api.service[114727]: DEBUG placement.objects.allocation_candidate [req-6a5ee988-7512-4775-8757-66f49fe88763 req-4f89d173-189d-4abe-bc13-f9644a05b90e service placement] RequestGroup(use_same_provider=False, resources={DISK_GB:1, MEMORY_MB:1024, VCPU:1}, traits=[], aggregates=[]) (suffix '') returned 2 matches {{(pid=114727) _get_by_requests /opt/stack/placement/placement/objects/allocation_candidate.py:145}}
Nov 12 00:36:52.129875 n-d-712137-14 devstack@placement-api.service[114727]: DEBUG placement.objects.allocation_candidate [req-6a5ee988-7512-4775-8757-66f49fe88763 req-4f89d173-189d-4abe-bc13-f9644a05b90e service placement] Merging candidates yields 2 allocation requests and 2 provider summaries {{(pid=114727) _merge_candidates /opt/stack/placement/placement/objects/allocation_candidate.py:783}}
Nov 12 00:36:52.133083 n-d-712137-14 devstack@placement-api.service[114727]: INFO placement.requestlog [req-6a5ee988-7512-4775-8757-66f49fe88763 req-4f89d173-189d-4abe-bc13-f9644a05b90e service placement] 10.222.0.31 "GET /placement/allocation_candidates?limit=1000&resources=DISK_GB%3A1%2CMEMORY_MB%3A1024%2CVCPU%3A1&root_required=%21COMPUTE_STATUS_DISABLED" status: 200 len: 1309 microversion: 1.36
Nov 12 00:36:52.137628 n-d-712137-14 devstack@placement-api.service[114727]: [pid: 114727|app: 0|req: 116/225] 10.222.0.31 () {60 vars in 1506 bytes} [Fri Nov 12 00:36:51 2021] GET /placement/allocation_candidates?limit=1000&resources=DISK_GB%3A1%2CMEMORY_MB%3A1024%2CVCPU%3A1&root_required=%21COMPUTE_STATUS_DISABLED => generated 1309 bytes in 147 msecs (HTTP/1.1 200) 8 headers in 297 bytes (2 switches on core 0)
Nov 12 00:36:52.165092 n-d-712137-14 devstack@placement-api.service[114726]: INFO placement.requestlog [req-cd1a55c4-92b0-4a5f-944e-7146fdf4765e req-ff001105-3a44-465b-a001-2b6258ea47e8 service placement] 10.222.0.15 "GET /placement/resource_providers/1fe4e3f1-cd5d-421e-919e-f428c221920c/traits" status: 200 len: 212 microversion: 1.6
Nov 12 00:36:52.165590 n-d-712137-14 devstack@placement-api.service[114726]: [pid: 114726|app: 0|req: 110/226] 10.222.0.15 () {60 vars in 1418 bytes} [Fri Nov 12 00:36:52 2021] GET /placement/resource_providers/1fe4e3f1-cd5d-421e-919e-f428c221920c/traits => generated 212 bytes in 47 msecs (HTTP/1.1 200) 6 headers in 224 bytes (2 switches on core 0)
Nov 12 00:36:52.186085 n-d-712137-14 devstack@placement-api.service[114727]: DEBUG placement.requestlog [req-6a5ee988-7512-4775-8757-66f49fe88763 req-365b16fd-3062-4db8-ac40-1da7eb2df47a None None] Starting request: 10.222.0.31 "GET /placement/allocations/f43e4e3f-a792-4c64-9b37-69d74f4d5578" {{(pid=114727) __call__ /opt/stack/placement/placement/requestlog.py:55}}
Nov 12 00:36:52.201036 n-d-712137-14 devstack@placement-api.service[114727]: INFO placement.requestlog [req-6a5ee988-7512-4775-8757-66f49fe88763 req-365b16fd-3062-4db8-ac40-1da7eb2df47a service placement] 10.222.0.31 "GET /placement/allocations/f43e4e3f-a792-4c64-9b37-69d74f4d5578" status: 200 len: 19 microversion: 1.28
Nov 12 00:36:52.201036 n-d-712137-14 devstack@placement-api.service[114727]: [pid: 114727|app: 0|req: 117/227] 10.222.0.31 () {60 vars in 1380 bytes} [Fri Nov 12 00:36:52 2021] GET /placement/allocations/f43e4e3f-a792-4c64-9b37-69d74f4d5578 => generated 19 bytes in 12 msecs (HTTP/1.1 200) 8 headers in 295 bytes (1 switches on core 0)
Nov 12 00:36:52.204348 n-d-712137-14 devstack@placement-api.service[114726]: DEBUG placement.requestlog [req-6a5ee988-7512-4775-8757-66f49fe88763 req-61f3a675-be49-49a6-94a6-4e951619f671 None None] Starting request: 10.222.0.31 "PUT /placement/allocations/f43e4e3f-a792-4c64-9b37-69d74f4d5578" {{(pid=114726) __call__ /opt/stack/placement/placement/requestlog.py:55}}
Nov 12 00:36:52.293624 n-d-712137-14 devstack@placement-api.service[114726]: DEBUG placement.handlers.allocation [req-6a5ee988-7512-4775-8757-66f49fe88763 req-61f3a675-be49-49a6-94a6-4e951619f671 service placement] Successfully wrote allocations [, , ] {{(pid=114726) _update_consumers_and_create_allocations /opt/stack/placement/placement/handlers/allocation.py:462}}
Nov 12 00:36:52.298972 n-d-712137-14 devstack@placement-api.service[114726]: INFO placement.requestlog [req-6a5ee988-7512-4775-8757-66f49fe88763 req-61f3a675-be49-49a6-94a6-4e951619f671 service placement] 10.222.0.31 "PUT /placement/allocations/f43e4e3f-a792-4c64-9b37-69d74f4d5578" status: 204 len: 0 microversion: 1.36
Nov 12 00:36:52.299200 n-d-712137-14 devstack@placement-api.service[114726]: [pid: 114726|app: 0|req: 111/228] 10.222.0.31 () {64 vars in 1433 bytes} [Fri Nov 12 00:36:52 2021] PUT /placement/allocations/f43e4e3f-a792-4c64-9b37-69d74f4d5578 => generated 0 bytes in 95 msecs (HTTP/1.1 204) 5 headers in 199 bytes (1 switches on core 0)
Nov 12 00:36:55.336501 n-d-712137-14 devstack@placement-api.service[114727]: DEBUG placement.requestlog [req-bb28464c-d53c-4f31-ab25-8d79b8b41461 req-c017672f-e790-4bac-8c3e-80337debbc78 None None] Starting request: 10.222.0.31 "GET /placement/allocation_candidates?resources=DISK_GB%3A1%2CMEMORY_MB%3A1024%2CVCPU%3A1&root_required=%21COMPUTE_STATUS_DISABLED" {{(pid=114727) __call__ /opt/stack/placement/placement/requestlog.py:55}}
Nov 12 00:36:55.402425 n-d-712137-14 devstack@placement-api.service[114727]: DEBUG placement.objects.research_context [req-bb28464c-d53c-4f31-ab25-8d79b8b41461 req-c017672f-e790-4bac-8c3e-80337debbc78 service placement] getting providers with 1 DISK_GB {{(pid=114727) __init__ /opt/stack/placement/placement/objects/research_context.py:126}}
Nov 12 00:36:55.421352 n-d-712137-14 devstack@placement-api.service[114727]: DEBUG placement.objects.research_context [req-bb28464c-d53c-4f31-ab25-8d79b8b41461 req-c017672f-e790-4bac-8c3e-80337debbc78 service placement] getting providers with 1024 MEMORY_MB {{(pid=114727) __init__ /opt/stack/placement/placement/objects/research_context.py:126}}
Nov 12 00:36:55.428071 n-d-712137-14 devstack@placement-api.service[114727]: DEBUG placement.objects.research_context [req-bb28464c-d53c-4f31-ab25-8d79b8b41461 req-c017672f-e790-4bac-8c3e-80337debbc78 service placement] getting providers with 1 VCPU {{(pid=114727) __init__ /opt/stack/placement/placement/objects/research_context.py:126}}
Nov 12 00:36:55.434068 n-d-712137-14 devstack@placement-api.service[114727]: DEBUG placement.objects.research_context [req-bb28464c-d53c-4f31-ab25-8d79b8b41461 req-c017672f-e790-4bac-8c3e-80337debbc78 service placement] found 2 providers with available 1 DISK_GB {{(pid=114727) get_provider_ids_matching /opt/stack/placement/placement/objects/research_context.py:549}}
Nov 12 00:36:55.434572 n-d-712137-14 devstack@placement-api.service[114727]: DEBUG placement.objects.research_context [req-bb28464c-d53c-4f31-ab25-8d79b8b41461 req-c017672f-e790-4bac-8c3e-80337debbc78 service placement] found 2 providers with available 1024 MEMORY_MB {{(pid=114727) get_provider_ids_matching /opt/stack/placement/placement/objects/research_context.py:549}}
Nov 12 00:36:55.435900 n-d-712137-14 devstack@placement-api.service[114727]: DEBUG placement.objects.research_context [req-bb28464c-d53c-4f31-ab25-8d79b8b41461 req-c017672f-e790-4bac-8c3e-80337debbc78 service placement] found 2 providers after filtering by previous result {{(pid=114727) get_provider_ids_matching /opt/stack/placement/placement/objects/research_context.py:580}}
Nov 12 00:36:55.436308 n-d-712137-14 devstack@placement-api.service[114727]: DEBUG placement.objects.research_context [req-bb28464c-d53c-4f31-ab25-8d79b8b41461 req-c017672f-e790-4bac-8c3e-80337debbc78 service placement] found 2 providers with available 1 VCPU {{(pid=114727) get_provider_ids_matching /opt/stack/placement/placement/objects/research_context.py:549}}
Nov 12 00:36:55.436934 n-d-712137-14 devstack@placement-api.service[114727]: DEBUG placement.objects.research_context [req-bb28464c-d53c-4f31-ab25-8d79b8b41461 req-c017672f-e790-4bac-8c3e-80337debbc78 service placement] found 2 providers after filtering by previous result {{(pid=114727) get_provider_ids_matching /opt/stack/placement/placement/objects/research_context.py:580}}
Nov 12 00:36:55.451204 n-d-712137-14 devstack@placement-api.service[114727]: DEBUG placement.objects.allocation_candidate [req-bb28464c-d53c-4f31-ab25-8d79b8b41461 req-c017672f-e790-4bac-8c3e-80337debbc78 service placement] RequestGroup(use_same_provider=False, resources={DISK_GB:1, MEMORY_MB:1024, VCPU:1}, traits=[], aggregates=[]) (suffix '') returned 2 matches {{(pid=114727) _get_by_requests /opt/stack/placement/placement/objects/allocation_candidate.py:145}}
Nov 12 00:36:55.451807 n-d-712137-14 devstack@placement-api.service[114727]: DEBUG placement.objects.allocation_candidate [req-bb28464c-d53c-4f31-ab25-8d79b8b41461 req-c017672f-e790-4bac-8c3e-80337debbc78 service placement] Merging candidates yields 2 allocation requests and 2 provider summaries {{(pid=114727) _merge_candidates /opt/stack/placement/placement/objects/allocation_candidate.py:783}}
Nov 12 00:36:55.454714 n-d-712137-14 devstack@placement-api.service[114727]: INFO placement.requestlog [req-bb28464c-d53c-4f31-ab25-8d79b8b41461 req-c017672f-e790-4bac-8c3e-80337debbc78 service placement] 10.222.0.31 "GET /placement/allocation_candidates?resources=DISK_GB%3A1%2CMEMORY_MB%3A1024%2CVCPU%3A1&root_required=%21COMPUTE_STATUS_DISABLED" status: 200 len: 1309 microversion: 1.36
Nov 12 00:36:55.459342 n-d-712137-14 devstack@placement-api.service[114727]: [pid: 114727|app: 0|req: 118/229] 10.222.0.31 () {60 vars in 1484 bytes} [Fri Nov 12 00:36:55 2021] GET /placement/allocation_candidates?resources=DISK_GB%3A1%2CMEMORY_MB%3A1024%2CVCPU%3A1&root_required=%21COMPUTE_STATUS_DISABLED => generated 1309 bytes in 124 msecs (HTTP/1.1 200) 8 headers in 297 bytes (1 switches on core 0)
Nov 12 00:36:55.546034 n-d-712137-14 devstack@placement-api.service[114726]: DEBUG placement.requestlog [req-bb28464c-d53c-4f31-ab25-8d79b8b41461 req-f08af3f9-92f5-4bfa-9fbd-c954c9d3ef92 None None] Starting request: 10.222.0.31 "GET /placement/allocations/7cf94f17-5e2e-4a6a-b59a-24b36a4d3b4c" {{(pid=114726) __call__ /opt/stack/placement/placement/requestlog.py:55}}
Nov 12 00:36:55.563350 n-d-712137-14 devstack@placement-api.service[114726]: INFO placement.requestlog [req-bb28464c-d53c-4f31-ab25-8d79b8b41461 req-f08af3f9-92f5-4bfa-9fbd-c954c9d3ef92 service placement] 10.222.0.31 "GET /placement/allocations/7cf94f17-5e2e-4a6a-b59a-24b36a4d3b4c" status: 200 len: 19 microversion: 1.28
Nov 12 00:36:55.569513 n-d-712137-14 devstack@placement-api.service[114726]: [pid: 114726|app: 0|req: 112/230] 10.222.0.31 () {60 vars in 1380 bytes} [Fri Nov 12 00:36:55 2021] GET /placement/allocations/7cf94f17-5e2e-4a6a-b59a-24b36a4d3b4c => generated 19 bytes in 23 msecs (HTTP/1.1 200) 8 headers in 295 bytes (1 switches on core 0)
Nov 12 00:36:55.574388 n-d-712137-14 devstack@placement-api.service[114727]: DEBUG placement.requestlog [req-bb28464c-d53c-4f31-ab25-8d79b8b41461 req-1ecc654d-5012-4aef-944b-5f2ff09d0cc2 None None] Starting request: 10.222.0.31 "PUT /placement/allocations/7cf94f17-5e2e-4a6a-b59a-24b36a4d3b4c" {{(pid=114727) __call__ /opt/stack/placement/placement/requestlog.py:55}}
Nov 12 00:36:55.674168 n-d-712137-14 devstack@placement-api.service[114727]: DEBUG placement.handlers.allocation [req-bb28464c-d53c-4f31-ab25-8d79b8b41461 req-1ecc654d-5012-4aef-944b-5f2ff09d0cc2 service placement] Successfully wrote allocations [, , ] {{(pid=114727) _update_consumers_and_create_allocations /opt/stack/placement/placement/handlers/allocation.py:462}}
Nov 12 00:36:55.694253 n-d-712137-14 devstack@placement-api.service[114727]: INFO placement.requestlog [req-bb28464c-d53c-4f31-ab25-8d79b8b41461 req-1ecc654d-5012-4aef-944b-5f2ff09d0cc2 service placement] 10.222.0.31 "PUT /placement/allocations/7cf94f17-5e2e-4a6a-b59a-24b36a4d3b4c" status: 204 len: 0 microversion: 1.36
Nov 12 00:36:55.695246 n-d-712137-14 devstack@placement-api.service[114727]: [pid: 114727|app: 0|req: 119/231] 10.222.0.31 () {64 vars in 1433 bytes} [Fri Nov 12 00:36:55 2021] PUT /placement/allocations/7cf94f17-5e2e-4a6a-b59a-24b36a4d3b4c => generated 0 bytes in 121 msecs (HTTP/1.1 204) 5 headers in 199 bytes (2 switches on core 0)
Nov 12 00:36:56.325712 n-d-712137-14 devstack@placement-api.service[114726]: DEBUG placement.requestlog [req-bb28464c-d53c-4f31-ab25-8d79b8b41461 req-280e17ce-6759-42f5-8eba-3f347c46bec8 None None] Starting request: 10.222.0.15 "GET /placement/allocations/7cf94f17-5e2e-4a6a-b59a-24b36a4d3b4c" {{(pid=114726) __call__ /opt/stack/placement/placement/requestlog.py:55}}
Nov 12 00:36:56.364826 n-d-712137-14 devstack@placement-api.service[114726]: INFO placement.requestlog [req-bb28464c-d53c-4f31-ab25-8d79b8b41461 req-280e17ce-6759-42f5-8eba-3f347c46bec8 service placement] 10.222.0.15 "GET /placement/allocations/7cf94f17-5e2e-4a6a-b59a-24b36a4d3b4c" status: 200 len: 259 microversion: 1.28
Nov 12 00:36:56.365201 n-d-712137-14 devstack@placement-api.service[114726]: [pid: 114726|app: 0|req: 113/232] 10.222.0.15 () {60 vars in 1377 bytes} [Fri Nov 12 00:36:56 2021] GET /placement/allocations/7cf94f17-5e2e-4a6a-b59a-24b36a4d3b4c => generated 259 bytes in 40 msecs (HTTP/1.1 200) 8 headers in 296 bytes (1 switches on core 0)
Nov 12 00:37:02.320560 n-d-712137-14 devstack@placement-api.service[114727]: DEBUG placement.requestlog [req-6a5ee988-7512-4775-8757-66f49fe88763 req-6d3289f2-b7de-40c5-b2b0-1fa99a145095 None None] Starting request: 10.222.0.21 "GET /placement/allocations/f43e4e3f-a792-4c64-9b37-69d74f4d5578" {{(pid=114727) __call__ /opt/stack/placement/placement/requestlog.py:55}}
Nov 12 00:37:02.356231 n-d-712137-14 devstack@placement-api.service[114727]: INFO placement.requestlog [req-6a5ee988-7512-4775-8757-66f49fe88763 req-6d3289f2-b7de-40c5-b2b0-1fa99a145095 service placement] 10.222.0.21 "GET /placement/allocations/f43e4e3f-a792-4c64-9b37-69d74f4d5578" status: 200 len: 259 microversion: 1.28
Nov 12 00:37:02.358113 n-d-712137-14 devstack@placement-api.service[114727]: [pid: 114727|app: 0|req: 120/233] 10.222.0.21 () {60 vars in 1377 bytes} [Fri Nov 12 00:37:02 2021] GET /placement/allocations/f43e4e3f-a792-4c64-9b37-69d74f4d5578 => generated 259 bytes in 39 msecs (HTTP/1.1 200) 8 headers in 296 bytes (1 switches on core 0)
Nov 12 00:37:05.717562 n-d-712137-14 devstack@placement-api.service[114726]: DEBUG placement.requestlog [req-08166354-0ad8-4356-947b-5b1236bd32a5 req-0711c086-acb1-4e5a-8014-dcca35989c77 None None] Starting request: 10.222.0.21 "DELETE /placement/allocations/48992f52-b88a-4029-bea0-3b5eb69582fe" {{(pid=114726) __call__ /opt/stack/placement/placement/requestlog.py:55}}
Nov 12 00:37:05.774557 n-d-712137-14 devstack@placement-api.service[114726]: DEBUG placement.handlers.allocation [req-08166354-0ad8-4356-947b-5b1236bd32a5 req-0711c086-acb1-4e5a-8014-dcca35989c77 service placement] Successfully deleted allocations [, , ] {{(pid=114726) delete_allocations /opt/stack/placement/placement/handlers/allocation.py:627}}
Nov 12 00:37:05.775277 n-d-712137-14 devstack@placement-api.service[114726]: INFO placement.requestlog [req-08166354-0ad8-4356-947b-5b1236bd32a5 req-0711c086-acb1-4e5a-8014-dcca35989c77 service placement] 10.222.0.21 "DELETE /placement/allocations/48992f52-b88a-4029-bea0-3b5eb69582fe" status: 204 len: 0 microversion: 1.0
Nov 12 00:37:05.775650 n-d-712137-14 devstack@placement-api.service[114726]: [pid: 114726|app: 0|req: 114/234] 10.222.0.21 () {60 vars in 1355 bytes} [Fri Nov 12 00:37:05 2021] DELETE /placement/allocations/48992f52-b88a-4029-bea0-3b5eb69582fe => generated 0 bytes in 58 msecs (HTTP/1.1 204) 5 headers in 198 bytes (1 switches on core 0)
Nov 12 00:37:09.835507 n-d-712137-14 devstack@placement-api.service[114727]: DEBUG placement.requestlog [req-a078582d-f951-40b6-bc61-d7e339428546 req-f65be71e-e684-41b4-9474-b670a831a6e6 None None] Starting request: 10.222.0.21 "GET /placement/resource_providers/c1ab5cbd-a146-4e7b-95a8-fc03347a1cf4/allocations" {{(pid=114727) __call__ /opt/stack/placement/placement/requestlog.py:55}}
Nov 12 00:37:09.867709 n-d-712137-14 devstack@placement-api.service[114727]: INFO placement.requestlog [req-a078582d-f951-40b6-bc61-d7e339428546 req-f65be71e-e684-41b4-9474-b670a831a6e6 service placement] 10.222.0.21 "GET /placement/resource_providers/c1ab5cbd-a146-4e7b-95a8-fc03347a1cf4/allocations" status: 200 len: 558 microversion: 1.0
Nov 12 00:37:09.869774 n-d-712137-14 devstack@placement-api.service[114727]: [pid: 114727|app: 0|req: 121/235] 10.222.0.21 () {58 vars in 1390 bytes} [Fri Nov 12 00:37:09 2021] GET /placement/resource_providers/c1ab5cbd-a146-4e7b-95a8-fc03347a1cf4/allocations => generated 558 bytes in 34 msecs (HTTP/1.1 200) 6 headers in 224 bytes (1 switches on core 0)
Nov 12 00:37:10.247057 n-d-712137-14 devstack@placement-api.service[114726]: DEBUG placement.requestlog [req-a078582d-f951-40b6-bc61-d7e339428546 req-c33f312e-aeed-4aac-87ff-599239cc26a2 None None] Starting request: 10.222.0.21 "GET /placement/allocations/46847eab-e8db-4ec7-86c8-421a95b03509" {{(pid=114726) __call__ /opt/stack/placement/placement/requestlog.py:55}}
Nov 12 00:37:10.272853 n-d-712137-14 devstack@placement-api.service[114726]: INFO placement.requestlog [req-a078582d-f951-40b6-bc61-d7e339428546 req-c33f312e-aeed-4aac-87ff-599239cc26a2 service placement] 10.222.0.21 "GET /placement/allocations/46847eab-e8db-4ec7-86c8-421a95b03509" status: 200 len: 259 microversion: 1.28
Nov 12 00:37:10.273352 n-d-712137-14 devstack@placement-api.service[114726]: [pid: 114726|app: 0|req: 115/236] 10.222.0.21 () {60 vars in 1377 bytes} [Fri Nov 12 00:37:10 2021] GET /placement/allocations/46847eab-e8db-4ec7-86c8-421a95b03509 => generated 259 bytes in 26 msecs (HTTP/1.1 200) 8 headers in 296 bytes (1 switches on core 0)
Nov 12 00:37:10.286047 n-d-712137-14 devstack@placement-api.service[114727]: DEBUG placement.requestlog [req-a078582d-f951-40b6-bc61-d7e339428546 req-b43b11bd-26a1-493e-a9e7-cddaea789cfc None None] Starting request: 10.222.0.21 "PUT /placement/allocations/46847eab-e8db-4ec7-86c8-421a95b03509" {{(pid=114727) __call__ /opt/stack/placement/placement/requestlog.py:55}}
Nov 12 00:37:10.361507 n-d-712137-14 devstack@placement-api.service[114727]: DEBUG placement.handlers.allocation [req-a078582d-f951-40b6-bc61-d7e339428546 req-b43b11bd-26a1-493e-a9e7-cddaea789cfc service placement] Successfully wrote allocations [, , ] {{(pid=114727) _update_consumers_and_create_allocations /opt/stack/placement/placement/handlers/allocation.py:462}}
Nov 12 00:37:10.374807 n-d-712137-14 devstack@placement-api.service[114727]: INFO placement.requestlog [req-a078582d-f951-40b6-bc61-d7e339428546 req-b43b11bd-26a1-493e-a9e7-cddaea789cfc service placement] 10.222.0.21 "PUT /placement/allocations/46847eab-e8db-4ec7-86c8-421a95b03509" status: 204 len: 0 microversion: 1.28
Nov 12 00:37:10.375103 n-d-712137-14 devstack@placement-api.service[114727]: [pid: 114727|app: 0|req: 122/237] 10.222.0.21 () {64 vars in 1430 bytes} [Fri Nov 12 00:37:10 2021] PUT /placement/allocations/46847eab-e8db-4ec7-86c8-421a95b03509 => generated 0 bytes in 89 msecs (HTTP/1.1 204) 5 headers in 199 bytes (1 switches on core 0)
Nov 12 00:37:12.325593 n-d-712137-14 devstack@placement-api.service[114726]: DEBUG placement.requestlog [None req-1071efe4-e7b2-48c1-a592-1a0180640e9b None None] Starting request: 10.222.0.31 "GET /placement/" {{(pid=114726) __call__ /opt/stack/placement/placement/requestlog.py:55}}
Nov 12 00:37:12.327148 n-d-712137-14 devstack@placement-api.service[114726]: INFO placement.requestlog [None req-1071efe4-e7b2-48c1-a592-1a0180640e9b None None] 10.222.0.31 "GET /placement/" status: 200 len: 136 microversion: 1.0
Nov 12 00:37:12.327482 n-d-712137-14 devstack@placement-api.service[114726]: [pid: 114726|app: 0|req: 116/238] 10.222.0.31 () {54 vars in 916 bytes} [Fri Nov 12 00:37:12 2021] GET /placement => generated 136 bytes in 2 msecs (HTTP/1.1 200) 6 headers in 224 bytes (1 switches on core 0)
Nov 12 00:37:12.339052 n-d-712137-14 devstack@placement-api.service[114727]: DEBUG placement.requestlog [req-c43135b7-89ad-41d9-8e99-603d931d3277 req-2fa088c7-60cc-4d35-9032-c258031e323b None None] Starting request: 10.222.0.31 "GET /placement/allocations/df8df5da-baba-46dd-818a-6a7936d3fe57" {{(pid=114727) __call__ /opt/stack/placement/placement/requestlog.py:55}}
Nov 12 00:37:12.522685 n-d-712137-14 devstack@placement-api.service[114727]: INFO placement.requestlog [req-c43135b7-89ad-41d9-8e99-603d931d3277 req-2fa088c7-60cc-4d35-9032-c258031e323b service placement] 10.222.0.31 "GET /placement/allocations/df8df5da-baba-46dd-818a-6a7936d3fe57" status: 200 len: 259 microversion: 1.28
Nov 12 00:37:12.522901 n-d-712137-14 devstack@placement-api.service[114727]: [pid: 114727|app: 0|req: 123/239] 10.222.0.31 () {60 vars in 1380 bytes} [Fri Nov 12 00:37:12 2021] GET /placement/allocations/df8df5da-baba-46dd-818a-6a7936d3fe57 => generated 259 bytes in 184 msecs (HTTP/1.1 200) 8 headers in 296 bytes (1 switches on core 0)
Nov 12 00:37:12.529790 n-d-712137-14 devstack@placement-api.service[114726]: DEBUG placement.requestlog [req-c43135b7-89ad-41d9-8e99-603d931d3277 req-95798ede-6665-4499-a7b5-554bb07106af None None] Starting request: 10.222.0.31 "GET /placement/allocations/df8df5da-baba-46dd-818a-6a7936d3fe57" {{(pid=114726) __call__ /opt/stack/placement/placement/requestlog.py:55}}
Nov 12 00:37:12.568584 n-d-712137-14 devstack@placement-api.service[114726]: INFO placement.requestlog [req-c43135b7-89ad-41d9-8e99-603d931d3277 req-95798ede-6665-4499-a7b5-554bb07106af service placement] 10.222.0.31 "GET /placement/allocations/df8df5da-baba-46dd-818a-6a7936d3fe57" status: 200 len: 259 microversion: 1.28
Nov 12 00:37:12.569950 n-d-712137-14 devstack@placement-api.service[114726]: [pid: 114726|app: 0|req: 117/240] 10.222.0.31 () {60 vars in 1380 bytes} [Fri Nov 12 00:37:12 2021] GET /placement/allocations/df8df5da-baba-46dd-818a-6a7936d3fe57 => generated 259 bytes in 40 msecs (HTTP/1.1 200) 8 headers in 296 bytes (1 switches on core 0)
Nov 12 00:37:12.577029 n-d-712137-14 devstack@placement-api.service[114727]: DEBUG placement.requestlog [req-c43135b7-89ad-41d9-8e99-603d931d3277 req-c87e510c-2244-44d8-bd82-621f55027ae1 None None] Starting request: 10.222.0.31 "GET /placement/allocations/0b1fa4d2-0331-453f-bdc2-d057dd71ec01" {{(pid=114727) __call__ /opt/stack/placement/placement/requestlog.py:55}}
Nov 12 00:37:12.590964 n-d-712137-14 devstack@placement-api.service[114727]: INFO placement.requestlog [req-c43135b7-89ad-41d9-8e99-603d931d3277 req-c87e510c-2244-44d8-bd82-621f55027ae1 service placement] 10.222.0.31 "GET /placement/allocations/0b1fa4d2-0331-453f-bdc2-d057dd71ec01" status: 200 len: 19 microversion: 1.28
Nov 12 00:37:12.591182 n-d-712137-14 devstack@placement-api.service[114727]: [pid: 114727|app: 0|req: 124/241] 10.222.0.31 () {60 vars in 1380 bytes} [Fri Nov 12 00:37:12 2021] GET /placement/allocations/0b1fa4d2-0331-453f-bdc2-d057dd71ec01 => generated 19 bytes in 14 msecs (HTTP/1.1 200) 8 headers in 295 bytes (1 switches on core 0)
Nov 12 00:37:12.598719 n-d-712137-14 devstack@placement-api.service[114726]: DEBUG placement.requestlog [req-c43135b7-89ad-41d9-8e99-603d931d3277 req-ebd888a0-cce7-457e-a558-94e1540c9289 None None] Starting request: 10.222.0.31 "POST /placement/allocations" {{(pid=114726) __call__ /opt/stack/placement/placement/requestlog.py:55}}
Nov 12 00:37:12.761453 n-d-712137-14 devstack@placement-api.service[114726]: DEBUG placement.handlers.allocation [req-c43135b7-89ad-41d9-8e99-603d931d3277 req-ebd888a0-cce7-457e-a558-94e1540c9289 service placement] Successfully wrote allocations [, , , , , ] {{(pid=114726) _update_consumers_and_create_allocations /opt/stack/placement/placement/handlers/allocation.py:572}}
Nov 12 00:37:12.774568 n-d-712137-14 devstack@placement-api.service[114726]: INFO placement.requestlog [req-c43135b7-89ad-41d9-8e99-603d931d3277 req-ebd888a0-cce7-457e-a558-94e1540c9289 service placement] 10.222.0.31 "POST /placement/allocations" status: 204 len: 0 microversion: 1.28
Nov 12 00:37:12.775458 n-d-712137-14 devstack@placement-api.service[114726]: [pid: 114726|app: 0|req: 118/242] 10.222.0.31 () {64 vars in 1323 bytes} [Fri Nov 12 00:37:12 2021] POST /placement/allocations => generated 0 bytes in 177 msecs (HTTP/1.1 204) 5 headers in 199 bytes (1 switches on core 0)
Nov 12 00:37:12.808463 n-d-712137-14 devstack@placement-api.service[114727]: DEBUG placement.requestlog [req-c43135b7-89ad-41d9-8e99-603d931d3277 req-32dc333b-9d6f-49b0-9b36-48960f593053 None None] Starting request: 10.222.0.31 "GET /placement/allocation_candidates?limit=1000&resources=DISK_GB%3A1%2CMEMORY_MB%3A512%2CVCPU%3A1&root_required=%21COMPUTE_STATUS_DISABLED" {{(pid=114727) __call__ /opt/stack/placement/placement/requestlog.py:55}}
Nov 12 00:37:12.888168 n-d-712137-14 devstack@placement-api.service[114727]: DEBUG placement.objects.research_context [req-c43135b7-89ad-41d9-8e99-603d931d3277 req-32dc333b-9d6f-49b0-9b36-48960f593053 service placement] getting providers with 1 DISK_GB {{(pid=114727) __init__ /opt/stack/placement/placement/objects/research_context.py:126}}
Nov 12 00:37:12.902362 n-d-712137-14 devstack@placement-api.service[114727]: DEBUG placement.objects.research_context [req-c43135b7-89ad-41d9-8e99-603d931d3277 req-32dc333b-9d6f-49b0-9b36-48960f593053 service placement] getting providers with 512 MEMORY_MB {{(pid=114727) __init__ /opt/stack/placement/placement/objects/research_context.py:126}}
Nov 12 00:37:12.910969 n-d-712137-14 devstack@placement-api.service[114727]: DEBUG placement.objects.research_context [req-c43135b7-89ad-41d9-8e99-603d931d3277 req-32dc333b-9d6f-49b0-9b36-48960f593053 service placement] getting providers with 1 VCPU {{(pid=114727) __init__ /opt/stack/placement/placement/objects/research_context.py:126}}
Nov 12 00:37:12.920348 n-d-712137-14 devstack@placement-api.service[114727]: DEBUG placement.objects.research_context [req-c43135b7-89ad-41d9-8e99-603d931d3277 req-32dc333b-9d6f-49b0-9b36-48960f593053 service placement] found 2 providers with available 1 DISK_GB {{(pid=114727) get_provider_ids_matching /opt/stack/placement/placement/objects/research_context.py:549}}
Nov 12 00:37:12.922429 n-d-712137-14 devstack@placement-api.service[114727]: DEBUG placement.objects.research_context [req-c43135b7-89ad-41d9-8e99-603d931d3277 req-32dc333b-9d6f-49b0-9b36-48960f593053 service placement] found 2 providers with available 512 MEMORY_MB {{(pid=114727) get_provider_ids_matching /opt/stack/placement/placement/objects/research_context.py:549}}
Nov 12 00:37:12.922791 n-d-712137-14 devstack@placement-api.service[114727]: DEBUG placement.objects.research_context [req-c43135b7-89ad-41d9-8e99-603d931d3277 req-32dc333b-9d6f-49b0-9b36-48960f593053 service placement] found 2 providers after filtering by previous result {{(pid=114727) get_provider_ids_matching /opt/stack/placement/placement/objects/research_context.py:580}}
Nov 12 00:37:12.923057 n-d-712137-14 devstack@placement-api.service[114727]: DEBUG placement.objects.research_context [req-c43135b7-89ad-41d9-8e99-603d931d3277 req-32dc333b-9d6f-49b0-9b36-48960f593053 service placement] found 2 providers with available 1 VCPU {{(pid=114727) get_provider_ids_matching /opt/stack/placement/placement/objects/research_context.py:549}}
Nov 12 00:37:12.923324 n-d-712137-14 devstack@placement-api.service[114727]: DEBUG placement.objects.research_context [req-c43135b7-89ad-41d9-8e99-603d931d3277 req-32dc333b-9d6f-49b0-9b36-48960f593053 service placement] found 2 providers after filtering by previous result {{(pid=114727) get_provider_ids_matching /opt/stack/placement/placement/objects/research_context.py:580}}
Nov 12 00:37:12.947890 n-d-712137-14 devstack@placement-api.service[114727]: DEBUG placement.objects.allocation_candidate [req-c43135b7-89ad-41d9-8e99-603d931d3277 req-32dc333b-9d6f-49b0-9b36-48960f593053 service placement] RequestGroup(use_same_provider=False, resources={DISK_GB:1, MEMORY_MB:512, VCPU:1}, traits=[], aggregates=[]) (suffix '') returned 2 matches {{(pid=114727) _get_by_requests /opt/stack/placement/placement/objects/allocation_candidate.py:145}}
Nov 12 00:37:12.949437 n-d-712137-14 devstack@placement-api.service[114727]: DEBUG placement.objects.allocation_candidate [req-c43135b7-89ad-41d9-8e99-603d931d3277 req-32dc333b-9d6f-49b0-9b36-48960f593053 service placement] Merging candidates yields 2 allocation requests and 2 provider summaries {{(pid=114727) _merge_candidates /opt/stack/placement/placement/objects/allocation_candidate.py:783}}
Nov 12 00:37:12.955344 n-d-712137-14 devstack@placement-api.service[114727]: INFO placement.requestlog [req-c43135b7-89ad-41d9-8e99-603d931d3277 req-32dc333b-9d6f-49b0-9b36-48960f593053 service placement] 10.222.0.31 "GET /placement/allocation_candidates?limit=1000&resources=DISK_GB%3A1%2CMEMORY_MB%3A512%2CVCPU%3A1&root_required=%21COMPUTE_STATUS_DISABLED" status: 200 len: 1307 microversion: 1.36
Nov 12 00:37:12.956244 n-d-712137-14 devstack@placement-api.service[114727]: [pid: 114727|app: 0|req: 125/243] 10.222.0.31 () {60 vars in 1504 bytes} [Fri Nov 12 00:37:12 2021] GET /placement/allocation_candidates?limit=1000&resources=DISK_GB%3A1%2CMEMORY_MB%3A512%2CVCPU%3A1&root_required=%21COMPUTE_STATUS_DISABLED => generated 1307 bytes in 148 msecs (HTTP/1.1 200) 8 headers in 297 bytes (1 switches on core 0)
Nov 12 00:37:13.065740 n-d-712137-14 devstack@placement-api.service[114726]: DEBUG placement.requestlog [req-c43135b7-89ad-41d9-8e99-603d931d3277 req-f8e41dec-9ef2-4dfd-b064-c93f2f64c382 None None] Starting request: 10.222.0.31 "GET /placement/allocations/df8df5da-baba-46dd-818a-6a7936d3fe57" {{(pid=114726) __call__ /opt/stack/placement/placement/requestlog.py:55}}
Nov 12 00:37:13.085505 n-d-712137-14 devstack@placement-api.service[114726]: INFO placement.requestlog [req-c43135b7-89ad-41d9-8e99-603d931d3277 req-f8e41dec-9ef2-4dfd-b064-c93f2f64c382 service placement] 10.222.0.31 "GET /placement/allocations/df8df5da-baba-46dd-818a-6a7936d3fe57" status: 200 len: 19 microversion: 1.28
Nov 12 00:37:13.089070 n-d-712137-14 devstack@placement-api.service[114726]: [pid: 114726|app: 0|req: 119/244] 10.222.0.31 () {60 vars in 1380 bytes} [Fri Nov 12 00:37:13 2021] GET /placement/allocations/df8df5da-baba-46dd-818a-6a7936d3fe57 => generated 19 bytes in 23 msecs (HTTP/1.1 200) 8 headers in 295 bytes (1 switches on core 0)
Nov 12 00:37:13.092572 n-d-712137-14 devstack@placement-api.service[114727]: DEBUG placement.requestlog [req-c43135b7-89ad-41d9-8e99-603d931d3277 req-43483f8d-d6c6-475c-82f5-b352a45bb263 None None] Starting request: 10.222.0.31 "PUT /placement/allocations/df8df5da-baba-46dd-818a-6a7936d3fe57" {{(pid=114727) __call__ /opt/stack/placement/placement/requestlog.py:55}}
Nov 12 00:37:13.213157 n-d-712137-14 devstack@placement-api.service[114727]: DEBUG placement.handlers.allocation [req-c43135b7-89ad-41d9-8e99-603d931d3277 req-43483f8d-d6c6-475c-82f5-b352a45bb263 service placement] Successfully wrote allocations [, , ] {{(pid=114727) _update_consumers_and_create_allocations /opt/stack/placement/placement/handlers/allocation.py:462}}
Nov 12 00:37:13.235086 n-d-712137-14 devstack@placement-api.service[114727]: INFO placement.requestlog [req-c43135b7-89ad-41d9-8e99-603d931d3277 req-43483f8d-d6c6-475c-82f5-b352a45bb263 service placement] 10.222.0.31 "PUT /placement/allocations/df8df5da-baba-46dd-818a-6a7936d3fe57" status: 204 len: 0 microversion: 1.36
Nov 12 00:37:13.236021 n-d-712137-14 devstack@placement-api.service[114727]: [pid: 114727|app: 0|req: 126/245] 10.222.0.31 () {64 vars in 1433 bytes} [Fri Nov 12 00:37:13 2021] PUT /placement/allocations/df8df5da-baba-46dd-818a-6a7936d3fe57 => generated 0 bytes in 143 msecs (HTTP/1.1 204) 5 headers in 199 bytes (1 switches on core 0)
Nov 12 00:37:13.473903 n-d-712137-14 devstack@placement-api.service[114726]: DEBUG placement.requestlog [req-c43135b7-89ad-41d9-8e99-603d931d3277 req-02f98860-d18d-4de7-b604-44a00727c127 None None] Starting request: 10.222.0.21 "GET /placement/allocations/df8df5da-baba-46dd-818a-6a7936d3fe57" {{(pid=114726) __call__ /opt/stack/placement/placement/requestlog.py:55}}
Nov 12 00:37:13.500918 n-d-712137-14 devstack@placement-api.service[114726]: INFO placement.requestlog [req-c43135b7-89ad-41d9-8e99-603d931d3277 req-02f98860-d18d-4de7-b604-44a00727c127 service placement] 10.222.0.21 "GET /placement/allocations/df8df5da-baba-46dd-818a-6a7936d3fe57" status: 200 len: 258 microversion: 1.28
Nov 12 00:37:13.503186 n-d-712137-14 devstack@placement-api.service[114726]: [pid: 114726|app: 0|req: 120/246] 10.222.0.21 () {60 vars in 1377 bytes} [Fri Nov 12 00:37:13 2021] GET /placement/allocations/df8df5da-baba-46dd-818a-6a7936d3fe57 => generated 258 bytes in 29 msecs (HTTP/1.1 200) 8 headers in 296 bytes (1 switches on core 0)
Nov 12 00:37:16.562550 n-d-712137-14 devstack@placement-api.service[114727]: DEBUG placement.requestlog [req-99c330b5-b604-4630-a589-3de29bc4922e req-e480db5f-c17f-434e-b30e-455b2b504a24 None None] Starting request: 10.222.0.31 "GET /placement/allocation_candidates?limit=1000&resources=DISK_GB%3A1%2CMEMORY_MB%3A1024%2CVCPU%3A1&root_required=%21COMPUTE_STATUS_DISABLED" {{(pid=114727) __call__ /opt/stack/placement/placement/requestlog.py:55}}
Nov 12 00:37:16.630133 n-d-712137-14 devstack@placement-api.service[114727]: DEBUG placement.objects.research_context [req-99c330b5-b604-4630-a589-3de29bc4922e req-e480db5f-c17f-434e-b30e-455b2b504a24 service placement] getting providers with 1 DISK_GB {{(pid=114727) __init__ /opt/stack/placement/placement/objects/research_context.py:126}}
Nov 12 00:37:16.637865 n-d-712137-14 devstack@placement-api.service[114727]: DEBUG placement.objects.research_context [req-99c330b5-b604-4630-a589-3de29bc4922e req-e480db5f-c17f-434e-b30e-455b2b504a24 service placement] getting providers with 1024 MEMORY_MB {{(pid=114727) __init__ /opt/stack/placement/placement/objects/research_context.py:126}}
Nov 12 00:37:16.653658 n-d-712137-14 devstack@placement-api.service[114727]: DEBUG placement.objects.research_context [req-99c330b5-b604-4630-a589-3de29bc4922e req-e480db5f-c17f-434e-b30e-455b2b504a24 service placement] getting providers with 1 VCPU {{(pid=114727) __init__ /opt/stack/placement/placement/objects/research_context.py:126}}
Nov 12 00:37:16.663052 n-d-712137-14 devstack@placement-api.service[114727]: DEBUG placement.objects.research_context [req-99c330b5-b604-4630-a589-3de29bc4922e req-e480db5f-c17f-434e-b30e-455b2b504a24 service placement] found 2 providers with available 1 DISK_GB {{(pid=114727) get_provider_ids_matching /opt/stack/placement/placement/objects/research_context.py:549}}
Nov 12 00:37:16.664332 n-d-712137-14 devstack@placement-api.service[114727]: DEBUG placement.objects.research_context [req-99c330b5-b604-4630-a589-3de29bc4922e req-e480db5f-c17f-434e-b30e-455b2b504a24 service placement] found 2 providers with available 1024 MEMORY_MB {{(pid=114727) get_provider_ids_matching /opt/stack/placement/placement/objects/research_context.py:549}}
