Aug 31 20:17:43.042367 n-d-712137-11 neutron-server[94792]: DEBUG neutron.db.l3_dvrscheduler_db [req-e11fbbf0-246f-4ef4-bc87-9c9117a66ec4 req-b3bf5df8-ad35-4ee8-a3f4-1723aed3f037 tempest-ServersAdminTestJSON-58570954 tempest-ServersAdminTestJSON-58570954-project] Received port after_create {{(pid=94792) _notify_l3_agent_new_port /opt/stack/neutron/neutron/db/l3_dvrscheduler_db.py:535}}
Aug 31 20:17:43.050504 n-d-712137-11 neutron-server[94792]: DEBUG neutron.pecan_wsgi.hooks.policy_enforcement [req-e11fbbf0-246f-4ef4-bc87-9c9117a66ec4 req-b3bf5df8-ad35-4ee8-a3f4-1723aed3f037 tempest-ServersAdminTestJSON-58570954 tempest-ServersAdminTestJSON-58570954-project] Attributes excluded by policy engine: ['standard_attr_id', 'binding:profile', 'binding:host_id', 'binding:vif_type', 'binding:vif_details', 'network'] {{(pid=94792) _exclude_attributes_by_policy /opt/stack/neutron/neutron/pecan_wsgi/hooks/policy_enforcement.py:255}}
Aug 31 20:17:43.051365 n-d-712137-11 neutron-server[94792]: DEBUG neutron_lib.callbacks.manager [req-e11fbbf0-246f-4ef4-bc87-9c9117a66ec4 req-b3bf5df8-ad35-4ee8-a3f4-1723aed3f037 tempest-ServersAdminTestJSON-58570954 tempest-ServersAdminTestJSON-58570954-project] Notify callbacks ['neutron.notifiers.nova.Notifier._send_nova_notification-104269', 'neutron.api.rpc.agentnotifiers.dhcp_rpc_agent_api.DhcpAgentNotifyAPI._send_dhcp_notification-1808017'] for port, before_response {{(pid=94792) _notify_loop /usr/local/lib/python3.8/dist-packages/neutron_lib/callbacks/manager.py:192}}
Aug 31 20:17:43.058348 n-d-712137-11 neutron-server[94791]: DEBUG neutron.notifiers.nova [req-e5d45bd6-1962-4982-8c44-03fdc1f49aa3 req-6fd73a18-6a75-4d02-8f5a-21e48e60defe service neutron] Ignoring state change previous_port_status: DOWN current_port_status: DOWN port_id d0724f87-e39c-4f92-9405-3ac12434b728 {{(pid=94791) record_port_status_changed /opt/stack/neutron/neutron/notifiers/nova.py:224}}
Aug 31 20:17:43.067609 n-d-712137-11 neutron-server[94792]: DEBUG neutron.wsgi [-] (94792) accepted ('10.222.0.50', 33576) {{(pid=94792) server /usr/local/lib/python3.8/dist-packages/eventlet/wsgi.py:982}}
Aug 31 20:17:43.068388 n-d-712137-11 neutron-server[94792]: DEBUG neutron.api.rpc.handlers.resources_rpc [None req-b3bf5df8-ad35-4ee8-a3f4-1723aed3f037 tempest-ServersAdminTestJSON-58570954 tempest-ServersAdminTestJSON-58570954-project] Pushing event updated for resources: {'Port': ['ID=7f13911d-4440-4052-8b9a-a60c6f45a27a,revision_number=1']} {{(pid=94792) push /opt/stack/neutron/neutron/api/rpc/handlers/resources_rpc.py:237}}
Aug 31 20:17:43.073172 n-d-712137-11 neutron-server[94791]: DEBUG neutron_lib.callbacks.manager [req-e5d45bd6-1962-4982-8c44-03fdc1f49aa3 req-6fd73a18-6a75-4d02-8f5a-21e48e60defe service neutron] Notify callbacks [] for port, precommit_update {{(pid=94791) _notify_loop /usr/local/lib/python3.8/dist-packages/neutron_lib/callbacks/manager.py:192}}
Aug 31 20:17:43.075410 n-d-712137-11 neutron-server[94792]: DEBUG neutron_lib.callbacks.manager [req-72cbe520-0e64-4801-a9b7-f1c44c546256 req-a9d66d13-db37-40cb-8c05-1f1e97c7df41 tempest-LiveMigrationTest-1983530922 tempest-LiveMigrationTest-1983530922-project] Notify callbacks [] for port, precommit_create {{(pid=94792) _notify_loop /usr/local/lib/python3.8/dist-packages/neutron_lib/callbacks/manager.py:192}}
Aug 31 20:17:43.090275 n-d-712137-11 neutron-server[94792]: DEBUG neutron.api.v2.base [None req-68efd7d6-6dc0-4fe0-8733-9c71cde2791d tempest-ServersWithSpecificFlavorTestJSON-132145048 tempest-ServersWithSpecificFlavorTestJSON-132145048-project] Request body: {'security_group': {'name': 'tempest-securitygroup--427834791', 'description': 'tempest-description--1677832950'}} {{(pid=94792) prepare_request_body /opt/stack/neutron/neutron/api/v2/base.py:730}}
Aug 31 20:17:43.093643 n-d-712137-11 neutron-server[94791]: DEBUG neutron.db.provisioning_blocks [req-e5d45bd6-1962-4982-8c44-03fdc1f49aa3 req-6fd73a18-6a75-4d02-8f5a-21e48e60defe service neutron] Transition to ACTIVE for port object d0724f87-e39c-4f92-9405-3ac12434b728 will not be triggered until provisioned by entity L2. {{(pid=94791) add_provisioning_component /opt/stack/neutron/neutron/db/provisioning_blocks.py:73}}
Aug 31 20:17:43.107800 n-d-712137-11 neutron-server[94791]: DEBUG neutron_lib.callbacks.manager [req-e5d45bd6-1962-4982-8c44-03fdc1f49aa3 req-6fd73a18-6a75-4d02-8f5a-21e48e60defe service neutron] Notify callbacks ['neutron.plugins.ml2.plugin.SecurityGroupServerNotifierRpcMixin._notify_sg_on_port_change-609926', 'neutron.plugins.ml2.ovo_rpc._ObjectChangeHandler.handle_event-36153', 'neutron.api.rpc.agentnotifiers.dhcp_rpc_agent_api.DhcpAgentNotifyAPI._native_event_send_dhcp_notification-1807971', 'neutron.db.l3_db.L3RpcNotifierMixin._notify_gateway_port_ip_changed-8785816320723', 'neutron.db.l3_dvrscheduler_db._notify_l3_agent_port_update-8785815744570', 'neutron.db.l3_hascheduler_db._notify_l3_agent_ha_port_update-8785815744588'] for port, after_update {{(pid=94791) _notify_loop /usr/local/lib/python3.8/dist-packages/neutron_lib/callbacks/manager.py:192}}
Aug 31 20:17:43.138694 n-d-712137-11 neutron-server[94792]: DEBUG neutron.notifiers.nova [req-5445cff0-8efa-46fd-ac12-a961abf05750 req-82fa55bc-4e27-4618-b2fa-3fcd01d2488b service neutron] Ignoring state change previous_port_status: DOWN current_port_status: DOWN port_id de3fd5ad-c8d1-4151-a760-9a3a69f73ae6 {{(pid=94792) record_port_status_changed /opt/stack/neutron/neutron/notifiers/nova.py:224}}
Aug 31 20:17:43.157495 n-d-712137-11 neutron-server[94792]: DEBUG neutron_lib.callbacks.manager [req-5445cff0-8efa-46fd-ac12-a961abf05750 req-82fa55bc-4e27-4618-b2fa-3fcd01d2488b service neutron] Notify callbacks [] for port, precommit_update {{(pid=94792) _notify_loop /usr/local/lib/python3.8/dist-packages/neutron_lib/callbacks/manager.py:192}}
Aug 31 20:17:43.193991 n-d-712137-11 neutron-server[94792]: DEBUG neutron_lib.callbacks.manager [None req-68efd7d6-6dc0-4fe0-8733-9c71cde2791d tempest-ServersWithSpecificFlavorTestJSON-132145048 tempest-ServersWithSpecificFlavorTestJSON-132145048-project] Notify callbacks [] for security_group, before_create {{(pid=94792) _notify_loop /usr/local/lib/python3.8/dist-packages/neutron_lib/callbacks/manager.py:192}}
Aug 31 20:17:43.217136 n-d-712137-11 neutron-server[94791]: DEBUG neutron.api.rpc.handlers.resources_rpc [None req-6fd73a18-6a75-4d02-8f5a-21e48e60defe service neutron] Pushing event updated for resources: {'Port': ['ID=d0724f87-e39c-4f92-9405-3ac12434b728,revision_number=2']} {{(pid=94791) push /opt/stack/neutron/neutron/api/rpc/handlers/resources_rpc.py:237}}
Aug 31 20:17:43.230122 n-d-712137-11 neutron-server[94792]: INFO neutron.wsgi [req-e11fbbf0-246f-4ef4-bc87-9c9117a66ec4 req-b3bf5df8-ad35-4ee8-a3f4-1723aed3f037 tempest-ServersAdminTestJSON-58570954 tempest-ServersAdminTestJSON-58570954-project] 10.222.0.64 "POST /v2.0/ports HTTP/1.1" status: 201 len: 938 time: 1.9105661
Aug 31 20:17:43.231208 n-d-712137-11 neutron-server[94792]: DEBUG neutron.db.provisioning_blocks [req-5445cff0-8efa-46fd-ac12-a961abf05750 req-82fa55bc-4e27-4618-b2fa-3fcd01d2488b service neutron] Transition to ACTIVE for port object de3fd5ad-c8d1-4151-a760-9a3a69f73ae6 will not be triggered until provisioned by entity L2. {{(pid=94792) add_provisioning_component /opt/stack/neutron/neutron/db/provisioning_blocks.py:73}}
Aug 31 20:17:43.250256 n-d-712137-11 neutron-server[94792]: DEBUG neutron_lib.callbacks.manager [req-5445cff0-8efa-46fd-ac12-a961abf05750 req-82fa55bc-4e27-4618-b2fa-3fcd01d2488b service neutron] Notify callbacks ['neutron.plugins.ml2.plugin.SecurityGroupServerNotifierRpcMixin._notify_sg_on_port_change-609926', 'neutron.plugins.ml2.ovo_rpc._ObjectChangeHandler.handle_event-36153', 'neutron.api.rpc.agentnotifiers.dhcp_rpc_agent_api.DhcpAgentNotifyAPI._native_event_send_dhcp_notification-1807971', 'neutron.db.l3_db.L3RpcNotifierMixin._notify_gateway_port_ip_changed-8785816320723', 'neutron.db.l3_dvrscheduler_db._notify_l3_agent_port_update-8785815744570', 'neutron.db.l3_hascheduler_db._notify_l3_agent_ha_port_update-8785815744588'] for port, after_update {{(pid=94792) _notify_loop /usr/local/lib/python3.8/dist-packages/neutron_lib/callbacks/manager.py:192}}
Aug 31 20:17:43.257758 n-d-712137-11 neutron-server[94791]: DEBUG neutron.plugins.ml2.managers [req-e5d45bd6-1962-4982-8c44-03fdc1f49aa3 req-6fd73a18-6a75-4d02-8f5a-21e48e60defe service neutron] Attempting to bind port d0724f87-e39c-4f92-9405-3ac12434b728 on host n-h2-712137-11 for vnic_type normal with profile {{(pid=94791) bind_port /opt/stack/neutron/neutron/plugins/ml2/managers.py:790}}
Aug 31 20:17:43.258126 n-d-712137-11 neutron-server[94791]: DEBUG neutron.plugins.ml2.managers [req-e5d45bd6-1962-4982-8c44-03fdc1f49aa3 req-6fd73a18-6a75-4d02-8f5a-21e48e60defe service neutron] Attempting to bind port d0724f87-e39c-4f92-9405-3ac12434b728 by drivers openvswitch,hyperv on host n-h2-712137-11 at level 0 using segments [{'id': 'ee396a93-ce10-4119-9649-97257334b32b', 'network_type': 'vlan', 'physical_network': 'physnet1', 'segmentation_id': 581, 'network_id': 'd8c38533-d05b-4c16-ab9d-c46e99995377'}] {{(pid=94791) _bind_port_level /opt/stack/neutron/neutron/plugins/ml2/managers.py:815}}
Aug 31 20:17:43.258465 n-d-712137-11 neutron-server[94791]: DEBUG neutron.plugins.ml2.drivers.mech_agent [req-e5d45bd6-1962-4982-8c44-03fdc1f49aa3 req-6fd73a18-6a75-4d02-8f5a-21e48e60defe service neutron] Attempting to bind port d0724f87-e39c-4f92-9405-3ac12434b728 on network d8c38533-d05b-4c16-ab9d-c46e99995377 {{(pid=94791) bind_port /opt/stack/neutron/neutron/plugins/ml2/drivers/mech_agent.py:85}}
Aug 31 20:17:43.268290 n-d-712137-11 neutron-server[94792]: DEBUG neutron.api.v2.base [req-e11fbbf0-246f-4ef4-bc87-9c9117a66ec4 req-0de44dd8-85b2-4399-b9b9-9fd1cb3776dd service neutron] Request body: {'port': {'device_id': 'd6e37b23-0855-4f3c-97a7-248f7efe4390', 'device_owner': 'compute:nova', 'binding:host_id': 'n-h1-712137-11'}} {{(pid=94792) prepare_request_body /opt/stack/neutron/neutron/api/v2/base.py:730}}
Aug 31 20:17:43.276560 n-d-712137-11 neutron-server[94791]: DEBUG neutron.plugins.ml2.drivers.mech_agent [req-e5d45bd6-1962-4982-8c44-03fdc1f49aa3 req-6fd73a18-6a75-4d02-8f5a-21e48e60defe service neutron] Port d0724f87-e39c-4f92-9405-3ac12434b728 on network d8c38533-d05b-4c16-ab9d-c46e99995377 not bound, no agent of type Open vSwitch agent registered on host n-h2-712137-11 {{(pid=94791) bind_port /opt/stack/neutron/neutron/plugins/ml2/drivers/mech_agent.py:97}}
Aug 31 20:17:43.278836 n-d-712137-11 neutron-server[94791]: DEBUG neutron.plugins.ml2.drivers.mech_agent [req-e5d45bd6-1962-4982-8c44-03fdc1f49aa3 req-6fd73a18-6a75-4d02-8f5a-21e48e60defe service neutron] Attempting to bind port d0724f87-e39c-4f92-9405-3ac12434b728 on network d8c38533-d05b-4c16-ab9d-c46e99995377 {{(pid=94791) bind_port /opt/stack/neutron/neutron/plugins/ml2/drivers/mech_agent.py:85}}
Aug 31 20:17:43.300678 n-d-712137-11 neutron-server[94791]: DEBUG neutron.plugins.ml2.drivers.mech_agent [req-e5d45bd6-1962-4982-8c44-03fdc1f49aa3 req-6fd73a18-6a75-4d02-8f5a-21e48e60defe service neutron] Checking agent: {'id': 'e29d77a3-8b04-4a2b-8b27-c3c260c6865a', 'agent_type': 'HyperV agent', 'binary': 'neutron-hyperv-agent', 'topic': 'N/A', 'host': 'n-h2-712137-11', 'admin_state_up': True, 'created_at': datetime.datetime(2021, 8, 31, 20, 15, 2), 'started_at': datetime.datetime(2021, 8, 31, 20, 15, 2), 'heartbeat_timestamp': datetime.datetime(2021, 8, 31, 20, 17, 32), 'description': None, 'resources_synced': None, 'availability_zone': None, 'alive': True, 'configurations': {'vswitch_mappings': {'physnet1$': 'br-data'}}, 'resource_versions': {}} {{(pid=94791) bind_port /opt/stack/neutron/neutron/plugins/ml2/drivers/mech_agent.py:104}}
Aug 31 20:17:43.301130 n-d-712137-11 neutron-server[94791]: DEBUG neutron.plugins.ml2.drivers.mech_agent [req-e5d45bd6-1962-4982-8c44-03fdc1f49aa3 req-6fd73a18-6a75-4d02-8f5a-21e48e60defe service neutron] Checking segment: {'id': 'ee396a93-ce10-4119-9649-97257334b32b', 'network_type': 'vlan', 'physical_network': 'physnet1', 'segmentation_id': 581, 'network_id': 'd8c38533-d05b-4c16-ab9d-c46e99995377'} for mappings: {'physnet1$': 'br-data'} with network types: ['local', 'flat', 'vlan'] {{(pid=94791) check_segment_for_agent /opt/stack/neutron/neutron/plugins/ml2/drivers/mech_agent.py:352}}
Aug 31 20:17:43.303474 n-d-712137-11 neutron-server[94791]: DEBUG neutron.plugins.ml2.drivers.mech_agent [req-e5d45bd6-1962-4982-8c44-03fdc1f49aa3 req-6fd73a18-6a75-4d02-8f5a-21e48e60defe service neutron] Bound using segment: {'id': 'ee396a93-ce10-4119-9649-97257334b32b', 'network_type': 'vlan', 'physical_network': 'physnet1', 'segmentation_id': 581, 'network_id': 'd8c38533-d05b-4c16-ab9d-c46e99995377'} {{(pid=94791) bind_port /opt/stack/neutron/neutron/plugins/ml2/drivers/mech_agent.py:114}}
Aug 31 20:17:43.304047 n-d-712137-11 neutron-server[94791]: DEBUG neutron.plugins.ml2.managers [req-e5d45bd6-1962-4982-8c44-03fdc1f49aa3 req-6fd73a18-6a75-4d02-8f5a-21e48e60defe service neutron] Bound port: d0724f87-e39c-4f92-9405-3ac12434b728, host: n-h2-712137-11, vif_type: hyperv, vif_details: {"connectivity": "legacy", "port_filter": false}, binding_levels: [{'bound_driver': 'hyperv', 'bound_segment': {'id': 'ee396a93-ce10-4119-9649-97257334b32b', 'network_type': 'vlan', 'physical_network': 'physnet1', 'segmentation_id': 581, 'network_id': 'd8c38533-d05b-4c16-ab9d-c46e99995377'}}] {{(pid=94791) _bind_port_level /opt/stack/neutron/neutron/plugins/ml2/managers.py:928}}
Aug 31 20:17:43.305873 n-d-712137-11 neutron-server[94791]: DEBUG neutron_lib.callbacks.manager [req-e5d45bd6-1962-4982-8c44-03fdc1f49aa3 req-6fd73a18-6a75-4d02-8f5a-21e48e60defe service neutron] Notify callbacks ['neutron.plugins.ml2.plugin.SecurityGroupDbMixin._ensure_default_security_group_handler-609985'] for port, before_update {{(pid=94791) _notify_loop /usr/local/lib/python3.8/dist-packages/neutron_lib/callbacks/manager.py:192}}
Aug 31 20:17:43.355966 n-d-712137-11 neutron-server[94792]: DEBUG neutron_lib.callbacks.manager [req-72cbe520-0e64-4801-a9b7-f1c44c546256 req-a9d66d13-db37-40cb-8c05-1f1e97c7df41 tempest-LiveMigrationTest-1983530922 tempest-LiveMigrationTest-1983530922-project] Notify callbacks ['neutron.plugins.ml2.plugin.SecurityGroupServerNotifierRpcMixin._notify_sg_on_port_change-609926', 'neutron.plugins.ml2.ovo_rpc._ObjectChangeHandler.handle_event-36153', 'neutron.api.rpc.agentnotifiers.dhcp_rpc_agent_api.DhcpAgentNotifyAPI._native_event_send_dhcp_notification-1807971', 'neutron.db.l3_dvrscheduler_db._notify_l3_agent_new_port-8785815744552'] for port, after_create {{(pid=94792) _notify_loop /usr/local/lib/python3.8/dist-packages/neutron_lib/callbacks/manager.py:192}}
Aug 31 20:17:43.396650 n-d-712137-11 neutron-server[94793]: DEBUG neutron.db.l3_dvr_db [None req-e3ec24c5-180f-4711-ba40-ac8b4a300087 None None] Set router 73219161-870d-41e7-8622-c0286c92e253 gateway port host: n-d-712137-11 {{(pid=94793) _build_routers_list /opt/stack/neutron/neutron/db/l3_dvr_db.py:906}}
Aug 31 20:17:43.417159 n-d-712137-11 neutron-server[94792]: DEBUG neutron.api.rpc.handlers.resources_rpc [None req-82fa55bc-4e27-4618-b2fa-3fcd01d2488b service neutron] Pushing event updated for resources: {'Port': ['ID=de3fd5ad-c8d1-4151-a760-9a3a69f73ae6,revision_number=2']} {{(pid=94792) push /opt/stack/neutron/neutron/api/rpc/handlers/resources_rpc.py:237}}
Aug 31 20:17:43.449399 n-d-712137-11 neutron-server[94791]: DEBUG neutron.plugins.ml2.db [req-e5d45bd6-1962-4982-8c44-03fdc1f49aa3 req-6fd73a18-6a75-4d02-8f5a-21e48e60defe service neutron] For port d0724f87-e39c-4f92-9405-3ac12434b728, host n-h2-712137-11, cleared binding levels {{(pid=94791) clear_binding_levels /opt/stack/neutron/neutron/plugins/ml2/db.py:87}}
Aug 31 20:17:43.459220 n-d-712137-11 neutron-server[94793]: DEBUG neutron_lib.callbacks.manager [None req-97b198da-cba9-4712-b965-5a8b29e34de9 None None] Notify callbacks ['neutron.plugins.ml2.plugin.SecurityGroupDbMixin._ensure_default_security_group_handler-609985'] for port, before_update {{(pid=94793) _notify_loop /usr/local/lib/python3.8/dist-packages/neutron_lib/callbacks/manager.py:192}}
Aug 31 20:17:43.480760 n-d-712137-11 neutron-server[94791]: DEBUG neutron.plugins.ml2.db [req-e5d45bd6-1962-4982-8c44-03fdc1f49aa3 req-6fd73a18-6a75-4d02-8f5a-21e48e60defe service neutron] For port d0724f87-e39c-4f92-9405-3ac12434b728, host n-h2-712137-11, set binding levels [PortBindingLevel(driver='hyperv',host='n-h2-712137-11',level=0,port_id=d0724f87-e39c-4f92-9405-3ac12434b728,segment=NetworkSegment(ee396a93-ce10-4119-9649-97257334b32b),segment_id=ee396a93-ce10-4119-9649-97257334b32b)] {{(pid=94791) set_binding_levels /opt/stack/neutron/neutron/plugins/ml2/db.py:59}}
Aug 31 20:17:43.491731 n-d-712137-11 neutron-server[94791]: DEBUG neutron.pecan_wsgi.hooks.policy_enforcement [req-71ffde7c-5aea-484a-bafc-09012571ac00 req-16e8be94-7725-4ea7-a121-62a861e727f6 tempest-VolumesAdminNegativeTest-247112606 tempest-VolumesAdminNegativeTest-247112606-project] Attributes excluded by policy engine: ['standard_attr_id', 'binding:profile', 'binding:host_id', 'binding:vif_type', 'binding:vif_details'] {{(pid=94791) _exclude_attributes_by_policy /opt/stack/neutron/neutron/pecan_wsgi/hooks/policy_enforcement.py:255}}
Aug 31 20:17:43.493715 n-d-712137-11 neutron-server[94791]: INFO neutron.wsgi [req-71ffde7c-5aea-484a-bafc-09012571ac00 req-16e8be94-7725-4ea7-a121-62a861e727f6 tempest-VolumesAdminNegativeTest-247112606 tempest-VolumesAdminNegativeTest-247112606-project] 10.222.0.50 "GET /v2.0/ports?device_id=5961494c-96e0-439d-af92-e44e288f8190 HTTP/1.1" status: 200 len: 965 time: 0.0966582
Aug 31 20:17:43.495666 n-d-712137-11 neutron-server[94791]: DEBUG neutron_lib.callbacks.manager [req-e5d45bd6-1962-4982-8c44-03fdc1f49aa3 req-6fd73a18-6a75-4d02-8f5a-21e48e60defe service neutron] Notify callbacks ['neutron.plugins.ml2.plugin.SecurityGroupServerNotifierRpcMixin._notify_sg_on_port_change-609926', 'neutron.plugins.ml2.ovo_rpc._ObjectChangeHandler.handle_event-36153', 'neutron.api.rpc.agentnotifiers.dhcp_rpc_agent_api.DhcpAgentNotifyAPI._native_event_send_dhcp_notification-1807971', 'neutron.db.l3_db.L3RpcNotifierMixin._notify_gateway_port_ip_changed-8785816320723', 'neutron.db.l3_dvrscheduler_db._notify_l3_agent_port_update-8785815744570', 'neutron.db.l3_hascheduler_db._notify_l3_agent_ha_port_update-8785815744588'] for port, after_update {{(pid=94791) _notify_loop /usr/local/lib/python3.8/dist-packages/neutron_lib/callbacks/manager.py:192}}
Aug 31 20:17:43.539866 n-d-712137-11 neutron-server[94793]: DEBUG neutron.db.provisioning_blocks [None req-9ee9c5d7-8537-4925-b23f-072624c0a599 None None] Provisioning for port 7f13911d-4440-4052-8b9a-a60c6f45a27a completed by entity DHCP. {{(pid=94793) provisioning_complete /opt/stack/neutron/neutron/db/provisioning_blocks.py:133}}
Aug 31 20:17:43.550703 n-d-712137-11 neutron-server[94792]: DEBUG neutron.scheduler.dhcp_agent_scheduler [req-72cbe520-0e64-4801-a9b7-f1c44c546256 req-a9d66d13-db37-40cb-8c05-1f1e97c7df41 tempest-LiveMigrationTest-1983530922 tempest-LiveMigrationTest-1983530922-project] Network cab50f68-e9a1-41ed-8853-04da190ccdf0 is already hosted by enough agents. {{(pid=94792) _get_dhcp_agents_hosting_network /opt/stack/neutron/neutron/scheduler/dhcp_agent_scheduler.py:275}}
Aug 31 20:17:43.556711 n-d-712137-11 neutron-server[94793]: DEBUG neutron.db.provisioning_blocks [None req-9ee9c5d7-8537-4925-b23f-072624c0a599 None None] Provisioning complete for port 7f13911d-4440-4052-8b9a-a60c6f45a27a triggered by entity DHCP. {{(pid=94793) provisioning_complete /opt/stack/neutron/neutron/db/provisioning_blocks.py:139}}
Aug 31 20:17:43.557351 n-d-712137-11 neutron-server[94793]: DEBUG neutron_lib.callbacks.manager [None req-9ee9c5d7-8537-4925-b23f-072624c0a599 None None] Notify callbacks ['neutron.plugins.ml2.plugin.Ml2Plugin._port_provisioned-928278'] for port, provisioning_complete {{(pid=94793) _notify_loop /usr/local/lib/python3.8/dist-packages/neutron_lib/callbacks/manager.py:192}}
Aug 31 20:17:43.562959 n-d-712137-11 neutron-server[94792]: DEBUG neutron_lib.callbacks.manager [req-e11fbbf0-246f-4ef4-bc87-9c9117a66ec4 req-0de44dd8-85b2-4399-b9b9-9fd1cb3776dd service neutron] Notify callbacks ['neutron.plugins.ml2.plugin.SecurityGroupDbMixin._ensure_default_security_group_handler-609985'] for port, before_update {{(pid=94792) _notify_loop /usr/local/lib/python3.8/dist-packages/neutron_lib/callbacks/manager.py:192}}
Aug 31 20:17:43.572705 n-d-712137-11 neutron-server[94791]: DEBUG neutron.pecan_wsgi.hooks.policy_enforcement [req-e5d45bd6-1962-4982-8c44-03fdc1f49aa3 req-6fd73a18-6a75-4d02-8f5a-21e48e60defe service neutron] Attributes excluded by policy engine: ['standard_attr_id'] {{(pid=94791) _exclude_attributes_by_policy /opt/stack/neutron/neutron/pecan_wsgi/hooks/policy_enforcement.py:255}}
Aug 31 20:17:43.573342 n-d-712137-11 neutron-server[94791]: DEBUG neutron_lib.callbacks.manager [req-e5d45bd6-1962-4982-8c44-03fdc1f49aa3 req-6fd73a18-6a75-4d02-8f5a-21e48e60defe service neutron] Notify callbacks ['neutron.notifiers.nova.Notifier._send_nova_notification-104269', 'neutron.api.rpc.agentnotifiers.dhcp_rpc_agent_api.DhcpAgentNotifyAPI._send_dhcp_notification-1808017'] for port, before_response {{(pid=94791) _notify_loop /usr/local/lib/python3.8/dist-packages/neutron_lib/callbacks/manager.py:192}}
Aug 31 20:17:43.574777 n-d-712137-11 neutron-server[94791]: INFO neutron.wsgi [req-e5d45bd6-1962-4982-8c44-03fdc1f49aa3 req-6fd73a18-6a75-4d02-8f5a-21e48e60defe service neutron] 10.222.0.20 "PUT /v2.0/ports/d0724f87-e39c-4f92-9405-3ac12434b728 HTTP/1.1" status: 200 len: 1118 time: 1.8021841
Aug 31 20:17:43.577168 n-d-712137-11 neutron-server[94791]: DEBUG neutron.notifiers.nova [-] Sending events: [{'name': 'network-changed', 'server_uuid': 'bbcdd50d-984f-42c2-9c0e-b959352dd8ad', 'tag': 'd0724f87-e39c-4f92-9405-3ac12434b728'}] {{(pid=94791) send_events /opt/stack/neutron/neutron/notifiers/nova.py:262}}
Aug 31 20:17:43.635762 n-d-712137-11 neutron-server[94793]: DEBUG neutron_lib.callbacks.manager [None req-cdcdb146-91ec-4da7-bfce-c43541569cd5 None None] Notify callbacks ['neutron.services.segments.db._update_segment_host_mapping_for_agent-8785816190940', 'neutron.plugins.ml2.plugin.Ml2Plugin._retry_binding_revived_agents-928449'] for agent, after_update {{(pid=94793) _notify_loop /usr/local/lib/python3.8/dist-packages/neutron_lib/callbacks/manager.py:192}}
Aug 31 20:17:43.657403 n-d-712137-11 neutron-server[94793]: DEBUG neutron.notifiers.nova [-] Sending events: [{'server_uuid': '52ffc55f-7da8-4aa2-8543-c074fb3b5cb1', 'name': 'network-vif-plugged', 'status': 'completed', 'tag': 'b473933b-a622-4722-9ae8-501a98691f5a'}] {{(pid=94793) send_events /opt/stack/neutron/neutron/notifiers/nova.py:262}}
Aug 31 20:17:43.745881 n-d-712137-11 neutron-server[94791]: DEBUG neutron.api.rpc.handlers.resources_rpc [None req-6fd73a18-6a75-4d02-8f5a-21e48e60defe service neutron] Pushing event updated for resources: {'Port': ['ID=d0724f87-e39c-4f92-9405-3ac12434b728,revision_number=3']} {{(pid=94791) push /opt/stack/neutron/neutron/api/rpc/handlers/resources_rpc.py:237}}
Aug 31 20:17:43.766381 n-d-712137-11 neutron-server[94791]: DEBUG novaclient.v2.client [-] REQ: curl -g -i --cacert "/opt/stack/data/ca-bundle.pem" -X POST http://10.222.0.50/compute/v2.1/os-server-external-events -H "Accept: application/json" -H "Content-Type: application/json" -H "User-Agent: python-novaclient" -H "X-Auth-Token: {SHA256}e31d35b62b3c3282ab6cc8dc066014eba2e7718efb1f7d06c32cb9ab6b79e526" -H "X-OpenStack-Nova-API-Version: 2.1" -H "X-OpenStack-Request-ID: req-0842d525-aed1-4380-ab6d-b885ac4026ba" -d '{"events": [{"name": "network-changed", "server_uuid": "bbcdd50d-984f-42c2-9c0e-b959352dd8ad", "tag": "d0724f87-e39c-4f92-9405-3ac12434b728"}]}' {{(pid=94791) _http_log_request /usr/local/lib/python3.8/dist-packages/keystoneauth1/session.py:519}}
Aug 31 20:17:43.779273 n-d-712137-11 neutron-server[94791]: INFO neutron.wsgi [req-71ffde7c-5aea-484a-bafc-09012571ac00 req-de685a99-0af7-4868-a9a7-55c068f1d261 tempest-VolumesAdminNegativeTest-247112606 tempest-VolumesAdminNegativeTest-247112606-project] 10.222.0.50 "GET /v2.0/security-groups?id=2e1af887-d297-476f-8a59-cad7e67a34cc&fields=id&fields=name HTTP/1.1" status: 200 len: 286 time: 0.2736459
Aug 31 20:17:43.787360 n-d-712137-11 neutron-server[94793]: DEBUG neutron.plugins.ml2.db [None req-97b198da-cba9-4712-b965-5a8b29e34de9 None None] For port b473933b-a622-4722-9ae8-501a98691f5a, host n-h2-712137-11, got binding levels [PortBindingLevel(driver='hyperv',host='n-h2-712137-11',level=0,port_id=b473933b-a622-4722-9ae8-501a98691f5a,segment=NetworkSegment(ee396a93-ce10-4119-9649-97257334b32b),segment_id=ee396a93-ce10-4119-9649-97257334b32b)] {{(pid=94793) get_binding_level_objs /opt/stack/neutron/neutron/plugins/ml2/db.py:74}}
Aug 31 20:17:43.790860 n-d-712137-11 neutron-server[94791]: DEBUG neutron.pecan_wsgi.hooks.policy_enforcement [req-e5d45bd6-1962-4982-8c44-03fdc1f49aa3 req-ba825bb7-2117-4379-b9f6-eac93b028337 service neutron] Attributes excluded by policy engine: ['standard_attr_id'] {{(pid=94791) _exclude_attributes_by_policy /opt/stack/neutron/neutron/pecan_wsgi/hooks/policy_enforcement.py:255}}
Aug 31 20:17:43.792357 n-d-712137-11 neutron-server[94791]: INFO neutron.wsgi [req-e5d45bd6-1962-4982-8c44-03fdc1f49aa3 req-ba825bb7-2117-4379-b9f6-eac93b028337 service neutron] 10.222.0.20 "GET /v2.0/ports?tenant_id=be8949f59a5343ae867d104247050b82&device_id=bbcdd50d-984f-42c2-9c0e-b959352dd8ad HTTP/1.1" status: 200 len: 1121 time: 0.1435959
Aug 31 20:17:43.801095 n-d-712137-11 neutron-server[94793]: DEBUG neutron_lib.callbacks.manager [None req-97b198da-cba9-4712-b965-5a8b29e34de9 None None] Notify callbacks ['neutron.plugins.ml2.plugin.SecurityGroupServerNotifierRpcMixin._notify_sg_on_port_change-609926', 'neutron.plugins.ml2.ovo_rpc._ObjectChangeHandler.handle_event-36153', 'neutron.api.rpc.agentnotifiers.dhcp_rpc_agent_api.DhcpAgentNotifyAPI._native_event_send_dhcp_notification-1807971', 'neutron.db.l3_db.L3RpcNotifierMixin._notify_gateway_port_ip_changed-8785816320723', 'neutron.db.l3_dvrscheduler_db._notify_l3_agent_port_update-8785815744570', 'neutron.db.l3_hascheduler_db._notify_l3_agent_ha_port_update-8785815744588'] for port, after_update {{(pid=94793) _notify_loop /usr/local/lib/python3.8/dist-packages/neutron_lib/callbacks/manager.py:192}}
Aug 31 20:17:43.806740 n-d-712137-11 neutron-server[94793]: DEBUG neutron.plugins.ml2.plugin [None req-9ee9c5d7-8537-4925-b23f-072624c0a599 None None] Port 7f13911d-4440-4052-8b9a-a60c6f45a27a cannot update to ACTIVE because it is not bound. {{(pid=94793) _port_provisioned /opt/stack/neutron/neutron/plugins/ml2/plugin.py:337}}
Aug 31 20:17:43.883656 n-d-712137-11 neutron-server[94792]: DEBUG neutron.scheduler.base_scheduler [req-72cbe520-0e64-4801-a9b7-f1c44c546256 req-a9d66d13-db37-40cb-8c05-1f1e97c7df41 tempest-LiveMigrationTest-1983530922 tempest-LiveMigrationTest-1983530922-project] Resources bound (agent type, host, resource id): {{(pid=94792) schedule /opt/stack/neutron/neutron/scheduler/base_scheduler.py:57}}
Aug 31 20:17:43.898914 n-d-712137-11 neutron-server[94793]: DEBUG novaclient.v2.client [-] REQ: curl -g -i --cacert "/opt/stack/data/ca-bundle.pem" -X POST http://10.222.0.50/compute/v2.1/os-server-external-events -H "Accept: application/json" -H "Content-Type: application/json" -H "User-Agent: python-novaclient" -H "X-Auth-Token: {SHA256}c9ff0f78bcbed0ca7006e536049251765ea49974949e2f60416e910f7306dea6" -H "X-OpenStack-Nova-API-Version: 2.1" -H "X-OpenStack-Request-ID: req-bfd94060-8c10-45e0-92e6-644ec57b0064" -d '{"events": [{"server_uuid": "52ffc55f-7da8-4aa2-8543-c074fb3b5cb1", "name": "network-vif-plugged", "status": "completed", "tag": "b473933b-a622-4722-9ae8-501a98691f5a"}]}' {{(pid=94793) _http_log_request /usr/local/lib/python3.8/dist-packages/keystoneauth1/session.py:519}}
Aug 31 20:17:43.903233 n-d-712137-11 neutron-server[94792]: DEBUG neutron.plugins.ml2.managers [req-5445cff0-8efa-46fd-ac12-a961abf05750 req-82fa55bc-4e27-4618-b2fa-3fcd01d2488b service neutron] Attempting to bind port de3fd5ad-c8d1-4151-a760-9a3a69f73ae6 on host n-h2-712137-11 for vnic_type normal with profile {{(pid=94792) bind_port /opt/stack/neutron/neutron/plugins/ml2/managers.py:790}}
Aug 31 20:17:43.903576 n-d-712137-11 neutron-server[94792]: DEBUG neutron.plugins.ml2.managers [req-5445cff0-8efa-46fd-ac12-a961abf05750 req-82fa55bc-4e27-4618-b2fa-3fcd01d2488b service neutron] Attempting to bind port de3fd5ad-c8d1-4151-a760-9a3a69f73ae6 by drivers openvswitch,hyperv on host n-h2-712137-11 at level 0 using segments [{'id': '98121c7f-d35e-44da-bdb3-59b4f3259b4a', 'network_type': 'vlan', 'physical_network': 'physnet1', 'segmentation_id': 550, 'network_id': '5472a3c5-70c6-4964-b041-a61e6b69ef29'}] {{(pid=94792) _bind_port_level /opt/stack/neutron/neutron/plugins/ml2/managers.py:815}}
Aug 31 20:17:43.903909 n-d-712137-11 neutron-server[94792]: DEBUG neutron.plugins.ml2.drivers.mech_agent [req-5445cff0-8efa-46fd-ac12-a961abf05750 req-82fa55bc-4e27-4618-b2fa-3fcd01d2488b service neutron] Attempting to bind port de3fd5ad-c8d1-4151-a760-9a3a69f73ae6 on network 5472a3c5-70c6-4964-b041-a61e6b69ef29 {{(pid=94792) bind_port /opt/stack/neutron/neutron/plugins/ml2/drivers/mech_agent.py:85}}
Aug 31 20:17:43.906710 n-d-712137-11 neutron-server[94792]: DEBUG neutron.db.l3_dvrscheduler_db [req-72cbe520-0e64-4801-a9b7-f1c44c546256 req-a9d66d13-db37-40cb-8c05-1f1e97c7df41 tempest-LiveMigrationTest-1983530922 tempest-LiveMigrationTest-1983530922-project] Received port after_create {{(pid=94792) _notify_l3_agent_new_port /opt/stack/neutron/neutron/db/l3_dvrscheduler_db.py:535}}
Aug 31 20:17:43.914525 n-d-712137-11 neutron-server[94793]: DEBUG neutron.api.rpc.handlers.resources_rpc [None req-97b198da-cba9-4712-b965-5a8b29e34de9 None None] Pushing event updated for resources: {'Port': ['ID=b473933b-a622-4722-9ae8-501a98691f5a,revision_number=5']} {{(pid=94793) push /opt/stack/neutron/neutron/api/rpc/handlers/resources_rpc.py:237}}
Aug 31 20:17:43.922104 n-d-712137-11 neutron-server[94792]: DEBUG neutron.pecan_wsgi.hooks.policy_enforcement [req-72cbe520-0e64-4801-a9b7-f1c44c546256 req-a9d66d13-db37-40cb-8c05-1f1e97c7df41 tempest-LiveMigrationTest-1983530922 tempest-LiveMigrationTest-1983530922-project] Attributes excluded by policy engine: ['standard_attr_id', 'binding:profile', 'binding:host_id', 'binding:vif_type', 'binding:vif_details', 'network'] {{(pid=94792) _exclude_attributes_by_policy /opt/stack/neutron/neutron/pecan_wsgi/hooks/policy_enforcement.py:255}}
Aug 31 20:17:43.923967 n-d-712137-11 neutron-server[94792]: DEBUG neutron_lib.callbacks.manager [req-72cbe520-0e64-4801-a9b7-f1c44c546256 req-a9d66d13-db37-40cb-8c05-1f1e97c7df41 tempest-LiveMigrationTest-1983530922 tempest-LiveMigrationTest-1983530922-project] Notify callbacks ['neutron.notifiers.nova.Notifier._send_nova_notification-104269', 'neutron.api.rpc.agentnotifiers.dhcp_rpc_agent_api.DhcpAgentNotifyAPI._send_dhcp_notification-1808017'] for port, before_response {{(pid=94792) _notify_loop /usr/local/lib/python3.8/dist-packages/neutron_lib/callbacks/manager.py:192}}
Aug 31 20:17:43.935490 n-d-712137-11 neutron-server[94791]: INFO neutron.wsgi [req-e5d45bd6-1962-4982-8c44-03fdc1f49aa3 req-38273035-959b-4368-85d0-b9ae67ec6d33 service neutron] 10.222.0.20 "GET /v2.0/floatingips?fixed_ip_address=192.168.233.54&port_id=d0724f87-e39c-4f92-9405-3ac12434b728 HTTP/1.1" status: 200 len: 217 time: 0.1344819
Aug 31 20:17:43.944398 n-d-712137-11 neutron-server[94793]: DEBUG neutron.db.l3_hamode_db [None req-e3ec24c5-180f-4711-ba40-ac8b4a300087 None None] neutron.services.l3_router.l3_router_plugin.L3RouterPlugin method _process_sync_ha_data called with arguments (, [{'id': '73219161-870d-41e7-8622-c0286c92e253', 'name': 'tempest-ServersWithSpecificFlavorTestJSON-1131823836-router', 'tenant_id': '6230ca81839d4331a257d78ec3b73047', 'admin_state_up': True, 'status': 'ACTIVE', 'external_gateway_info': {'network_id': '2f5fdb97-3fd4-4626-97a1-02be02f3388f', 'external_fixed_ips': [{'subnet_id': '07090531-cb9c-459e-b21a-4f32652f0a3e', 'ip_address': '172.25.8.46'}], 'enable_snat': True}, 'gw_port_id': '51904956-edc5-4ebd-b26f-db6ed79d3705', 'description': '', 'availability_zones': ['nova'], 'distributed': False, 'ha': False, 'ha_vr_id': 0, 'availability_zone_hints': [], 'routes': [], 'flavor_id': None, 'tags': [], 'created_at': '2021-08-31T20:17:31Z', 'updated_at': '2021-08-31T20:17:39Z', 'revision_number': 4, 'project_id': '6230ca81839d4331a257d78ec3b73047', 'gw_port': {'id': '51904956-edc5-4ebd-b26f-db6ed79d3705', 'name': '', 'network_id': '2f5fdb97-3fd4-4626-97a1-02be02f3388f', 'tenant_id': '', 'mac_address': 'fa:16:3e:55:4f:34', 'admin_state_up': True, 'status': 'ACTIVE', 'device_id': '73219161-870d-41e7-8622-c0286c92e253', 'device_owner': 'network:router_gateway', 'standard_attr_id': 164, 'fixed_ips': [{'subnet_id': '07090531-cb9c-459e-b21a-4f32652f0a3e', 'ip_address': '172.25.8.46', 'prefixlen': 24}], 'allowed_address_pairs': [], 'extra_dhcp_opts': [], 'security_groups': [], 'description': '', 'binding:vnic_type': 'normal', 'binding:profile': {}, 'binding:host_id': 'n-d-712137-11', 'binding:vif_type': 'ovs', 'binding:vif_details': {'connectivity': 'l2', 'port_filter': True, 'ovs_hybrid_plug': False, 'datapath_type': 'system', 'bridge_name': 'br-int'}, 'port_security_enabled': False, 'tags': [], 'created_at': '2021-08-31T20:17:33Z', 'updated_at': '2021-08-31T20:17:40Z', 'revision_number': 4, 'project_id': '', 'subnets': [{'id': '07090531-cb9c-459e-b21a-4f32652f0a3e', 'cidr': '172.25.8.0/24', 'gateway_ip': '172.25.8.1', 'dns_nameservers': [], 'ipv6_ra_mode': None, 'subnetpool_id': None}], 'extra_subnets': [], 'address_scopes': {4: None, 6: None}, 'mtu': 1500}, 'enable_snat': True, 'gw_port_host': 'n-d-712137-11', '_interfaces': [{'id': '06704a20-5818-4527-b3dc-032894364f76', 'name': '', 'network_id': '6a5e9f21-3983-45ee-8634-18feec3a4706', 'tenant_id': '6230ca81839d4331a257d78ec3b73047', 'mac_address': 'fa:16:3e:5c:0a:1a', 'admin_state_up': True, 'status': 'DOWN', 'device_id': '73219161-870d-41e7-8622-c0286c92e253', 'device_owner': 'network:router_interface', 'standard_attr_id': 173, 'fixed_ips': [{'subnet_id': '35c63485-2b9f-4cf3-8271-875a6a4c0943', 'ip_address': '172.20.0.1', 'prefixlen': 28}], 'allowed_address_pairs': [], 'extra_dhcp_opts': [], 'security_groups': [], 'description': '', 'binding:vnic_type': 'normal', 'binding:profile': {}, 'binding:host_id': 'n-d-712137-11', 'binding:vif_type': 'ovs', 'binding:vif_details': {'connectivity': 'l2', 'port_filter': True, 'ovs_hybrid_plug': False, 'datapath_type': 'system', 'bridge_name': 'br-int'}, 'port_security_enabled': False, 'tags': [], 'created_at': '2021-08-31T20:17:37Z', 'updated_at': '2021-08-31T20:17:42Z', 'revision_number': 4, 'project_id': '6230ca81839d4331a257d78ec3b73047', 'subnets': [{'id': '35c63485-2b9f-4cf3-8271-875a6a4c0943', 'cidr': '172.20.0.0/28', 'gateway_ip': '172.20.0.1', 'dns_nameservers': [], 'ipv6_ra_mode': None, 'subnetpool_id': None}], 'extra_subnets': [], 'address_scopes': {4: None, 6: None}, 'mtu': 1500}]}], 'n-d-712137-11', False) {} {{(pid=94793) wrapper /usr/local/lib/python3.8/dist-packages/oslo_log/helpers.py:65}}
Aug 31 20:17:43.980487 n-d-712137-11 neutron-server[94793]: DEBUG neutron.api.rpc.handlers.l3_rpc [None req-e3ec24c5-180f-4711-ba40-ac8b4a300087 None None] The sync data for ids ['73219161-870d-41e7-8622-c0286c92e253'] in n-d-712137-11 is: [{'id': '73219161-870d-41e7-8622-c0286c92e253', 'name': 'tempest-ServersWithSpecificFlavorTestJSON-1131823836-router', 'tenant_id': '6230ca81839d4331a257d78ec3b73047', 'admin_state_up': True, 'status': 'ACTIVE', 'external_gateway_info': {'network_id': '2f5fdb97-3fd4-4626-97a1-02be02f3388f', 'external_fixed_ips': [{'subnet_id': '07090531-cb9c-459e-b21a-4f32652f0a3e', 'ip_address': '172.25.8.46'}], 'enable_snat': True}, 'gw_port_id': '51904956-edc5-4ebd-b26f-db6ed79d3705', 'description': '', 'availability_zones': ['nova'], 'distributed': False, 'ha': False, 'ha_vr_id': 0, 'availability_zone_hints': [], 'routes': [], 'flavor_id': None, 'tags': [], 'created_at': '2021-08-31T20:17:31Z', 'updated_at': '2021-08-31T20:17:39Z', 'revision_number': 4, 'project_id': '6230ca81839d4331a257d78ec3b73047', 'gw_port': {'id': '51904956-edc5-4ebd-b26f-db6ed79d3705', 'name': '', 'network_id': '2f5fdb97-3fd4-4626-97a1-02be02f3388f', 'tenant_id': '', 'mac_address': 'fa:16:3e:55:4f:34', 'admin_state_up': True, 'status': 'ACTIVE', 'device_id': '73219161-870d-41e7-8622-c0286c92e253', 'device_owner': 'network:router_gateway', 'standard_attr_id': 164, 'fixed_ips': [{'subnet_id': '07090531-cb9c-459e-b21a-4f32652f0a3e', 'ip_address': '172.25.8.46', 'prefixlen': 24}], 'allowed_address_pairs': [], 'extra_dhcp_opts': [], 'security_groups': [], 'description': '', 'binding:vnic_type': 'normal', 'binding:profile': {}, 'binding:host_id': 'n-d-712137-11', 'binding:vif_type': 'ovs', 'binding:vif_details': {'connectivity': 'l2', 'port_filter': True, 'ovs_hybrid_plug': False, 'datapath_type': 'system', 'bridge_name': 'br-int'}, 'port_security_enabled': False, 'tags': [], 'created_at': '2021-08-31T20:17:33Z', 'updated_at': '2021-08-31T20:17:40Z', 'revision_number': 4, 'project_id': '', 'subnets': [{'id': '07090531-cb9c-459e-b21a-4f32652f0a3e', 'cidr': '172.25.8.0/24', 'gateway_ip': '172.25.8.1', 'dns_nameservers': [], 'ipv6_ra_mode': None, 'subnetpool_id': None}], 'extra_subnets': [], 'address_scopes': {4: None, 6: None}, 'mtu': 1500}, 'enable_snat': True, 'gw_port_host': 'n-d-712137-11', '_interfaces': [{'id': '06704a20-5818-4527-b3dc-032894364f76', 'name': '', 'network_id': '6a5e9f21-3983-45ee-8634-18feec3a4706', 'tenant_id': '6230ca81839d4331a257d78ec3b73047', 'mac_address': 'fa:16:3e:5c:0a:1a', 'admin_state_up': True, 'status': 'DOWN', 'device_id': '73219161-870d-41e7-8622-c0286c92e253', 'device_owner': 'network:router_interface', 'standard_attr_id': 173, 'fixed_ips': [{'subnet_id': '35c63485-2b9f-4cf3-8271-875a6a4c0943', 'ip_address': '172.20.0.1', 'prefixlen': 28}], 'allowed_address_pairs': [], 'extra_dhcp_opts': [], 'security_groups': [], 'description': '', 'binding:vnic_type': 'normal', 'binding:profile': {}, 'binding:host_id': 'n-d-712137-11', 'binding:vif_type': 'ovs', 'binding:vif_details': {'connectivity': 'l2', 'port_filter': True, 'ovs_hybrid_plug': False, 'datapath_type': 'system', 'bridge_name': 'br-int'}, 'port_security_enabled': False, 'tags': [], 'created_at': '2021-08-31T20:17:37Z', 'updated_at': '2021-08-31T20:17:42Z', 'revision_number': 4, 'project_id': '6230ca81839d4331a257d78ec3b73047', 'subnets': [{'id': '35c63485-2b9f-4cf3-8271-875a6a4c0943', 'cidr': '172.20.0.0/28', 'gateway_ip': '172.20.0.1', 'dns_nameservers': [], 'ipv6_ra_mode': None, 'subnetpool_id': None}], 'extra_subnets': [], 'address_scopes': {4: None, 6: None}, 'mtu': 1500}]}] {{(pid=94793) sync_routers /opt/stack/neutron/neutron/api/rpc/handlers/l3_rpc.py:137}}
Aug 31 20:17:43.993511 n-d-712137-11 neutron-server[94792]: DEBUG neutron.api.rpc.handlers.resources_rpc [None req-a9d66d13-db37-40cb-8c05-1f1e97c7df41 tempest-LiveMigrationTest-1983530922 tempest-LiveMigrationTest-1983530922-project] Pushing event updated for resources: {'Port': ['ID=ecb774d5-af7f-4999-9c6b-f15ac803ce20,revision_number=1']} {{(pid=94792) push /opt/stack/neutron/neutron/api/rpc/handlers/resources_rpc.py:237}}
Aug 31 20:17:44.003019 n-d-712137-11 neutron-server[94792]: DEBUG neutron.plugins.ml2.drivers.mech_agent [req-5445cff0-8efa-46fd-ac12-a961abf05750 req-82fa55bc-4e27-4618-b2fa-3fcd01d2488b service neutron] Port de3fd5ad-c8d1-4151-a760-9a3a69f73ae6 on network 5472a3c5-70c6-4964-b041-a61e6b69ef29 not bound, no agent of type Open vSwitch agent registered on host n-h2-712137-11 {{(pid=94792) bind_port /opt/stack/neutron/neutron/plugins/ml2/drivers/mech_agent.py:97}}
Aug 31 20:17:44.003340 n-d-712137-11 neutron-server[94792]: DEBUG neutron.plugins.ml2.drivers.mech_agent [req-5445cff0-8efa-46fd-ac12-a961abf05750 req-82fa55bc-4e27-4618-b2fa-3fcd01d2488b service neutron] Attempting to bind port de3fd5ad-c8d1-4151-a760-9a3a69f73ae6 on network 5472a3c5-70c6-4964-b041-a61e6b69ef29 {{(pid=94792) bind_port /opt/stack/neutron/neutron/plugins/ml2/drivers/mech_agent.py:85}}
Aug 31 20:17:44.028535 n-d-712137-11 neutron-server[94792]: DEBUG neutron.plugins.ml2.drivers.mech_agent [req-5445cff0-8efa-46fd-ac12-a961abf05750 req-82fa55bc-4e27-4618-b2fa-3fcd01d2488b service neutron] Checking agent: {'id': 'e29d77a3-8b04-4a2b-8b27-c3c260c6865a', 'agent_type': 'HyperV agent', 'binary': 'neutron-hyperv-agent', 'topic': 'N/A', 'host': 'n-h2-712137-11', 'admin_state_up': True, 'created_at': datetime.datetime(2021, 8, 31, 20, 15, 2), 'started_at': datetime.datetime(2021, 8, 31, 20, 15, 2), 'heartbeat_timestamp': datetime.datetime(2021, 8, 31, 20, 17, 32), 'description': None, 'resources_synced': None, 'availability_zone': None, 'alive': True, 'configurations': {'vswitch_mappings': {'physnet1$': 'br-data'}}, 'resource_versions': {}} {{(pid=94792) bind_port /opt/stack/neutron/neutron/plugins/ml2/drivers/mech_agent.py:104}}
Aug 31 20:17:44.028889 n-d-712137-11 neutron-server[94792]: DEBUG neutron.plugins.ml2.drivers.mech_agent [req-5445cff0-8efa-46fd-ac12-a961abf05750 req-82fa55bc-4e27-4618-b2fa-3fcd01d2488b service neutron] Checking segment: {'id': '98121c7f-d35e-44da-bdb3-59b4f3259b4a', 'network_type': 'vlan', 'physical_network': 'physnet1', 'segmentation_id': 550, 'network_id': '5472a3c5-70c6-4964-b041-a61e6b69ef29'} for mappings: {'physnet1$': 'br-data'} with network types: ['local', 'flat', 'vlan'] {{(pid=94792) check_segment_for_agent /opt/stack/neutron/neutron/plugins/ml2/drivers/mech_agent.py:352}}
Aug 31 20:17:44.029264 n-d-712137-11 neutron-server[94792]: DEBUG neutron.plugins.ml2.drivers.mech_agent [req-5445cff0-8efa-46fd-ac12-a961abf05750 req-82fa55bc-4e27-4618-b2fa-3fcd01d2488b service neutron] Bound using segment: {'id': '98121c7f-d35e-44da-bdb3-59b4f3259b4a', 'network_type': 'vlan', 'physical_network': 'physnet1', 'segmentation_id': 550, 'network_id': '5472a3c5-70c6-4964-b041-a61e6b69ef29'} {{(pid=94792) bind_port /opt/stack/neutron/neutron/plugins/ml2/drivers/mech_agent.py:114}}
Aug 31 20:17:44.029743 n-d-712137-11 neutron-server[94792]: DEBUG neutron.plugins.ml2.managers [req-5445cff0-8efa-46fd-ac12-a961abf05750 req-82fa55bc-4e27-4618-b2fa-3fcd01d2488b service neutron] Bound port: de3fd5ad-c8d1-4151-a760-9a3a69f73ae6, host: n-h2-712137-11, vif_type: hyperv, vif_details: {"connectivity": "legacy", "port_filter": false}, binding_levels: [{'bound_driver': 'hyperv', 'bound_segment': {'id': '98121c7f-d35e-44da-bdb3-59b4f3259b4a', 'network_type': 'vlan', 'physical_network': 'physnet1', 'segmentation_id': 550, 'network_id': '5472a3c5-70c6-4964-b041-a61e6b69ef29'}}] {{(pid=94792) _bind_port_level /opt/stack/neutron/neutron/plugins/ml2/managers.py:928}}
Aug 31 20:17:44.030099 n-d-712137-11 neutron-server[94792]: DEBUG neutron_lib.callbacks.manager [req-5445cff0-8efa-46fd-ac12-a961abf05750 req-82fa55bc-4e27-4618-b2fa-3fcd01d2488b service neutron] Notify callbacks ['neutron.plugins.ml2.plugin.SecurityGroupDbMixin._ensure_default_security_group_handler-609985'] for port, before_update {{(pid=94792) _notify_loop /usr/local/lib/python3.8/dist-packages/neutron_lib/callbacks/manager.py:192}}
Aug 31 20:17:44.072975 n-d-712137-11 neutron-server[94791]: DEBUG neutron.pecan_wsgi.hooks.policy_enforcement [req-e5d45bd6-1962-4982-8c44-03fdc1f49aa3 req-3f003086-bc89-45af-9c07-1b46ad12cbcb service neutron] Attributes excluded by policy engine: ['standard_attr_id', 'shared'] {{(pid=94791) _exclude_attributes_by_policy /opt/stack/neutron/neutron/pecan_wsgi/hooks/policy_enforcement.py:255}}
Aug 31 20:17:44.074604 n-d-712137-11 neutron-server[94791]: INFO neutron.wsgi [req-e5d45bd6-1962-4982-8c44-03fdc1f49aa3 req-3f003086-bc89-45af-9c07-1b46ad12cbcb service neutron] 10.222.0.20 "GET /v2.0/subnets?id=2fc1fac7-4e1b-467c-935e-5056aea0cd53 HTTP/1.1" status: 200 len: 843 time: 0.1215305
Aug 31 20:17:44.082914 n-d-712137-11 neutron-server[94791]: DEBUG neutron.pecan_wsgi.hooks.policy_enforcement [req-51e8bf14-e244-4a70-9b73-3186ec85d028 req-c448fe90-fa84-423a-a219-e67f8ecf2c67 tempest-AggregatesAdminTestJSON-86431675 tempest-AggregatesAdminTestJSON-86431675-project] Attributes excluded by policy engine: ['standard_attr_id', 'binding:profile', 'binding:host_id', 'binding:vif_type', 'binding:vif_details'] {{(pid=94791) _exclude_attributes_by_policy /opt/stack/neutron/neutron/pecan_wsgi/hooks/policy_enforcement.py:255}}
Aug 31 20:17:44.088050 n-d-712137-11 neutron-server[94791]: INFO neutron.wsgi [req-51e8bf14-e244-4a70-9b73-3186ec85d028 req-c448fe90-fa84-423a-a219-e67f8ecf2c67 tempest-AggregatesAdminTestJSON-86431675 tempest-AggregatesAdminTestJSON-86431675-project] 10.222.0.50 "GET /v2.0/ports?device_id=52ffc55f-7da8-4aa2-8543-c074fb3b5cb1 HTTP/1.1" status: 200 len: 972 time: 0.1510792
Aug 31 20:17:44.147542 n-d-712137-11 neutron-server[94792]: DEBUG neutron.pecan_wsgi.hooks.policy_enforcement [req-b62061fc-d1cb-4672-8795-09ac66a81a0f req-cb95e211-9512-4e92-bb6c-484ed34aafea tempest-DeleteServersAdminTestJSON-307481907 tempest-DeleteServersAdminTestJSON-307481907-project] Attributes excluded by policy engine: ['standard_attr_id', 'binding:profile', 'binding:host_id', 'binding:vif_type', 'binding:vif_details'] {{(pid=94792) _exclude_attributes_by_policy /opt/stack/neutron/neutron/pecan_wsgi/hooks/policy_enforcement.py:255}}
Aug 31 20:17:44.149102 n-d-712137-11 neutron-server[94792]: INFO neutron.wsgi [req-b62061fc-d1cb-4672-8795-09ac66a81a0f req-cb95e211-9512-4e92-bb6c-484ed34aafea tempest-DeleteServersAdminTestJSON-307481907 tempest-DeleteServersAdminTestJSON-307481907-project] 10.222.0.50 "GET /v2.0/ports?device_id=db63ae09-d33d-4c5b-a800-afe38c1a8831 HTTP/1.1" status: 200 len: 948 time: 0.5612636
Aug 31 20:17:44.183362 n-d-712137-11 neutron-server[94793]: DEBUG neutron.plugins.ml2.rpc [None req-cdcdb146-91ec-4da7-bfce-c43541569cd5 None None] Device adbab45e-bf0f-420a-bef6-0e26827b355e details requested by agent hyperv_n-h1-712137-11 with host n-h1-712137-11 {{(pid=94793) get_device_details /opt/stack/neutron/neutron/plugins/ml2/rpc.py:102}}
Aug 31 20:17:44.196567 n-d-712137-11 neutron-server[94792]: DEBUG neutron_lib.callbacks.manager [None req-68efd7d6-6dc0-4fe0-8733-9c71cde2791d tempest-ServersWithSpecificFlavorTestJSON-132145048 tempest-ServersWithSpecificFlavorTestJSON-132145048-project] Notify callbacks [] for security_group, precommit_create {{(pid=94792) _notify_loop /usr/local/lib/python3.8/dist-packages/neutron_lib/callbacks/manager.py:192}}
Aug 31 20:17:44.196952 n-d-712137-11 neutron-server[94791]: DEBUG neutron.pecan_wsgi.hooks.policy_enforcement [req-e5d45bd6-1962-4982-8c44-03fdc1f49aa3 req-4c34e7bd-e52a-497e-82ea-656eea27f8df service neutron] Attributes excluded by policy engine: ['standard_attr_id'] {{(pid=94791) _exclude_attributes_by_policy /opt/stack/neutron/neutron/pecan_wsgi/hooks/policy_enforcement.py:255}}
Aug 31 20:17:44.198470 n-d-712137-11 neutron-server[94791]: INFO neutron.wsgi [req-e5d45bd6-1962-4982-8c44-03fdc1f49aa3 req-4c34e7bd-e52a-497e-82ea-656eea27f8df service neutron] 10.222.0.20 "GET /v2.0/ports?network_id=d8c38533-d05b-4c16-ab9d-c46e99995377&device_owner=network%3Adhcp HTTP/1.1" status: 200 len: 1167 time: 0.1094556
Aug 31 20:17:44.201612 n-d-712137-11 neutron-server[94791]: INFO neutron.wsgi [req-51e8bf14-e244-4a70-9b73-3186ec85d028 req-59f929d0-4051-4a54-aeee-3c1c29718462 tempest-AggregatesAdminTestJSON-86431675 tempest-AggregatesAdminTestJSON-86431675-project] 10.222.0.50 "GET /v2.0/security-groups?id=9b7faf39-65fd-40ad-add4-639026a8c776&fields=id&fields=name HTTP/1.1" status: 200 len: 286 time: 0.1013422
Aug 31 20:17:44.215105 n-d-712137-11 neutron-server[94792]: DEBUG neutron_lib.callbacks.manager [None req-68efd7d6-6dc0-4fe0-8733-9c71cde2791d tempest-ServersWithSpecificFlavorTestJSON-132145048 tempest-ServersWithSpecificFlavorTestJSON-132145048-project] Notify callbacks ['neutron.plugins.ml2.ovo_rpc._ObjectChangeHandler.handle_event-1612234'] for security_group, after_create {{(pid=94792) _notify_loop /usr/local/lib/python3.8/dist-packages/neutron_lib/callbacks/manager.py:192}}
Aug 31 20:17:44.244870 n-d-712137-11 neutron-server[94792]: INFO neutron.wsgi [req-72cbe520-0e64-4801-a9b7-f1c44c546256 req-a9d66d13-db37-40cb-8c05-1f1e97c7df41 tempest-LiveMigrationTest-1983530922 tempest-LiveMigrationTest-1983530922-project] 10.222.0.64 "POST /v2.0/ports HTTP/1.1" status: 201 len: 933 time: 2.5435998
Aug 31 20:17:44.284101 n-d-712137-11 neutron-server[94792]: DEBUG neutron.api.v2.base [req-72cbe520-0e64-4801-a9b7-f1c44c546256 req-ed8dfda1-216e-4100-93da-8a74b507e03e service neutron] Request body: {'port': {'device_id': '3975c9b7-fce7-448c-b3d4-9e7ab6d2d28a', 'device_owner': 'compute:nova', 'binding:host_id': 'n-h1-712137-11'}} {{(pid=94792) prepare_request_body /opt/stack/neutron/neutron/api/v2/base.py:730}}
Aug 31 20:17:44.349989 n-d-712137-11 neutron-server[94793]: DEBUG neutron.plugins.ml2.db [None req-cdcdb146-91ec-4da7-bfce-c43541569cd5 None None] For port adbab45e-bf0f-420a-bef6-0e26827b355e, host n-h1-712137-11, got binding levels [PortBindingLevel(driver='hyperv',host='n-h1-712137-11',level=0,port_id=adbab45e-bf0f-420a-bef6-0e26827b355e,segment=NetworkSegment(ee396a93-ce10-4119-9649-97257334b32b),segment_id=ee396a93-ce10-4119-9649-97257334b32b)] {{(pid=94793) get_binding_level_objs /opt/stack/neutron/neutron/plugins/ml2/db.py:74}}
