Dec 11 22:44:41.235780 n-d-710848-4 devstack@placement-api.service[110341]: INFO placement.requestlog [req-d1f66502-92b2-4f1a-b613-cdfb73a97751 req-8822d809-3658-42ce-83bf-25d8eb1a71a9 service placement] 10.222.0.37 "GET /placement/allocation_candidates?limit=1000&resources=DISK_GB%3A1%2CMEMORY_MB%3A1024%2CVCPU%3A1&root_required=%21COMPUTE_STATUS_DISABLED" status: 200 len: 1309 microversion: 1.36
Dec 11 22:44:41.237216 n-d-710848-4 devstack@placement-api.service[110341]: [pid: 110341|app: 0|req: 92/185] 10.222.0.37 () {60 vars in 1506 bytes} [Sat Dec 11 22:44:41 2021] GET /placement/allocation_candidates?limit=1000&resources=DISK_GB%3A1%2CMEMORY_MB%3A1024%2CVCPU%3A1&root_required=%21COMPUTE_STATUS_DISABLED => generated 1309 bytes in 152 msecs (HTTP/1.1 200) 8 headers in 297 bytes (1 switches on core 0)
Dec 11 22:44:41.355225 n-d-710848-4 devstack@placement-api.service[110340]: DEBUG placement.requestlog [req-d1f66502-92b2-4f1a-b613-cdfb73a97751 req-31f106ee-9828-4e68-987d-6f55259af7fd None None] Starting request: 10.222.0.37 "GET /placement/allocations/3c0ed618-e3de-4f11-a5aa-a8ac36b1bc2a" {{(pid=110340) __call__ /opt/stack/placement/placement/requestlog.py:55}}
Dec 11 22:44:41.371437 n-d-710848-4 devstack@placement-api.service[110340]: INFO placement.requestlog [req-d1f66502-92b2-4f1a-b613-cdfb73a97751 req-31f106ee-9828-4e68-987d-6f55259af7fd service placement] 10.222.0.37 "GET /placement/allocations/3c0ed618-e3de-4f11-a5aa-a8ac36b1bc2a" status: 200 len: 19 microversion: 1.28
Dec 11 22:44:41.374933 n-d-710848-4 devstack@placement-api.service[110340]: [pid: 110340|app: 0|req: 94/186] 10.222.0.37 () {60 vars in 1380 bytes} [Sat Dec 11 22:44:41 2021] GET /placement/allocations/3c0ed618-e3de-4f11-a5aa-a8ac36b1bc2a => generated 19 bytes in 20 msecs (HTTP/1.1 200) 8 headers in 295 bytes (1 switches on core 0)
Dec 11 22:44:41.381307 n-d-710848-4 devstack@placement-api.service[110341]: DEBUG placement.requestlog [req-d1f66502-92b2-4f1a-b613-cdfb73a97751 req-55ec1c0d-0cfc-4992-9989-d999764810de None None] Starting request: 10.222.0.37 "PUT /placement/allocations/3c0ed618-e3de-4f11-a5aa-a8ac36b1bc2a" {{(pid=110341) __call__ /opt/stack/placement/placement/requestlog.py:55}}
Dec 11 22:44:41.390405 n-d-710848-4 devstack@placement-api.service[110340]: DEBUG placement.requestlog [req-999057a2-d696-4735-b4bf-fd7424bec06f req-ca2a1ef0-c496-4374-97b0-48639cf7c9e7 None None] Starting request: 10.222.0.37 "GET /placement/allocation_candidates?limit=1000&resources=DISK_GB%3A1%2CMEMORY_MB%3A1024%2CVCPU%3A1&root_required=%21COMPUTE_STATUS_DISABLED" {{(pid=110340) __call__ /opt/stack/placement/placement/requestlog.py:55}}
Dec 11 22:44:41.480584 n-d-710848-4 devstack@placement-api.service[110340]: DEBUG placement.objects.research_context [req-999057a2-d696-4735-b4bf-fd7424bec06f req-ca2a1ef0-c496-4374-97b0-48639cf7c9e7 service placement] getting providers with 1 DISK_GB {{(pid=110340) __init__ /opt/stack/placement/placement/objects/research_context.py:126}}
Dec 11 22:44:41.497844 n-d-710848-4 devstack@placement-api.service[110340]: DEBUG placement.objects.research_context [req-999057a2-d696-4735-b4bf-fd7424bec06f req-ca2a1ef0-c496-4374-97b0-48639cf7c9e7 service placement] getting providers with 1024 MEMORY_MB {{(pid=110340) __init__ /opt/stack/placement/placement/objects/research_context.py:126}}
Dec 11 22:44:41.499926 n-d-710848-4 devstack@placement-api.service[110341]: DEBUG placement.handlers.allocation [req-d1f66502-92b2-4f1a-b613-cdfb73a97751 req-55ec1c0d-0cfc-4992-9989-d999764810de service placement] Successfully wrote allocations [, , ] {{(pid=110341) _update_consumers_and_create_allocations /opt/stack/placement/placement/handlers/allocation.py:462}}
Dec 11 22:44:41.507629 n-d-710848-4 devstack@placement-api.service[110341]: INFO placement.requestlog [req-d1f66502-92b2-4f1a-b613-cdfb73a97751 req-55ec1c0d-0cfc-4992-9989-d999764810de service placement] 10.222.0.37 "PUT /placement/allocations/3c0ed618-e3de-4f11-a5aa-a8ac36b1bc2a" status: 204 len: 0 microversion: 1.36
Dec 11 22:44:41.520465 n-d-710848-4 devstack@placement-api.service[110341]: [pid: 110341|app: 0|req: 93/187] 10.222.0.37 () {64 vars in 1433 bytes} [Sat Dec 11 22:44:41 2021] PUT /placement/allocations/3c0ed618-e3de-4f11-a5aa-a8ac36b1bc2a => generated 0 bytes in 128 msecs (HTTP/1.1 204) 5 headers in 199 bytes (1 switches on core 0)
Dec 11 22:44:41.523520 n-d-710848-4 devstack@placement-api.service[110340]: DEBUG placement.objects.research_context [req-999057a2-d696-4735-b4bf-fd7424bec06f req-ca2a1ef0-c496-4374-97b0-48639cf7c9e7 service placement] getting providers with 1 VCPU {{(pid=110340) __init__ /opt/stack/placement/placement/objects/research_context.py:126}}
Dec 11 22:44:41.541045 n-d-710848-4 devstack@placement-api.service[110340]: DEBUG placement.objects.research_context [req-999057a2-d696-4735-b4bf-fd7424bec06f req-ca2a1ef0-c496-4374-97b0-48639cf7c9e7 service placement] found 2 providers with available 1 DISK_GB {{(pid=110340) get_provider_ids_matching /opt/stack/placement/placement/objects/research_context.py:549}}
Dec 11 22:44:41.541314 n-d-710848-4 devstack@placement-api.service[110340]: DEBUG placement.objects.research_context [req-999057a2-d696-4735-b4bf-fd7424bec06f req-ca2a1ef0-c496-4374-97b0-48639cf7c9e7 service placement] found 2 providers with available 1024 MEMORY_MB {{(pid=110340) get_provider_ids_matching /opt/stack/placement/placement/objects/research_context.py:549}}
Dec 11 22:44:41.545851 n-d-710848-4 devstack@placement-api.service[110340]: DEBUG placement.objects.research_context [req-999057a2-d696-4735-b4bf-fd7424bec06f req-ca2a1ef0-c496-4374-97b0-48639cf7c9e7 service placement] found 2 providers after filtering by previous result {{(pid=110340) get_provider_ids_matching /opt/stack/placement/placement/objects/research_context.py:580}}
Dec 11 22:44:41.546399 n-d-710848-4 devstack@placement-api.service[110340]: DEBUG placement.objects.research_context [req-999057a2-d696-4735-b4bf-fd7424bec06f req-ca2a1ef0-c496-4374-97b0-48639cf7c9e7 service placement] found 2 providers with available 1 VCPU {{(pid=110340) get_provider_ids_matching /opt/stack/placement/placement/objects/research_context.py:549}}
Dec 11 22:44:41.546860 n-d-710848-4 devstack@placement-api.service[110340]: DEBUG placement.objects.research_context [req-999057a2-d696-4735-b4bf-fd7424bec06f req-ca2a1ef0-c496-4374-97b0-48639cf7c9e7 service placement] found 2 providers after filtering by previous result {{(pid=110340) get_provider_ids_matching /opt/stack/placement/placement/objects/research_context.py:580}}
Dec 11 22:44:41.597549 n-d-710848-4 devstack@placement-api.service[110340]: DEBUG placement.objects.allocation_candidate [req-999057a2-d696-4735-b4bf-fd7424bec06f req-ca2a1ef0-c496-4374-97b0-48639cf7c9e7 service placement] RequestGroup(use_same_provider=False, resources={DISK_GB:1, MEMORY_MB:1024, VCPU:1}, traits=[], aggregates=[]) (suffix '') returned 2 matches {{(pid=110340) _get_by_requests /opt/stack/placement/placement/objects/allocation_candidate.py:145}}
Dec 11 22:44:41.606711 n-d-710848-4 devstack@placement-api.service[110340]: DEBUG placement.objects.allocation_candidate [req-999057a2-d696-4735-b4bf-fd7424bec06f req-ca2a1ef0-c496-4374-97b0-48639cf7c9e7 service placement] Merging candidates yields 2 allocation requests and 2 provider summaries {{(pid=110340) _merge_candidates /opt/stack/placement/placement/objects/allocation_candidate.py:783}}
Dec 11 22:44:41.613370 n-d-710848-4 devstack@placement-api.service[110340]: INFO placement.requestlog [req-999057a2-d696-4735-b4bf-fd7424bec06f req-ca2a1ef0-c496-4374-97b0-48639cf7c9e7 service placement] 10.222.0.37 "GET /placement/allocation_candidates?limit=1000&resources=DISK_GB%3A1%2CMEMORY_MB%3A1024%2CVCPU%3A1&root_required=%21COMPUTE_STATUS_DISABLED" status: 200 len: 1309 microversion: 1.36
Dec 11 22:44:41.614850 n-d-710848-4 devstack@placement-api.service[110340]: [pid: 110340|app: 0|req: 95/188] 10.222.0.37 () {60 vars in 1506 bytes} [Sat Dec 11 22:44:41 2021] GET /placement/allocation_candidates?limit=1000&resources=DISK_GB%3A1%2CMEMORY_MB%3A1024%2CVCPU%3A1&root_required=%21COMPUTE_STATUS_DISABLED => generated 1309 bytes in 232 msecs (HTTP/1.1 200) 8 headers in 297 bytes (1 switches on core 0)
Dec 11 22:44:41.721652 n-d-710848-4 devstack@placement-api.service[110341]: DEBUG placement.requestlog [req-999057a2-d696-4735-b4bf-fd7424bec06f req-eff308a2-0c50-4e5e-903b-003c718d997e None None] Starting request: 10.222.0.37 "GET /placement/allocations/435873f9-a236-4a27-809b-087915e5f975" {{(pid=110341) __call__ /opt/stack/placement/placement/requestlog.py:55}}
Dec 11 22:44:41.745638 n-d-710848-4 devstack@placement-api.service[110341]: INFO placement.requestlog [req-999057a2-d696-4735-b4bf-fd7424bec06f req-eff308a2-0c50-4e5e-903b-003c718d997e service placement] 10.222.0.37 "GET /placement/allocations/435873f9-a236-4a27-809b-087915e5f975" status: 200 len: 19 microversion: 1.28
Dec 11 22:44:41.752822 n-d-710848-4 devstack@placement-api.service[110340]: DEBUG placement.requestlog [req-999057a2-d696-4735-b4bf-fd7424bec06f req-14d06074-66cb-4ff7-bb0b-ffc9438c3b1b None None] Starting request: 10.222.0.37 "PUT /placement/allocations/435873f9-a236-4a27-809b-087915e5f975" {{(pid=110340) __call__ /opt/stack/placement/placement/requestlog.py:55}}
Dec 11 22:44:41.753506 n-d-710848-4 devstack@placement-api.service[110341]: [pid: 110341|app: 0|req: 94/189] 10.222.0.37 () {60 vars in 1380 bytes} [Sat Dec 11 22:44:41 2021] GET /placement/allocations/435873f9-a236-4a27-809b-087915e5f975 => generated 19 bytes in 30 msecs (HTTP/1.1 200) 8 headers in 295 bytes (1 switches on core 0)
Dec 11 22:44:41.855847 n-d-710848-4 devstack@placement-api.service[110341]: DEBUG placement.requestlog [req-d1f66502-92b2-4f1a-b613-cdfb73a97751 req-e9bedd76-e793-4db0-a35e-9e088c9edaf7 None None] Starting request: 10.222.0.42 "GET /placement/allocations/3c0ed618-e3de-4f11-a5aa-a8ac36b1bc2a" {{(pid=110341) __call__ /opt/stack/placement/placement/requestlog.py:55}}
Dec 11 22:44:41.902493 n-d-710848-4 devstack@placement-api.service[110341]: INFO placement.requestlog [req-d1f66502-92b2-4f1a-b613-cdfb73a97751 req-e9bedd76-e793-4db0-a35e-9e088c9edaf7 service placement] 10.222.0.42 "GET /placement/allocations/3c0ed618-e3de-4f11-a5aa-a8ac36b1bc2a" status: 200 len: 259 microversion: 1.28
Dec 11 22:44:41.903375 n-d-710848-4 devstack@placement-api.service[110341]: [pid: 110341|app: 0|req: 95/190] 10.222.0.42 () {60 vars in 1377 bytes} [Sat Dec 11 22:44:41 2021] GET /placement/allocations/3c0ed618-e3de-4f11-a5aa-a8ac36b1bc2a => generated 259 bytes in 48 msecs (HTTP/1.1 200) 8 headers in 296 bytes (1 switches on core 0)
Dec 11 22:44:41.920315 n-d-710848-4 devstack@placement-api.service[110340]: DEBUG placement.handlers.allocation [req-999057a2-d696-4735-b4bf-fd7424bec06f req-14d06074-66cb-4ff7-bb0b-ffc9438c3b1b service placement] Successfully wrote allocations [, , ] {{(pid=110340) _update_consumers_and_create_allocations /opt/stack/placement/placement/handlers/allocation.py:462}}
Dec 11 22:44:41.930631 n-d-710848-4 devstack@placement-api.service[110340]: INFO placement.requestlog [req-999057a2-d696-4735-b4bf-fd7424bec06f req-14d06074-66cb-4ff7-bb0b-ffc9438c3b1b service placement] 10.222.0.37 "PUT /placement/allocations/435873f9-a236-4a27-809b-087915e5f975" status: 204 len: 0 microversion: 1.36
Dec 11 22:44:41.931495 n-d-710848-4 devstack@placement-api.service[110340]: [pid: 110340|app: 0|req: 96/191] 10.222.0.37 () {64 vars in 1433 bytes} [Sat Dec 11 22:44:41 2021] PUT /placement/allocations/435873f9-a236-4a27-809b-087915e5f975 => generated 0 bytes in 179 msecs (HTTP/1.1 204) 5 headers in 199 bytes (2 switches on core 0)
Dec 11 22:44:42.056507 n-d-710848-4 devstack@placement-api.service[110341]: DEBUG placement.requestlog [req-9ba4f145-d04d-4c72-8419-ee8b72decbea req-40e58be6-a4fe-4360-b13f-ad6f3b84c8bd None None] Starting request: 10.222.0.42 "GET /placement/resource_providers/ce899c94-4091-4ef5-965e-bb7e19110710/allocations" {{(pid=110341) __call__ /opt/stack/placement/placement/requestlog.py:55}}
Dec 11 22:44:42.106544 n-d-710848-4 devstack@placement-api.service[110341]: INFO placement.requestlog [req-9ba4f145-d04d-4c72-8419-ee8b72decbea req-40e58be6-a4fe-4360-b13f-ad6f3b84c8bd service placement] 10.222.0.42 "GET /placement/resource_providers/ce899c94-4091-4ef5-965e-bb7e19110710/allocations" status: 200 len: 558 microversion: 1.0
Dec 11 22:44:42.107377 n-d-710848-4 devstack@placement-api.service[110341]: [pid: 110341|app: 0|req: 96/192] 10.222.0.42 () {58 vars in 1390 bytes} [Sat Dec 11 22:44:42 2021] GET /placement/resource_providers/ce899c94-4091-4ef5-965e-bb7e19110710/allocations => generated 558 bytes in 51 msecs (HTTP/1.1 200) 6 headers in 224 bytes (1 switches on core 0)
Dec 11 22:44:42.501707 n-d-710848-4 devstack@placement-api.service[110340]: DEBUG placement.requestlog [req-999057a2-d696-4735-b4bf-fd7424bec06f req-63e0631d-2979-41df-b02a-f11c6685024b None None] Starting request: 10.222.0.42 "GET /placement/allocations/435873f9-a236-4a27-809b-087915e5f975" {{(pid=110340) __call__ /opt/stack/placement/placement/requestlog.py:55}}
Dec 11 22:44:42.530538 n-d-710848-4 devstack@placement-api.service[110340]: INFO placement.requestlog [req-999057a2-d696-4735-b4bf-fd7424bec06f req-63e0631d-2979-41df-b02a-f11c6685024b service placement] 10.222.0.42 "GET /placement/allocations/435873f9-a236-4a27-809b-087915e5f975" status: 200 len: 259 microversion: 1.28
Dec 11 22:44:42.531474 n-d-710848-4 devstack@placement-api.service[110340]: [pid: 110340|app: 0|req: 97/193] 10.222.0.42 () {60 vars in 1377 bytes} [Sat Dec 11 22:44:42 2021] GET /placement/allocations/435873f9-a236-4a27-809b-087915e5f975 => generated 259 bytes in 30 msecs (HTTP/1.1 200) 8 headers in 296 bytes (1 switches on core 0)
Dec 11 22:44:42.563064 n-d-710848-4 devstack@placement-api.service[110341]: DEBUG placement.requestlog [req-9ba4f145-d04d-4c72-8419-ee8b72decbea req-12b85ab2-169b-4f57-9679-da16fc3a94db None None] Starting request: 10.222.0.42 "GET /placement/allocations/cd2724b5-9339-489c-96a2-3fd615158f06" {{(pid=110341) __call__ /opt/stack/placement/placement/requestlog.py:55}}
Dec 11 22:44:42.615052 n-d-710848-4 devstack@placement-api.service[110341]: INFO placement.requestlog [req-9ba4f145-d04d-4c72-8419-ee8b72decbea req-12b85ab2-169b-4f57-9679-da16fc3a94db service placement] 10.222.0.42 "GET /placement/allocations/cd2724b5-9339-489c-96a2-3fd615158f06" status: 200 len: 259 microversion: 1.28
Dec 11 22:44:42.615945 n-d-710848-4 devstack@placement-api.service[110341]: [pid: 110341|app: 0|req: 97/194] 10.222.0.42 () {60 vars in 1377 bytes} [Sat Dec 11 22:44:42 2021] GET /placement/allocations/cd2724b5-9339-489c-96a2-3fd615158f06 => generated 259 bytes in 56 msecs (HTTP/1.1 200) 8 headers in 296 bytes (1 switches on core 0)
Dec 11 22:44:42.626778 n-d-710848-4 devstack@placement-api.service[110340]: DEBUG placement.requestlog [req-9ba4f145-d04d-4c72-8419-ee8b72decbea req-7915b1c3-137e-45fa-bcc8-e366445fa62a None None] Starting request: 10.222.0.42 "PUT /placement/allocations/cd2724b5-9339-489c-96a2-3fd615158f06" {{(pid=110340) __call__ /opt/stack/placement/placement/requestlog.py:55}}
Dec 11 22:44:42.709415 n-d-710848-4 devstack@placement-api.service[110340]: DEBUG placement.handlers.allocation [req-9ba4f145-d04d-4c72-8419-ee8b72decbea req-7915b1c3-137e-45fa-bcc8-e366445fa62a service placement] Successfully wrote allocations [, , ] {{(pid=110340) _update_consumers_and_create_allocations /opt/stack/placement/placement/handlers/allocation.py:462}}
Dec 11 22:44:42.719127 n-d-710848-4 devstack@placement-api.service[110340]: INFO placement.requestlog [req-9ba4f145-d04d-4c72-8419-ee8b72decbea req-7915b1c3-137e-45fa-bcc8-e366445fa62a service placement] 10.222.0.42 "PUT /placement/allocations/cd2724b5-9339-489c-96a2-3fd615158f06" status: 204 len: 0 microversion: 1.28
Dec 11 22:44:42.719877 n-d-710848-4 devstack@placement-api.service[110340]: [pid: 110340|app: 0|req: 98/195] 10.222.0.42 () {64 vars in 1430 bytes} [Sat Dec 11 22:44:42 2021] PUT /placement/allocations/cd2724b5-9339-489c-96a2-3fd615158f06 => generated 0 bytes in 93 msecs (HTTP/1.1 204) 5 headers in 199 bytes (1 switches on core 0)
Dec 11 22:44:46.653068 n-d-710848-4 devstack@placement-api.service[110341]: DEBUG placement.requestlog [req-ce6bbb89-ff8a-4bc7-8237-2442b618eb8b req-f601f11b-8ba6-4e53-9885-8adf708b833f None None] Starting request: 10.222.0.37 "GET /placement/allocation_candidates?limit=1000&resources=DISK_GB%3A1%2CMEMORY_MB%3A1024%2CVCPU%3A1&root_required=%21COMPUTE_STATUS_DISABLED" {{(pid=110341) __call__ /opt/stack/placement/placement/requestlog.py:55}}
Dec 11 22:44:46.755686 n-d-710848-4 devstack@placement-api.service[110341]: DEBUG placement.objects.research_context [req-ce6bbb89-ff8a-4bc7-8237-2442b618eb8b req-f601f11b-8ba6-4e53-9885-8adf708b833f service placement] getting providers with 1 DISK_GB {{(pid=110341) __init__ /opt/stack/placement/placement/objects/research_context.py:126}}
Dec 11 22:44:46.774981 n-d-710848-4 devstack@placement-api.service[110341]: DEBUG placement.objects.research_context [req-ce6bbb89-ff8a-4bc7-8237-2442b618eb8b req-f601f11b-8ba6-4e53-9885-8adf708b833f service placement] getting providers with 1024 MEMORY_MB {{(pid=110341) __init__ /opt/stack/placement/placement/objects/research_context.py:126}}
Dec 11 22:44:46.794094 n-d-710848-4 devstack@placement-api.service[110341]: DEBUG placement.objects.research_context [req-ce6bbb89-ff8a-4bc7-8237-2442b618eb8b req-f601f11b-8ba6-4e53-9885-8adf708b833f service placement] getting providers with 1 VCPU {{(pid=110341) __init__ /opt/stack/placement/placement/objects/research_context.py:126}}
Dec 11 22:44:46.825787 n-d-710848-4 devstack@placement-api.service[110341]: DEBUG placement.objects.research_context [req-ce6bbb89-ff8a-4bc7-8237-2442b618eb8b req-f601f11b-8ba6-4e53-9885-8adf708b833f service placement] found 2 providers with available 1 DISK_GB {{(pid=110341) get_provider_ids_matching /opt/stack/placement/placement/objects/research_context.py:549}}
Dec 11 22:44:46.826072 n-d-710848-4 devstack@placement-api.service[110341]: DEBUG placement.objects.research_context [req-ce6bbb89-ff8a-4bc7-8237-2442b618eb8b req-f601f11b-8ba6-4e53-9885-8adf708b833f service placement] found 2 providers with available 1024 MEMORY_MB {{(pid=110341) get_provider_ids_matching /opt/stack/placement/placement/objects/research_context.py:549}}
Dec 11 22:44:46.826345 n-d-710848-4 devstack@placement-api.service[110341]: DEBUG placement.objects.research_context [req-ce6bbb89-ff8a-4bc7-8237-2442b618eb8b req-f601f11b-8ba6-4e53-9885-8adf708b833f service placement] found 2 providers after filtering by previous result {{(pid=110341) get_provider_ids_matching /opt/stack/placement/placement/objects/research_context.py:580}}
Dec 11 22:44:46.833387 n-d-710848-4 devstack@placement-api.service[110341]: DEBUG placement.objects.research_context [req-ce6bbb89-ff8a-4bc7-8237-2442b618eb8b req-f601f11b-8ba6-4e53-9885-8adf708b833f service placement] found 2 providers with available 1 VCPU {{(pid=110341) get_provider_ids_matching /opt/stack/placement/placement/objects/research_context.py:549}}
Dec 11 22:44:46.833756 n-d-710848-4 devstack@placement-api.service[110341]: DEBUG placement.objects.research_context [req-ce6bbb89-ff8a-4bc7-8237-2442b618eb8b req-f601f11b-8ba6-4e53-9885-8adf708b833f service placement] found 2 providers after filtering by previous result {{(pid=110341) get_provider_ids_matching /opt/stack/placement/placement/objects/research_context.py:580}}
Dec 11 22:44:46.889287 n-d-710848-4 devstack@placement-api.service[110341]: DEBUG placement.objects.allocation_candidate [req-ce6bbb89-ff8a-4bc7-8237-2442b618eb8b req-f601f11b-8ba6-4e53-9885-8adf708b833f service placement] RequestGroup(use_same_provider=False, resources={DISK_GB:1, MEMORY_MB:1024, VCPU:1}, traits=[], aggregates=[]) (suffix '') returned 2 matches {{(pid=110341) _get_by_requests /opt/stack/placement/placement/objects/allocation_candidate.py:145}}
Dec 11 22:44:46.889668 n-d-710848-4 devstack@placement-api.service[110341]: DEBUG placement.objects.allocation_candidate [req-ce6bbb89-ff8a-4bc7-8237-2442b618eb8b req-f601f11b-8ba6-4e53-9885-8adf708b833f service placement] Merging candidates yields 2 allocation requests and 2 provider summaries {{(pid=110341) _merge_candidates /opt/stack/placement/placement/objects/allocation_candidate.py:783}}
Dec 11 22:44:46.899833 n-d-710848-4 devstack@placement-api.service[110341]: INFO placement.requestlog [req-ce6bbb89-ff8a-4bc7-8237-2442b618eb8b req-f601f11b-8ba6-4e53-9885-8adf708b833f service placement] 10.222.0.37 "GET /placement/allocation_candidates?limit=1000&resources=DISK_GB%3A1%2CMEMORY_MB%3A1024%2CVCPU%3A1&root_required=%21COMPUTE_STATUS_DISABLED" status: 200 len: 1309 microversion: 1.36
Dec 11 22:44:46.900225 n-d-710848-4 devstack@placement-api.service[110341]: [pid: 110341|app: 0|req: 98/196] 10.222.0.37 () {60 vars in 1506 bytes} [Sat Dec 11 22:44:46 2021] GET /placement/allocation_candidates?limit=1000&resources=DISK_GB%3A1%2CMEMORY_MB%3A1024%2CVCPU%3A1&root_required=%21COMPUTE_STATUS_DISABLED => generated 1309 bytes in 248 msecs (HTTP/1.1 200) 8 headers in 297 bytes (1 switches on core 0)
Dec 11 22:44:47.053279 n-d-710848-4 devstack@placement-api.service[110340]: DEBUG placement.requestlog [None req-ed570997-c597-4dfc-bb4a-736a6715eacd None None] Starting request: 10.222.0.37 "GET /placement/" {{(pid=110340) __call__ /opt/stack/placement/placement/requestlog.py:55}}
Dec 11 22:44:47.054944 n-d-710848-4 devstack@placement-api.service[110340]: INFO placement.requestlog [None req-ed570997-c597-4dfc-bb4a-736a6715eacd None None] 10.222.0.37 "GET /placement/" status: 200 len: 136 microversion: 1.0
Dec 11 22:44:47.055763 n-d-710848-4 devstack@placement-api.service[110340]: [pid: 110340|app: 0|req: 99/197] 10.222.0.37 () {54 vars in 916 bytes} [Sat Dec 11 22:44:47 2021] GET /placement => generated 136 bytes in 3 msecs (HTTP/1.1 200) 6 headers in 224 bytes (1 switches on core 0)
Dec 11 22:44:47.079846 n-d-710848-4 devstack@placement-api.service[110341]: DEBUG placement.requestlog [req-8c4e935c-8735-43d8-85a8-26549cfd8b12 req-8ac5cba2-978b-44b4-a16c-7df1c5a1b5e4 None None] Starting request: 10.222.0.37 "GET /placement/allocations/151ae25d-b15b-4da7-9423-be3b99107d5f" {{(pid=110341) __call__ /opt/stack/placement/placement/requestlog.py:55}}
Dec 11 22:44:47.084741 n-d-710848-4 devstack@placement-api.service[110340]: DEBUG placement.requestlog [req-ce6bbb89-ff8a-4bc7-8237-2442b618eb8b req-c0469156-2241-4fbf-aa49-a8f70a260003 None None] Starting request: 10.222.0.37 "GET /placement/allocations/c38cecaf-d0e9-46c9-a6ad-d117f26b808b" {{(pid=110340) __call__ /opt/stack/placement/placement/requestlog.py:55}}
Dec 11 22:44:47.100468 n-d-710848-4 devstack@placement-api.service[110340]: INFO placement.requestlog [req-ce6bbb89-ff8a-4bc7-8237-2442b618eb8b req-c0469156-2241-4fbf-aa49-a8f70a260003 service placement] 10.222.0.37 "GET /placement/allocations/c38cecaf-d0e9-46c9-a6ad-d117f26b808b" status: 200 len: 19 microversion: 1.28
Dec 11 22:44:47.107242 n-d-710848-4 devstack@placement-api.service[110340]: [pid: 110340|app: 0|req: 100/198] 10.222.0.37 () {60 vars in 1380 bytes} [Sat Dec 11 22:44:47 2021] GET /placement/allocations/c38cecaf-d0e9-46c9-a6ad-d117f26b808b => generated 19 bytes in 23 msecs (HTTP/1.1 200) 8 headers in 295 bytes (2 switches on core 0)
Dec 11 22:44:47.108356 n-d-710848-4 devstack@placement-api.service[110340]: DEBUG placement.requestlog [req-ce6bbb89-ff8a-4bc7-8237-2442b618eb8b req-ab5f4503-dfb7-42ff-93ab-ad801bde363f None None] Starting request: 10.222.0.37 "PUT /placement/allocations/c38cecaf-d0e9-46c9-a6ad-d117f26b808b" {{(pid=110340) __call__ /opt/stack/placement/placement/requestlog.py:55}}
Dec 11 22:44:47.263658 n-d-710848-4 devstack@placement-api.service[110341]: INFO placement.requestlog [req-8c4e935c-8735-43d8-85a8-26549cfd8b12 req-8ac5cba2-978b-44b4-a16c-7df1c5a1b5e4 service placement] 10.222.0.37 "GET /placement/allocations/151ae25d-b15b-4da7-9423-be3b99107d5f" status: 200 len: 259 microversion: 1.28
Dec 11 22:44:47.264427 n-d-710848-4 devstack@placement-api.service[110341]: [pid: 110341|app: 0|req: 99/199] 10.222.0.37 () {60 vars in 1380 bytes} [Sat Dec 11 22:44:47 2021] GET /placement/allocations/151ae25d-b15b-4da7-9423-be3b99107d5f => generated 259 bytes in 186 msecs (HTTP/1.1 200) 8 headers in 296 bytes (2 switches on core 0)
Dec 11 22:44:47.277963 n-d-710848-4 devstack@placement-api.service[110341]: DEBUG placement.requestlog [req-8c4e935c-8735-43d8-85a8-26549cfd8b12 req-a58ffaf8-962c-42bb-8d7b-0635117dd64d None None] Starting request: 10.222.0.37 "GET /placement/allocations/151ae25d-b15b-4da7-9423-be3b99107d5f" {{(pid=110341) __call__ /opt/stack/placement/placement/requestlog.py:55}}
Dec 11 22:44:47.304882 n-d-710848-4 devstack@placement-api.service[110340]: DEBUG placement.handlers.allocation [req-ce6bbb89-ff8a-4bc7-8237-2442b618eb8b req-ab5f4503-dfb7-42ff-93ab-ad801bde363f service placement] Successfully wrote allocations [, , ] {{(pid=110340) _update_consumers_and_create_allocations /opt/stack/placement/placement/handlers/allocation.py:462}}
Dec 11 22:44:47.312618 n-d-710848-4 devstack@placement-api.service[110340]: INFO placement.requestlog [req-ce6bbb89-ff8a-4bc7-8237-2442b618eb8b req-ab5f4503-dfb7-42ff-93ab-ad801bde363f service placement] 10.222.0.37 "PUT /placement/allocations/c38cecaf-d0e9-46c9-a6ad-d117f26b808b" status: 204 len: 0 microversion: 1.36
Dec 11 22:44:47.319804 n-d-710848-4 devstack@placement-api.service[110340]: [pid: 110340|app: 0|req: 101/200] 10.222.0.37 () {64 vars in 1433 bytes} [Sat Dec 11 22:44:47 2021] PUT /placement/allocations/c38cecaf-d0e9-46c9-a6ad-d117f26b808b => generated 0 bytes in 205 msecs (HTTP/1.1 204) 5 headers in 199 bytes (2 switches on core 0)
Dec 11 22:44:47.327050 n-d-710848-4 devstack@placement-api.service[110341]: INFO placement.requestlog [req-8c4e935c-8735-43d8-85a8-26549cfd8b12 req-a58ffaf8-962c-42bb-8d7b-0635117dd64d service placement] 10.222.0.37 "GET /placement/allocations/151ae25d-b15b-4da7-9423-be3b99107d5f" status: 200 len: 259 microversion: 1.28
Dec 11 22:44:47.331639 n-d-710848-4 devstack@placement-api.service[110341]: [pid: 110341|app: 0|req: 100/201] 10.222.0.37 () {60 vars in 1380 bytes} [Sat Dec 11 22:44:47 2021] GET /placement/allocations/151ae25d-b15b-4da7-9423-be3b99107d5f => generated 259 bytes in 55 msecs (HTTP/1.1 200) 8 headers in 296 bytes (1 switches on core 0)
Dec 11 22:44:47.335204 n-d-710848-4 devstack@placement-api.service[110340]: DEBUG placement.requestlog [req-8c4e935c-8735-43d8-85a8-26549cfd8b12 req-7738d21e-60b0-4f6a-a0e4-4898586cbb2f None None] Starting request: 10.222.0.37 "GET /placement/allocations/3343b120-639b-4ddb-8a59-1aee08dfecd0" {{(pid=110340) __call__ /opt/stack/placement/placement/requestlog.py:55}}
Dec 11 22:44:47.358066 n-d-710848-4 devstack@placement-api.service[110340]: INFO placement.requestlog [req-8c4e935c-8735-43d8-85a8-26549cfd8b12 req-7738d21e-60b0-4f6a-a0e4-4898586cbb2f service placement] 10.222.0.37 "GET /placement/allocations/3343b120-639b-4ddb-8a59-1aee08dfecd0" status: 200 len: 19 microversion: 1.28
Dec 11 22:44:47.358488 n-d-710848-4 devstack@placement-api.service[110340]: [pid: 110340|app: 0|req: 102/202] 10.222.0.37 () {60 vars in 1380 bytes} [Sat Dec 11 22:44:47 2021] GET /placement/allocations/3343b120-639b-4ddb-8a59-1aee08dfecd0 => generated 19 bytes in 24 msecs (HTTP/1.1 200) 8 headers in 295 bytes (1 switches on core 0)
Dec 11 22:44:47.369723 n-d-710848-4 devstack@placement-api.service[110341]: DEBUG placement.requestlog [req-8c4e935c-8735-43d8-85a8-26549cfd8b12 req-9622d3b8-d7e1-4169-b3f5-1f50f782c7b9 None None] Starting request: 10.222.0.37 "POST /placement/allocations" {{(pid=110341) __call__ /opt/stack/placement/placement/requestlog.py:55}}
Dec 11 22:44:47.549792 n-d-710848-4 devstack@placement-api.service[110341]: DEBUG placement.handlers.allocation [req-8c4e935c-8735-43d8-85a8-26549cfd8b12 req-9622d3b8-d7e1-4169-b3f5-1f50f782c7b9 service placement] Successfully wrote allocations [, , , , , ] {{(pid=110341) _update_consumers_and_create_allocations /opt/stack/placement/placement/handlers/allocation.py:572}}
Dec 11 22:44:47.560066 n-d-710848-4 devstack@placement-api.service[110341]: INFO placement.requestlog [req-8c4e935c-8735-43d8-85a8-26549cfd8b12 req-9622d3b8-d7e1-4169-b3f5-1f50f782c7b9 service placement] 10.222.0.37 "POST /placement/allocations" status: 204 len: 0 microversion: 1.28
Dec 11 22:44:47.566526 n-d-710848-4 devstack@placement-api.service[110341]: [pid: 110341|app: 0|req: 101/203] 10.222.0.37 () {64 vars in 1323 bytes} [Sat Dec 11 22:44:47 2021] POST /placement/allocations => generated 0 bytes in 192 msecs (HTTP/1.1 204) 5 headers in 199 bytes (2 switches on core 0)
Dec 11 22:44:47.616241 n-d-710848-4 devstack@placement-api.service[110340]: DEBUG placement.requestlog [req-8c4e935c-8735-43d8-85a8-26549cfd8b12 req-0674ec45-572d-4315-b481-6f42d1b74bdc None None] Starting request: 10.222.0.37 "GET /placement/allocations/151ae25d-b15b-4da7-9423-be3b99107d5f" {{(pid=110340) __call__ /opt/stack/placement/placement/requestlog.py:55}}
Dec 11 22:44:47.643721 n-d-710848-4 devstack@placement-api.service[110340]: INFO placement.requestlog [req-8c4e935c-8735-43d8-85a8-26549cfd8b12 req-0674ec45-572d-4315-b481-6f42d1b74bdc service placement] 10.222.0.37 "GET /placement/allocations/151ae25d-b15b-4da7-9423-be3b99107d5f" status: 200 len: 19 microversion: 1.28
Dec 11 22:44:47.650781 n-d-710848-4 devstack@placement-api.service[110340]: [pid: 110340|app: 0|req: 103/204] 10.222.0.37 () {60 vars in 1380 bytes} [Sat Dec 11 22:44:47 2021] GET /placement/allocations/151ae25d-b15b-4da7-9423-be3b99107d5f => generated 19 bytes in 35 msecs (HTTP/1.1 200) 8 headers in 295 bytes (1 switches on core 0)
Dec 11 22:44:47.654558 n-d-710848-4 devstack@placement-api.service[110341]: DEBUG placement.requestlog [req-8c4e935c-8735-43d8-85a8-26549cfd8b12 req-9b959ef3-664f-4204-9785-d73941d7016a None None] Starting request: 10.222.0.37 "PUT /placement/allocations/151ae25d-b15b-4da7-9423-be3b99107d5f" {{(pid=110341) __call__ /opt/stack/placement/placement/requestlog.py:55}}
Dec 11 22:44:47.764620 n-d-710848-4 devstack@placement-api.service[110341]: DEBUG placement.handlers.allocation [req-8c4e935c-8735-43d8-85a8-26549cfd8b12 req-9b959ef3-664f-4204-9785-d73941d7016a service placement] Successfully wrote allocations [, , ] {{(pid=110341) _update_consumers_and_create_allocations /opt/stack/placement/placement/handlers/allocation.py:462}}
Dec 11 22:44:47.772079 n-d-710848-4 devstack@placement-api.service[110341]: INFO placement.requestlog [req-8c4e935c-8735-43d8-85a8-26549cfd8b12 req-9b959ef3-664f-4204-9785-d73941d7016a service placement] 10.222.0.37 "PUT /placement/allocations/151ae25d-b15b-4da7-9423-be3b99107d5f" status: 204 len: 0 microversion: 1.28
Dec 11 22:44:47.772902 n-d-710848-4 devstack@placement-api.service[110341]: [pid: 110341|app: 0|req: 102/205] 10.222.0.37 () {64 vars in 1433 bytes} [Sat Dec 11 22:44:47 2021] PUT /placement/allocations/151ae25d-b15b-4da7-9423-be3b99107d5f => generated 0 bytes in 119 msecs (HTTP/1.1 204) 5 headers in 199 bytes (2 switches on core 0)
Dec 11 22:44:47.993375 n-d-710848-4 devstack@placement-api.service[110340]: DEBUG placement.requestlog [req-8c4e935c-8735-43d8-85a8-26549cfd8b12 req-7934b35f-6be2-4ecf-b618-136806b4ca30 None None] Starting request: 10.222.0.42 "GET /placement/allocations/151ae25d-b15b-4da7-9423-be3b99107d5f" {{(pid=110340) __call__ /opt/stack/placement/placement/requestlog.py:55}}
Dec 11 22:44:48.015137 n-d-710848-4 devstack@placement-api.service[110341]: DEBUG placement.requestlog [req-ce6bbb89-ff8a-4bc7-8237-2442b618eb8b req-6c9c0ca1-16a6-4af1-8124-b9c155da9ecd None None] Starting request: 10.222.0.42 "GET /placement/allocations/c38cecaf-d0e9-46c9-a6ad-d117f26b808b" {{(pid=110341) __call__ /opt/stack/placement/placement/requestlog.py:55}}
Dec 11 22:44:48.056403 n-d-710848-4 devstack@placement-api.service[110340]: INFO placement.requestlog [req-8c4e935c-8735-43d8-85a8-26549cfd8b12 req-7934b35f-6be2-4ecf-b618-136806b4ca30 service placement] 10.222.0.42 "GET /placement/allocations/151ae25d-b15b-4da7-9423-be3b99107d5f" status: 200 len: 259 microversion: 1.28
Dec 11 22:44:48.061060 n-d-710848-4 devstack@placement-api.service[110340]: [pid: 110340|app: 0|req: 104/206] 10.222.0.42 () {60 vars in 1377 bytes} [Sat Dec 11 22:44:47 2021] GET /placement/allocations/151ae25d-b15b-4da7-9423-be3b99107d5f => generated 259 bytes in 67 msecs (HTTP/1.1 200) 8 headers in 296 bytes (1 switches on core 0)
Dec 11 22:44:48.062906 n-d-710848-4 devstack@placement-api.service[110341]: INFO placement.requestlog [req-ce6bbb89-ff8a-4bc7-8237-2442b618eb8b req-6c9c0ca1-16a6-4af1-8124-b9c155da9ecd service placement] 10.222.0.42 "GET /placement/allocations/c38cecaf-d0e9-46c9-a6ad-d117f26b808b" status: 200 len: 259 microversion: 1.28
Dec 11 22:44:48.064278 n-d-710848-4 devstack@placement-api.service[110341]: [pid: 110341|app: 0|req: 103/207] 10.222.0.42 () {60 vars in 1377 bytes} [Sat Dec 11 22:44:48 2021] GET /placement/allocations/c38cecaf-d0e9-46c9-a6ad-d117f26b808b => generated 259 bytes in 50 msecs (HTTP/1.1 200) 8 headers in 296 bytes (2 switches on core 0)
Dec 11 22:45:09.025516 n-d-710848-4 devstack@placement-api.service[110340]: DEBUG placement.requestlog [req-fd6201df-5449-479e-815e-a0f9a96f1481 req-0e1c7f36-829a-4183-8d62-f4e67c36cfa7 None None] Starting request: 10.222.0.37 "GET /placement/allocation_candidates?limit=1000&resources=DISK_GB%3A1%2CMEMORY_MB%3A1024%2CVCPU%3A1&root_required=%21COMPUTE_STATUS_DISABLED" {{(pid=110340) __call__ /opt/stack/placement/placement/requestlog.py:55}}
Dec 11 22:45:09.055791 n-d-710848-4 devstack@placement-api.service[110340]: DEBUG placement.objects.research_context [req-fd6201df-5449-479e-815e-a0f9a96f1481 req-0e1c7f36-829a-4183-8d62-f4e67c36cfa7 service placement] getting providers with 1 DISK_GB {{(pid=110340) __init__ /opt/stack/placement/placement/objects/research_context.py:126}}
Dec 11 22:45:09.061594 n-d-710848-4 devstack@placement-api.service[110340]: DEBUG placement.objects.research_context [req-fd6201df-5449-479e-815e-a0f9a96f1481 req-0e1c7f36-829a-4183-8d62-f4e67c36cfa7 service placement] getting providers with 1024 MEMORY_MB {{(pid=110340) __init__ /opt/stack/placement/placement/objects/research_context.py:126}}
Dec 11 22:45:09.066902 n-d-710848-4 devstack@placement-api.service[110340]: DEBUG placement.objects.research_context [req-fd6201df-5449-479e-815e-a0f9a96f1481 req-0e1c7f36-829a-4183-8d62-f4e67c36cfa7 service placement] getting providers with 1 VCPU {{(pid=110340) __init__ /opt/stack/placement/placement/objects/research_context.py:126}}
Dec 11 22:45:09.072709 n-d-710848-4 devstack@placement-api.service[110340]: DEBUG placement.objects.research_context [req-fd6201df-5449-479e-815e-a0f9a96f1481 req-0e1c7f36-829a-4183-8d62-f4e67c36cfa7 service placement] found 2 providers with available 1 DISK_GB {{(pid=110340) get_provider_ids_matching /opt/stack/placement/placement/objects/research_context.py:549}}
Dec 11 22:45:09.072977 n-d-710848-4 devstack@placement-api.service[110340]: DEBUG placement.objects.research_context [req-fd6201df-5449-479e-815e-a0f9a96f1481 req-0e1c7f36-829a-4183-8d62-f4e67c36cfa7 service placement] found 2 providers with available 1024 MEMORY_MB {{(pid=110340) get_provider_ids_matching /opt/stack/placement/placement/objects/research_context.py:549}}
Dec 11 22:45:09.073282 n-d-710848-4 devstack@placement-api.service[110340]: DEBUG placement.objects.research_context [req-fd6201df-5449-479e-815e-a0f9a96f1481 req-0e1c7f36-829a-4183-8d62-f4e67c36cfa7 service placement] found 2 providers after filtering by previous result {{(pid=110340) get_provider_ids_matching /opt/stack/placement/placement/objects/research_context.py:580}}
Dec 11 22:45:09.073828 n-d-710848-4 devstack@placement-api.service[110340]: DEBUG placement.objects.research_context [req-fd6201df-5449-479e-815e-a0f9a96f1481 req-0e1c7f36-829a-4183-8d62-f4e67c36cfa7 service placement] found 2 providers with available 1 VCPU {{(pid=110340) get_provider_ids_matching /opt/stack/placement/placement/objects/research_context.py:549}}
Dec 11 22:45:09.073986 n-d-710848-4 devstack@placement-api.service[110340]: DEBUG placement.objects.research_context [req-fd6201df-5449-479e-815e-a0f9a96f1481 req-0e1c7f36-829a-4183-8d62-f4e67c36cfa7 service placement] found 2 providers after filtering by previous result {{(pid=110340) get_provider_ids_matching /opt/stack/placement/placement/objects/research_context.py:580}}
Dec 11 22:45:09.085181 n-d-710848-4 devstack@placement-api.service[110340]: DEBUG placement.objects.allocation_candidate [req-fd6201df-5449-479e-815e-a0f9a96f1481 req-0e1c7f36-829a-4183-8d62-f4e67c36cfa7 service placement] RequestGroup(use_same_provider=False, resources={DISK_GB:1, MEMORY_MB:1024, VCPU:1}, traits=[], aggregates=[]) (suffix '') returned 2 matches {{(pid=110340) _get_by_requests /opt/stack/placement/placement/objects/allocation_candidate.py:145}}
Dec 11 22:45:09.085548 n-d-710848-4 devstack@placement-api.service[110340]: DEBUG placement.objects.allocation_candidate [req-fd6201df-5449-479e-815e-a0f9a96f1481 req-0e1c7f36-829a-4183-8d62-f4e67c36cfa7 service placement] Merging candidates yields 2 allocation requests and 2 provider summaries {{(pid=110340) _merge_candidates /opt/stack/placement/placement/objects/allocation_candidate.py:783}}
Dec 11 22:45:09.087284 n-d-710848-4 devstack@placement-api.service[110340]: INFO placement.requestlog [req-fd6201df-5449-479e-815e-a0f9a96f1481 req-0e1c7f36-829a-4183-8d62-f4e67c36cfa7 service placement] 10.222.0.37 "GET /placement/allocation_candidates?limit=1000&resources=DISK_GB%3A1%2CMEMORY_MB%3A1024%2CVCPU%3A1&root_required=%21COMPUTE_STATUS_DISABLED" status: 200 len: 1309 microversion: 1.36
Dec 11 22:45:09.087670 n-d-710848-4 devstack@placement-api.service[110340]: [pid: 110340|app: 0|req: 105/208] 10.222.0.37 () {60 vars in 1506 bytes} [Sat Dec 11 22:45:09 2021] GET /placement/allocation_candidates?limit=1000&resources=DISK_GB%3A1%2CMEMORY_MB%3A1024%2CVCPU%3A1&root_required=%21COMPUTE_STATUS_DISABLED => generated 1309 bytes in 62 msecs (HTTP/1.1 200) 8 headers in 297 bytes (1 switches on core 0)
Dec 11 22:45:09.134137 n-d-710848-4 devstack@placement-api.service[110341]: DEBUG placement.requestlog [req-fd6201df-5449-479e-815e-a0f9a96f1481 req-624dd607-96a7-4a32-b3df-06fbe6ee7ca3 None None] Starting request: 10.222.0.37 "GET /placement/allocations/545f3c77-024d-46c9-af47-af15838c280d" {{(pid=110341) __call__ /opt/stack/placement/placement/requestlog.py:55}}
Dec 11 22:45:09.144321 n-d-710848-4 devstack@placement-api.service[110341]: INFO placement.requestlog [req-fd6201df-5449-479e-815e-a0f9a96f1481 req-624dd607-96a7-4a32-b3df-06fbe6ee7ca3 service placement] 10.222.0.37 "GET /placement/allocations/545f3c77-024d-46c9-af47-af15838c280d" status: 200 len: 19 microversion: 1.28
Dec 11 22:45:09.145325 n-d-710848-4 devstack@placement-api.service[110341]: [pid: 110341|app: 0|req: 104/209] 10.222.0.37 () {60 vars in 1380 bytes} [Sat Dec 11 22:45:09 2021] GET /placement/allocations/545f3c77-024d-46c9-af47-af15838c280d => generated 19 bytes in 11 msecs (HTTP/1.1 200) 8 headers in 295 bytes (1 switches on core 0)
Dec 11 22:45:09.151333 n-d-710848-4 devstack@placement-api.service[110340]: DEBUG placement.requestlog [req-fd6201df-5449-479e-815e-a0f9a96f1481 req-90de06f4-51a0-43fd-b11c-c614a757c2f5 None None] Starting request: 10.222.0.37 "PUT /placement/allocations/545f3c77-024d-46c9-af47-af15838c280d" {{(pid=110340) __call__ /opt/stack/placement/placement/requestlog.py:55}}
Dec 11 22:45:09.199275 n-d-710848-4 devstack@placement-api.service[110340]: DEBUG placement.handlers.allocation [req-fd6201df-5449-479e-815e-a0f9a96f1481 req-90de06f4-51a0-43fd-b11c-c614a757c2f5 service placement] Successfully wrote allocations [, , ] {{(pid=110340) _update_consumers_and_create_allocations /opt/stack/placement/placement/handlers/allocation.py:462}}
Dec 11 22:45:09.202868 n-d-710848-4 devstack@placement-api.service[110340]: INFO placement.requestlog [req-fd6201df-5449-479e-815e-a0f9a96f1481 req-90de06f4-51a0-43fd-b11c-c614a757c2f5 service placement] 10.222.0.37 "PUT /placement/allocations/545f3c77-024d-46c9-af47-af15838c280d" status: 204 len: 0 microversion: 1.36
Dec 11 22:45:09.203340 n-d-710848-4 devstack@placement-api.service[110340]: [pid: 110340|app: 0|req: 106/210] 10.222.0.37 () {64 vars in 1433 bytes} [Sat Dec 11 22:45:09 2021] PUT /placement/allocations/545f3c77-024d-46c9-af47-af15838c280d => generated 0 bytes in 52 msecs (HTTP/1.1 204) 5 headers in 199 bytes (1 switches on core 0)
Dec 11 22:45:15.315069 n-d-710848-4 devstack@placement-api.service[110341]: DEBUG placement.requestlog [req-fd6201df-5449-479e-815e-a0f9a96f1481 req-dd6cb42c-3865-4611-9c2f-a3a33677f192 None None] Starting request: 10.222.0.42 "GET /placement/allocations/545f3c77-024d-46c9-af47-af15838c280d" {{(pid=110341) __call__ /opt/stack/placement/placement/requestlog.py:55}}
Dec 11 22:45:15.343447 n-d-710848-4 devstack@placement-api.service[110341]: INFO placement.requestlog [req-fd6201df-5449-479e-815e-a0f9a96f1481 req-dd6cb42c-3865-4611-9c2f-a3a33677f192 service placement] 10.222.0.42 "GET /placement/allocations/545f3c77-024d-46c9-af47-af15838c280d" status: 200 len: 259 microversion: 1.28
Dec 11 22:45:15.345172 n-d-710848-4 devstack@placement-api.service[110341]: [pid: 110341|app: 0|req: 105/211] 10.222.0.42 () {60 vars in 1377 bytes} [Sat Dec 11 22:45:15 2021] GET /placement/allocations/545f3c77-024d-46c9-af47-af15838c280d => generated 259 bytes in 30 msecs (HTTP/1.1 200) 8 headers in 296 bytes (2 switches on core 0)
Dec 11 22:45:18.908162 n-d-710848-4 devstack@placement-api.service[110340]: DEBUG placement.requestlog [req-a94b6e45-9778-4f87-aebd-04c6ebb06da9 req-e9e8b332-ce23-4706-84a7-4e26a6bf3b7d None None] Starting request: 10.222.0.44 "GET /placement/resource_providers/98770050-cfae-4055-b515-630156aaa181/allocations" {{(pid=110340) __call__ /opt/stack/placement/placement/requestlog.py:55}}
Dec 11 22:45:19.043728 n-d-710848-4 devstack@placement-api.service[110340]: INFO placement.requestlog [req-a94b6e45-9778-4f87-aebd-04c6ebb06da9 req-e9e8b332-ce23-4706-84a7-4e26a6bf3b7d service placement] 10.222.0.44 "GET /placement/resource_providers/98770050-cfae-4055-b515-630156aaa181/allocations" status: 200 len: 659 microversion: 1.0
Dec 11 22:45:19.044106 n-d-710848-4 devstack@placement-api.service[110340]: [pid: 110340|app: 0|req: 107/212] 10.222.0.44 () {58 vars in 1390 bytes} [Sat Dec 11 22:45:18 2021] GET /placement/resource_providers/98770050-cfae-4055-b515-630156aaa181/allocations => generated 659 bytes in 136 msecs (HTTP/1.1 200) 6 headers in 224 bytes (1 switches on core 0)
Dec 11 22:45:19.095358 n-d-710848-4 devstack@placement-api.service[110341]: DEBUG placement.requestlog [req-a94b6e45-9778-4f87-aebd-04c6ebb06da9 req-e7a442b4-6bb1-47ec-a0cb-f2f35021e158 None None] Starting request: 10.222.0.44 "GET /placement/resource_providers?in_tree=98770050-cfae-4055-b515-630156aaa181" {{(pid=110341) __call__ /opt/stack/placement/placement/requestlog.py:55}}
Dec 11 22:45:19.112295 n-d-710848-4 devstack@placement-api.service[110341]: INFO placement.requestlog [req-a94b6e45-9778-4f87-aebd-04c6ebb06da9 req-e7a442b4-6bb1-47ec-a0cb-f2f35021e158 service placement] 10.222.0.44 "GET /placement/resource_providers?in_tree=98770050-cfae-4055-b515-630156aaa181" status: 200 len: 863 microversion: 1.14
Dec 11 22:45:19.112639 n-d-710848-4 devstack@placement-api.service[110341]: [pid: 110341|app: 0|req: 106/213] 10.222.0.44 () {60 vars in 1376 bytes} [Sat Dec 11 22:45:19 2021] GET /placement/resource_providers?in_tree=98770050-cfae-4055-b515-630156aaa181 => generated 863 bytes in 18 msecs (HTTP/1.1 200) 6 headers in 225 bytes (1 switches on core 0)
Dec 11 22:45:19.125144 n-d-710848-4 devstack@placement-api.service[110340]: DEBUG placement.requestlog [req-a94b6e45-9778-4f87-aebd-04c6ebb06da9 req-7500ed26-c77e-4e34-b135-6296755743ac None None] Starting request: 10.222.0.44 "GET /placement/resource_providers/98770050-cfae-4055-b515-630156aaa181/inventories" {{(pid=110340) __call__ /opt/stack/placement/placement/requestlog.py:55}}
Dec 11 22:45:19.142539 n-d-710848-4 devstack@placement-api.service[110340]: INFO placement.requestlog [req-a94b6e45-9778-4f87-aebd-04c6ebb06da9 req-7500ed26-c77e-4e34-b135-6296755743ac service placement] 10.222.0.44 "GET /placement/resource_providers/98770050-cfae-4055-b515-630156aaa181/inventories" status: 200 len: 398 microversion: 1.0
Dec 11 22:45:19.142894 n-d-710848-4 devstack@placement-api.service[110340]: [pid: 110340|app: 0|req: 108/214] 10.222.0.44 () {58 vars in 1390 bytes} [Sat Dec 11 22:45:19 2021] GET /placement/resource_providers/98770050-cfae-4055-b515-630156aaa181/inventories => generated 398 bytes in 18 msecs (HTTP/1.1 200) 6 headers in 224 bytes (1 switches on core 0)
Dec 11 22:45:19.156736 n-d-710848-4 devstack@placement-api.service[110341]: DEBUG placement.requestlog [req-a94b6e45-9778-4f87-aebd-04c6ebb06da9 req-2c3dc9fb-f88f-4f69-aecd-b35154b20ec2 None None] Starting request: 10.222.0.44 "GET /placement/resource_providers/98770050-cfae-4055-b515-630156aaa181/aggregates" {{(pid=110341) __call__ /opt/stack/placement/placement/requestlog.py:55}}
Dec 11 22:45:19.169947 n-d-710848-4 devstack@placement-api.service[110341]: INFO placement.requestlog [req-a94b6e45-9778-4f87-aebd-04c6ebb06da9 req-2c3dc9fb-f88f-4f69-aecd-b35154b20ec2 service placement] 10.222.0.44 "GET /placement/resource_providers/98770050-cfae-4055-b515-630156aaa181/aggregates" status: 200 len: 54 microversion: 1.19
Dec 11 22:45:19.170485 n-d-710848-4 devstack@placement-api.service[110341]: [pid: 110341|app: 0|req: 107/215] 10.222.0.44 () {60 vars in 1431 bytes} [Sat Dec 11 22:45:19 2021] GET /placement/resource_providers/98770050-cfae-4055-b515-630156aaa181/aggregates => generated 54 bytes in 14 msecs (HTTP/1.1 200) 8 headers in 295 bytes (1 switches on core 0)
Dec 11 22:45:19.187563 n-d-710848-4 devstack@placement-api.service[110340]: DEBUG placement.requestlog [req-a94b6e45-9778-4f87-aebd-04c6ebb06da9 req-91193b12-cf5f-4c00-b373-4caacf48dcef None None] Starting request: 10.222.0.44 "GET /placement/resource_providers/98770050-cfae-4055-b515-630156aaa181/traits" {{(pid=110340) __call__ /opt/stack/placement/placement/requestlog.py:55}}
Dec 11 22:45:19.213695 n-d-710848-4 devstack@placement-api.service[110340]: INFO placement.requestlog [req-a94b6e45-9778-4f87-aebd-04c6ebb06da9 req-91193b12-cf5f-4c00-b373-4caacf48dcef service placement] 10.222.0.44 "GET /placement/resource_providers/98770050-cfae-4055-b515-630156aaa181/traits" status: 200 len: 212 microversion: 1.6
Dec 11 22:45:19.214374 n-d-710848-4 devstack@placement-api.service[110340]: [pid: 110340|app: 0|req: 109/216] 10.222.0.44 () {60 vars in 1418 bytes} [Sat Dec 11 22:45:19 2021] GET /placement/resource_providers/98770050-cfae-4055-b515-630156aaa181/traits => generated 212 bytes in 27 msecs (HTTP/1.1 200) 6 headers in 224 bytes (1 switches on core 0)
Dec 11 22:45:19.314245 n-d-710848-4 devstack@placement-api.service[110341]: DEBUG placement.requestlog [req-9ddd6423-39ab-449e-b510-25d63156e683 req-dfa57595-117b-4ee7-b154-8ba89003c170 None None] Starting request: 10.222.0.37 "GET /placement/allocation_candidates?limit=1000&resources=DISK_GB%3A1%2CMEMORY_MB%3A1024%2CVCPU%3A1&root_required=%21COMPUTE_STATUS_DISABLED" {{(pid=110341) __call__ /opt/stack/placement/placement/requestlog.py:55}}
Dec 11 22:45:19.344858 n-d-710848-4 devstack@placement-api.service[110341]: DEBUG placement.objects.research_context [req-9ddd6423-39ab-449e-b510-25d63156e683 req-dfa57595-117b-4ee7-b154-8ba89003c170 service placement] getting providers with 1 DISK_GB {{(pid=110341) __init__ /opt/stack/placement/placement/objects/research_context.py:126}}
Dec 11 22:45:19.351237 n-d-710848-4 devstack@placement-api.service[110341]: DEBUG placement.objects.research_context [req-9ddd6423-39ab-449e-b510-25d63156e683 req-dfa57595-117b-4ee7-b154-8ba89003c170 service placement] getting providers with 1024 MEMORY_MB {{(pid=110341) __init__ /opt/stack/placement/placement/objects/research_context.py:126}}
Dec 11 22:45:19.356222 n-d-710848-4 devstack@placement-api.service[110341]: DEBUG placement.objects.research_context [req-9ddd6423-39ab-449e-b510-25d63156e683 req-dfa57595-117b-4ee7-b154-8ba89003c170 service placement] getting providers with 1 VCPU {{(pid=110341) __init__ /opt/stack/placement/placement/objects/research_context.py:126}}
Dec 11 22:45:19.361351 n-d-710848-4 devstack@placement-api.service[110341]: DEBUG placement.objects.research_context [req-9ddd6423-39ab-449e-b510-25d63156e683 req-dfa57595-117b-4ee7-b154-8ba89003c170 service placement] found 2 providers with available 1 DISK_GB {{(pid=110341) get_provider_ids_matching /opt/stack/placement/placement/objects/research_context.py:549}}
Dec 11 22:45:19.361627 n-d-710848-4 devstack@placement-api.service[110341]: DEBUG placement.objects.research_context [req-9ddd6423-39ab-449e-b510-25d63156e683 req-dfa57595-117b-4ee7-b154-8ba89003c170 service placement] found 2 providers with available 1024 MEMORY_MB {{(pid=110341) get_provider_ids_matching /opt/stack/placement/placement/objects/research_context.py:549}}
Dec 11 22:45:19.361899 n-d-710848-4 devstack@placement-api.service[110341]: DEBUG placement.objects.research_context [req-9ddd6423-39ab-449e-b510-25d63156e683 req-dfa57595-117b-4ee7-b154-8ba89003c170 service placement] found 2 providers after filtering by previous result {{(pid=110341) get_provider_ids_matching /opt/stack/placement/placement/objects/research_context.py:580}}
