Dec 12 04:06:19.766831 n-d-710847-7 devstack@n-api.service[117729]: DEBUG oslo_concurrency.lockutils [None req-89afffdd-ff35-4528-a9ab-2d2524524d5c tempest-AggregatesAdminTestJSON-1940532887 tempest-AggregatesAdminTestJSON-1940532887-project] Lock "bbb8afca-7151-4c40-82f9-6e16839c725d" "released" by "nova.context.set_target_cell..get_or_set_cached_cell_and_set_connections" :: held 0.001s {{(pid=117729) inner /usr/local/lib/python3.8/dist-packages/oslo_concurrency/lockutils.py:400}}
Dec 12 04:06:19.767909 n-d-710847-7 devstack@n-api.service[117729]: DEBUG oslo_concurrency.lockutils [None req-89afffdd-ff35-4528-a9ab-2d2524524d5c tempest-AggregatesAdminTestJSON-1940532887 tempest-AggregatesAdminTestJSON-1940532887-project] Lock "bbb8afca-7151-4c40-82f9-6e16839c725d" acquired by "nova.context.set_target_cell..get_or_set_cached_cell_and_set_connections" :: waited 0.000s {{(pid=117729) inner /usr/local/lib/python3.8/dist-packages/oslo_concurrency/lockutils.py:386}}
Dec 12 04:06:19.768561 n-d-710847-7 devstack@n-api.service[117729]: DEBUG oslo_concurrency.lockutils [None req-89afffdd-ff35-4528-a9ab-2d2524524d5c tempest-AggregatesAdminTestJSON-1940532887 tempest-AggregatesAdminTestJSON-1940532887-project] Lock "bbb8afca-7151-4c40-82f9-6e16839c725d" "released" by "nova.context.set_target_cell..get_or_set_cached_cell_and_set_connections" :: held 0.001s {{(pid=117729) inner /usr/local/lib/python3.8/dist-packages/oslo_concurrency/lockutils.py:400}}
Dec 12 04:06:19.814092 n-d-710847-7 devstack@n-api.service[117730]: DEBUG nova.network.neutron [None req-388cd698-fa70-4fcc-99db-464cb2075985 tempest-LiveMigrationNegativeTest-402420810 tempest-LiveMigrationNegativeTest-402420810-project] validate_networks() for None {{(pid=117730) validate_networks /opt/stack/nova/nova/network/neutron.py:2482}}
Dec 12 04:06:19.994990 n-d-710847-7 devstack@n-api.service[117729]: DEBUG nova.policy [None req-89afffdd-ff35-4528-a9ab-2d2524524d5c tempest-AggregatesAdminTestJSON-1940532887 tempest-AggregatesAdminTestJSON-1940532887-project] Policy check for os_compute_api:os-extended-server-attributes failed with credentials {'is_admin': False, 'user_id': '45b5b0639aca4a59bc76c36e74f81a2b', 'user_domain_id': 'default', 'system_scope': None, 'domain_id': None, 'project_id': 'da5cf8f0d41548d5a3fd5d0d35bd0ee8', 'project_domain_id': 'default', 'roles': ['reader', 'member'], 'is_admin_project': True, 'service_user_id': None, 'service_user_domain_id': None, 'service_project_id': None, 'service_project_domain_id': None, 'service_roles': []} {{(pid=117729) authorize /opt/stack/nova/nova/policy.py:199}}
Dec 12 04:06:20.004706 n-d-710847-7 devstack@n-api.service[117729]: INFO nova.api.openstack.requestlog [None req-89afffdd-ff35-4528-a9ab-2d2524524d5c tempest-AggregatesAdminTestJSON-1940532887 tempest-AggregatesAdminTestJSON-1940532887-project] 10.222.0.36 "GET /compute/v2.1/servers/beee4b4c-c99b-43f6-ba0a-8594c553720b" status: 200 len: 1337 microversion: 2.1 time: 0.253416
Dec 12 04:06:20.014311 n-d-710847-7 devstack@n-api.service[117729]: [pid: 117729|app: 0|req: 97/186] 10.222.0.36 () {58 vars in 1235 bytes} [Sun Dec 12 04:06:19 2021] GET /compute/v2.1/servers/beee4b4c-c99b-43f6-ba0a-8594c553720b => generated 1337 bytes in 263 msecs (HTTP/1.1 200) 9 headers in 358 bytes (2 switches on core 0)
Dec 12 04:06:20.028112 n-d-710847-7 devstack@n-api.service[117730]: DEBUG nova.virt.hardware [None req-388cd698-fa70-4fcc-99db-464cb2075985 tempest-LiveMigrationNegativeTest-402420810 tempest-LiveMigrationNegativeTest-402420810-project] Flavor limits 0:0:0 {{(pid=117730) get_cpu_topology_constraints /opt/stack/nova/nova/virt/hardware.py:343}}
Dec 12 04:06:20.028544 n-d-710847-7 devstack@n-api.service[117730]: DEBUG nova.virt.hardware [None req-388cd698-fa70-4fcc-99db-464cb2075985 tempest-LiveMigrationNegativeTest-402420810 tempest-LiveMigrationNegativeTest-402420810-project] Image limits 0:0:0 {{(pid=117730) get_cpu_topology_constraints /opt/stack/nova/nova/virt/hardware.py:347}}
Dec 12 04:06:20.029073 n-d-710847-7 devstack@n-api.service[117730]: DEBUG nova.virt.hardware [None req-388cd698-fa70-4fcc-99db-464cb2075985 tempest-LiveMigrationNegativeTest-402420810 tempest-LiveMigrationNegativeTest-402420810-project] Flavor pref 0:0:0 {{(pid=117730) get_cpu_topology_constraints /opt/stack/nova/nova/virt/hardware.py:383}}
Dec 12 04:06:20.030197 n-d-710847-7 devstack@n-api.service[117730]: DEBUG nova.virt.hardware [None req-388cd698-fa70-4fcc-99db-464cb2075985 tempest-LiveMigrationNegativeTest-402420810 tempest-LiveMigrationNegativeTest-402420810-project] Image pref 0:0:0 {{(pid=117730) get_cpu_topology_constraints /opt/stack/nova/nova/virt/hardware.py:387}}
Dec 12 04:06:20.030932 n-d-710847-7 devstack@n-api.service[117730]: DEBUG nova.virt.hardware [None req-388cd698-fa70-4fcc-99db-464cb2075985 tempest-LiveMigrationNegativeTest-402420810 tempest-LiveMigrationNegativeTest-402420810-project] Chose sockets=0, cores=0, threads=0; limits were sockets=65536, cores=65536, threads=65536 {{(pid=117730) get_cpu_topology_constraints /opt/stack/nova/nova/virt/hardware.py:425}}
Dec 12 04:06:20.045049 n-d-710847-7 devstack@n-api.service[117730]: DEBUG oslo_concurrency.lockutils [None req-388cd698-fa70-4fcc-99db-464cb2075985 tempest-LiveMigrationNegativeTest-402420810 tempest-LiveMigrationNegativeTest-402420810-project] Lock "00000000-0000-0000-0000-000000000000" acquired by "nova.context.set_target_cell..get_or_set_cached_cell_and_set_connections" :: waited 0.000s {{(pid=117730) inner /usr/local/lib/python3.8/dist-packages/oslo_concurrency/lockutils.py:386}}
Dec 12 04:06:20.045493 n-d-710847-7 devstack@n-api.service[117730]: DEBUG oslo_concurrency.lockutils [None req-388cd698-fa70-4fcc-99db-464cb2075985 tempest-LiveMigrationNegativeTest-402420810 tempest-LiveMigrationNegativeTest-402420810-project] Lock "00000000-0000-0000-0000-000000000000" "released" by "nova.context.set_target_cell..get_or_set_cached_cell_and_set_connections" :: held 0.001s {{(pid=117730) inner /usr/local/lib/python3.8/dist-packages/oslo_concurrency/lockutils.py:400}}
Dec 12 04:06:20.046338 n-d-710847-7 devstack@n-api.service[117730]: DEBUG oslo_concurrency.lockutils [None req-388cd698-fa70-4fcc-99db-464cb2075985 tempest-LiveMigrationNegativeTest-402420810 tempest-LiveMigrationNegativeTest-402420810-project] Lock "bbb8afca-7151-4c40-82f9-6e16839c725d" acquired by "nova.context.set_target_cell..get_or_set_cached_cell_and_set_connections" :: waited 0.000s {{(pid=117730) inner /usr/local/lib/python3.8/dist-packages/oslo_concurrency/lockutils.py:386}}
Dec 12 04:06:20.046768 n-d-710847-7 devstack@n-api.service[117730]: DEBUG oslo_concurrency.lockutils [None req-388cd698-fa70-4fcc-99db-464cb2075985 tempest-LiveMigrationNegativeTest-402420810 tempest-LiveMigrationNegativeTest-402420810-project] Lock "bbb8afca-7151-4c40-82f9-6e16839c725d" "released" by "nova.context.set_target_cell..get_or_set_cached_cell_and_set_connections" :: held 0.000s {{(pid=117730) inner /usr/local/lib/python3.8/dist-packages/oslo_concurrency/lockutils.py:400}}
Dec 12 04:06:20.064626 n-d-710847-7 devstack@n-api.service[117730]: DEBUG nova.quota [None req-388cd698-fa70-4fcc-99db-464cb2075985 tempest-LiveMigrationNegativeTest-402420810 tempest-LiveMigrationNegativeTest-402420810-project] Getting quotas for project 74a958727b4f4e568c0717b1a8a3d9b3. Resources: {'cores', 'ram', 'instances'} {{(pid=117730) _get_quotas /opt/stack/nova/nova/quota.py:387}}
Dec 12 04:06:20.069099 n-d-710847-7 devstack@n-api.service[117730]: DEBUG nova.quota [None req-388cd698-fa70-4fcc-99db-464cb2075985 tempest-LiveMigrationNegativeTest-402420810 tempest-LiveMigrationNegativeTest-402420810-project] Getting quotas for user 7301ceb7360642a188d582ecef40dac4 and project 74a958727b4f4e568c0717b1a8a3d9b3. Resources: {'cores', 'ram', 'instances'} {{(pid=117730) _get_quotas /opt/stack/nova/nova/quota.py:377}}
Dec 12 04:06:20.083019 n-d-710847-7 devstack@n-api.service[117730]: DEBUG nova.compute.api [None req-388cd698-fa70-4fcc-99db-464cb2075985 tempest-LiveMigrationNegativeTest-402420810 tempest-LiveMigrationNegativeTest-402420810-project] Going to run 1 instances... {{(pid=117730) _provision_instances /opt/stack/nova/nova/compute/api.py:1350}}
Dec 12 04:06:20.087574 n-d-710847-7 devstack@n-api.service[117730]: DEBUG nova.compute.api [None req-388cd698-fa70-4fcc-99db-464cb2075985 tempest-LiveMigrationNegativeTest-402420810 tempest-LiveMigrationNegativeTest-402420810-project] [instance: bac7128e-1280-4ce1-8368-157e75a57cb2] block_device_mapping [BlockDeviceMapping(attachment_id=,boot_index=0,connection_info=None,created_at=,delete_on_termination=True,deleted=,deleted_at=,destination_type='local',device_name=None,device_type='disk',disk_bus=None,guest_format=None,id=,image_id='fa8ba390-32db-462f-bda6-f44d150e28a8',instance=,instance_uuid=,no_device=False,snapshot_id=None,source_type='image',tag=None,updated_at=,uuid=,volume_id=None,volume_size=None,volume_type=None)] {{(pid=117730) _bdm_validate_set_size_and_instance /opt/stack/nova/nova/compute/api.py:1757}}
Dec 12 04:06:20.181344 n-d-710847-7 devstack@n-api.service[117730]: INFO nova.api.openstack.requestlog [None req-388cd698-fa70-4fcc-99db-464cb2075985 tempest-LiveMigrationNegativeTest-402420810 tempest-LiveMigrationNegativeTest-402420810-project] 10.222.0.36 "POST /compute/v2.1/servers" status: 202 len: 380 microversion: 2.1 time: 0.679830
Dec 12 04:06:20.186796 n-d-710847-7 devstack@n-api.service[117730]: [pid: 117730|app: 0|req: 90/187] 10.222.0.36 () {60 vars in 1146 bytes} [Sun Dec 12 04:06:19 2021] POST /compute/v2.1/servers => generated 380 bytes in 682 msecs (HTTP/1.1 202) 10 headers in 451 bytes (1 switches on core 0)
Dec 12 04:06:20.186993 n-d-710847-7 devstack@n-api.service[117729]: DEBUG nova.api.openstack.wsgi [None req-a24dd65f-2bd5-4030-85b2-2b999ef7fb8f tempest-InstanceUsageAuditLogNegativeTestJSON-1687665568 tempest-InstanceUsageAuditLogNegativeTestJSON-1687665568-project-admin] Calling method '>' {{(pid=117729) _process_stack /opt/stack/nova/nova/api/openstack/wsgi.py:513}}
Dec 12 04:06:20.191888 n-d-710847-7 devstack@n-api.service[117729]: /usr/local/lib/python3.8/dist-packages/oslo_policy/policy.py:1117: UserWarning: Policy "os_compute_api:os-instance-usage-audit-log:show": "rule:system_reader_api" failed scope check. The token used to make the request was project scoped but the policy requires ['system'] scope. This behavior may change in the future where using the intended scope is required
Dec 12 04:06:20.191888 n-d-710847-7 devstack@n-api.service[117729]: warnings.warn(msg)
Dec 12 04:06:20.193904 n-d-710847-7 devstack@n-api.service[117730]: DEBUG nova.api.openstack.wsgi [None req-c96e87a5-e9ff-4274-bc42-83ab80977398 tempest-MigrationsAdminTest-670541368 tempest-MigrationsAdminTest-670541368-project] Calling method '>' {{(pid=117730) _process_stack /opt/stack/nova/nova/api/openstack/wsgi.py:513}}
Dec 12 04:06:20.194500 n-d-710847-7 devstack@n-api.service[117729]: INFO nova.api.openstack.wsgi [None req-a24dd65f-2bd5-4030-85b2-2b999ef7fb8f tempest-InstanceUsageAuditLogNegativeTestJSON-1687665568 tempest-InstanceUsageAuditLogNegativeTestJSON-1687665568-project-admin] HTTP exception thrown: Invalid timestamp for date invalid_time
Dec 12 04:06:20.194624 n-d-710847-7 devstack@n-api.service[117730]: DEBUG nova.compute.api [None req-c96e87a5-e9ff-4274-bc42-83ab80977398 tempest-MigrationsAdminTest-670541368 tempest-MigrationsAdminTest-670541368-project] [instance: 5dc7c181-a92a-4818-9f3b-348fe9a13f4f] Fetching instance by UUID {{(pid=117730) get /opt/stack/nova/nova/compute/api.py:2865}}
Dec 12 04:06:20.195093 n-d-710847-7 devstack@n-api.service[117729]: DEBUG nova.api.openstack.wsgi [None req-a24dd65f-2bd5-4030-85b2-2b999ef7fb8f tempest-InstanceUsageAuditLogNegativeTestJSON-1687665568 tempest-InstanceUsageAuditLogNegativeTestJSON-1687665568-project-admin] Returning 400 to user: Invalid timestamp for date invalid_time {{(pid=117729) __call__ /opt/stack/nova/nova/api/openstack/wsgi.py:936}}
Dec 12 04:06:20.195908 n-d-710847-7 devstack@n-api.service[117729]: INFO nova.api.openstack.requestlog [None req-a24dd65f-2bd5-4030-85b2-2b999ef7fb8f tempest-InstanceUsageAuditLogNegativeTestJSON-1687665568 tempest-InstanceUsageAuditLogNegativeTestJSON-1687665568-project-admin] 10.222.0.36 "GET /compute/v2.1/os-instance_usage_audit_log/invalid_time" status: 400 len: 83 microversion: 2.1 time: 0.180576
Dec 12 04:06:20.196646 n-d-710847-7 devstack@n-api.service[117729]: [pid: 117729|app: 0|req: 98/188] 10.222.0.36 () {58 vars in 1223 bytes} [Sun Dec 12 04:06:20 2021] GET /compute/v2.1/os-instance_usage_audit_log/invalid_time => generated 83 bytes in 182 msecs (HTTP/1.1 400) 9 headers in 380 bytes (1 switches on core 0)
Dec 12 04:06:20.203112 n-d-710847-7 devstack@n-api.service[117729]: DEBUG nova.api.openstack.wsgi [req-e294dc41-3184-47fb-b513-83962883e39c req-d1bd0cac-2e0a-41ca-8d3a-abe0b90ceccd service nova] Action: 'create', calling method: >, body: {"events": [{"name": "network-changed", "server_uuid": "113cf469-4a17-4ace-a137-9ed8779cbd54", "tag": "710d89e3-47c9-46a3-8371-32fefc03e438"}]} {{(pid=117729) _process_stack /opt/stack/nova/nova/api/openstack/wsgi.py:511}}
Dec 12 04:06:20.204996 n-d-710847-7 devstack@n-api.service[117729]: /usr/local/lib/python3.8/dist-packages/oslo_policy/policy.py:1117: UserWarning: Policy "os_compute_api:os-server-external-events:create": "rule:system_admin_api" failed scope check. The token used to make the request was project scoped but the policy requires ['system'] scope. This behavior may change in the future where using the intended scope is required
Dec 12 04:06:20.204996 n-d-710847-7 devstack@n-api.service[117729]: warnings.warn(msg)
Dec 12 04:06:20.214941 n-d-710847-7 devstack@n-api.service[117729]: DEBUG oslo_concurrency.lockutils [req-e294dc41-3184-47fb-b513-83962883e39c req-d1bd0cac-2e0a-41ca-8d3a-abe0b90ceccd service nova] Lock "bbb8afca-7151-4c40-82f9-6e16839c725d" acquired by "nova.context.set_target_cell..get_or_set_cached_cell_and_set_connections" :: waited 0.000s {{(pid=117729) inner /usr/local/lib/python3.8/dist-packages/oslo_concurrency/lockutils.py:386}}
Dec 12 04:06:20.215493 n-d-710847-7 devstack@n-api.service[117729]: DEBUG oslo_concurrency.lockutils [req-e294dc41-3184-47fb-b513-83962883e39c req-d1bd0cac-2e0a-41ca-8d3a-abe0b90ceccd service nova] Lock "bbb8afca-7151-4c40-82f9-6e16839c725d" "released" by "nova.context.set_target_cell..get_or_set_cached_cell_and_set_connections" :: held 0.001s {{(pid=117729) inner /usr/local/lib/python3.8/dist-packages/oslo_concurrency/lockutils.py:400}}
Dec 12 04:06:20.223571 n-d-710847-7 devstack@n-api.service[117730]: DEBUG oslo_concurrency.lockutils [None req-c96e87a5-e9ff-4274-bc42-83ab80977398 tempest-MigrationsAdminTest-670541368 tempest-MigrationsAdminTest-670541368-project] Lock "bbb8afca-7151-4c40-82f9-6e16839c725d" acquired by "nova.context.set_target_cell..get_or_set_cached_cell_and_set_connections" :: waited 0.000s {{(pid=117730) inner /usr/local/lib/python3.8/dist-packages/oslo_concurrency/lockutils.py:386}}
Dec 12 04:06:20.224034 n-d-710847-7 devstack@n-api.service[117730]: DEBUG oslo_concurrency.lockutils [None req-c96e87a5-e9ff-4274-bc42-83ab80977398 tempest-MigrationsAdminTest-670541368 tempest-MigrationsAdminTest-670541368-project] Lock "bbb8afca-7151-4c40-82f9-6e16839c725d" "released" by "nova.context.set_target_cell..get_or_set_cached_cell_and_set_connections" :: held 0.002s {{(pid=117730) inner /usr/local/lib/python3.8/dist-packages/oslo_concurrency/lockutils.py:400}}
Dec 12 04:06:20.227292 n-d-710847-7 devstack@n-api.service[117730]: DEBUG oslo_concurrency.lockutils [None req-c96e87a5-e9ff-4274-bc42-83ab80977398 tempest-MigrationsAdminTest-670541368 tempest-MigrationsAdminTest-670541368-project] Lock "bbb8afca-7151-4c40-82f9-6e16839c725d" acquired by "nova.context.set_target_cell..get_or_set_cached_cell_and_set_connections" :: waited 0.000s {{(pid=117730) inner /usr/local/lib/python3.8/dist-packages/oslo_concurrency/lockutils.py:386}}
Dec 12 04:06:20.228356 n-d-710847-7 devstack@n-api.service[117730]: DEBUG oslo_concurrency.lockutils [None req-c96e87a5-e9ff-4274-bc42-83ab80977398 tempest-MigrationsAdminTest-670541368 tempest-MigrationsAdminTest-670541368-project] Lock "bbb8afca-7151-4c40-82f9-6e16839c725d" "released" by "nova.context.set_target_cell..get_or_set_cached_cell_and_set_connections" :: held 0.001s {{(pid=117730) inner /usr/local/lib/python3.8/dist-packages/oslo_concurrency/lockutils.py:400}}
Dec 12 04:06:20.246232 n-d-710847-7 devstack@n-api.service[117729]: INFO nova.api.openstack.compute.server_external_events [req-e294dc41-3184-47fb-b513-83962883e39c req-d1bd0cac-2e0a-41ca-8d3a-abe0b90ceccd service nova] Creating event network-changed:710d89e3-47c9-46a3-8371-32fefc03e438 for instance 113cf469-4a17-4ace-a137-9ed8779cbd54 on n-h2-710847-7
Dec 12 04:06:20.256375 n-d-710847-7 devstack@n-api.service[117729]: INFO nova.api.openstack.requestlog [req-e294dc41-3184-47fb-b513-83962883e39c req-d1bd0cac-2e0a-41ca-8d3a-abe0b90ceccd service nova] 10.222.0.36 "POST /compute/v2.1/os-server-external-events" status: 200 len: 179 microversion: 2.1 time: 0.057264
Dec 12 04:06:20.258820 n-d-710847-7 devstack@n-api.service[117729]: [pid: 117729|app: 0|req: 99/189] 10.222.0.36 () {64 vars in 1317 bytes} [Sun Dec 12 04:06:20 2021] POST /compute/v2.1/os-server-external-events => generated 179 bytes in 61 msecs (HTTP/1.1 200) 9 headers in 357 bytes (1 switches on core 0)
Dec 12 04:06:20.270455 n-d-710847-7 devstack@n-api.service[117729]: DEBUG nova.api.openstack.wsgi [None req-2accd362-9d8e-4336-afbe-7b81e3e13289 tempest-LiveMigrationNegativeTest-402420810 tempest-LiveMigrationNegativeTest-402420810-project] Calling method '>' {{(pid=117729) _process_stack /opt/stack/nova/nova/api/openstack/wsgi.py:513}}
Dec 12 04:06:20.271645 n-d-710847-7 devstack@n-api.service[117729]: DEBUG nova.compute.api [None req-2accd362-9d8e-4336-afbe-7b81e3e13289 tempest-LiveMigrationNegativeTest-402420810 tempest-LiveMigrationNegativeTest-402420810-project] [instance: bac7128e-1280-4ce1-8368-157e75a57cb2] Fetching instance by UUID {{(pid=117729) get /opt/stack/nova/nova/compute/api.py:2865}}
Dec 12 04:06:20.362895 n-d-710847-7 devstack@n-api.service[117729]: DEBUG nova.policy [None req-2accd362-9d8e-4336-afbe-7b81e3e13289 tempest-LiveMigrationNegativeTest-402420810 tempest-LiveMigrationNegativeTest-402420810-project] Policy check for os_compute_api:os-extended-server-attributes failed with credentials {'is_admin': False, 'user_id': '7301ceb7360642a188d582ecef40dac4', 'user_domain_id': 'default', 'system_scope': None, 'domain_id': None, 'project_id': '74a958727b4f4e568c0717b1a8a3d9b3', 'project_domain_id': 'default', 'roles': ['reader', 'member'], 'is_admin_project': True, 'service_user_id': None, 'service_user_domain_id': None, 'service_project_id': None, 'service_project_domain_id': None, 'service_roles': []} {{(pid=117729) authorize /opt/stack/nova/nova/policy.py:199}}
Dec 12 04:06:20.369878 n-d-710847-7 devstack@n-api.service[117729]: INFO nova.api.openstack.requestlog [None req-2accd362-9d8e-4336-afbe-7b81e3e13289 tempest-LiveMigrationNegativeTest-402420810 tempest-LiveMigrationNegativeTest-402420810-project] 10.222.0.36 "GET /compute/v2.1/servers/bac7128e-1280-4ce1-8368-157e75a57cb2" status: 200 len: 1217 microversion: 2.1 time: 0.109695
Dec 12 04:06:20.370695 n-d-710847-7 devstack@n-api.service[117729]: [pid: 117729|app: 0|req: 100/190] 10.222.0.36 () {58 vars in 1235 bytes} [Sun Dec 12 04:06:20 2021] GET /compute/v2.1/servers/bac7128e-1280-4ce1-8368-157e75a57cb2 => generated 1217 bytes in 111 msecs (HTTP/1.1 200) 9 headers in 358 bytes (1 switches on core 0)
Dec 12 04:06:20.430193 n-d-710847-7 devstack@n-api.service[117730]: DEBUG nova.policy [None req-c96e87a5-e9ff-4274-bc42-83ab80977398 tempest-MigrationsAdminTest-670541368 tempest-MigrationsAdminTest-670541368-project] Policy check for os_compute_api:os-extended-server-attributes failed with credentials {'is_admin': False, 'user_id': 'f60287d7fb784e189c91859d774c8788', 'user_domain_id': 'default', 'system_scope': None, 'domain_id': None, 'project_id': 'd42b68d55c3b405d8bb5ee6f346236ab', 'project_domain_id': 'default', 'roles': ['reader', 'member'], 'is_admin_project': True, 'service_user_id': None, 'service_user_domain_id': None, 'service_project_id': None, 'service_project_domain_id': None, 'service_roles': []} {{(pid=117730) authorize /opt/stack/nova/nova/policy.py:199}}
Dec 12 04:06:20.440372 n-d-710847-7 devstack@n-api.service[117730]: INFO nova.api.openstack.requestlog [None req-c96e87a5-e9ff-4274-bc42-83ab80977398 tempest-MigrationsAdminTest-670541368 tempest-MigrationsAdminTest-670541368-project] 10.222.0.36 "GET /compute/v2.1/servers/5dc7c181-a92a-4818-9f3b-348fe9a13f4f" status: 200 len: 1313 microversion: 2.1 time: 0.256762
Dec 12 04:06:20.440833 n-d-710847-7 devstack@n-api.service[117730]: [pid: 117730|app: 0|req: 91/191] 10.222.0.36 () {58 vars in 1235 bytes} [Sun Dec 12 04:06:20 2021] GET /compute/v2.1/servers/5dc7c181-a92a-4818-9f3b-348fe9a13f4f => generated 1313 bytes in 258 msecs (HTTP/1.1 200) 9 headers in 358 bytes (1 switches on core 0)
Dec 12 04:06:20.505557 n-d-710847-7 devstack@n-api.service[117729]: DEBUG nova.api.openstack.wsgi [None req-8e809e82-76b3-49da-a840-063eb6d149bf tempest-InstanceUsageAuditLogNegativeTestJSON-1782988404 tempest-InstanceUsageAuditLogNegativeTestJSON-1782988404-project] Calling method '>' {{(pid=117729) _process_stack /opt/stack/nova/nova/api/openstack/wsgi.py:513}}
Dec 12 04:06:20.506392 n-d-710847-7 devstack@n-api.service[117729]: /usr/local/lib/python3.8/dist-packages/oslo_policy/policy.py:1117: UserWarning: Policy "os_compute_api:os-instance-usage-audit-log:list": "rule:system_reader_api" failed scope check. The token used to make the request was project scoped but the policy requires ['system'] scope. This behavior may change in the future where using the intended scope is required
Dec 12 04:06:20.506392 n-d-710847-7 devstack@n-api.service[117729]: warnings.warn(msg)
Dec 12 04:06:20.507640 n-d-710847-7 devstack@n-api.service[117729]: DEBUG nova.policy [None req-8e809e82-76b3-49da-a840-063eb6d149bf tempest-InstanceUsageAuditLogNegativeTestJSON-1782988404 tempest-InstanceUsageAuditLogNegativeTestJSON-1782988404-project] Policy check for os_compute_api:os-instance-usage-audit-log:list failed with credentials {'is_admin': False, 'user_id': '9b7da34ad8c44bbd9438f5283c61c2b2', 'user_domain_id': 'default', 'system_scope': None, 'domain_id': None, 'project_id': 'b5a444dba25e4fbfa9c6eced134dee76', 'project_domain_id': 'default', 'roles': ['reader', 'member'], 'is_admin_project': True, 'service_user_id': None, 'service_user_domain_id': None, 'service_project_id': None, 'service_project_domain_id': None, 'service_roles': []} {{(pid=117729) authorize /opt/stack/nova/nova/policy.py:199}}
Dec 12 04:06:20.507977 n-d-710847-7 devstack@n-api.service[117730]: DEBUG nova.api.openstack.wsgi [req-6af1bd02-77af-45e4-9b02-413dd1497fa3 req-e76589ac-635b-4606-89a0-071f7a2cc17b service nova] Action: 'create', calling method: >, body: {"events": [{"server_uuid": "beee4b4c-c99b-43f6-ba0a-8594c553720b", "name": "network-vif-plugged", "status": "completed", "tag": "71cca4cb-ae14-4bda-9b84-4cc87525351b"}]} {{(pid=117730) _process_stack /opt/stack/nova/nova/api/openstack/wsgi.py:511}}
Dec 12 04:06:20.508273 n-d-710847-7 devstack@n-api.service[117729]: DEBUG nova.api.openstack.wsgi [None req-8e809e82-76b3-49da-a840-063eb6d149bf tempest-InstanceUsageAuditLogNegativeTestJSON-1782988404 tempest-InstanceUsageAuditLogNegativeTestJSON-1782988404-project] Returning 403 to user: Policy doesn't allow os_compute_api:os-instance-usage-audit-log:list to be performed. {{(pid=117729) __call__ /opt/stack/nova/nova/api/openstack/wsgi.py:936}}
Dec 12 04:06:20.509641 n-d-710847-7 devstack@n-api.service[117729]: INFO nova.api.openstack.requestlog [None req-8e809e82-76b3-49da-a840-063eb6d149bf tempest-InstanceUsageAuditLogNegativeTestJSON-1782988404 tempest-InstanceUsageAuditLogNegativeTestJSON-1782988404-project] 10.222.0.36 "GET /compute/v2.1/os-instance_usage_audit_log" status: 403 len: 128 microversion: 2.1 time: 0.137311
Dec 12 04:06:20.510145 n-d-710847-7 devstack@n-api.service[117729]: [pid: 117729|app: 0|req: 101/192] 10.222.0.36 () {58 vars in 1184 bytes} [Sun Dec 12 04:06:20 2021] GET /compute/v2.1/os-instance_usage_audit_log => generated 128 bytes in 139 msecs (HTTP/1.1 403) 9 headers in 379 bytes (1 switches on core 0)
Dec 12 04:06:20.510373 n-d-710847-7 devstack@n-api.service[117730]: /usr/local/lib/python3.8/dist-packages/oslo_policy/policy.py:1117: UserWarning: Policy "os_compute_api:os-server-external-events:create": "rule:system_admin_api" failed scope check. The token used to make the request was project scoped but the policy requires ['system'] scope. This behavior may change in the future where using the intended scope is required
Dec 12 04:06:20.510373 n-d-710847-7 devstack@n-api.service[117730]: warnings.warn(msg)
Dec 12 04:06:20.520970 n-d-710847-7 devstack@n-api.service[117729]: DEBUG nova.api.openstack.wsgi [None req-55a9bb26-e9c9-46f5-a8f1-88bfbcf2f04c tempest-InstanceUsageAuditLogNegativeTestJSON-1782988404 tempest-InstanceUsageAuditLogNegativeTestJSON-1782988404-project] Calling method '>' {{(pid=117729) _process_stack /opt/stack/nova/nova/api/openstack/wsgi.py:513}}
Dec 12 04:06:20.521543 n-d-710847-7 devstack@n-api.service[117730]: DEBUG oslo_concurrency.lockutils [req-6af1bd02-77af-45e4-9b02-413dd1497fa3 req-e76589ac-635b-4606-89a0-071f7a2cc17b service nova] Lock "bbb8afca-7151-4c40-82f9-6e16839c725d" acquired by "nova.context.set_target_cell..get_or_set_cached_cell_and_set_connections" :: waited 0.000s {{(pid=117730) inner /usr/local/lib/python3.8/dist-packages/oslo_concurrency/lockutils.py:386}}
Dec 12 04:06:20.522083 n-d-710847-7 devstack@n-api.service[117730]: DEBUG oslo_concurrency.lockutils [req-6af1bd02-77af-45e4-9b02-413dd1497fa3 req-e76589ac-635b-4606-89a0-071f7a2cc17b service nova] Lock "bbb8afca-7151-4c40-82f9-6e16839c725d" "released" by "nova.context.set_target_cell..get_or_set_cached_cell_and_set_connections" :: held 0.001s {{(pid=117730) inner /usr/local/lib/python3.8/dist-packages/oslo_concurrency/lockutils.py:400}}
Dec 12 04:06:20.522288 n-d-710847-7 devstack@n-api.service[117729]: /usr/local/lib/python3.8/dist-packages/oslo_policy/policy.py:1117: UserWarning: Policy "os_compute_api:os-instance-usage-audit-log:show": "rule:system_reader_api" failed scope check. The token used to make the request was project scoped but the policy requires ['system'] scope. This behavior may change in the future where using the intended scope is required
Dec 12 04:06:20.522288 n-d-710847-7 devstack@n-api.service[117729]: warnings.warn(msg)
Dec 12 04:06:20.524307 n-d-710847-7 devstack@n-api.service[117729]: DEBUG nova.policy [None req-55a9bb26-e9c9-46f5-a8f1-88bfbcf2f04c tempest-InstanceUsageAuditLogNegativeTestJSON-1782988404 tempest-InstanceUsageAuditLogNegativeTestJSON-1782988404-project] Policy check for os_compute_api:os-instance-usage-audit-log:show failed with credentials {'is_admin': False, 'user_id': '9b7da34ad8c44bbd9438f5283c61c2b2', 'user_domain_id': 'default', 'system_scope': None, 'domain_id': None, 'project_id': 'b5a444dba25e4fbfa9c6eced134dee76', 'project_domain_id': 'default', 'roles': ['reader', 'member'], 'is_admin_project': True, 'service_user_id': None, 'service_user_domain_id': None, 'service_project_id': None, 'service_project_domain_id': None, 'service_roles': []} {{(pid=117729) authorize /opt/stack/nova/nova/policy.py:199}}
Dec 12 04:06:20.525954 n-d-710847-7 devstack@n-api.service[117729]: DEBUG nova.api.openstack.wsgi [None req-55a9bb26-e9c9-46f5-a8f1-88bfbcf2f04c tempest-InstanceUsageAuditLogNegativeTestJSON-1782988404 tempest-InstanceUsageAuditLogNegativeTestJSON-1782988404-project] Returning 403 to user: Policy doesn't allow os_compute_api:os-instance-usage-audit-log:show to be performed. {{(pid=117729) __call__ /opt/stack/nova/nova/api/openstack/wsgi.py:936}}
Dec 12 04:06:20.527178 n-d-710847-7 devstack@n-api.service[117729]: INFO nova.api.openstack.requestlog [None req-55a9bb26-e9c9-46f5-a8f1-88bfbcf2f04c tempest-InstanceUsageAuditLogNegativeTestJSON-1782988404 tempest-InstanceUsageAuditLogNegativeTestJSON-1782988404-project] 10.222.0.36 "GET /compute/v2.1/os-instance_usage_audit_log/2021-12-12 04:06:20" status: 403 len: 128 microversion: 2.1 time: 0.010015
Dec 12 04:06:20.528121 n-d-710847-7 devstack@n-api.service[117729]: [pid: 117729|app: 0|req: 102/193] 10.222.0.36 () {58 vars in 1250 bytes} [Sun Dec 12 04:06:20 2021] GET /compute/v2.1/os-instance_usage_audit_log/2021-12-12%2004%3A06%3A20 => generated 128 bytes in 12 msecs (HTTP/1.1 403) 9 headers in 379 bytes (1 switches on core 0)
Dec 12 04:06:20.544802 n-d-710847-7 devstack@n-api.service[117730]: INFO nova.api.openstack.compute.server_external_events [req-6af1bd02-77af-45e4-9b02-413dd1497fa3 req-e76589ac-635b-4606-89a0-071f7a2cc17b service nova] Creating event network-vif-plugged:71cca4cb-ae14-4bda-9b84-4cc87525351b for instance beee4b4c-c99b-43f6-ba0a-8594c553720b on n-h2-710847-7
Dec 12 04:06:20.545376 n-d-710847-7 devstack@n-api.service[117730]: DEBUG oslo_concurrency.lockutils [req-6af1bd02-77af-45e4-9b02-413dd1497fa3 req-e76589ac-635b-4606-89a0-071f7a2cc17b service nova] Acquired lock "compute-rpcapi-router" {{(pid=117730) lock /usr/local/lib/python3.8/dist-packages/oslo_concurrency/lockutils.py:294}}
Dec 12 04:06:20.547068 n-d-710847-7 devstack@n-api.service[117730]: DEBUG oslo_concurrency.lockutils [None req-ef9cf697-6a95-4244-b78a-994dcadafd7e None None] Lock "00000000-0000-0000-0000-000000000000" acquired by "nova.context.set_target_cell..get_or_set_cached_cell_and_set_connections" :: waited 0.000s {{(pid=117730) inner /usr/local/lib/python3.8/dist-packages/oslo_concurrency/lockutils.py:386}}
Dec 12 04:06:20.547726 n-d-710847-7 devstack@n-api.service[117730]: DEBUG oslo_concurrency.lockutils [None req-ef9cf697-6a95-4244-b78a-994dcadafd7e None None] Lock "00000000-0000-0000-0000-000000000000" "released" by "nova.context.set_target_cell..get_or_set_cached_cell_and_set_connections" :: held 0.001s {{(pid=117730) inner /usr/local/lib/python3.8/dist-packages/oslo_concurrency/lockutils.py:400}}
Dec 12 04:06:20.548558 n-d-710847-7 devstack@n-api.service[117730]: DEBUG oslo_concurrency.lockutils [None req-ef9cf697-6a95-4244-b78a-994dcadafd7e None None] Lock "bbb8afca-7151-4c40-82f9-6e16839c725d" acquired by "nova.context.set_target_cell..get_or_set_cached_cell_and_set_connections" :: waited 0.000s {{(pid=117730) inner /usr/local/lib/python3.8/dist-packages/oslo_concurrency/lockutils.py:386}}
Dec 12 04:06:20.549171 n-d-710847-7 devstack@n-api.service[117730]: DEBUG oslo_concurrency.lockutils [None req-ef9cf697-6a95-4244-b78a-994dcadafd7e None None] Lock "bbb8afca-7151-4c40-82f9-6e16839c725d" "released" by "nova.context.set_target_cell..get_or_set_cached_cell_and_set_connections" :: held 0.000s {{(pid=117730) inner /usr/local/lib/python3.8/dist-packages/oslo_concurrency/lockutils.py:400}}
Dec 12 04:06:20.559009 n-d-710847-7 devstack@n-api.service[117730]: INFO nova.compute.rpcapi [None req-ef9cf697-6a95-4244-b78a-994dcadafd7e None None] Automatically selected compute RPC version 6.0 from minimum service version 60
Dec 12 04:06:20.560201 n-d-710847-7 devstack@n-api.service[117730]: DEBUG oslo_concurrency.lockutils [None req-ef9cf697-6a95-4244-b78a-994dcadafd7e None None] Releasing lock "compute-rpcapi-router" {{(pid=117730) lock /usr/local/lib/python3.8/dist-packages/oslo_concurrency/lockutils.py:312}}
Dec 12 04:06:20.595931 n-d-710847-7 devstack@n-api.service[117730]: INFO nova.api.openstack.requestlog [None req-ef9cf697-6a95-4244-b78a-994dcadafd7e None None] 10.222.0.36 "POST /compute/v2.1/os-server-external-events" status: 200 len: 183 microversion: 2.1 time: 0.143949
Dec 12 04:06:20.597247 n-d-710847-7 devstack@n-api.service[117730]: [pid: 117730|app: 0|req: 92/194] 10.222.0.36 () {64 vars in 1317 bytes} [Sun Dec 12 04:06:20 2021] POST /compute/v2.1/os-server-external-events => generated 183 bytes in 156 msecs (HTTP/1.1 200) 9 headers in 357 bytes (1 switches on core 0)
Dec 12 04:06:20.632669 n-d-710847-7 devstack@n-api.service[117729]: DEBUG nova.api.openstack.wsgi [None req-a8411855-63a2-40a8-80b9-5edb8854ec21 tempest-ImagesOneServerNegativeTestJSON-1530070332 tempest-ImagesOneServerNegativeTestJSON-1530070332-project] Calling method '>' {{(pid=117729) _process_stack /opt/stack/nova/nova/api/openstack/wsgi.py:513}}
Dec 12 04:06:20.633312 n-d-710847-7 devstack@n-api.service[117729]: DEBUG nova.compute.api [None req-a8411855-63a2-40a8-80b9-5edb8854ec21 tempest-ImagesOneServerNegativeTestJSON-1530070332 tempest-ImagesOneServerNegativeTestJSON-1530070332-project] [instance: 113cf469-4a17-4ace-a137-9ed8779cbd54] Fetching instance by UUID {{(pid=117729) get /opt/stack/nova/nova/compute/api.py:2865}}
Dec 12 04:06:20.650786 n-d-710847-7 devstack@n-api.service[117729]: DEBUG oslo_concurrency.lockutils [None req-a8411855-63a2-40a8-80b9-5edb8854ec21 tempest-ImagesOneServerNegativeTestJSON-1530070332 tempest-ImagesOneServerNegativeTestJSON-1530070332-project] Lock "bbb8afca-7151-4c40-82f9-6e16839c725d" acquired by "nova.context.set_target_cell..get_or_set_cached_cell_and_set_connections" :: waited 0.000s {{(pid=117729) inner /usr/local/lib/python3.8/dist-packages/oslo_concurrency/lockutils.py:386}}
Dec 12 04:06:20.651239 n-d-710847-7 devstack@n-api.service[117729]: DEBUG oslo_concurrency.lockutils [None req-a8411855-63a2-40a8-80b9-5edb8854ec21 tempest-ImagesOneServerNegativeTestJSON-1530070332 tempest-ImagesOneServerNegativeTestJSON-1530070332-project] Lock "bbb8afca-7151-4c40-82f9-6e16839c725d" "released" by "nova.context.set_target_cell..get_or_set_cached_cell_and_set_connections" :: held 0.001s {{(pid=117729) inner /usr/local/lib/python3.8/dist-packages/oslo_concurrency/lockutils.py:400}}
Dec 12 04:06:20.652050 n-d-710847-7 devstack@n-api.service[117729]: DEBUG oslo_concurrency.lockutils [None req-a8411855-63a2-40a8-80b9-5edb8854ec21 tempest-ImagesOneServerNegativeTestJSON-1530070332 tempest-ImagesOneServerNegativeTestJSON-1530070332-project] Lock "bbb8afca-7151-4c40-82f9-6e16839c725d" acquired by "nova.context.set_target_cell..get_or_set_cached_cell_and_set_connections" :: waited 0.000s {{(pid=117729) inner /usr/local/lib/python3.8/dist-packages/oslo_concurrency/lockutils.py:386}}
Dec 12 04:06:20.652481 n-d-710847-7 devstack@n-api.service[117729]: DEBUG oslo_concurrency.lockutils [None req-a8411855-63a2-40a8-80b9-5edb8854ec21 tempest-ImagesOneServerNegativeTestJSON-1530070332 tempest-ImagesOneServerNegativeTestJSON-1530070332-project] Lock "bbb8afca-7151-4c40-82f9-6e16839c725d" "released" by "nova.context.set_target_cell..get_or_set_cached_cell_and_set_connections" :: held 0.000s {{(pid=117729) inner /usr/local/lib/python3.8/dist-packages/oslo_concurrency/lockutils.py:400}}
Dec 12 04:06:20.834681 n-d-710847-7 devstack@n-api.service[117729]: DEBUG nova.policy [None req-a8411855-63a2-40a8-80b9-5edb8854ec21 tempest-ImagesOneServerNegativeTestJSON-1530070332 tempest-ImagesOneServerNegativeTestJSON-1530070332-project] Policy check for os_compute_api:os-extended-server-attributes failed with credentials {'is_admin': False, 'user_id': 'e3176dba69024895bbb3edf921522ab7', 'user_domain_id': 'default', 'system_scope': None, 'domain_id': None, 'project_id': '2f94b92aabe84e4892f791deaf2059f3', 'project_domain_id': 'default', 'roles': ['reader', 'member'], 'is_admin_project': True, 'service_user_id': None, 'service_user_domain_id': None, 'service_project_id': None, 'service_project_domain_id': None, 'service_roles': []} {{(pid=117729) authorize /opt/stack/nova/nova/policy.py:199}}
Dec 12 04:06:20.841829 n-d-710847-7 devstack@n-api.service[117729]: INFO nova.api.openstack.requestlog [None req-a8411855-63a2-40a8-80b9-5edb8854ec21 tempest-ImagesOneServerNegativeTestJSON-1530070332 tempest-ImagesOneServerNegativeTestJSON-1530070332-project] 10.222.0.36 "GET /compute/v2.1/servers/113cf469-4a17-4ace-a137-9ed8779cbd54" status: 200 len: 1346 microversion: 2.1 time: 0.212819
Dec 12 04:06:20.842515 n-d-710847-7 devstack@n-api.service[117729]: [pid: 117729|app: 0|req: 103/195] 10.222.0.36 () {58 vars in 1235 bytes} [Sun Dec 12 04:06:20 2021] GET /compute/v2.1/servers/113cf469-4a17-4ace-a137-9ed8779cbd54 => generated 1346 bytes in 214 msecs (HTTP/1.1 200) 9 headers in 358 bytes (1 switches on core 0)
Dec 12 04:06:21.023420 n-d-710847-7 devstack@n-api.service[117730]: DEBUG nova.api.openstack.wsgi [None req-079e4a02-8e4d-4f31-b748-c2a25a64c6d5 tempest-AggregatesAdminTestJSON-1940532887 tempest-AggregatesAdminTestJSON-1940532887-project] Calling method '>' {{(pid=117730) _process_stack /opt/stack/nova/nova/api/openstack/wsgi.py:513}}
Dec 12 04:06:21.024138 n-d-710847-7 devstack@n-api.service[117730]: DEBUG nova.compute.api [None req-079e4a02-8e4d-4f31-b748-c2a25a64c6d5 tempest-AggregatesAdminTestJSON-1940532887 tempest-AggregatesAdminTestJSON-1940532887-project] [instance: beee4b4c-c99b-43f6-ba0a-8594c553720b] Fetching instance by UUID {{(pid=117730) get /opt/stack/nova/nova/compute/api.py:2865}}
Dec 12 04:06:21.032681 n-d-710847-7 devstack@n-api.service[117730]: DEBUG oslo_concurrency.lockutils [None req-079e4a02-8e4d-4f31-b748-c2a25a64c6d5 tempest-AggregatesAdminTestJSON-1940532887 tempest-AggregatesAdminTestJSON-1940532887-project] Lock "bbb8afca-7151-4c40-82f9-6e16839c725d" acquired by "nova.context.set_target_cell..get_or_set_cached_cell_and_set_connections" :: waited 0.000s {{(pid=117730) inner /usr/local/lib/python3.8/dist-packages/oslo_concurrency/lockutils.py:386}}
Dec 12 04:06:21.033179 n-d-710847-7 devstack@n-api.service[117730]: DEBUG oslo_concurrency.lockutils [None req-079e4a02-8e4d-4f31-b748-c2a25a64c6d5 tempest-AggregatesAdminTestJSON-1940532887 tempest-AggregatesAdminTestJSON-1940532887-project] Lock "bbb8afca-7151-4c40-82f9-6e16839c725d" "released" by "nova.context.set_target_cell..get_or_set_cached_cell_and_set_connections" :: held 0.001s {{(pid=117730) inner /usr/local/lib/python3.8/dist-packages/oslo_concurrency/lockutils.py:400}}
Dec 12 04:06:21.034003 n-d-710847-7 devstack@n-api.service[117730]: DEBUG oslo_concurrency.lockutils [None req-079e4a02-8e4d-4f31-b748-c2a25a64c6d5 tempest-AggregatesAdminTestJSON-1940532887 tempest-AggregatesAdminTestJSON-1940532887-project] Lock "bbb8afca-7151-4c40-82f9-6e16839c725d" acquired by "nova.context.set_target_cell..get_or_set_cached_cell_and_set_connections" :: waited 0.000s {{(pid=117730) inner /usr/local/lib/python3.8/dist-packages/oslo_concurrency/lockutils.py:386}}
Dec 12 04:06:21.034438 n-d-710847-7 devstack@n-api.service[117730]: DEBUG oslo_concurrency.lockutils [None req-079e4a02-8e4d-4f31-b748-c2a25a64c6d5 tempest-AggregatesAdminTestJSON-1940532887 tempest-AggregatesAdminTestJSON-1940532887-project] Lock "bbb8afca-7151-4c40-82f9-6e16839c725d" "released" by "nova.context.set_target_cell..get_or_set_cached_cell_and_set_connections" :: held 0.000s {{(pid=117730) inner /usr/local/lib/python3.8/dist-packages/oslo_concurrency/lockutils.py:400}}
Dec 12 04:06:21.232095 n-d-710847-7 devstack@n-api.service[117730]: DEBUG nova.policy [None req-079e4a02-8e4d-4f31-b748-c2a25a64c6d5 tempest-AggregatesAdminTestJSON-1940532887 tempest-AggregatesAdminTestJSON-1940532887-project] Policy check for os_compute_api:os-extended-server-attributes failed with credentials {'is_admin': False, 'user_id': '45b5b0639aca4a59bc76c36e74f81a2b', 'user_domain_id': 'default', 'system_scope': None, 'domain_id': None, 'project_id': 'da5cf8f0d41548d5a3fd5d0d35bd0ee8', 'project_domain_id': 'default', 'roles': ['reader', 'member'], 'is_admin_project': True, 'service_user_id': None, 'service_user_domain_id': None, 'service_project_id': None, 'service_project_domain_id': None, 'service_roles': []} {{(pid=117730) authorize /opt/stack/nova/nova/policy.py:199}}
Dec 12 04:06:21.240150 n-d-710847-7 devstack@n-api.service[117730]: INFO nova.api.openstack.requestlog [None req-079e4a02-8e4d-4f31-b748-c2a25a64c6d5 tempest-AggregatesAdminTestJSON-1940532887 tempest-AggregatesAdminTestJSON-1940532887-project] 10.222.0.36 "GET /compute/v2.1/servers/beee4b4c-c99b-43f6-ba0a-8594c553720b" status: 200 len: 1337 microversion: 2.1 time: 0.221198
Dec 12 04:06:21.240917 n-d-710847-7 devstack@n-api.service[117730]: [pid: 117730|app: 0|req: 93/196] 10.222.0.36 () {58 vars in 1235 bytes} [Sun Dec 12 04:06:21 2021] GET /compute/v2.1/servers/beee4b4c-c99b-43f6-ba0a-8594c553720b => generated 1337 bytes in 223 msecs (HTTP/1.1 200) 9 headers in 358 bytes (1 switches on core 0)
Dec 12 04:06:21.387401 n-d-710847-7 devstack@n-api.service[117729]: DEBUG nova.api.openstack.wsgi [None req-d8f96bc9-141e-434a-a3b7-17a55d245205 tempest-LiveMigrationNegativeTest-402420810 tempest-LiveMigrationNegativeTest-402420810-project] Calling method '>' {{(pid=117729) _process_stack /opt/stack/nova/nova/api/openstack/wsgi.py:513}}
Dec 12 04:06:21.388796 n-d-710847-7 devstack@n-api.service[117729]: DEBUG nova.compute.api [None req-d8f96bc9-141e-434a-a3b7-17a55d245205 tempest-LiveMigrationNegativeTest-402420810 tempest-LiveMigrationNegativeTest-402420810-project] [instance: bac7128e-1280-4ce1-8368-157e75a57cb2] Fetching instance by UUID {{(pid=117729) get /opt/stack/nova/nova/compute/api.py:2865}}
Dec 12 04:06:21.394877 n-d-710847-7 devstack@n-api.service[117729]: DEBUG oslo_concurrency.lockutils [None req-d8f96bc9-141e-434a-a3b7-17a55d245205 tempest-LiveMigrationNegativeTest-402420810 tempest-LiveMigrationNegativeTest-402420810-project] Lock "bbb8afca-7151-4c40-82f9-6e16839c725d" acquired by "nova.context.set_target_cell..get_or_set_cached_cell_and_set_connections" :: waited 0.000s {{(pid=117729) inner /usr/local/lib/python3.8/dist-packages/oslo_concurrency/lockutils.py:386}}
Dec 12 04:06:21.395542 n-d-710847-7 devstack@n-api.service[117729]: DEBUG oslo_concurrency.lockutils [None req-d8f96bc9-141e-434a-a3b7-17a55d245205 tempest-LiveMigrationNegativeTest-402420810 tempest-LiveMigrationNegativeTest-402420810-project] Lock "bbb8afca-7151-4c40-82f9-6e16839c725d" "released" by "nova.context.set_target_cell..get_or_set_cached_cell_and_set_connections" :: held 0.001s {{(pid=117729) inner /usr/local/lib/python3.8/dist-packages/oslo_concurrency/lockutils.py:400}}
Dec 12 04:06:21.396703 n-d-710847-7 devstack@n-api.service[117729]: DEBUG oslo_concurrency.lockutils [None req-d8f96bc9-141e-434a-a3b7-17a55d245205 tempest-LiveMigrationNegativeTest-402420810 tempest-LiveMigrationNegativeTest-402420810-project] Lock "bbb8afca-7151-4c40-82f9-6e16839c725d" acquired by "nova.context.set_target_cell..get_or_set_cached_cell_and_set_connections" :: waited 0.000s {{(pid=117729) inner /usr/local/lib/python3.8/dist-packages/oslo_concurrency/lockutils.py:386}}
Dec 12 04:06:21.397587 n-d-710847-7 devstack@n-api.service[117729]: DEBUG oslo_concurrency.lockutils [None req-d8f96bc9-141e-434a-a3b7-17a55d245205 tempest-LiveMigrationNegativeTest-402420810 tempest-LiveMigrationNegativeTest-402420810-project] Lock "bbb8afca-7151-4c40-82f9-6e16839c725d" "released" by "nova.context.set_target_cell..get_or_set_cached_cell_and_set_connections" :: held 0.001s {{(pid=117729) inner /usr/local/lib/python3.8/dist-packages/oslo_concurrency/lockutils.py:400}}
Dec 12 04:06:21.457050 n-d-710847-7 devstack@n-api.service[117730]: DEBUG nova.api.openstack.wsgi [None req-ecf60178-4f8e-4a77-93d3-33b678b90257 tempest-MigrationsAdminTest-670541368 tempest-MigrationsAdminTest-670541368-project] Calling method '>' {{(pid=117730) _process_stack /opt/stack/nova/nova/api/openstack/wsgi.py:513}}
Dec 12 04:06:21.457942 n-d-710847-7 devstack@n-api.service[117730]: DEBUG nova.compute.api [None req-ecf60178-4f8e-4a77-93d3-33b678b90257 tempest-MigrationsAdminTest-670541368 tempest-MigrationsAdminTest-670541368-project] [instance: 5dc7c181-a92a-4818-9f3b-348fe9a13f4f] Fetching instance by UUID {{(pid=117730) get /opt/stack/nova/nova/compute/api.py:2865}}
Dec 12 04:06:21.470121 n-d-710847-7 devstack@n-api.service[117730]: DEBUG oslo_concurrency.lockutils [None req-ecf60178-4f8e-4a77-93d3-33b678b90257 tempest-MigrationsAdminTest-670541368 tempest-MigrationsAdminTest-670541368-project] Lock "bbb8afca-7151-4c40-82f9-6e16839c725d" acquired by "nova.context.set_target_cell..get_or_set_cached_cell_and_set_connections" :: waited 0.000s {{(pid=117730) inner /usr/local/lib/python3.8/dist-packages/oslo_concurrency/lockutils.py:386}}
Dec 12 04:06:21.471576 n-d-710847-7 devstack@n-api.service[117730]: DEBUG oslo_concurrency.lockutils [None req-ecf60178-4f8e-4a77-93d3-33b678b90257 tempest-MigrationsAdminTest-670541368 tempest-MigrationsAdminTest-670541368-project] Lock "bbb8afca-7151-4c40-82f9-6e16839c725d" "released" by "nova.context.set_target_cell..get_or_set_cached_cell_and_set_connections" :: held 0.002s {{(pid=117730) inner /usr/local/lib/python3.8/dist-packages/oslo_concurrency/lockutils.py:400}}
Dec 12 04:06:21.473388 n-d-710847-7 devstack@n-api.service[117730]: DEBUG oslo_concurrency.lockutils [None req-ecf60178-4f8e-4a77-93d3-33b678b90257 tempest-MigrationsAdminTest-670541368 tempest-MigrationsAdminTest-670541368-project] Lock "bbb8afca-7151-4c40-82f9-6e16839c725d" acquired by "nova.context.set_target_cell..get_or_set_cached_cell_and_set_connections" :: waited 0.000s {{(pid=117730) inner /usr/local/lib/python3.8/dist-packages/oslo_concurrency/lockutils.py:386}}
Dec 12 04:06:21.474376 n-d-710847-7 devstack@n-api.service[117730]: DEBUG oslo_concurrency.lockutils [None req-ecf60178-4f8e-4a77-93d3-33b678b90257 tempest-MigrationsAdminTest-670541368 tempest-MigrationsAdminTest-670541368-project] Lock "bbb8afca-7151-4c40-82f9-6e16839c725d" "released" by "nova.context.set_target_cell..get_or_set_cached_cell_and_set_connections" :: held 0.001s {{(pid=117730) inner /usr/local/lib/python3.8/dist-packages/oslo_concurrency/lockutils.py:400}}
Dec 12 04:06:21.479106 n-d-710847-7 devstack@n-api.service[117729]: DEBUG nova.policy [None req-d8f96bc9-141e-434a-a3b7-17a55d245205 tempest-LiveMigrationNegativeTest-402420810 tempest-LiveMigrationNegativeTest-402420810-project] Policy check for os_compute_api:os-extended-server-attributes failed with credentials {'is_admin': False, 'user_id': '7301ceb7360642a188d582ecef40dac4', 'user_domain_id': 'default', 'system_scope': None, 'domain_id': None, 'project_id': '74a958727b4f4e568c0717b1a8a3d9b3', 'project_domain_id': 'default', 'roles': ['reader', 'member'], 'is_admin_project': True, 'service_user_id': None, 'service_user_domain_id': None, 'service_project_id': None, 'service_project_domain_id': None, 'service_roles': []} {{(pid=117729) authorize /opt/stack/nova/nova/policy.py:199}}
Dec 12 04:06:21.497442 n-d-710847-7 devstack@n-api.service[117729]: INFO nova.api.openstack.requestlog [None req-d8f96bc9-141e-434a-a3b7-17a55d245205 tempest-LiveMigrationNegativeTest-402420810 tempest-LiveMigrationNegativeTest-402420810-project] 10.222.0.36 "GET /compute/v2.1/servers/bac7128e-1280-4ce1-8368-157e75a57cb2" status: 200 len: 1277 microversion: 2.1 time: 0.114775
Dec 12 04:06:21.501113 n-d-710847-7 devstack@n-api.service[117729]: [pid: 117729|app: 0|req: 104/197] 10.222.0.36 () {58 vars in 1235 bytes} [Sun Dec 12 04:06:21 2021] GET /compute/v2.1/servers/bac7128e-1280-4ce1-8368-157e75a57cb2 => generated 1277 bytes in 119 msecs (HTTP/1.1 200) 9 headers in 358 bytes (1 switches on core 0)
Dec 12 04:06:21.825916 n-d-710847-7 devstack@n-api.service[117730]: DEBUG nova.policy [None req-ecf60178-4f8e-4a77-93d3-33b678b90257 tempest-MigrationsAdminTest-670541368 tempest-MigrationsAdminTest-670541368-project] Policy check for os_compute_api:os-extended-server-attributes failed with credentials {'is_admin': False, 'user_id': 'f60287d7fb784e189c91859d774c8788', 'user_domain_id': 'default', 'system_scope': None, 'domain_id': None, 'project_id': 'd42b68d55c3b405d8bb5ee6f346236ab', 'project_domain_id': 'default', 'roles': ['reader', 'member'], 'is_admin_project': True, 'service_user_id': None, 'service_user_domain_id': None, 'service_project_id': None, 'service_project_domain_id': None, 'service_roles': []} {{(pid=117730) authorize /opt/stack/nova/nova/policy.py:199}}
Dec 12 04:06:21.836046 n-d-710847-7 devstack@n-api.service[117730]: INFO nova.api.openstack.requestlog [None req-ecf60178-4f8e-4a77-93d3-33b678b90257 tempest-MigrationsAdminTest-670541368 tempest-MigrationsAdminTest-670541368-project] 10.222.0.36 "GET /compute/v2.1/servers/5dc7c181-a92a-4818-9f3b-348fe9a13f4f" status: 200 len: 1313 microversion: 2.1 time: 0.382514
Dec 12 04:06:21.836629 n-d-710847-7 devstack@n-api.service[117730]: [pid: 117730|app: 0|req: 94/198] 10.222.0.36 () {58 vars in 1235 bytes} [Sun Dec 12 04:06:21 2021] GET /compute/v2.1/servers/5dc7c181-a92a-4818-9f3b-348fe9a13f4f => generated 1313 bytes in 384 msecs (HTTP/1.1 200) 9 headers in 358 bytes (2 switches on core 0)
Dec 12 04:06:21.859091 n-d-710847-7 devstack@n-api.service[117729]: DEBUG nova.api.openstack.wsgi [None req-346a8efd-3f9f-4a62-bd54-ef3179dd7cd2 tempest-ImagesOneServerNegativeTestJSON-1530070332 tempest-ImagesOneServerNegativeTestJSON-1530070332-project] Calling method '>' {{(pid=117729) _process_stack /opt/stack/nova/nova/api/openstack/wsgi.py:513}}
Dec 12 04:06:21.860623 n-d-710847-7 devstack@n-api.service[117729]: DEBUG nova.compute.api [None req-346a8efd-3f9f-4a62-bd54-ef3179dd7cd2 tempest-ImagesOneServerNegativeTestJSON-1530070332 tempest-ImagesOneServerNegativeTestJSON-1530070332-project] [instance: 113cf469-4a17-4ace-a137-9ed8779cbd54] Fetching instance by UUID {{(pid=117729) get /opt/stack/nova/nova/compute/api.py:2865}}
