File "/usr/local/lib/python3.8/dist-packages/flask/app.py", line 1503, in dispatch_request
Aug 02 14:08:08.353305 n-d-708768-11 devstack@keystone.service[80532]: ERROR keystone.server.flask.application return self.ensure_sync(self.view_functions[rule.endpoint])(**req.view_args)
Aug 02 14:08:08.353305 n-d-708768-11 devstack@keystone.service[80532]: ERROR keystone.server.flask.application
File "/usr/local/lib/python3.8/dist-packages/flask_restful/__init__.py", line 467, in wrapper
Aug 02 14:08:08.353305 n-d-708768-11 devstack@keystone.service[80532]: ERROR keystone.server.flask.application resp = resource(*args, **kwargs)
Aug 02 14:08:08.353305 n-d-708768-11 devstack@keystone.service[80532]: ERROR keystone.server.flask.application
File "/usr/local/lib/python3.8/dist-packages/flask/views.py", line 84, in view
Aug 02 14:08:08.353305 n-d-708768-11 devstack@keystone.service[80532]: ERROR keystone.server.flask.application return current_app.ensure_sync(self.dispatch_request)(*args, **kwargs)
Aug 02 14:08:08.353305 n-d-708768-11 devstack@keystone.service[80532]: ERROR keystone.server.flask.application
File "/usr/local/lib/python3.8/dist-packages/flask_restful/__init__.py", line 582, in dispatch_request
Aug 02 14:08:08.353305 n-d-708768-11 devstack@keystone.service[80532]: ERROR keystone.server.flask.application resp = meth(*args, **kwargs)
Aug 02 14:08:08.353305 n-d-708768-11 devstack@keystone.service[80532]: ERROR keystone.server.flask.application
File "/opt/stack/keystone/keystone/api/roles.py", line 50, in get
Aug 02 14:08:08.353305 n-d-708768-11 devstack@keystone.service[80532]: ERROR keystone.server.flask.application return self._get_role(role_id)
Aug 02 14:08:08.353305 n-d-708768-11 devstack@keystone.service[80532]: ERROR keystone.server.flask.application
File "/opt/stack/keystone/keystone/api/roles.py", line 70, in _get_role
Aug 02 14:08:08.353305 n-d-708768-11 devstack@keystone.service[80532]: ERROR keystone.server.flask.application ENFORCER.enforce_call(action='identity:get_role')
Aug 02 14:08:08.354316 n-d-708768-11 devstack@keystone.service[80532]: ERROR keystone.server.flask.application
File "/opt/stack/keystone/keystone/common/rbac_enforcer/enforcer.py", line 402, in enforce_call
Aug 02 14:08:08.354316 n-d-708768-11 devstack@keystone.service[80532]: ERROR keystone.server.flask.application policy_dict.update(cls._extract_member_target_data(
Aug 02 14:08:08.354316 n-d-708768-11 devstack@keystone.service[80532]: ERROR keystone.server.flask.application
File "/opt/stack/keystone/keystone/common/rbac_enforcer/enforcer.py", line 234, in _extract_member_target_data
Aug 02 14:08:08.354316 n-d-708768-11 devstack@keystone.service[80532]: ERROR keystone.server.flask.application member_name: func(flask.request.view_args[key])
Aug 02 14:08:08.354316 n-d-708768-11 devstack@keystone.service[80532]: ERROR keystone.server.flask.application
File "/opt/stack/keystone/keystone/common/manager.py", line 115, in wrapped
Aug 02 14:08:08.354316 n-d-708768-11 devstack@keystone.service[80532]: ERROR keystone.server.flask.application __ret_val = __f(*args, **kwargs)
Aug 02 14:08:08.354316 n-d-708768-11 devstack@keystone.service[80532]: ERROR keystone.server.flask.application
File "/usr/local/lib/python3.8/dist-packages/decorator.py", line 232, in fun
Aug 02 14:08:08.354316 n-d-708768-11 devstack@keystone.service[80532]: ERROR keystone.server.flask.application return caller(func, *(extras + args), **kw)
Aug 02 14:08:08.354316 n-d-708768-11 devstack@keystone.service[80532]: ERROR keystone.server.flask.application
File "/usr/local/lib/python3.8/dist-packages/dogpile/cache/region.py", line 1577, in get_or_create_for_user_func
Aug 02 14:08:08.354316 n-d-708768-11 devstack@keystone.service[80532]: ERROR keystone.server.flask.application return self.get_or_create(
Aug 02 14:08:08.354316 n-d-708768-11 devstack@keystone.service[80532]: ERROR keystone.server.flask.application
File "/usr/local/lib/python3.8/dist-packages/dogpile/cache/region.py", line 1042, in get_or_create
Aug 02 14:08:08.354316 n-d-708768-11 devstack@keystone.service[80532]: ERROR keystone.server.flask.application with Lock(
Aug 02 14:08:08.354316 n-d-708768-11 devstack@keystone.service[80532]: ERROR keystone.server.flask.application
File "/usr/local/lib/python3.8/dist-packages/dogpile/lock.py", line 185, in __enter__
Aug 02 14:08:08.354316 n-d-708768-11 devstack@keystone.service[80532]: ERROR keystone.server.flask.application return self._enter()
Aug 02 14:08:08.354316 n-d-708768-11 devstack@keystone.service[80532]: ERROR keystone.server.flask.application
File "/usr/local/lib/python3.8/dist-packages/dogpile/lock.py", line 94, in _enter
Aug 02 14:08:08.354316 n-d-708768-11 devstack@keystone.service[80532]: ERROR keystone.server.flask.application generated = self._enter_create(value, createdtime)
Aug 02 14:08:08.355397 n-d-708768-11 devstack@keystone.service[80532]: ERROR keystone.server.flask.application
File "/usr/local/lib/python3.8/dist-packages/dogpile/lock.py", line 178, in _enter_create
Aug 02 14:08:08.355397 n-d-708768-11 devstack@keystone.service[80532]: ERROR keystone.server.flask.application return self.creator()
Aug 02 14:08:08.355397 n-d-708768-11 devstack@keystone.service[80532]: ERROR keystone.server.flask.application
File "/usr/local/lib/python3.8/dist-packages/dogpile/cache/region.py", line 995, in gen_value
Aug 02 14:08:08.355397 n-d-708768-11 devstack@keystone.service[80532]: ERROR keystone.server.flask.application created_value = creator(
Aug 02 14:08:08.355397 n-d-708768-11 devstack@keystone.service[80532]: ERROR keystone.server.flask.application
File "/opt/stack/keystone/keystone/assignment/core.py", line 1276, in get_role
Aug 02 14:08:08.355397 n-d-708768-11 devstack@keystone.service[80532]: ERROR keystone.server.flask.application return self.driver.get_role(role_id)
Aug 02 14:08:08.355397 n-d-708768-11 devstack@keystone.service[80532]: ERROR keystone.server.flask.application
File "/opt/stack/keystone/keystone/assignment/role_backends/sql.py", line 70, in get_role
Aug 02 14:08:08.355397 n-d-708768-11 devstack@keystone.service[80532]: ERROR keystone.server.flask.application return self._get_role(session, role_id).to_dict()
Aug 02 14:08:08.355397 n-d-708768-11 devstack@keystone.service[80532]: ERROR keystone.server.flask.application
File "/opt/stack/keystone/keystone/assignment/role_backends/sql.py", line 65, in _get_role
Aug 02 14:08:08.355397 n-d-708768-11 devstack@keystone.service[80532]: ERROR keystone.server.flask.application raise exception.RoleNotFound(role_id=role_id)
Aug 02 14:08:08.355397 n-d-708768-11 devstack@keystone.service[80532]: ERROR keystone.server.flask.application keystone.exception.RoleNotFound: Could not find role: reader.
Aug 02 14:08:08.355397 n-d-708768-11 devstack@keystone.service[80532]: ERROR keystone.server.flask.application
Aug 02 14:08:08.355397 n-d-708768-11 devstack@keystone.service[80532]: [pid: 80532|app: 0|req: 162/324] 10.222.0.97 () {56 vars in 1099 bytes} [Tue Aug 2 14:08:08 2022] GET /identity/v3/roles/reader => generated 84 bytes in 156 msecs (HTTP/1.1 404) 5 headers in 183 bytes (2 switches on core 0)
Aug 02 14:08:08.356303 n-d-708768-11 devstack@keystone.service[80532]: DEBUG keystone.server.flask.request_processing.middleware.auth_context [None req-594f1ee4-9659-46b1-8e39-a23157b1f32a None admin] Authenticating user token {{(pid=80532) process_request /usr/local/lib/python3.8/dist-packages/keystonemiddleware/auth_token/__init__.py:407}}
Aug 02 14:08:08.387304 n-d-708768-11 devstack@keystone.service[80533]: [pid: 80533|app: 0|req: 163/325] 10.222.0.97 () {58 vars in 1023 bytes} [Tue Aug 2 14:08:08 2022] POST /identity/v3/auth/tokens => generated 799 bytes in 86 msecs (HTTP/1.1 201) 6 headers in 363 bytes (1 switches on core 0)
Aug 02 14:08:08.387304 n-d-708768-11 devstack@keystone.service[80533]: DEBUG keystone.server.flask.request_processing.middleware.auth_context [None req-2e6b1398-154a-4776-979e-0ad79511eee6 None None] Authenticating user token {{(pid=80533) process_request /usr/local/lib/python3.8/dist-packages/keystonemiddleware/auth_token/__init__.py:407}}
Aug 02 14:08:08.422515 n-d-708768-11 devstack@keystone.service[80532]: DEBUG dbcounter [-] [80532] Writing DB stats keystone:SELECT=100 {{(pid=80532) stat_writer /usr/local/lib/python3.8/dist-packages/dbcounter.py:114}}
Aug 02 14:08:08.437517 n-d-708768-11 devstack@keystone.service[80533]: DEBUG dbcounter [-] [80533] Writing DB stats keystone:SELECT=100 {{(pid=80533) stat_writer /usr/local/lib/python3.8/dist-packages/dbcounter.py:114}}
Aug 02 14:08:08.466952 n-d-708768-11 devstack@keystone.service[80532]: DEBUG keystone.server.flask.request_processing.middleware.auth_context [None req-594f1ee4-9659-46b1-8e39-a23157b1f32a None admin] Validating token access rules against request {{(pid=80532) validate_allowed_request /usr/local/lib/python3.8/dist-packages/keystonemiddleware/auth_token/__init__.py:545}}
Aug 02 14:08:08.480927 n-d-708768-11 devstack@keystone.service[80533]: DEBUG keystone.server.flask.request_processing.middleware.auth_context [None req-2e6b1398-154a-4776-979e-0ad79511eee6 None None] Validating token access rules against request {{(pid=80533) validate_allowed_request /usr/local/lib/python3.8/dist-packages/keystonemiddleware/auth_token/__init__.py:545}}
Aug 02 14:08:08.500273 n-d-708768-11 devstack@keystone.service[80532]: DEBUG keystone.server.flask.request_processing.middleware.auth_context [None req-9e929212-1fab-442e-a38d-e5f33b26b633 None admin] RBAC: auth_context: {'token': , 'domain_id': None, 'trust_id': None, 'trustor_id': None, 'trustee_id': None, 'domain_name': None, 'group_ids': [], 'user_id': 'd33f800dcc674236a085d6272c51c6dc', 'user_domain_id': 'default', 'system_scope': 'all', 'project_id': None, 'project_domain_id': None, 'roles': ['admin', 'member', 'reader'], 'is_admin_project': True, 'service_user_id': None, 'service_user_domain_id': None, 'service_project_id': None, 'service_project_domain_id': None, 'service_roles': []} {{(pid=80532) fill_context /opt/stack/keystone/keystone/server/flask/request_processing/middleware/auth_context.py:478}}
Aug 02 14:08:08.500916 n-d-708768-11 devstack@keystone.service[80532]: DEBUG keystone.server.flask.request_processing.req_logging [None req-9e929212-1fab-442e-a38d-e5f33b26b633 None admin] REQUEST_METHOD: `GET` {{(pid=80532) log_request_info /opt/stack/keystone/keystone/server/flask/request_processing/req_logging.py:27}}
Aug 02 14:08:08.501207 n-d-708768-11 devstack@keystone.service[80532]: DEBUG keystone.server.flask.request_processing.req_logging [None req-9e929212-1fab-442e-a38d-e5f33b26b633 None admin] SCRIPT_NAME: `/identity` {{(pid=80532) log_request_info /opt/stack/keystone/keystone/server/flask/request_processing/req_logging.py:28}}
Aug 02 14:08:08.501483 n-d-708768-11 devstack@keystone.service[80532]: DEBUG keystone.server.flask.request_processing.req_logging [None req-9e929212-1fab-442e-a38d-e5f33b26b633 None admin] PATH_INFO: `/v3/roles/member` {{(pid=80532) log_request_info /opt/stack/keystone/keystone/server/flask/request_processing/req_logging.py:29}}
Aug 02 14:08:08.512854 n-d-708768-11 devstack@keystone.service[80532]: DEBUG keystone.common.rbac_enforcer.enforcer [None req-9e929212-1fab-442e-a38d-e5f33b26b633 None admin] Extracting inferred target data resulted in "NOT FOUND (404)". {{(pid=80532) enforce_call /opt/stack/keystone/keystone/common/rbac_enforcer/enforcer.py:409}}
Aug 02 14:08:08.515070 n-d-708768-11 devstack@keystone.service[80533]: DEBUG keystone.server.flask.request_processing.middleware.auth_context [None req-af9af5f7-a276-4df3-aa09-f7aab8b05cbe None admin] RBAC: auth_context: {'token': , 'domain_id': None, 'trust_id': None, 'trustor_id': None, 'trustee_id': None, 'domain_name': None, 'group_ids': [], 'user_id': 'd33f800dcc674236a085d6272c51c6dc', 'user_domain_id': 'default', 'system_scope': 'all', 'project_id': None, 'project_domain_id': None, 'roles': ['admin', 'member', 'reader'], 'is_admin_project': True, 'service_user_id': None, 'service_user_domain_id': None, 'service_project_id': None, 'service_project_domain_id': None, 'service_roles': []} {{(pid=80533) fill_context /opt/stack/keystone/keystone/server/flask/request_processing/middleware/auth_context.py:478}}
Aug 02 14:08:08.515699 n-d-708768-11 devstack@keystone.service[80533]: DEBUG keystone.server.flask.request_processing.req_logging [None req-af9af5f7-a276-4df3-aa09-f7aab8b05cbe None admin] REQUEST_METHOD: `GET` {{(pid=80533) log_request_info /opt/stack/keystone/keystone/server/flask/request_processing/req_logging.py:27}}
Aug 02 14:08:08.515980 n-d-708768-11 devstack@keystone.service[80533]: DEBUG keystone.server.flask.request_processing.req_logging [None req-af9af5f7-a276-4df3-aa09-f7aab8b05cbe None admin] SCRIPT_NAME: `/identity` {{(pid=80533) log_request_info /opt/stack/keystone/keystone/server/flask/request_processing/req_logging.py:28}}
Aug 02 14:08:08.516253 n-d-708768-11 devstack@keystone.service[80533]: DEBUG keystone.server.flask.request_processing.req_logging [None req-af9af5f7-a276-4df3-aa09-f7aab8b05cbe None admin] PATH_INFO: `/v3/roles` {{(pid=80533) log_request_info /opt/stack/keystone/keystone/server/flask/request_processing/req_logging.py:29}}
Aug 02 14:08:08.516989 n-d-708768-11 devstack@keystone.service[80533]: DEBUG keystone.common.rbac_enforcer.enforcer [None req-af9af5f7-a276-4df3-aa09-f7aab8b05cbe None admin] RBAC: Adding query filter params (name=reader) {{(pid=80533) _extract_filter_values /opt/stack/keystone/keystone/common/rbac_enforcer/enforcer.py:167}}
Aug 02 14:08:08.517295 n-d-708768-11 devstack@keystone.service[80533]: DEBUG keystone.common.rbac_enforcer.enforcer [None req-af9af5f7-a276-4df3-aa09-f7aab8b05cbe None admin] RBAC: Authorizing `identity:list_roles()` {{(pid=80533) enforce_call /opt/stack/keystone/keystone/common/rbac_enforcer/enforcer.py:449}}
Aug 02 14:08:08.518739 n-d-708768-11 devstack@keystone.service[80533]: DEBUG keystone.common.rbac_enforcer.enforcer [None req-af9af5f7-a276-4df3-aa09-f7aab8b05cbe None admin] RBAC: Authorization granted {{(pid=80533) enforce_call /opt/stack/keystone/keystone/common/rbac_enforcer/enforcer.py:457}}
Aug 02 14:08:08.522339 n-d-708768-11 devstack@keystone.service[80532]: ERROR keystone.server.flask.application [None req-9e929212-1fab-442e-a38d-e5f33b26b633 None admin] Could not find role: member.: keystone.exception.RoleNotFound: Could not find role: member.
Aug 02 14:08:08.522339 n-d-708768-11 devstack@keystone.service[80532]: ERROR keystone.server.flask.application
Traceback (most recent call last):
Aug 02 14:08:08.522339 n-d-708768-11 devstack@keystone.service[80532]: ERROR keystone.server.flask.application
File "/usr/local/lib/python3.8/dist-packages/flask/app.py", line 1517, in full_dispatch_request
Aug 02 14:08:08.522339 n-d-708768-11 devstack@keystone.service[80532]: ERROR keystone.server.flask.application rv = self.dispatch_request()
Aug 02 14:08:08.522339 n-d-708768-11 devstack@keystone.service[80532]: ERROR keystone.server.flask.application
File "/usr/local/lib/python3.8/dist-packages/flask/app.py", line 1503, in dispatch_request
Aug 02 14:08:08.522339 n-d-708768-11 devstack@keystone.service[80532]: ERROR keystone.server.flask.application return self.ensure_sync(self.view_functions[rule.endpoint])(**req.view_args)
Aug 02 14:08:08.522339 n-d-708768-11 devstack@keystone.service[80532]: ERROR keystone.server.flask.application
File "/usr/local/lib/python3.8/dist-packages/flask_restful/__init__.py", line 467, in wrapper
Aug 02 14:08:08.522339 n-d-708768-11 devstack@keystone.service[80532]: ERROR keystone.server.flask.application resp = resource(*args, **kwargs)
Aug 02 14:08:08.522339 n-d-708768-11 devstack@keystone.service[80532]: ERROR keystone.server.flask.application
File "/usr/local/lib/python3.8/dist-packages/flask/views.py", line 84, in view
Aug 02 14:08:08.522339 n-d-708768-11 devstack@keystone.service[80532]: ERROR keystone.server.flask.application return current_app.ensure_sync(self.dispatch_request)(*args, **kwargs)
Aug 02 14:08:08.522339 n-d-708768-11 devstack@keystone.service[80532]: ERROR keystone.server.flask.application
File "/usr/local/lib/python3.8/dist-packages/flask_restful/__init__.py", line 582, in dispatch_request
Aug 02 14:08:08.522339 n-d-708768-11 devstack@keystone.service[80532]: ERROR keystone.server.flask.application resp = meth(*args, **kwargs)
Aug 02 14:08:08.522339 n-d-708768-11 devstack@keystone.service[80532]: ERROR keystone.server.flask.application
File "/opt/stack/keystone/keystone/api/roles.py", line 50, in get
Aug 02 14:08:08.522339 n-d-708768-11 devstack@keystone.service[80532]: ERROR keystone.server.flask.application return self._get_role(role_id)
Aug 02 14:08:08.522339 n-d-708768-11 devstack@keystone.service[80532]: ERROR keystone.server.flask.application
File "/opt/stack/keystone/keystone/api/roles.py", line 70, in _get_role
Aug 02 14:08:08.522339 n-d-708768-11 devstack@keystone.service[80532]: ERROR keystone.server.flask.application ENFORCER.enforce_call(action='identity:get_role')
Aug 02 14:08:08.523950 n-d-708768-11 devstack@keystone.service[80532]: ERROR keystone.server.flask.application
File "/opt/stack/keystone/keystone/common/rbac_enforcer/enforcer.py", line 402, in enforce_call
Aug 02 14:08:08.523950 n-d-708768-11 devstack@keystone.service[80532]: ERROR keystone.server.flask.application policy_dict.update(cls._extract_member_target_data(
Aug 02 14:08:08.523950 n-d-708768-11 devstack@keystone.service[80532]: ERROR keystone.server.flask.application
File "/opt/stack/keystone/keystone/common/rbac_enforcer/enforcer.py", line 234, in _extract_member_target_data
Aug 02 14:08:08.523950 n-d-708768-11 devstack@keystone.service[80532]: ERROR keystone.server.flask.application member_name: func(flask.request.view_args[key])
Aug 02 14:08:08.523950 n-d-708768-11 devstack@keystone.service[80532]: ERROR keystone.server.flask.application
File "/opt/stack/keystone/keystone/common/manager.py", line 115, in wrapped
Aug 02 14:08:08.523950 n-d-708768-11 devstack@keystone.service[80532]: ERROR keystone.server.flask.application __ret_val = __f(*args, **kwargs)
Aug 02 14:08:08.523950 n-d-708768-11 devstack@keystone.service[80532]: ERROR keystone.server.flask.application
File "/usr/local/lib/python3.8/dist-packages/decorator.py", line 232, in fun
Aug 02 14:08:08.523950 n-d-708768-11 devstack@keystone.service[80532]: ERROR keystone.server.flask.application return caller(func, *(extras + args), **kw)
Aug 02 14:08:08.523950 n-d-708768-11 devstack@keystone.service[80532]: ERROR keystone.server.flask.application
File "/usr/local/lib/python3.8/dist-packages/dogpile/cache/region.py", line 1577, in get_or_create_for_user_func
Aug 02 14:08:08.523950 n-d-708768-11 devstack@keystone.service[80532]: ERROR keystone.server.flask.application return self.get_or_create(
Aug 02 14:08:08.523950 n-d-708768-11 devstack@keystone.service[80532]: ERROR keystone.server.flask.application
File "/usr/local/lib/python3.8/dist-packages/dogpile/cache/region.py", line 1042, in get_or_create
Aug 02 14:08:08.523950 n-d-708768-11 devstack@keystone.service[80532]: ERROR keystone.server.flask.application with Lock(
Aug 02 14:08:08.523950 n-d-708768-11 devstack@keystone.service[80532]: ERROR keystone.server.flask.application
File "/usr/local/lib/python3.8/dist-packages/dogpile/lock.py", line 185, in __enter__
Aug 02 14:08:08.523950 n-d-708768-11 devstack@keystone.service[80532]: ERROR keystone.server.flask.application return self._enter()
Aug 02 14:08:08.523950 n-d-708768-11 devstack@keystone.service[80532]: ERROR keystone.server.flask.application
File "/usr/local/lib/python3.8/dist-packages/dogpile/lock.py", line 94, in _enter
Aug 02 14:08:08.523950 n-d-708768-11 devstack@keystone.service[80532]: ERROR keystone.server.flask.application generated = self._enter_create(value, createdtime)
Aug 02 14:08:08.525135 n-d-708768-11 devstack@keystone.service[80532]: ERROR keystone.server.flask.application
File "/usr/local/lib/python3.8/dist-packages/dogpile/lock.py", line 178, in _enter_create
Aug 02 14:08:08.525135 n-d-708768-11 devstack@keystone.service[80532]: ERROR keystone.server.flask.application return self.creator()
Aug 02 14:08:08.525135 n-d-708768-11 devstack@keystone.service[80532]: ERROR keystone.server.flask.application
File "/usr/local/lib/python3.8/dist-packages/dogpile/cache/region.py", line 995, in gen_value
Aug 02 14:08:08.525135 n-d-708768-11 devstack@keystone.service[80532]: ERROR keystone.server.flask.application created_value = creator(
Aug 02 14:08:08.525135 n-d-708768-11 devstack@keystone.service[80532]: ERROR keystone.server.flask.application
File "/opt/stack/keystone/keystone/assignment/core.py", line 1276, in get_role
Aug 02 14:08:08.525135 n-d-708768-11 devstack@keystone.service[80532]: ERROR keystone.server.flask.application return self.driver.get_role(role_id)
Aug 02 14:08:08.525135 n-d-708768-11 devstack@keystone.service[80532]: ERROR keystone.server.flask.application
File "/opt/stack/keystone/keystone/assignment/role_backends/sql.py", line 70, in get_role
Aug 02 14:08:08.525135 n-d-708768-11 devstack@keystone.service[80532]: ERROR keystone.server.flask.application return self._get_role(session, role_id).to_dict()
Aug 02 14:08:08.525135 n-d-708768-11 devstack@keystone.service[80532]: ERROR keystone.server.flask.application
File "/opt/stack/keystone/keystone/assignment/role_backends/sql.py", line 65, in _get_role
Aug 02 14:08:08.525135 n-d-708768-11 devstack@keystone.service[80532]: ERROR keystone.server.flask.application raise exception.RoleNotFound(role_id=role_id)
Aug 02 14:08:08.525135 n-d-708768-11 devstack@keystone.service[80532]: ERROR keystone.server.flask.application keystone.exception.RoleNotFound: Could not find role: member.
Aug 02 14:08:08.525135 n-d-708768-11 devstack@keystone.service[80532]: ERROR keystone.server.flask.application
Aug 02 14:08:08.525135 n-d-708768-11 devstack@keystone.service[80532]: [pid: 80532|app: 0|req: 163/326] 10.222.0.97 () {56 vars in 1099 bytes} [Tue Aug 2 14:08:08 2022] GET /identity/v3/roles/member => generated 84 bytes in 168 msecs (HTTP/1.1 404) 5 headers in 183 bytes (1 switches on core 0)
Aug 02 14:08:08.525135 n-d-708768-11 devstack@keystone.service[80532]: DEBUG keystone.server.flask.request_processing.middleware.auth_context [None req-9e929212-1fab-442e-a38d-e5f33b26b633 None admin] Authenticating user token {{(pid=80532) process_request /usr/local/lib/python3.8/dist-packages/keystonemiddleware/auth_token/__init__.py:407}}
Aug 02 14:08:08.537361 n-d-708768-11 devstack@keystone.service[80533]: [pid: 80533|app: 0|req: 164/327] 10.222.0.97 () {56 vars in 1101 bytes} [Tue Aug 2 14:08:08 2022] GET /identity/v3/roles?name=reader => generated 341 bytes in 152 msecs (HTTP/1.1 200) 5 headers in 177 bytes (1 switches on core 0)
Aug 02 14:08:08.537361 n-d-708768-11 devstack@keystone.service[80533]: DEBUG keystone.server.flask.request_processing.middleware.auth_context [None req-af9af5f7-a276-4df3-aa09-f7aab8b05cbe None admin] Authenticating user token {{(pid=80533) process_request /usr/local/lib/python3.8/dist-packages/keystonemiddleware/auth_token/__init__.py:407}}
Aug 02 14:08:08.624501 n-d-708768-11 devstack@keystone.service[80532]: DEBUG keystone.server.flask.request_processing.middleware.auth_context [None req-9e929212-1fab-442e-a38d-e5f33b26b633 None admin] Validating token access rules against request {{(pid=80532) validate_allowed_request /usr/local/lib/python3.8/dist-packages/keystonemiddleware/auth_token/__init__.py:545}}
Aug 02 14:08:08.633438 n-d-708768-11 devstack@keystone.service[80533]: DEBUG keystone.server.flask.request_processing.middleware.auth_context [None req-af9af5f7-a276-4df3-aa09-f7aab8b05cbe None admin] Validating token access rules against request {{(pid=80533) validate_allowed_request /usr/local/lib/python3.8/dist-packages/keystonemiddleware/auth_token/__init__.py:545}}
Aug 02 14:08:08.638690 n-d-708768-11 devstack@keystone.service[80532]: DEBUG dbcounter [-] [80532] Writing DB stats keystone:SELECT=100 {{(pid=80532) stat_writer /usr/local/lib/python3.8/dist-packages/dbcounter.py:114}}
Aug 02 14:08:08.650136 n-d-708768-11 devstack@keystone.service[80533]: DEBUG dbcounter [-] [80533] Writing DB stats keystone:SELECT=100 {{(pid=80533) stat_writer /usr/local/lib/python3.8/dist-packages/dbcounter.py:114}}
Aug 02 14:08:08.661333 n-d-708768-11 devstack@keystone.service[80532]: DEBUG keystone.server.flask.request_processing.middleware.auth_context [None req-b2dd704f-cde5-43d1-87fd-f0175f09d5db None admin] RBAC: auth_context: {'token': , 'domain_id': None, 'trust_id': None, 'trustor_id': None, 'trustee_id': None, 'domain_name': None, 'group_ids': [], 'user_id': 'd33f800dcc674236a085d6272c51c6dc', 'user_domain_id': 'default', 'system_scope': 'all', 'project_id': None, 'project_domain_id': None, 'roles': ['admin', 'member', 'reader'], 'is_admin_project': True, 'service_user_id': None, 'service_user_domain_id': None, 'service_project_id': None, 'service_project_domain_id': None, 'service_roles': []} {{(pid=80532) fill_context /opt/stack/keystone/keystone/server/flask/request_processing/middleware/auth_context.py:478}}
Aug 02 14:08:08.662046 n-d-708768-11 devstack@keystone.service[80532]: DEBUG keystone.server.flask.request_processing.req_logging [None req-b2dd704f-cde5-43d1-87fd-f0175f09d5db None admin] REQUEST_METHOD: `GET` {{(pid=80532) log_request_info /opt/stack/keystone/keystone/server/flask/request_processing/req_logging.py:27}}
Aug 02 14:08:08.662404 n-d-708768-11 devstack@keystone.service[80532]: DEBUG keystone.server.flask.request_processing.req_logging [None req-b2dd704f-cde5-43d1-87fd-f0175f09d5db None admin] SCRIPT_NAME: `/identity` {{(pid=80532) log_request_info /opt/stack/keystone/keystone/server/flask/request_processing/req_logging.py:28}}
Aug 02 14:08:08.662774 n-d-708768-11 devstack@keystone.service[80532]: DEBUG keystone.server.flask.request_processing.req_logging [None req-b2dd704f-cde5-43d1-87fd-f0175f09d5db None admin] PATH_INFO: `/v3/domains/default` {{(pid=80532) log_request_info /opt/stack/keystone/keystone/server/flask/request_processing/req_logging.py:29}}
Aug 02 14:08:08.663979 n-d-708768-11 devstack@keystone.service[80532]: DEBUG keystone.common.rbac_enforcer.enforcer [None req-b2dd704f-cde5-43d1-87fd-f0175f09d5db None admin] RBAC: Authorizing `identity:get_domain(domain_id=default)` {{(pid=80532) enforce_call /opt/stack/keystone/keystone/common/rbac_enforcer/enforcer.py:449}}
Aug 02 14:08:08.665474 n-d-708768-11 devstack@keystone.service[80532]: DEBUG keystone.common.rbac_enforcer.enforcer [None req-b2dd704f-cde5-43d1-87fd-f0175f09d5db None admin] RBAC: Authorization granted {{(pid=80532) enforce_call /opt/stack/keystone/keystone/common/rbac_enforcer/enforcer.py:457}}
Aug 02 14:08:08.667162 n-d-708768-11 devstack@keystone.service[80532]: [pid: 80532|app: 0|req: 164/328] 10.222.0.97 () {56 vars in 1108 bytes} [Tue Aug 2 14:08:08 2022] GET /identity/v3/domains/default => generated 199 bytes in 143 msecs (HTTP/1.1 200) 5 headers in 177 bytes (1 switches on core 0)
Aug 02 14:08:08.667501 n-d-708768-11 devstack@keystone.service[80533]: DEBUG keystone.server.flask.request_processing.middleware.auth_context [None req-dff97fc5-361e-4cb7-ab66-8e56e217d885 None admin] RBAC: auth_context: {'token': , 'domain_id': None, 'trust_id': None, 'trustor_id': None, 'trustee_id': None, 'domain_name': None, 'group_ids': [], 'user_id': 'd33f800dcc674236a085d6272c51c6dc', 'user_domain_id': 'default', 'system_scope': 'all', 'project_id': None, 'project_domain_id': None, 'roles': ['admin', 'member', 'reader'], 'is_admin_project': True, 'service_user_id': None, 'service_user_domain_id': None, 'service_project_id': None, 'service_project_domain_id': None, 'service_roles': []} {{(pid=80533) fill_context /opt/stack/keystone/keystone/server/flask/request_processing/middleware/auth_context.py:478}}
Aug 02 14:08:08.668042 n-d-708768-11 devstack@keystone.service[80532]: DEBUG keystone.server.flask.request_processing.middleware.auth_context [None req-b2dd704f-cde5-43d1-87fd-f0175f09d5db None admin] Authenticating user token {{(pid=80532) process_request /usr/local/lib/python3.8/dist-packages/keystonemiddleware/auth_token/__init__.py:407}}
Aug 02 14:08:08.668261 n-d-708768-11 devstack@keystone.service[80533]: DEBUG keystone.server.flask.request_processing.req_logging [None req-dff97fc5-361e-4cb7-ab66-8e56e217d885 None admin] REQUEST_METHOD: `GET` {{(pid=80533) log_request_info /opt/stack/keystone/keystone/server/flask/request_processing/req_logging.py:27}}
Aug 02 14:08:08.668396 n-d-708768-11 devstack@keystone.service[80533]: DEBUG keystone.server.flask.request_processing.req_logging [None req-dff97fc5-361e-4cb7-ab66-8e56e217d885 None admin] SCRIPT_NAME: `/identity` {{(pid=80533) log_request_info /opt/stack/keystone/keystone/server/flask/request_processing/req_logging.py:28}}
Aug 02 14:08:08.668656 n-d-708768-11 devstack@keystone.service[80533]: DEBUG keystone.server.flask.request_processing.req_logging [None req-dff97fc5-361e-4cb7-ab66-8e56e217d885 None admin] PATH_INFO: `/v3/roles` {{(pid=80533) log_request_info /opt/stack/keystone/keystone/server/flask/request_processing/req_logging.py:29}}
Aug 02 14:08:08.669377 n-d-708768-11 devstack@keystone.service[80533]: DEBUG keystone.common.rbac_enforcer.enforcer [None req-dff97fc5-361e-4cb7-ab66-8e56e217d885 None admin] RBAC: Adding query filter params (name=member) {{(pid=80533) _extract_filter_values /opt/stack/keystone/keystone/common/rbac_enforcer/enforcer.py:167}}
Aug 02 14:08:08.669685 n-d-708768-11 devstack@keystone.service[80533]: DEBUG keystone.common.rbac_enforcer.enforcer [None req-dff97fc5-361e-4cb7-ab66-8e56e217d885 None admin] RBAC: Authorizing `identity:list_roles()` {{(pid=80533) enforce_call /opt/stack/keystone/keystone/common/rbac_enforcer/enforcer.py:449}}
Aug 02 14:08:08.671083 n-d-708768-11 devstack@keystone.service[80533]: DEBUG keystone.common.rbac_enforcer.enforcer [None req-dff97fc5-361e-4cb7-ab66-8e56e217d885 None admin] RBAC: Authorization granted {{(pid=80533) enforce_call /opt/stack/keystone/keystone/common/rbac_enforcer/enforcer.py:457}}
Aug 02 14:08:08.679806 n-d-708768-11 devstack@keystone.service[80533]: [pid: 80533|app: 0|req: 165/329] 10.222.0.97 () {56 vars in 1101 bytes} [Tue Aug 2 14:08:08 2022] GET /identity/v3/roles?name=member => generated 341 bytes in 147 msecs (HTTP/1.1 200) 5 headers in 177 bytes (1 switches on core 0)
Aug 02 14:08:08.680583 n-d-708768-11 devstack@keystone.service[80533]: DEBUG keystone.server.flask.request_processing.middleware.auth_context [None req-dff97fc5-361e-4cb7-ab66-8e56e217d885 None admin] Authenticating user token {{(pid=80533) process_request /usr/local/lib/python3.8/dist-packages/keystonemiddleware/auth_token/__init__.py:407}}
Aug 02 14:08:08.772562 n-d-708768-11 devstack@keystone.service[80532]: DEBUG keystone.server.flask.request_processing.middleware.auth_context [None req-b2dd704f-cde5-43d1-87fd-f0175f09d5db None admin] Validating token access rules against request {{(pid=80532) validate_allowed_request /usr/local/lib/python3.8/dist-packages/keystonemiddleware/auth_token/__init__.py:545}}
Aug 02 14:08:08.778766 n-d-708768-11 devstack@keystone.service[80533]: DEBUG keystone.server.flask.request_processing.middleware.auth_context [None req-dff97fc5-361e-4cb7-ab66-8e56e217d885 None admin] Validating token access rules against request {{(pid=80533) validate_allowed_request /usr/local/lib/python3.8/dist-packages/keystonemiddleware/auth_token/__init__.py:545}}
Aug 02 14:08:08.805912 n-d-708768-11 devstack@keystone.service[80532]: DEBUG keystone.server.flask.request_processing.middleware.auth_context [None req-73071067-013a-4c49-9de8-093866656aa4 None admin] RBAC: auth_context: {'token': , 'domain_id': None, 'trust_id': None, 'trustor_id': None, 'trustee_id': None, 'domain_name': None, 'group_ids': [], 'user_id': 'd33f800dcc674236a085d6272c51c6dc', 'user_domain_id': 'default', 'system_scope': 'all', 'project_id': None, 'project_domain_id': None, 'roles': ['admin', 'member', 'reader'], 'is_admin_project': True, 'service_user_id': None, 'service_user_domain_id': None, 'service_project_id': None, 'service_project_domain_id': None, 'service_roles': []} {{(pid=80532) fill_context /opt/stack/keystone/keystone/server/flask/request_processing/middleware/auth_context.py:478}}
Aug 02 14:08:08.806582 n-d-708768-11 devstack@keystone.service[80532]: DEBUG keystone.server.flask.request_processing.req_logging [None req-73071067-013a-4c49-9de8-093866656aa4 None admin] REQUEST_METHOD: `GET` {{(pid=80532) log_request_info /opt/stack/keystone/keystone/server/flask/request_processing/req_logging.py:27}}
Aug 02 14:08:08.806869 n-d-708768-11 devstack@keystone.service[80532]: DEBUG keystone.server.flask.request_processing.req_logging [None req-73071067-013a-4c49-9de8-093866656aa4 None admin] SCRIPT_NAME: `/identity` {{(pid=80532) log_request_info /opt/stack/keystone/keystone/server/flask/request_processing/req_logging.py:28}}
Aug 02 14:08:08.807147 n-d-708768-11 devstack@keystone.service[80532]: DEBUG keystone.server.flask.request_processing.req_logging [None req-73071067-013a-4c49-9de8-093866656aa4 None admin] PATH_INFO: `/v3/users/3e2a14a3743c42c3be8bdde729c21112` {{(pid=80532) log_request_info /opt/stack/keystone/keystone/server/flask/request_processing/req_logging.py:29}}
Aug 02 14:08:08.808312 n-d-708768-11 devstack@keystone.service[80532]: DEBUG keystone.common.rbac_enforcer.enforcer [None req-73071067-013a-4c49-9de8-093866656aa4 None admin] RBAC: Authorizing `identity:get_user(user_id=3e2a14a3743c42c3be8bdde729c21112)` {{(pid=80532) enforce_call /opt/stack/keystone/keystone/common/rbac_enforcer/enforcer.py:449}}
Aug 02 14:08:08.809765 n-d-708768-11 devstack@keystone.service[80532]: DEBUG keystone.common.rbac_enforcer.enforcer [None req-73071067-013a-4c49-9de8-093866656aa4 None admin] RBAC: Authorization granted {{(pid=80532) enforce_call /opt/stack/keystone/keystone/common/rbac_enforcer/enforcer.py:457}}
Aug 02 14:08:08.811401 n-d-708768-11 devstack@keystone.service[80532]: [pid: 80532|app: 0|req: 165/330] 10.222.0.97 () {56 vars in 1177 bytes} [Tue Aug 2 14:08:08 2022] GET /identity/v3/users/3e2a14a3743c42c3be8bdde729c21112 => generated 293 bytes in 144 msecs (HTTP/1.1 200) 5 headers in 177 bytes (1 switches on core 0)
Aug 02 14:08:08.812161 n-d-708768-11 devstack@keystone.service[80533]: DEBUG keystone.server.flask.request_processing.middleware.auth_context [None req-ae22126c-1b92-4b82-8413-8314a1fc3244 None admin] RBAC: auth_context: {'token': , 'domain_id': None, 'trust_id': None, 'trustor_id': None, 'trustee_id': None, 'domain_name': None, 'group_ids': [], 'user_id': 'd33f800dcc674236a085d6272c51c6dc', 'user_domain_id': 'default', 'system_scope': 'all', 'project_id': None, 'project_domain_id': None, 'roles': ['admin', 'member', 'reader'], 'is_admin_project': True, 'service_user_id': None, 'service_user_domain_id': None, 'service_project_id': None, 'service_project_domain_id': None, 'service_roles': []} {{(pid=80533) fill_context /opt/stack/keystone/keystone/server/flask/request_processing/middleware/auth_context.py:478}}
Aug 02 14:08:08.812280 n-d-708768-11 devstack@keystone.service[80532]: DEBUG keystone.server.flask.request_processing.middleware.auth_context [None req-73071067-013a-4c49-9de8-093866656aa4 None admin] Authenticating user token {{(pid=80532) process_request /usr/local/lib/python3.8/dist-packages/keystonemiddleware/auth_token/__init__.py:407}}
Aug 02 14:08:08.812775 n-d-708768-11 devstack@keystone.service[80533]: DEBUG keystone.server.flask.request_processing.req_logging [None req-ae22126c-1b92-4b82-8413-8314a1fc3244 None admin] REQUEST_METHOD: `POST` {{(pid=80533) log_request_info /opt/stack/keystone/keystone/server/flask/request_processing/req_logging.py:27}}
Aug 02 14:08:08.813057 n-d-708768-11 devstack@keystone.service[80533]: DEBUG keystone.server.flask.request_processing.req_logging [None req-ae22126c-1b92-4b82-8413-8314a1fc3244 None admin] SCRIPT_NAME: `/identity` {{(pid=80533) log_request_info /opt/stack/keystone/keystone/server/flask/request_processing/req_logging.py:28}}
Aug 02 14:08:08.813328 n-d-708768-11 devstack@keystone.service[80533]: DEBUG keystone.server.flask.request_processing.req_logging [None req-ae22126c-1b92-4b82-8413-8314a1fc3244 None admin] PATH_INFO: `/v3/groups` {{(pid=80533) log_request_info /opt/stack/keystone/keystone/server/flask/request_processing/req_logging.py:29}}
Aug 02 14:08:08.813985 n-d-708768-11 devstack@keystone.service[80533]: DEBUG keystone.common.rbac_enforcer.enforcer [None req-ae22126c-1b92-4b82-8413-8314a1fc3244 None admin] RBAC: Authorizing `identity:create_group()` {{(pid=80533) enforce_call /opt/stack/keystone/keystone/common/rbac_enforcer/enforcer.py:449}}
Aug 02 14:08:08.816030 n-d-708768-11 devstack@keystone.service[80533]: DEBUG keystone.common.rbac_enforcer.enforcer [None req-ae22126c-1b92-4b82-8413-8314a1fc3244 None admin] RBAC: Authorization granted {{(pid=80533) enforce_call /opt/stack/keystone/keystone/common/rbac_enforcer/enforcer.py:457}}
Aug 02 14:08:08.832515 n-d-708768-11 devstack@keystone.service[80533]: [pid: 80533|app: 0|req: 166/331] 10.222.0.97 () {60 vars in 1134 bytes} [Tue Aug 2 14:08:08 2022] POST /identity/v3/groups => generated 226 bytes in 152 msecs (HTTP/1.1 201) 5 headers in 182 bytes (1 switches on core 0)
Aug 02 14:08:08.833583 n-d-708768-11 devstack@keystone.service[80533]: DEBUG keystone.server.flask.request_processing.middleware.auth_context [None req-ae22126c-1b92-4b82-8413-8314a1fc3244 None admin] Authenticating user token {{(pid=80533) process_request /usr/local/lib/python3.8/dist-packages/keystonemiddleware/auth_token/__init__.py:407}}
Aug 02 14:08:08.880061 n-d-708768-11 devstack@keystone.service[80533]: DEBUG dbcounter [-] [80533] Writing DB stats keystone:SELECT=99,keystone:INSERT=1 {{(pid=80533) stat_writer /usr/local/lib/python3.8/dist-packages/dbcounter.py:114}}
Aug 02 14:08:08.882247 n-d-708768-11 devstack@keystone.service[80532]: DEBUG dbcounter [-] [80532] Writing DB stats keystone:SELECT=100 {{(pid=80532) stat_writer /usr/local/lib/python3.8/dist-packages/dbcounter.py:114}}
Aug 02 14:08:08.941814 n-d-708768-11 devstack@keystone.service[80532]: DEBUG keystone.server.flask.request_processing.middleware.auth_context [None req-73071067-013a-4c49-9de8-093866656aa4 None admin] Validating token access rules against request {{(pid=80532) validate_allowed_request /usr/local/lib/python3.8/dist-packages/keystonemiddleware/auth_token/__init__.py:545}}
Aug 02 14:08:08.949987 n-d-708768-11 devstack@keystone.service[80533]: DEBUG keystone.server.flask.request_processing.middleware.auth_context [None req-ae22126c-1b92-4b82-8413-8314a1fc3244 None admin] Validating token access rules against request {{(pid=80533) validate_allowed_request /usr/local/lib/python3.8/dist-packages/keystonemiddleware/auth_token/__init__.py:545}}
Aug 02 14:08:08.979650 n-d-708768-11 devstack@keystone.service[80532]: DEBUG keystone.server.flask.request_processing.middleware.auth_context [None req-2bf4e18f-0ec4-4148-a2f8-1f1543db0a76 None admin] RBAC: auth_context: {'token': , 'domain_id': None, 'trust_id': None, 'trustor_id': None, 'trustee_id': None, 'domain_name': None, 'group_ids': [], 'user_id': 'd33f800dcc674236a085d6272c51c6dc', 'user_domain_id': 'default', 'system_scope': 'all', 'project_id': None, 'project_domain_id': None, 'roles': ['admin', 'member', 'reader'], 'is_admin_project': True, 'service_user_id': None, 'service_user_domain_id': None, 'service_project_id': None, 'service_project_domain_id': None, 'service_roles': []} {{(pid=80532) fill_context /opt/stack/keystone/keystone/server/flask/request_processing/middleware/auth_context.py:478}}
Aug 02 14:08:08.980314 n-d-708768-11 devstack@keystone.service[80532]: DEBUG keystone.server.flask.request_processing.req_logging [None req-2bf4e18f-0ec4-4148-a2f8-1f1543db0a76 None admin] REQUEST_METHOD: `GET` {{(pid=80532) log_request_info /opt/stack/keystone/keystone/server/flask/request_processing/req_logging.py:27}}
Aug 02 14:08:08.980598 n-d-708768-11 devstack@keystone.service[80532]: DEBUG keystone.server.flask.request_processing.req_logging [None req-2bf4e18f-0ec4-4148-a2f8-1f1543db0a76 None admin] SCRIPT_NAME: `/identity` {{(pid=80532) log_request_info /opt/stack/keystone/keystone/server/flask/request_processing/req_logging.py:28}}
Aug 02 14:08:08.980873 n-d-708768-11 devstack@keystone.service[80532]: DEBUG keystone.server.flask.request_processing.req_logging [None req-2bf4e18f-0ec4-4148-a2f8-1f1543db0a76 None admin] PATH_INFO: `/v3/users/8bc4264d8a40490db2364ab39fd6c007` {{(pid=80532) log_request_info /opt/stack/keystone/keystone/server/flask/request_processing/req_logging.py:29}}
Aug 02 14:08:08.982065 n-d-708768-11 devstack@keystone.service[80532]: DEBUG keystone.common.rbac_enforcer.enforcer [None req-2bf4e18f-0ec4-4148-a2f8-1f1543db0a76 None admin] RBAC: Authorizing `identity:get_user(user_id=8bc4264d8a40490db2364ab39fd6c007)` {{(pid=80532) enforce_call /opt/stack/keystone/keystone/common/rbac_enforcer/enforcer.py:449}}
Aug 02 14:08:08.983552 n-d-708768-11 devstack@keystone.service[80532]: DEBUG keystone.common.rbac_enforcer.enforcer [None req-2bf4e18f-0ec4-4148-a2f8-1f1543db0a76 None admin] RBAC: Authorization granted {{(pid=80532) enforce_call /opt/stack/keystone/keystone/common/rbac_enforcer/enforcer.py:457}}
Aug 02 14:08:08.985541 n-d-708768-11 devstack@keystone.service[80532]: [pid: 80532|app: 0|req: 166/332] 10.222.0.97 () {56 vars in 1177 bytes} [Tue Aug 2 14:08:08 2022] GET /identity/v3/users/8bc4264d8a40490db2364ab39fd6c007 => generated 293 bytes in 173 msecs (HTTP/1.1 200) 5 headers in 177 bytes (1 switches on core 0)
Aug 02 14:08:08.987623 n-d-708768-11 devstack@keystone.service[80533]: DEBUG keystone.server.flask.request_processing.middleware.auth_context [None req-f1dd0c4a-5d43-4590-a779-8af3b84edaa0 None admin] RBAC: auth_context: {'token': , 'domain_id': None, 'trust_id': None, 'trustor_id': None, 'trustee_id': None, 'domain_name': None, 'group_ids': [], 'user_id': 'd33f800dcc674236a085d6272c51c6dc', 'user_domain_id': 'default', 'system_scope': 'all', 'project_id': None, 'project_domain_id': None, 'roles': ['admin', 'member', 'reader'], 'is_admin_project': True, 'service_user_id': None, 'service_user_domain_id': None, 'service_project_id': None, 'service_project_domain_id': None, 'service_roles': []} {{(pid=80533) fill_context /opt/stack/keystone/keystone/server/flask/request_processing/middleware/auth_context.py:478}}
Aug 02 14:08:08.988296 n-d-708768-11 devstack@keystone.service[80533]: DEBUG keystone.server.flask.request_processing.req_logging [None req-f1dd0c4a-5d43-4590-a779-8af3b84edaa0 None admin] REQUEST_METHOD: `PUT` {{(pid=80533) log_request_info /opt/stack/keystone/keystone/server/flask/request_processing/req_logging.py:27}}
Aug 02 14:08:08.988605 n-d-708768-11 devstack@keystone.service[80533]: DEBUG keystone.server.flask.request_processing.req_logging [None req-f1dd0c4a-5d43-4590-a779-8af3b84edaa0 None admin] SCRIPT_NAME: `/identity` {{(pid=80533) log_request_info /opt/stack/keystone/keystone/server/flask/request_processing/req_logging.py:28}}
Aug 02 14:08:08.988884 n-d-708768-11 devstack@keystone.service[80533]: DEBUG keystone.server.flask.request_processing.req_logging [None req-f1dd0c4a-5d43-4590-a779-8af3b84edaa0 None admin] PATH_INFO: `/v3/system/users/3e2a14a3743c42c3be8bdde729c21112/roles/27b84555e57f47c8a7946490f8caafed` {{(pid=80533) log_request_info /opt/stack/keystone/keystone/server/flask/request_processing/req_logging.py:29}}
Aug 02 14:08:08.990379 n-d-708768-11 devstack@keystone.service[80533]: DEBUG keystone.common.rbac_enforcer.enforcer [None req-f1dd0c4a-5d43-4590-a779-8af3b84edaa0 None admin] RBAC: Authorizing `identity:create_system_grant_for_user(user_id=3e2a14a3743c42c3be8bdde729c21112, role_id=27b84555e57f47c8a7946490f8caafed)` {{(pid=80533) enforce_call /opt/stack/keystone/keystone/common/rbac_enforcer/enforcer.py:449}}
Aug 02 14:08:08.991513 n-d-708768-11 devstack@keystone.service[80532]: DEBUG keystone.server.flask.request_processing.middleware.auth_context [None req-2bf4e18f-0ec4-4148-a2f8-1f1543db0a76 None admin] Authenticating user token {{(pid=80532) process_request /usr/local/lib/python3.8/dist-packages/keystonemiddleware/auth_token/__init__.py:407}}
Aug 02 14:08:08.991885 n-d-708768-11 devstack@keystone.service[80533]: DEBUG keystone.common.rbac_enforcer.enforcer [None req-f1dd0c4a-5d43-4590-a779-8af3b84edaa0 None admin] RBAC: Authorization granted {{(pid=80533) enforce_call /opt/stack/keystone/keystone/common/rbac_enforcer/enforcer.py:457}}
Aug 02 14:08:09.000677 n-d-708768-11 devstack@keystone.service[80533]: [pid: 80533|app: 0|req: 167/333] 10.222.0.97 () {58 vars in 1334 bytes} [Tue Aug 2 14:08:08 2022] PUT /identity/v3/system/users/3e2a14a3743c42c3be8bdde729c21112/roles/27b84555e57f47c8a7946490f8caafed => generated 0 bytes in 167 msecs (HTTP/1.1 204) 3 headers in 132 bytes (0 switches on core 0)
Aug 02 14:08:09.115212 n-d-708768-11 devstack@keystone.service[80532]: DEBUG keystone.server.flask.request_processing.middleware.auth_context [None req-2bf4e18f-0ec4-4148-a2f8-1f1543db0a76 None admin] Validating token access rules against request {{(pid=80532) validate_allowed_request /usr/local/lib/python3.8/dist-packages/keystonemiddleware/auth_token/__init__.py:545}}
Aug 02 14:08:09.137196 n-d-708768-11 devstack@keystone.service[80532]: DEBUG dbcounter [-] [80532] Writing DB stats keystone:SELECT=100 {{(pid=80532) stat_writer /usr/local/lib/python3.8/dist-packages/dbcounter.py:114}}
Aug 02 14:08:09.157148 n-d-708768-11 devstack@keystone.service[80532]: DEBUG keystone.server.flask.request_processing.middleware.auth_context [None req-dd2541b8-218f-4391-bb7b-693be207a6ac None admin] RBAC: auth_context: {'token': , 'domain_id': None, 'trust_id': None, 'trustor_id': None, 'trustee_id': None, 'domain_name': None, 'group_ids': [], 'user_id': 'd33f800dcc674236a085d6272c51c6dc', 'user_domain_id': 'default', 'system_scope': 'all', 'project_id': None, 'project_domain_id': None, 'roles': ['admin', 'member', 'reader'], 'is_admin_project': True, 'service_user_id': None, 'service_user_domain_id': None, 'service_project_id': None, 'service_project_domain_id': None, 'service_roles': []} {{(pid=80532) fill_context /opt/stack/keystone/keystone/server/flask/request_processing/middleware/auth_context.py:478}}
Aug 02 14:08:09.157774 n-d-708768-11 devstack@keystone.service[80532]: DEBUG keystone.server.flask.request_processing.req_logging [None req-dd2541b8-218f-4391-bb7b-693be207a6ac None admin] REQUEST_METHOD: `GET` {{(pid=80532) log_request_info /opt/stack/keystone/keystone/server/flask/request_processing/req_logging.py:27}}
Aug 02 14:08:09.158055 n-d-708768-11 devstack@keystone.service[80532]: DEBUG keystone.server.flask.request_processing.req_logging [None req-dd2541b8-218f-4391-bb7b-693be207a6ac None admin] SCRIPT_NAME: `/identity` {{(pid=80532) log_request_info /opt/stack/keystone/keystone/server/flask/request_processing/req_logging.py:28}}
Aug 02 14:08:09.159456 n-d-708768-11 devstack@keystone.service[80532]: DEBUG keystone.server.flask.request_processing.req_logging [None req-dd2541b8-218f-4391-bb7b-693be207a6ac None admin] PATH_INFO: `/v3/role_assignments` {{(pid=80532) log_request_info /opt/stack/keystone/keystone/server/flask/request_processing/req_logging.py:29}}
Aug 02 14:08:09.160332 n-d-708768-11 devstack@keystone.service[80532]: DEBUG keystone.common.rbac_enforcer.enforcer [None req-dd2541b8-218f-4391-bb7b-693be207a6ac None admin] RBAC: Adding query filter params (role.id=5a9b4ff7bda94a2aba8c5fc6180c023c, user.id=8bc4264d8a40490db2364ab39fd6c007, scope.system=all) {{(pid=80532) _extract_filter_values /opt/stack/keystone/keystone/common/rbac_enforcer/enforcer.py:167}}
Aug 02 14:08:09.160642 n-d-708768-11 devstack@keystone.service[80532]: DEBUG keystone.common.rbac_enforcer.enforcer [None req-dd2541b8-218f-4391-bb7b-693be207a6ac None admin] RBAC: Authorizing `identity:list_role_assignments()` {{(pid=80532) enforce_call /opt/stack/keystone/keystone/common/rbac_enforcer/enforcer.py:449}}
Aug 02 14:08:09.162101 n-d-708768-11 devstack@keystone.service[80532]: DEBUG keystone.common.rbac_enforcer.enforcer [None req-dd2541b8-218f-4391-bb7b-693be207a6ac None admin] RBAC: Authorization granted {{(pid=80532) enforce_call /opt/stack/keystone/keystone/common/rbac_enforcer/enforcer.py:457}}
Aug 02 14:08:09.175225 n-d-708768-11 devstack@keystone.service[80532]: [pid: 80532|app: 0|req: 167/334] 10.222.0.97 () {56 vars in 1308 bytes} [Tue Aug 2 14:08:08 2022] GET /identity/v3/role_assignments?user.id=8bc4264d8a40490db2364ab39fd6c007&scope.system=all&role.id=5a9b4ff7bda94a2aba8c5fc6180c023c => generated 510 bytes in 184 msecs (HTTP/1.1 200) 5 headers in 177 bytes (2 switches on core 0)
Aug 02 14:08:11.066843 n-d-708768-11 devstack@keystone.service[80533]: DEBUG keystone.server.flask.request_processing.req_logging [None req-4897c7a2-5c04-482a-8732-c5d5e740fae1 None None] REQUEST_METHOD: `GET` {{(pid=80533) log_request_info /opt/stack/keystone/keystone/server/flask/request_processing/req_logging.py:27}}
Aug 02 14:08:11.067355 n-d-708768-11 devstack@keystone.service[80533]: DEBUG keystone.server.flask.request_processing.req_logging [None req-4897c7a2-5c04-482a-8732-c5d5e740fae1 None None] SCRIPT_NAME: `/identity` {{(pid=80533) log_request_info /opt/stack/keystone/keystone/server/flask/request_processing/req_logging.py:28}}
Aug 02 14:08:11.067430 n-d-708768-11 devstack@keystone.service[80533]: DEBUG keystone.server.flask.request_processing.req_logging [None req-4897c7a2-5c04-482a-8732-c5d5e740fae1 None None] PATH_INFO: `/` {{(pid=80533) log_request_info /opt/stack/keystone/keystone/server/flask/request_processing/req_logging.py:29}}
