Jul 22 11:06:20.640122 n-d-705792-11 neutron-server[93896]: DEBUG neutron.api.rpc.handlers.resources_rpc [None req-3b357f0c-c8be-49e2-9b5d-60c876bc237b admin admin] Pushing event updated for resources: {'Port': ['ID=bad1c5d9-6afa-4d09-a595-ee322e44ef4b,revision_number=1']} {{(pid=93896) push /opt/stack/neutron/neutron/api/rpc/handlers/resources_rpc.py:237}}
Jul 22 11:06:20.642671 n-d-705792-11 neutron-server[93897]: DEBUG neutron_lib.callbacks.manager [req-338fa8b4-2921-41df-b695-b46a5db993b7 req-9b24152d-0240-45b6-a39a-6bf6f28ea95b tempest-ServersAdminTestJSON-958902928 tempest-ServersAdminTestJSON-958902928-project] Notify callbacks ['neutron.plugins.ml2.plugin.SecurityGroupServerNotifierRpcMixin._notify_sg_on_port_change-559783', 'neutron.plugins.ml2.ovo_rpc._ObjectChangeHandler.handle_event-134950', 'neutron.api.rpc.agentnotifiers.dhcp_rpc_agent_api.DhcpAgentNotifyAPI._native_event_send_dhcp_notification-1582538', 'neutron.db.l3_dvrscheduler_db._notify_l3_agent_new_port-8756369297300'] for port, after_create {{(pid=93897) _notify_loop /usr/local/lib/python3.8/dist-packages/neutron_lib/callbacks/manager.py:192}}
Jul 22 11:06:20.654958 n-d-705792-11 neutron-server[93898]: DEBUG neutron_lib.callbacks.manager [None req-0efeaa1d-a394-4896-a214-c88e4bd0f376 None None] Notify callbacks ['neutron.plugins.ml2.plugin.SecurityGroupServerNotifierRpcMixin._notify_sg_on_port_change-559783', 'neutron.plugins.ml2.ovo_rpc._ObjectChangeHandler.handle_event-134950', 'neutron.api.rpc.agentnotifiers.dhcp_rpc_agent_api.DhcpAgentNotifyAPI._native_event_send_dhcp_notification-1582538', 'neutron.db.l3_db.L3RpcNotifierMixin._notify_gateway_port_ip_changed-8756369698106', 'neutron.db.l3_dvrscheduler_db._notify_l3_agent_port_update-8756369297318', 'neutron.db.l3_hascheduler_db._notify_l3_agent_ha_port_update-8756369297336'] for port, after_update {{(pid=93898) _notify_loop /usr/local/lib/python3.8/dist-packages/neutron_lib/callbacks/manager.py:192}}
Jul 22 11:06:20.766240 n-d-705792-11 neutron-server[93896]: DEBUG neutron.wsgi [-] (93896) accepted ('10.222.0.13', 54012) {{(pid=93896) server /usr/local/lib/python3.8/dist-packages/eventlet/wsgi.py:982}}
Jul 22 11:06:20.792028 n-d-705792-11 neutron-server[93896]: DEBUG neutron_lib.callbacks.manager [None req-5b7087f0-de5d-43d0-b536-c0c5cf83c202 admin admin] Notify callbacks [] for security_group, before_create {{(pid=93896) _notify_loop /usr/local/lib/python3.8/dist-packages/neutron_lib/callbacks/manager.py:192}}
Jul 22 11:06:20.819421 n-d-705792-11 neutron-server[93898]: DEBUG neutron.plugins.ml2.managers [None req-12276a58-33ca-4754-8dac-4a849da4fc28 None None] Attempting to bind port 3bf4d623-52e0-42a8-809d-b3932c1f817a on host n-d-705792-11 for vnic_type normal with profile {{(pid=93898) bind_port /opt/stack/neutron/neutron/plugins/ml2/managers.py:790}}
Jul 22 11:06:20.819809 n-d-705792-11 neutron-server[93898]: DEBUG neutron.plugins.ml2.managers [None req-12276a58-33ca-4754-8dac-4a849da4fc28 None None] Attempting to bind port 3bf4d623-52e0-42a8-809d-b3932c1f817a by drivers openvswitch,hyperv on host n-d-705792-11 at level 0 using segments [{'id': '55e07d2f-5dcb-4d7e-988d-b60280cc46f4', 'network_type': 'vlan', 'physical_network': 'physnet1', 'segmentation_id': 61, 'network_id': 'b22f3ec3-6f87-4b35-9f41-3232fbadafe7'}] {{(pid=93898) _bind_port_level /opt/stack/neutron/neutron/plugins/ml2/managers.py:815}}
Jul 22 11:06:20.820179 n-d-705792-11 neutron-server[93898]: DEBUG neutron.plugins.ml2.drivers.mech_agent [None req-12276a58-33ca-4754-8dac-4a849da4fc28 None None] Attempting to bind port 3bf4d623-52e0-42a8-809d-b3932c1f817a on network b22f3ec3-6f87-4b35-9f41-3232fbadafe7 {{(pid=93898) bind_port /opt/stack/neutron/neutron/plugins/ml2/drivers/mech_agent.py:85}}
Jul 22 11:06:20.847927 n-d-705792-11 neutron-server[93898]: DEBUG neutron.db.provisioning_blocks [None req-c80fbd67-cce0-4716-a9b0-263384678de0 None None] Provisioning for port 2eec24a3-26eb-42bd-b46d-ecb1dedf7871 completed by entity DHCP. {{(pid=93898) provisioning_complete /opt/stack/neutron/neutron/db/provisioning_blocks.py:133}}
Jul 22 11:06:20.850864 n-d-705792-11 neutron-server[93898]: DEBUG neutron.api.rpc.handlers.resources_rpc [None req-0efeaa1d-a394-4896-a214-c88e4bd0f376 None None] Pushing event updated for resources: {'Port': ['ID=59c39245-56c0-46e4-916b-4e9f9909441e,revision_number=3']} {{(pid=93898) push /opt/stack/neutron/neutron/api/rpc/handlers/resources_rpc.py:237}}
Jul 22 11:06:20.853854 n-d-705792-11 neutron-server[93898]: DEBUG neutron.plugins.ml2.drivers.mech_agent [None req-12276a58-33ca-4754-8dac-4a849da4fc28 None None] Checking agent: {'id': '54800e6a-f924-4c34-85c6-eb40656ea4e1', 'agent_type': 'Open vSwitch agent', 'binary': 'neutron-openvswitch-agent', 'topic': 'N/A', 'host': 'n-d-705792-11', 'admin_state_up': True, 'created_at': datetime.datetime(2021, 7, 22, 10, 55, 47), 'started_at': datetime.datetime(2021, 7, 22, 10, 56, 17), 'heartbeat_timestamp': datetime.datetime(2021, 7, 22, 11, 6, 17), 'description': None, 'resources_synced': None, 'availability_zone': None, 'alive': True, 'configurations': {'arp_responder_enabled': False, 'baremetal_smartnic': False, 'bridge_mappings': {'physnet1': 'br-data'}, 'datapath_type': 'system', 'devices': 0, 'enable_distributed_routing': False, 'extensions': [], 'in_distributed_mode': False, 'integration_bridge': 'br-int', 'l2_population': False, 'log_agent_heartbeats': False, 'ovs_capabilities': {'datapath_types': ['netdev', 'system'], 'iface_types': ['erspan', 'geneve', 'gre', 'internal', 'ip6erspan', 'ip6gre', 'lisp', 'patch', 'stt', 'system', 'tap', 'vxlan']}, 'ovs_hybrid_plug': False, 'resource_provider_bandwidths': {}, 'resource_provider_hypervisors': {'br-data': 'n-d-705792-11'}, 'resource_provider_inventory_defaults': {'allocation_ratio': 1.0, 'min_unit': 1, 'step_size': 1, 'reserved': 0}, 'tunnel_types': [], 'tunneling_ip': None, 'vhostuser_socket_dir': '/var/run/openvswitch'}, 'resource_versions': {'AddressGroup': '1.2', 'ConntrackHelper': '1.0', 'Log': '1.0', 'Network': '1.1', 'Port': '1.7', 'PortForwarding': '1.2', 'QosPolicy': '1.8', 'SecurityGroup': '1.4', 'SecurityGroupRule': '1.2', 'SubPort': '1.0', 'Subnet': '1.1', 'Trunk': '1.1'}} {{(pid=93898) bind_port /opt/stack/neutron/neutron/plugins/ml2/drivers/mech_agent.py:104}}
Jul 22 11:06:20.854242 n-d-705792-11 neutron-server[93898]: DEBUG neutron.plugins.ml2.drivers.mech_agent [None req-12276a58-33ca-4754-8dac-4a849da4fc28 None None] Checking segment: {'id': '55e07d2f-5dcb-4d7e-988d-b60280cc46f4', 'network_type': 'vlan', 'physical_network': 'physnet1', 'segmentation_id': 61, 'network_id': 'b22f3ec3-6f87-4b35-9f41-3232fbadafe7'} for mappings: {'physnet1': 'br-data'} with network types: ['local', 'flat', 'vlan'] {{(pid=93898) check_segment_for_agent /opt/stack/neutron/neutron/plugins/ml2/drivers/mech_agent.py:352}}
Jul 22 11:06:20.854652 n-d-705792-11 neutron-server[93898]: DEBUG neutron_lib.callbacks.manager [None req-12276a58-33ca-4754-8dac-4a849da4fc28 None None] Notify callbacks [] for ovs_bridge_name, before_read {{(pid=93898) _notify_loop /usr/local/lib/python3.8/dist-packages/neutron_lib/callbacks/manager.py:192}}
Jul 22 11:06:20.855046 n-d-705792-11 neutron-server[93898]: DEBUG neutron.plugins.ml2.drivers.mech_agent [None req-12276a58-33ca-4754-8dac-4a849da4fc28 None None] Bound using segment: {'id': '55e07d2f-5dcb-4d7e-988d-b60280cc46f4', 'network_type': 'vlan', 'physical_network': 'physnet1', 'segmentation_id': 61, 'network_id': 'b22f3ec3-6f87-4b35-9f41-3232fbadafe7'} {{(pid=93898) bind_port /opt/stack/neutron/neutron/plugins/ml2/drivers/mech_agent.py:114}}
Jul 22 11:06:20.855574 n-d-705792-11 neutron-server[93898]: DEBUG neutron.plugins.ml2.managers [None req-12276a58-33ca-4754-8dac-4a849da4fc28 None None] Bound port: 3bf4d623-52e0-42a8-809d-b3932c1f817a, host: n-d-705792-11, vif_type: ovs, vif_details: {"connectivity": "l2", "port_filter": true, "ovs_hybrid_plug": false, "datapath_type": "system", "bridge_name": "br-int"}, binding_levels: [{'bound_driver': 'openvswitch', 'bound_segment': {'id': '55e07d2f-5dcb-4d7e-988d-b60280cc46f4', 'network_type': 'vlan', 'physical_network': 'physnet1', 'segmentation_id': 61, 'network_id': 'b22f3ec3-6f87-4b35-9f41-3232fbadafe7'}}] {{(pid=93898) _bind_port_level /opt/stack/neutron/neutron/plugins/ml2/managers.py:928}}
Jul 22 11:06:20.856004 n-d-705792-11 neutron-server[93898]: DEBUG neutron_lib.callbacks.manager [None req-12276a58-33ca-4754-8dac-4a849da4fc28 None None] Notify callbacks ['neutron.plugins.ml2.plugin.SecurityGroupDbMixin._ensure_default_security_group_handler-561408'] for port, before_update {{(pid=93898) _notify_loop /usr/local/lib/python3.8/dist-packages/neutron_lib/callbacks/manager.py:192}}
Jul 22 11:06:20.868605 n-d-705792-11 neutron-server[93898]: DEBUG neutron.db.provisioning_blocks [None req-c80fbd67-cce0-4716-a9b0-263384678de0 None None] Provisioning complete for port 2eec24a3-26eb-42bd-b46d-ecb1dedf7871 triggered by entity DHCP. {{(pid=93898) provisioning_complete /opt/stack/neutron/neutron/db/provisioning_blocks.py:139}}
Jul 22 11:06:20.868983 n-d-705792-11 neutron-server[93898]: DEBUG neutron_lib.callbacks.manager [None req-c80fbd67-cce0-4716-a9b0-263384678de0 None None] Notify callbacks ['neutron.plugins.ml2.plugin.Ml2Plugin._port_provisioned-1386681'] for port, provisioning_complete {{(pid=93898) _notify_loop /usr/local/lib/python3.8/dist-packages/neutron_lib/callbacks/manager.py:192}}
Jul 22 11:06:20.899428 n-d-705792-11 neutron-server[93897]: DEBUG neutron.scheduler.dhcp_agent_scheduler [req-338fa8b4-2921-41df-b695-b46a5db993b7 req-9b24152d-0240-45b6-a39a-6bf6f28ea95b tempest-ServersAdminTestJSON-958902928 tempest-ServersAdminTestJSON-958902928-project] Network a141f05a-a78a-489a-84d0-b06d7c53af7f is already hosted by enough agents. {{(pid=93897) _get_dhcp_agents_hosting_network /opt/stack/neutron/neutron/scheduler/dhcp_agent_scheduler.py:275}}
Jul 22 11:06:20.941559 n-d-705792-11 neutron-server[93898]: DEBUG neutron.db.l3_hamode_db [None req-39eb05ae-f355-4409-9e00-41c5745941ab None None] neutron.services.l3_router.l3_router_plugin.L3RouterPlugin method _process_sync_ha_data called with arguments (, [{'id': 'ec465c18-ebc3-46f9-be3c-c283a1ce2541', 'name': 'tempest-FloatingIPsAssociationNegativeTestJSON-1611040180-router', 'tenant_id': '70af2d22dec9406e8942893a0aecb24a', 'admin_state_up': True, 'status': 'ACTIVE', 'external_gateway_info': {'network_id': 'b526411e-ef62-4470-bda1-abca49335161', 'external_fixed_ips': [{'subnet_id': '705f6813-ed27-4d5f-8d91-7fa2ae9b1db6', 'ip_address': '172.25.4.139'}], 'enable_snat': True}, 'gw_port_id': '58bc6234-26a3-45da-ac0d-d89515c679bb', 'description': '', 'availability_zones': ['nova'], 'distributed': False, 'ha': False, 'ha_vr_id': 0, 'availability_zone_hints': [], 'routes': [], 'flavor_id': None, 'tags': [], 'created_at': '2021-07-22T11:06:09Z', 'updated_at': '2021-07-22T11:06:16Z', 'revision_number': 4, 'project_id': '70af2d22dec9406e8942893a0aecb24a', 'gw_port': {'id': '58bc6234-26a3-45da-ac0d-d89515c679bb', 'name': '', 'network_id': 'b526411e-ef62-4470-bda1-abca49335161', 'tenant_id': '', 'mac_address': 'fa:16:3e:a1:d0:6f', 'admin_state_up': True, 'status': 'ACTIVE', 'device_id': 'ec465c18-ebc3-46f9-be3c-c283a1ce2541', 'device_owner': 'network:router_gateway', 'standard_attr_id': 328, 'fixed_ips': [{'subnet_id': '705f6813-ed27-4d5f-8d91-7fa2ae9b1db6', 'ip_address': '172.25.4.139', 'prefixlen': 24}], 'allowed_address_pairs': [], 'extra_dhcp_opts': [], 'security_groups': [], 'description': '', 'binding:vnic_type': 'normal', 'binding:profile': {}, 'binding:host_id': 'n-d-705792-11', 'binding:vif_type': 'ovs', 'binding:vif_details': {'connectivity': 'l2', 'port_filter': True, 'ovs_hybrid_plug': False, 'datapath_type': 'system', 'bridge_name': 'br-int'}, 'port_security_enabled': False, 'tags': [], 'created_at': '2021-07-22T11:06:10Z', 'updated_at': '2021-07-22T11:06:18Z', 'revision_number': 4, 'project_id': '', 'subnets': [{'id': '705f6813-ed27-4d5f-8d91-7fa2ae9b1db6', 'cidr': '172.25.4.0/24', 'gateway_ip': '172.25.4.1', 'dns_nameservers': [], 'ipv6_ra_mode': None, 'subnetpool_id': None}], 'extra_subnets': [], 'address_scopes': {4: None, 6: None}, 'mtu': 1500}, 'enable_snat': True, 'gw_port_host': 'n-d-705792-11', '_interfaces': [{'id': 'fad776cd-2050-4685-a9b6-0753b4fb901c', 'name': '', 'network_id': 'b6141248-4c18-4a2c-90c5-7d2d90178fa8', 'tenant_id': '70af2d22dec9406e8942893a0aecb24a', 'mac_address': 'fa:16:3e:8b:27:44', 'admin_state_up': True, 'status': 'DOWN', 'device_id': 'ec465c18-ebc3-46f9-be3c-c283a1ce2541', 'device_owner': 'network:router_interface', 'standard_attr_id': 342, 'fixed_ips': [{'subnet_id': 'b39ea330-fae1-4c43-98d0-d75e58589728', 'ip_address': '172.20.0.1', 'prefixlen': 28}], 'allowed_address_pairs': [], 'extra_dhcp_opts': [], 'security_groups': [], 'description': '', 'binding:vnic_type': 'normal', 'binding:profile': {}, 'binding:host_id': '', 'binding:vif_type': 'unbound', 'binding:vif_details': {}, 'port_security_enabled': False, 'tags': [], 'created_at': '2021-07-22T11:06:15Z', 'updated_at': '2021-07-22T11:06:16Z', 'revision_number': 2, 'project_id': '70af2d22dec9406e8942893a0aecb24a', 'subnets': [{'id': 'b39ea330-fae1-4c43-98d0-d75e58589728', 'cidr': '172.20.0.0/28', 'gateway_ip': '172.20.0.1', 'dns_nameservers': [], 'ipv6_ra_mode': None, 'subnetpool_id': None}], 'extra_subnets': [], 'address_scopes': {4: None, 6: None}, 'mtu': 1500}]}], 'n-d-705792-11', False) {} {{(pid=93898) wrapper /usr/local/lib/python3.8/dist-packages/oslo_log/helpers.py:65}}
Jul 22 11:06:20.960371 n-d-705792-11 neutron-server[93897]: DEBUG neutron.scheduler.base_scheduler [req-338fa8b4-2921-41df-b695-b46a5db993b7 req-9b24152d-0240-45b6-a39a-6bf6f28ea95b tempest-ServersAdminTestJSON-958902928 tempest-ServersAdminTestJSON-958902928-project] Resources bound (agent type, host, resource id): {{(pid=93897) schedule /opt/stack/neutron/neutron/scheduler/base_scheduler.py:57}}
Jul 22 11:06:20.976304 n-d-705792-11 neutron-server[93897]: DEBUG neutron.db.l3_dvrscheduler_db [req-338fa8b4-2921-41df-b695-b46a5db993b7 req-9b24152d-0240-45b6-a39a-6bf6f28ea95b tempest-ServersAdminTestJSON-958902928 tempest-ServersAdminTestJSON-958902928-project] Received port after_create {{(pid=93897) _notify_l3_agent_new_port /opt/stack/neutron/neutron/db/l3_dvrscheduler_db.py:535}}
Jul 22 11:06:20.981493 n-d-705792-11 neutron-server[93896]: DEBUG neutron_lib.callbacks.manager [None req-3b357f0c-c8be-49e2-9b5d-60c876bc237b admin admin] Notify callbacks [] for router_gateway, after_create {{(pid=93896) _notify_loop /usr/local/lib/python3.8/dist-packages/neutron_lib/callbacks/manager.py:192}}
Jul 22 11:06:20.984327 n-d-705792-11 neutron-server[93897]: DEBUG neutron.pecan_wsgi.hooks.policy_enforcement [req-338fa8b4-2921-41df-b695-b46a5db993b7 req-9b24152d-0240-45b6-a39a-6bf6f28ea95b tempest-ServersAdminTestJSON-958902928 tempest-ServersAdminTestJSON-958902928-project] Attributes excluded by policy engine: ['standard_attr_id', 'binding:profile', 'binding:host_id', 'binding:vif_type', 'binding:vif_details', 'network'] {{(pid=93897) _exclude_attributes_by_policy /opt/stack/neutron/neutron/pecan_wsgi/hooks/policy_enforcement.py:255}}
Jul 22 11:06:20.985265 n-d-705792-11 neutron-server[93897]: DEBUG neutron_lib.callbacks.manager [req-338fa8b4-2921-41df-b695-b46a5db993b7 req-9b24152d-0240-45b6-a39a-6bf6f28ea95b tempest-ServersAdminTestJSON-958902928 tempest-ServersAdminTestJSON-958902928-project] Notify callbacks ['neutron.notifiers.nova.Notifier._send_nova_notification-203523'] for port, before_response {{(pid=93897) _notify_loop /usr/local/lib/python3.8/dist-packages/neutron_lib/callbacks/manager.py:192}}
Jul 22 11:06:20.992750 n-d-705792-11 neutron-server[93898]: DEBUG neutron.plugins.ml2.plugin [None req-c80fbd67-cce0-4716-a9b0-263384678de0 None None] Port 2eec24a3-26eb-42bd-b46d-ecb1dedf7871 cannot update to ACTIVE because it is not bound. {{(pid=93898) _port_provisioned /opt/stack/neutron/neutron/plugins/ml2/plugin.py:337}}
Jul 22 11:06:20.999975 n-d-705792-11 neutron-server[93898]: DEBUG neutron.api.rpc.handlers.l3_rpc [None req-39eb05ae-f355-4409-9e00-41c5745941ab None None] Checking router: ec465c18-ebc3-46f9-be3c-c283a1ce2541 for host: n-d-705792-11 {{(pid=93898) _ensure_host_set_on_ports /opt/stack/neutron/neutron/api/rpc/handlers/l3_rpc.py:155}}
Jul 22 11:06:21.000577 n-d-705792-11 neutron-server[93898]: DEBUG neutron.api.rpc.handlers.l3_rpc [None req-39eb05ae-f355-4409-9e00-41c5745941ab None None] Updating router ec465c18-ebc3-46f9-be3c-c283a1ce2541 port fad776cd-2050-4685-a9b6-0753b4fb901c binding host n-d-705792-11 {{(pid=93898) _ensure_host_set_on_port /opt/stack/neutron/neutron/api/rpc/handlers/l3_rpc.py:205}}
Jul 22 11:06:21.055864 n-d-705792-11 neutron-server[93897]: DEBUG neutron.api.rpc.handlers.resources_rpc [None req-9b24152d-0240-45b6-a39a-6bf6f28ea95b tempest-ServersAdminTestJSON-958902928 tempest-ServersAdminTestJSON-958902928-project] Pushing event updated for resources: {'Port': ['ID=41bea270-9e35-4029-9968-ff55ad17a715,revision_number=1']} {{(pid=93897) push /opt/stack/neutron/neutron/api/rpc/handlers/resources_rpc.py:237}}
Jul 22 11:06:21.078084 n-d-705792-11 neutron-server[93898]: DEBUG neutron.plugins.ml2.db [None req-12276a58-33ca-4754-8dac-4a849da4fc28 None None] For port 3bf4d623-52e0-42a8-809d-b3932c1f817a, host n-d-705792-11, cleared binding levels {{(pid=93898) clear_binding_levels /opt/stack/neutron/neutron/plugins/ml2/db.py:87}}
Jul 22 11:06:21.081968 n-d-705792-11 neutron-server[93897]: DEBUG neutron.pecan_wsgi.hooks.policy_enforcement [req-2de29331-018d-4da7-9418-6aa148dd18c5 req-f9a51d6b-53cd-411d-ae28-7697cbca4598 tempest-LiveMigrationTest-1020602371 tempest-LiveMigrationTest-1020602371-project] Attributes excluded by policy engine: ['standard_attr_id', 'binding:profile', 'binding:host_id', 'binding:vif_type', 'binding:vif_details'] {{(pid=93897) _exclude_attributes_by_policy /opt/stack/neutron/neutron/pecan_wsgi/hooks/policy_enforcement.py:255}}
Jul 22 11:06:21.083603 n-d-705792-11 neutron-server[93897]: INFO neutron.wsgi [req-2de29331-018d-4da7-9418-6aa148dd18c5 req-f9a51d6b-53cd-411d-ae28-7697cbca4598 tempest-LiveMigrationTest-1020602371 tempest-LiveMigrationTest-1020602371-project] 10.222.0.13 "GET /v2.0/ports?device_id=9a1286c1-10f8-4909-b851-f2e3b477dc65 HTTP/1.1" status: 200 len: 946 time: 0.7344658
Jul 22 11:06:21.086765 n-d-705792-11 neutron-server[93898]: DEBUG neutron.plugins.ml2.db [None req-12276a58-33ca-4754-8dac-4a849da4fc28 None None] For port 3bf4d623-52e0-42a8-809d-b3932c1f817a, host n-d-705792-11, set binding levels [PortBindingLevel(driver='openvswitch',host='n-d-705792-11',level=0,port_id=3bf4d623-52e0-42a8-809d-b3932c1f817a,segment=NetworkSegment(55e07d2f-5dcb-4d7e-988d-b60280cc46f4),segment_id=55e07d2f-5dcb-4d7e-988d-b60280cc46f4)] {{(pid=93898) set_binding_levels /opt/stack/neutron/neutron/plugins/ml2/db.py:59}}
Jul 22 11:06:21.092494 n-d-705792-11 neutron-server[93898]: DEBUG neutron_lib.callbacks.manager [None req-39eb05ae-f355-4409-9e00-41c5745941ab None None] Notify callbacks ['neutron.plugins.ml2.plugin.SecurityGroupDbMixin._ensure_default_security_group_handler-561408'] for port, before_update {{(pid=93898) _notify_loop /usr/local/lib/python3.8/dist-packages/neutron_lib/callbacks/manager.py:192}}
Jul 22 11:06:21.111146 n-d-705792-11 neutron-server[93898]: DEBUG neutron_lib.callbacks.manager [None req-12276a58-33ca-4754-8dac-4a849da4fc28 None None] Notify callbacks ['neutron.plugins.ml2.plugin.SecurityGroupServerNotifierRpcMixin._notify_sg_on_port_change-559783', 'neutron.plugins.ml2.ovo_rpc._ObjectChangeHandler.handle_event-134950', 'neutron.api.rpc.agentnotifiers.dhcp_rpc_agent_api.DhcpAgentNotifyAPI._native_event_send_dhcp_notification-1582538', 'neutron.db.l3_db.L3RpcNotifierMixin._notify_gateway_port_ip_changed-8756369698106', 'neutron.db.l3_dvrscheduler_db._notify_l3_agent_port_update-8756369297318', 'neutron.db.l3_hascheduler_db._notify_l3_agent_ha_port_update-8756369297336'] for port, after_update {{(pid=93898) _notify_loop /usr/local/lib/python3.8/dist-packages/neutron_lib/callbacks/manager.py:192}}
Jul 22 11:06:21.165768 n-d-705792-11 neutron-server[93897]: INFO neutron.wsgi [req-a818eeb0-d0ee-4e14-af36-211dace6ad63 req-27471915-4e21-4984-9ad4-73e401a1bd3b tempest-FloatingIPsAssociationNegativeTestJSON-720122853 tempest-FloatingIPsAssociationNegativeTestJSON-720122853-project] 10.222.0.13 "GET /v2.0/ports?tenant_id=70af2d22dec9406e8942893a0aecb24a&fields=id HTTP/1.1" status: 200 len: 302 time: 0.8216908
Jul 22 11:06:21.218256 n-d-705792-11 neutron-server[93897]: DEBUG neutron_lib.callbacks.manager [None req-83125342-afad-450c-a7b9-91655142b781 admin admin] Notify callbacks [] for router_gateway, after_create {{(pid=93897) _notify_loop /usr/local/lib/python3.8/dist-packages/neutron_lib/callbacks/manager.py:192}}
Jul 22 11:06:21.349143 n-d-705792-11 neutron-server[93898]: DEBUG neutron.api.rpc.handlers.resources_rpc [None req-12276a58-33ca-4754-8dac-4a849da4fc28 None None] Pushing event updated for resources: {'Port': ['ID=3bf4d623-52e0-42a8-809d-b3932c1f817a,revision_number=2']} {{(pid=93898) push /opt/stack/neutron/neutron/api/rpc/handlers/resources_rpc.py:237}}
Jul 22 11:06:21.382418 n-d-705792-11 neutron-server[93898]: DEBUG neutron.db.provisioning_blocks [None req-379fb33f-4edc-48a0-aad9-082901b0846a None None] Provisioning complete for port 59c39245-56c0-46e4-916b-4e9f9909441e triggered by entity DHCP. {{(pid=93898) provisioning_complete /opt/stack/neutron/neutron/db/provisioning_blocks.py:139}}
Jul 22 11:06:21.383008 n-d-705792-11 neutron-server[93898]: DEBUG neutron_lib.callbacks.manager [None req-379fb33f-4edc-48a0-aad9-082901b0846a None None] Notify callbacks ['neutron.plugins.ml2.plugin.Ml2Plugin._port_provisioned-1386681'] for port, provisioning_complete {{(pid=93898) _notify_loop /usr/local/lib/python3.8/dist-packages/neutron_lib/callbacks/manager.py:192}}
Jul 22 11:06:21.422828 n-d-705792-11 neutron-server[93896]: DEBUG neutron_lib.callbacks.manager [None req-5b7087f0-de5d-43d0-b536-c0c5cf83c202 admin admin] Notify callbacks [] for security_group, precommit_create {{(pid=93896) _notify_loop /usr/local/lib/python3.8/dist-packages/neutron_lib/callbacks/manager.py:192}}
Jul 22 11:06:21.429982 n-d-705792-11 neutron-server[93896]: DEBUG neutron_lib.callbacks.manager [None req-5b7087f0-de5d-43d0-b536-c0c5cf83c202 admin admin] Notify callbacks ['neutron.plugins.ml2.ovo_rpc._ObjectChangeHandler.handle_event-292504'] for security_group, after_create {{(pid=93896) _notify_loop /usr/local/lib/python3.8/dist-packages/neutron_lib/callbacks/manager.py:192}}
Jul 22 11:06:21.495571 n-d-705792-11 neutron-server[93896]: INFO neutron.wsgi [None req-5b7087f0-de5d-43d0-b536-c0c5cf83c202 admin admin] 10.222.0.13 "GET /v2.0/security-groups?tenant_id=b4a9e707e0504ac488595df1fa5ac755&name=default HTTP/1.1" status: 200 len: 2979 time: 0.7247016
Jul 22 11:06:21.495975 n-d-705792-11 neutron-server[93896]: DEBUG neutron.api.rpc.handlers.resources_rpc [None req-5b7087f0-de5d-43d0-b536-c0c5cf83c202 admin admin] Pushing event updated for resources: {'SecurityGroup': ['ID=b7fb9892-1d49-4025-b3ac-4b63467c80c1,revision_number=1']} {{(pid=93896) push /opt/stack/neutron/neutron/api/rpc/handlers/resources_rpc.py:237}}
Jul 22 11:06:21.499563 n-d-705792-11 neutron-server[93896]: DEBUG neutron.wsgi [-] (93896) accepted ('10.222.0.13', 54016) {{(pid=93896) server /usr/local/lib/python3.8/dist-packages/eventlet/wsgi.py:982}}
Jul 22 11:06:21.600459 n-d-705792-11 neutron-server[93896]: DEBUG neutron.api.rpc.callbacks.version_manager [None req-5b7087f0-de5d-43d0-b536-c0c5cf83c202 admin admin] Version for resource type AddressGroup changed None to 1.2 on consumer Open vSwitch agent@n-d-705792-11 {{(pid=93896) _set_version /opt/stack/neutron/neutron/api/rpc/callbacks/version_manager.py:113}}
Jul 22 11:06:21.600817 n-d-705792-11 neutron-server[93896]: DEBUG neutron.api.rpc.callbacks.version_manager [None req-5b7087f0-de5d-43d0-b536-c0c5cf83c202 admin admin] Version for resource type ConntrackHelper changed None to 1.0 on consumer Open vSwitch agent@n-d-705792-11 {{(pid=93896) _set_version /opt/stack/neutron/neutron/api/rpc/callbacks/version_manager.py:113}}
Jul 22 11:06:21.601147 n-d-705792-11 neutron-server[93896]: DEBUG neutron.api.rpc.callbacks.version_manager [None req-5b7087f0-de5d-43d0-b536-c0c5cf83c202 admin admin] Version for resource type Log changed None to 1.0 on consumer Open vSwitch agent@n-d-705792-11 {{(pid=93896) _set_version /opt/stack/neutron/neutron/api/rpc/callbacks/version_manager.py:113}}
Jul 22 11:06:21.601487 n-d-705792-11 neutron-server[93896]: DEBUG neutron.api.rpc.callbacks.version_manager [None req-5b7087f0-de5d-43d0-b536-c0c5cf83c202 admin admin] Version for resource type Network changed None to 1.1 on consumer Open vSwitch agent@n-d-705792-11 {{(pid=93896) _set_version /opt/stack/neutron/neutron/api/rpc/callbacks/version_manager.py:113}}
Jul 22 11:06:21.601823 n-d-705792-11 neutron-server[93896]: DEBUG neutron.api.rpc.callbacks.version_manager [None req-5b7087f0-de5d-43d0-b536-c0c5cf83c202 admin admin] Version for resource type Port changed None to 1.7 on consumer Open vSwitch agent@n-d-705792-11 {{(pid=93896) _set_version /opt/stack/neutron/neutron/api/rpc/callbacks/version_manager.py:113}}
Jul 22 11:06:21.602154 n-d-705792-11 neutron-server[93896]: DEBUG neutron.api.rpc.callbacks.version_manager [None req-5b7087f0-de5d-43d0-b536-c0c5cf83c202 admin admin] Version for resource type PortForwarding changed None to 1.2 on consumer Open vSwitch agent@n-d-705792-11 {{(pid=93896) _set_version /opt/stack/neutron/neutron/api/rpc/callbacks/version_manager.py:113}}
Jul 22 11:06:21.602488 n-d-705792-11 neutron-server[93896]: DEBUG neutron.api.rpc.callbacks.version_manager [None req-5b7087f0-de5d-43d0-b536-c0c5cf83c202 admin admin] Version for resource type QosPolicy changed None to 1.8 on consumer Open vSwitch agent@n-d-705792-11 {{(pid=93896) _set_version /opt/stack/neutron/neutron/api/rpc/callbacks/version_manager.py:113}}
Jul 22 11:06:21.602818 n-d-705792-11 neutron-server[93896]: DEBUG neutron.api.rpc.callbacks.version_manager [None req-5b7087f0-de5d-43d0-b536-c0c5cf83c202 admin admin] Version for resource type SecurityGroup changed None to 1.4 on consumer Open vSwitch agent@n-d-705792-11 {{(pid=93896) _set_version /opt/stack/neutron/neutron/api/rpc/callbacks/version_manager.py:113}}
Jul 22 11:06:21.603716 n-d-705792-11 neutron-server[93896]: DEBUG neutron.api.rpc.callbacks.version_manager [None req-5b7087f0-de5d-43d0-b536-c0c5cf83c202 admin admin] Version for resource type SecurityGroupRule changed None to 1.2 on consumer Open vSwitch agent@n-d-705792-11 {{(pid=93896) _set_version /opt/stack/neutron/neutron/api/rpc/callbacks/version_manager.py:113}}
Jul 22 11:06:21.603716 n-d-705792-11 neutron-server[93896]: DEBUG neutron.api.rpc.callbacks.version_manager [None req-5b7087f0-de5d-43d0-b536-c0c5cf83c202 admin admin] Version for resource type SubPort changed None to 1.0 on consumer Open vSwitch agent@n-d-705792-11 {{(pid=93896) _set_version /opt/stack/neutron/neutron/api/rpc/callbacks/version_manager.py:113}}
Jul 22 11:06:21.604023 n-d-705792-11 neutron-server[93896]: DEBUG neutron.api.rpc.callbacks.version_manager [None req-5b7087f0-de5d-43d0-b536-c0c5cf83c202 admin admin] Version for resource type Subnet changed None to 1.1 on consumer Open vSwitch agent@n-d-705792-11 {{(pid=93896) _set_version /opt/stack/neutron/neutron/api/rpc/callbacks/version_manager.py:113}}
Jul 22 11:06:21.604175 n-d-705792-11 neutron-server[93896]: DEBUG neutron.api.rpc.callbacks.version_manager [None req-5b7087f0-de5d-43d0-b536-c0c5cf83c202 admin admin] Version for resource type Trunk changed None to 1.1 on consumer Open vSwitch agent@n-d-705792-11 {{(pid=93896) _set_version /opt/stack/neutron/neutron/api/rpc/callbacks/version_manager.py:113}}
Jul 22 11:06:21.696806 n-d-705792-11 neutron-server[93897]: INFO neutron.wsgi [req-2de29331-018d-4da7-9418-6aa148dd18c5 req-12520364-0860-440f-bee1-1d2d238eefa4 tempest-LiveMigrationTest-1020602371 tempest-LiveMigrationTest-1020602371-project] 10.222.0.13 "GET /v2.0/security-groups?id=59afd8ca-0b09-483e-a98e-398e2c9cb868&fields=id&fields=name HTTP/1.1" status: 200 len: 286 time: 0.5803270
Jul 22 11:06:21.720693 n-d-705792-11 neutron-server[93897]: INFO neutron.wsgi [req-338fa8b4-2921-41df-b695-b46a5db993b7 req-9b24152d-0240-45b6-a39a-6bf6f28ea95b tempest-ServersAdminTestJSON-958902928 tempest-ServersAdminTestJSON-958902928-project] 10.222.0.25 "POST /v2.0/ports HTTP/1.1" status: 201 len: 938 time: 6.1769414
Jul 22 11:06:21.728798 n-d-705792-11 neutron-server[93896]: DEBUG neutron_lib.callbacks.manager [None req-3b357f0c-c8be-49e2-9b5d-60c876bc237b admin admin] Notify callbacks ['neutron.services.l3_router.l3_router_plugin.L3_HA_NAT_db_mixin._after_router_create-435279', 'neutron.services.l3_router.l3_router_plugin.DVRResourceOperationHandler._create_snat_interfaces_after_change-435432'] for router, after_create {{(pid=93896) _notify_loop /usr/local/lib/python3.8/dist-packages/neutron_lib/callbacks/manager.py:192}}
Jul 22 11:06:21.747601 n-d-705792-11 neutron-server[93896]: DEBUG neutron_lib.callbacks.manager [None req-5b19d670-5560-4ace-a3f2-2c3a93c9b37f admin admin] Notify callbacks [] for security_group, before_delete {{(pid=93896) _notify_loop /usr/local/lib/python3.8/dist-packages/neutron_lib/callbacks/manager.py:192}}
Jul 22 11:06:21.775739 n-d-705792-11 neutron-server[93897]: DEBUG neutron.api.v2.base [req-338fa8b4-2921-41df-b695-b46a5db993b7 req-eafc0e41-5b55-44c8-afcb-6576172ec9fe service neutron] Request body: {'port': {'device_id': 'e55aa8ce-63bb-4bac-b25f-1acf876446c1', 'device_owner': 'compute:nova', 'binding:host_id': 'n-h2-705792-11'}} {{(pid=93897) prepare_request_body /opt/stack/neutron/neutron/api/v2/base.py:729}}
Jul 22 11:06:21.822748 n-d-705792-11 neutron-server[93898]: DEBUG novaclient.v2.client [-] RESP: [200] Connection: close Content-Length: 354 Content-Type: application/json Date: Thu, 22 Jul 2021 11:06:20 GMT OpenStack-API-Version: compute 2.1 Server: Apache/2.4.41 (Ubuntu) Vary: OpenStack-API-Version,X-OpenStack-Nova-API-Version X-OpenStack-Nova-API-Version: 2.1 x-compute-request-id: req-dc848b11-7775-4ed5-aab6-c551f9fe5e4b x-openstack-request-id: req-dc848b11-7775-4ed5-aab6-c551f9fe5e4b {{(pid=93898) _http_log_response /usr/local/lib/python3.8/dist-packages/keystoneauth1/session.py:550}}
Jul 22 11:06:21.823218 n-d-705792-11 neutron-server[93898]: DEBUG novaclient.v2.client [-] RESP BODY: {"events": [{"server_uuid": "9a1286c1-10f8-4909-b851-f2e3b477dc65", "name": "network-vif-plugged", "status": "completed", "tag": "0aa00a74-131d-4696-b47d-3f39d7e8873d", "code": 200}, {"server_uuid": "d7cd2811-961c-46a0-943f-c038247ffeef", "name": "network-vif-plugged", "status": "completed", "tag": "2a1c263a-5765-47ab-bf77-b76ba31a0421", "code": 200}]} {{(pid=93898) _http_log_response /usr/local/lib/python3.8/dist-packages/keystoneauth1/session.py:582}}
Jul 22 11:06:21.823562 n-d-705792-11 neutron-server[93898]: DEBUG novaclient.v2.client [-] POST call to compute for http://10.222.0.13/compute/v2.1/os-server-external-events used request id req-dc848b11-7775-4ed5-aab6-c551f9fe5e4b {{(pid=93898) request /usr/local/lib/python3.8/dist-packages/keystoneauth1/session.py:954}}
Jul 22 11:06:21.824590 n-d-705792-11 neutron-server[93898]: INFO neutron.notifiers.nova [-] Nova event response: {'server_uuid': '9a1286c1-10f8-4909-b851-f2e3b477dc65', 'name': 'network-vif-plugged', 'status': 'completed', 'tag': '0aa00a74-131d-4696-b47d-3f39d7e8873d', 'code': 200}
Jul 22 11:06:21.824855 n-d-705792-11 neutron-server[93898]: INFO neutron.notifiers.nova [-] Nova event response: {'server_uuid': 'd7cd2811-961c-46a0-943f-c038247ffeef', 'name': 'network-vif-plugged', 'status': 'completed', 'tag': '2a1c263a-5765-47ab-bf77-b76ba31a0421', 'code': 200}
Jul 22 11:06:21.841852 n-d-705792-11 neutron-server[93898]: DEBUG neutron_lib.callbacks.manager [None req-39eb05ae-f355-4409-9e00-41c5745941ab None None] Notify callbacks [] for port, precommit_update {{(pid=93898) _notify_loop /usr/local/lib/python3.8/dist-packages/neutron_lib/callbacks/manager.py:192}}
Jul 22 11:06:21.870912 n-d-705792-11 neutron-server[93898]: DEBUG neutron.db.provisioning_blocks [None req-a8dd8599-7c7a-49c1-ac40-df479964cc8f None None] Provisioning for port 41bea270-9e35-4029-9968-ff55ad17a715 completed by entity DHCP. {{(pid=93898) provisioning_complete /opt/stack/neutron/neutron/db/provisioning_blocks.py:133}}
Jul 22 11:06:21.884244 n-d-705792-11 neutron-server[93897]: DEBUG neutron_lib.callbacks.manager [req-338fa8b4-2921-41df-b695-b46a5db993b7 req-eafc0e41-5b55-44c8-afcb-6576172ec9fe service neutron] Notify callbacks ['neutron.plugins.ml2.plugin.SecurityGroupDbMixin._ensure_default_security_group_handler-561408'] for port, before_update {{(pid=93897) _notify_loop /usr/local/lib/python3.8/dist-packages/neutron_lib/callbacks/manager.py:192}}
Jul 22 11:06:21.888828 n-d-705792-11 neutron-server[93898]: DEBUG neutron.db.provisioning_blocks [None req-a8dd8599-7c7a-49c1-ac40-df479964cc8f None None] Provisioning complete for port 41bea270-9e35-4029-9968-ff55ad17a715 triggered by entity DHCP. {{(pid=93898) provisioning_complete /opt/stack/neutron/neutron/db/provisioning_blocks.py:139}}
Jul 22 11:06:21.889905 n-d-705792-11 neutron-server[93898]: DEBUG neutron_lib.callbacks.manager [None req-a8dd8599-7c7a-49c1-ac40-df479964cc8f None None] Notify callbacks ['neutron.plugins.ml2.plugin.Ml2Plugin._port_provisioned-1386681'] for port, provisioning_complete {{(pid=93898) _notify_loop /usr/local/lib/python3.8/dist-packages/neutron_lib/callbacks/manager.py:192}}
Jul 22 11:06:21.954935 n-d-705792-11 neutron-server[93898]: DEBUG neutron.db.provisioning_blocks [None req-39eb05ae-f355-4409-9e00-41c5745941ab None None] Transition to ACTIVE for port object fad776cd-2050-4685-a9b6-0753b4fb901c will not be triggered until provisioned by entity L2. {{(pid=93898) add_provisioning_component /opt/stack/neutron/neutron/db/provisioning_blocks.py:73}}
Jul 22 11:06:21.967480 n-d-705792-11 neutron-server[93898]: DEBUG neutron_lib.callbacks.manager [None req-39eb05ae-f355-4409-9e00-41c5745941ab None None] Notify callbacks ['neutron.plugins.ml2.plugin.SecurityGroupServerNotifierRpcMixin._notify_sg_on_port_change-559783', 'neutron.plugins.ml2.ovo_rpc._ObjectChangeHandler.handle_event-134950', 'neutron.api.rpc.agentnotifiers.dhcp_rpc_agent_api.DhcpAgentNotifyAPI._native_event_send_dhcp_notification-1582538', 'neutron.db.l3_db.L3RpcNotifierMixin._notify_gateway_port_ip_changed-8756369698106', 'neutron.db.l3_dvrscheduler_db._notify_l3_agent_port_update-8756369297318', 'neutron.db.l3_hascheduler_db._notify_l3_agent_ha_port_update-8756369297336'] for port, after_update {{(pid=93898) _notify_loop /usr/local/lib/python3.8/dist-packages/neutron_lib/callbacks/manager.py:192}}
Jul 22 11:06:21.971499 n-d-705792-11 neutron-server[93896]: DEBUG neutron_lib.callbacks.manager [None req-5b19d670-5560-4ace-a3f2-2c3a93c9b37f admin admin] Notify callbacks [] for security_group, precommit_delete {{(pid=93896) _notify_loop /usr/local/lib/python3.8/dist-packages/neutron_lib/callbacks/manager.py:192}}
Jul 22 11:06:21.998312 n-d-705792-11 neutron-server[93898]: DEBUG neutron.plugins.ml2.plugin [None req-a8dd8599-7c7a-49c1-ac40-df479964cc8f None None] Port 41bea270-9e35-4029-9968-ff55ad17a715 cannot update to ACTIVE because it is not bound. {{(pid=93898) _port_provisioned /opt/stack/neutron/neutron/plugins/ml2/plugin.py:337}}
Jul 22 11:06:22.069305 n-d-705792-11 neutron-server[93897]: DEBUG neutron.notifiers.nova [req-bcaba554-0212-43d8-9a49-257a83c852c7 req-71dc47ef-b942-4585-8cb8-79a25a4277c5 service neutron] Ignoring state change previous_port_status: DOWN current_port_status: DOWN port_id 2eec24a3-26eb-42bd-b46d-ecb1dedf7871 {{(pid=93897) record_port_status_changed /opt/stack/neutron/neutron/notifiers/nova.py:224}}
Jul 22 11:06:22.069975 n-d-705792-11 neutron-server[93898]: DEBUG neutron.api.rpc.handlers.resources_rpc [None req-c37cbf79-258c-4708-8825-e96098a369dc None None] Pushing event updated for resources: {'Port': ['ID=fad776cd-2050-4685-a9b6-0753b4fb901c,revision_number=3']} {{(pid=93898) push /opt/stack/neutron/neutron/api/rpc/handlers/resources_rpc.py:237}}
Jul 22 11:06:22.075252 n-d-705792-11 neutron-server[93896]: DEBUG neutron_lib.callbacks.manager [None req-5b19d670-5560-4ace-a3f2-2c3a93c9b37f admin admin] Notify callbacks ['neutron.plugins.ml2.ovo_rpc._ObjectChangeHandler.handle_event-292504'] for security_group, after_delete {{(pid=93896) _notify_loop /usr/local/lib/python3.8/dist-packages/neutron_lib/callbacks/manager.py:192}}
Jul 22 11:06:22.087107 n-d-705792-11 neutron-server[93897]: INFO neutron.wsgi [req-a818eeb0-d0ee-4e14-af36-211dace6ad63 req-4c032df9-82e7-4fe5-9262-04a24c10089e service neutron] 10.222.0.13 "GET /v2.0/networks/b6141248-4c18-4a2c-90c5-7d2d90178fa8?fields=segments HTTP/1.1" status: 200 len: 212 time: 0.9047279
Jul 22 11:06:22.100273 n-d-705792-11 neutron-server[93896]: DEBUG neutron_lib.callbacks.manager [None req-5b19d670-5560-4ace-a3f2-2c3a93c9b37f admin admin] Notify callbacks [] for security_group, before_response {{(pid=93896) _notify_loop /usr/local/lib/python3.8/dist-packages/neutron_lib/callbacks/manager.py:192}}
Jul 22 11:06:22.101533 n-d-705792-11 neutron-server[93896]: INFO neutron.wsgi [None req-5b19d670-5560-4ace-a3f2-2c3a93c9b37f admin admin] 10.222.0.13 "DELETE /v2.0/security-groups/b7fb9892-1d49-4025-b3ac-4b63467c80c1 HTTP/1.1" status: 204 len: 168 time: 0.5626864
Jul 22 11:06:22.128625 n-d-705792-11 neutron-server[93896]: DEBUG neutron.api.rpc.handlers.resources_rpc [None req-5b19d670-5560-4ace-a3f2-2c3a93c9b37f admin admin] Pushing event deleted for resources: {'SecurityGroup': ['ID=b7fb9892-1d49-4025-b3ac-4b63467c80c1,revision_number=None']} {{(pid=93896) push /opt/stack/neutron/neutron/api/rpc/handlers/resources_rpc.py:237}}
Jul 22 11:06:22.131919 n-d-705792-11 neutron-server[93897]: DEBUG neutron_lib.callbacks.manager [req-bcaba554-0212-43d8-9a49-257a83c852c7 req-71dc47ef-b942-4585-8cb8-79a25a4277c5 service neutron] Notify callbacks [] for port, precommit_update {{(pid=93897) _notify_loop /usr/local/lib/python3.8/dist-packages/neutron_lib/callbacks/manager.py:192}}
Jul 22 11:06:22.153602 n-d-705792-11 neutron-server[93896]: DEBUG neutron.scheduler.l3_agent_scheduler [None req-3b357f0c-c8be-49e2-9b5d-60c876bc237b admin admin] Router deeee5ed-a19f-444b-a7b8-49df19f9dfd2 is scheduled to L3 agent e686204b-58dc-4383-976c-1d54ede8c306 with binding_index 1 {{(pid=93896) bind_router /opt/stack/neutron/neutron/scheduler/l3_agent_scheduler.py:210}}
Jul 22 11:06:22.263635 n-d-705792-11 neutron-server[93896]: DEBUG neutron.pecan_wsgi.hooks.policy_enforcement [req-285d4158-f3b5-4176-85ea-f4701b0ae839 req-90146cc3-af51-4b3b-98bd-de261b546780 service neutron] Attributes excluded by policy engine: ['standard_attr_id'] {{(pid=93896) _exclude_attributes_by_policy /opt/stack/neutron/neutron/pecan_wsgi/hooks/policy_enforcement.py:255}}
Jul 22 11:06:22.266364 n-d-705792-11 neutron-server[93896]: INFO neutron.wsgi [req-285d4158-f3b5-4176-85ea-f4701b0ae839 req-90146cc3-af51-4b3b-98bd-de261b546780 service neutron] 10.222.0.18 "GET /v2.0/ports?device_id=d7cd2811-961c-46a0-943f-c038247ffeef HTTP/1.1" status: 200 len: 1097 time: 0.2447727
Jul 22 11:06:22.278252 n-d-705792-11 neutron-server[93897]: INFO neutron.wsgi [req-a818eeb0-d0ee-4e14-af36-211dace6ad63 req-d0008736-1ef0-4125-9449-35dd4e626ce6 service neutron] 10.222.0.13 "GET /v2.0/networks/b6141248-4c18-4a2c-90c5-7d2d90178fa8?fields=provider%3Aphysical_network&fields=provider%3Anetwork_type HTTP/1.1" status: 200 len: 281 time: 0.1524675
Jul 22 11:06:22.325087 n-d-705792-11 neutron-server[93898]: DEBUG neutron.plugins.ml2.managers [None req-39eb05ae-f355-4409-9e00-41c5745941ab None None] Attempting to bind port fad776cd-2050-4685-a9b6-0753b4fb901c on host n-d-705792-11 for vnic_type normal with profile {{(pid=93898) bind_port /opt/stack/neutron/neutron/plugins/ml2/managers.py:790}}
Jul 22 11:06:22.325699 n-d-705792-11 neutron-server[93898]: DEBUG neutron.plugins.ml2.managers [None req-39eb05ae-f355-4409-9e00-41c5745941ab None None] Attempting to bind port fad776cd-2050-4685-a9b6-0753b4fb901c by drivers openvswitch,hyperv on host n-d-705792-11 at level 0 using segments [{'id': '36943c6c-ea3c-4d87-89b8-ae9ccfc25f4c', 'network_type': 'vlan', 'physical_network': 'physnet1', 'segmentation_id': 58, 'network_id': 'b6141248-4c18-4a2c-90c5-7d2d90178fa8'}] {{(pid=93898) _bind_port_level /opt/stack/neutron/neutron/plugins/ml2/managers.py:815}}
Jul 22 11:06:22.325984 n-d-705792-11 neutron-server[93898]: DEBUG neutron.plugins.ml2.drivers.mech_agent [None req-39eb05ae-f355-4409-9e00-41c5745941ab None None] Attempting to bind port fad776cd-2050-4685-a9b6-0753b4fb901c on network b6141248-4c18-4a2c-90c5-7d2d90178fa8 {{(pid=93898) bind_port /opt/stack/neutron/neutron/plugins/ml2/drivers/mech_agent.py:85}}
Jul 22 11:06:22.332509 n-d-705792-11 neutron-server[93898]: DEBUG neutron.plugins.ml2.drivers.mech_agent [None req-39eb05ae-f355-4409-9e00-41c5745941ab None None] Checking agent: {'id': '54800e6a-f924-4c34-85c6-eb40656ea4e1', 'agent_type': 'Open vSwitch agent', 'binary': 'neutron-openvswitch-agent', 'topic': 'N/A', 'host': 'n-d-705792-11', 'admin_state_up': True, 'created_at': datetime.datetime(2021, 7, 22, 10, 55, 47), 'started_at': datetime.datetime(2021, 7, 22, 10, 56, 17), 'heartbeat_timestamp': datetime.datetime(2021, 7, 22, 11, 6, 17), 'description': None, 'resources_synced': None, 'availability_zone': None, 'alive': True, 'configurations': {'arp_responder_enabled': False, 'baremetal_smartnic': False, 'bridge_mappings': {'physnet1': 'br-data'}, 'datapath_type': 'system', 'devices': 0, 'enable_distributed_routing': False, 'extensions': [], 'in_distributed_mode': False, 'integration_bridge': 'br-int', 'l2_population': False, 'log_agent_heartbeats': False, 'ovs_capabilities': {'datapath_types': ['netdev', 'system'], 'iface_types': ['erspan', 'geneve', 'gre', 'internal', 'ip6erspan', 'ip6gre', 'lisp', 'patch', 'stt', 'system', 'tap', 'vxlan']}, 'ovs_hybrid_plug': False, 'resource_provider_bandwidths': {}, 'resource_provider_hypervisors': {'br-data': 'n-d-705792-11'}, 'resource_provider_inventory_defaults': {'allocation_ratio': 1.0, 'min_unit': 1, 'step_size': 1, 'reserved': 0}, 'tunnel_types': [], 'tunneling_ip': None, 'vhostuser_socket_dir': '/var/run/openvswitch'}, 'resource_versions': {'AddressGroup': '1.2', 'ConntrackHelper': '1.0', 'Log': '1.0', 'Network': '1.1', 'Port': '1.7', 'PortForwarding': '1.2', 'QosPolicy': '1.8', 'SecurityGroup': '1.4', 'SecurityGroupRule': '1.2', 'SubPort': '1.0', 'Subnet': '1.1', 'Trunk': '1.1'}} {{(pid=93898) bind_port /opt/stack/neutron/neutron/plugins/ml2/drivers/mech_agent.py:104}}
Jul 22 11:06:22.333069 n-d-705792-11 neutron-server[93898]: DEBUG neutron.plugins.ml2.drivers.mech_agent [None req-39eb05ae-f355-4409-9e00-41c5745941ab None None] Checking segment: {'id': '36943c6c-ea3c-4d87-89b8-ae9ccfc25f4c', 'network_type': 'vlan', 'physical_network': 'physnet1', 'segmentation_id': 58, 'network_id': 'b6141248-4c18-4a2c-90c5-7d2d90178fa8'} for mappings: {'physnet1': 'br-data'} with network types: ['local', 'flat', 'vlan'] {{(pid=93898) check_segment_for_agent /opt/stack/neutron/neutron/plugins/ml2/drivers/mech_agent.py:352}}
Jul 22 11:06:22.333607 n-d-705792-11 neutron-server[93898]: DEBUG neutron_lib.callbacks.manager [None req-39eb05ae-f355-4409-9e00-41c5745941ab None None] Notify callbacks [] for ovs_bridge_name, before_read {{(pid=93898) _notify_loop /usr/local/lib/python3.8/dist-packages/neutron_lib/callbacks/manager.py:192}}
Jul 22 11:06:22.334146 n-d-705792-11 neutron-server[93898]: DEBUG neutron.plugins.ml2.drivers.mech_agent [None req-39eb05ae-f355-4409-9e00-41c5745941ab None None] Bound using segment: {'id': '36943c6c-ea3c-4d87-89b8-ae9ccfc25f4c', 'network_type': 'vlan', 'physical_network': 'physnet1', 'segmentation_id': 58, 'network_id': 'b6141248-4c18-4a2c-90c5-7d2d90178fa8'} {{(pid=93898) bind_port /opt/stack/neutron/neutron/plugins/ml2/drivers/mech_agent.py:114}}
Jul 22 11:06:22.334647 n-d-705792-11 neutron-server[93898]: DEBUG neutron.plugins.ml2.managers [None req-39eb05ae-f355-4409-9e00-41c5745941ab None None] Bound port: fad776cd-2050-4685-a9b6-0753b4fb901c, host: n-d-705792-11, vif_type: ovs, vif_details: {"connectivity": "l2", "port_filter": true, "ovs_hybrid_plug": false, "datapath_type": "system", "bridge_name": "br-int"}, binding_levels: [{'bound_driver': 'openvswitch', 'bound_segment': {'id': '36943c6c-ea3c-4d87-89b8-ae9ccfc25f4c', 'network_type': 'vlan', 'physical_network': 'physnet1', 'segmentation_id': 58, 'network_id': 'b6141248-4c18-4a2c-90c5-7d2d90178fa8'}}] {{(pid=93898) _bind_port_level /opt/stack/neutron/neutron/plugins/ml2/managers.py:928}}
Jul 22 11:06:22.335161 n-d-705792-11 neutron-server[93898]: DEBUG neutron_lib.callbacks.manager [None req-39eb05ae-f355-4409-9e00-41c5745941ab None None] Notify callbacks ['neutron.plugins.ml2.plugin.SecurityGroupDbMixin._ensure_default_security_group_handler-561408'] for port, before_update {{(pid=93898) _notify_loop /usr/local/lib/python3.8/dist-packages/neutron_lib/callbacks/manager.py:192}}
Jul 22 11:06:22.432346 n-d-705792-11 neutron-server[93897]: DEBUG neutron.db.provisioning_blocks [req-bcaba554-0212-43d8-9a49-257a83c852c7 req-71dc47ef-b942-4585-8cb8-79a25a4277c5 service neutron] Transition to ACTIVE for port object 2eec24a3-26eb-42bd-b46d-ecb1dedf7871 will not be triggered until provisioned by entity L2. {{(pid=93897) add_provisioning_component /opt/stack/neutron/neutron/db/provisioning_blocks.py:73}}
Jul 22 11:06:22.460644 n-d-705792-11 neutron-server[93896]: INFO neutron.wsgi [req-285d4158-f3b5-4176-85ea-f4701b0ae839 req-c6d2ee66-70fc-4f8b-a609-d0a277542433 service neutron] 10.222.0.18 "GET /v2.0/security-groups?id=49d6b80b-e27e-4218-a23e-f0baa3ba6859&fields=id&fields=name HTTP/1.1" status: 200 len: 286 time: 0.1848445
Jul 22 11:06:22.502998 n-d-705792-11 neutron-server[93896]: DEBUG neutron.api.rpc.agentnotifiers.l3_rpc_agent_api [None req-3b357f0c-c8be-49e2-9b5d-60c876bc237b admin admin] Notify agent at l3_agent.n-d-705792-11 the message routers_updated {{(pid=93896) _agent_notification /opt/stack/neutron/neutron/api/rpc/agentnotifiers/l3_rpc_agent_api.py:65}}
Jul 22 11:06:22.520277 n-d-705792-11 neutron-server[93899]: DEBUG neutron.api.rpc.handlers.l3_rpc [None req-a4d350f5-1b89-4c1c-81e8-28eb4e137f7c None None] Sync routers for ids ['deeee5ed-a19f-444b-a7b8-49df19f9dfd2'] in n-d-705792-11 {{(pid=93899) sync_routers /opt/stack/neutron/neutron/api/rpc/handlers/l3_rpc.py:125}}
Jul 22 11:06:22.538259 n-d-705792-11 neutron-server[93899]: DEBUG neutron.db.l3_dvrscheduler_db [None req-a4d350f5-1b89-4c1c-81e8-28eb4e137f7c None None] Routers {'deeee5ed-a19f-444b-a7b8-49df19f9dfd2'} bound to L3 agent in host n-d-705792-11 {{(pid=93899) _get_router_ids_for_agent /opt/stack/neutron/neutron/db/l3_dvrscheduler_db.py:420}}
Jul 22 11:06:22.544969 n-d-705792-11 neutron-server[93899]: DEBUG neutron.db.l3_hamode_db [None req-a4d350f5-1b89-4c1c-81e8-28eb4e137f7c None None] neutron.services.l3_router.l3_router_plugin.L3RouterPlugin method get_ha_sync_data_for_host called with arguments (, 'n-d-705792-11', Agent(admin_state_up=True,agent_type='L3 agent',availability_zone='nova',binary='neutron-l3-agent',configurations={"agent_mode": "legacy", "ex_gw_ports": 2, "extensions": [], "floating_ips": 0, "handle_internal_only_routers": true, "interface_driver": "openvswitch", "interfaces": 1, "log_agent_heartbeats": false, "routers": 2},created_at=2021-07-22T10:55:47Z,description=,heartbeat_timestamp=2021-07-22T11:06:17Z,host='n-d-705792-11',id=e686204b-58dc-4383-976c-1d54ede8c306,load=0,resource_versions=,resources_synced=,started_at=2021-07-22T10:55:47Z,topic='l3_agent')) {'router_ids': ['deeee5ed-a19f-444b-a7b8-49df19f9dfd2'], 'active': True} {{(pid=93899) wrapper /usr/local/lib/python3.8/dist-packages/oslo_log/helpers.py:65}}
Jul 22 11:06:22.545317 n-d-705792-11 neutron-server[93896]: DEBUG neutron_lib.callbacks.manager [None req-3b357f0c-c8be-49e2-9b5d-60c876bc237b admin admin] Notify callbacks [] for router, before_response {{(pid=93896) _notify_loop /usr/local/lib/python3.8/dist-packages/neutron_lib/callbacks/manager.py:192}}
Jul 22 11:06:22.550172 n-d-705792-11 neutron-server[93896]: INFO neutron.wsgi [None req-3b357f0c-c8be-49e2-9b5d-60c876bc237b admin admin] 10.222.0.13 "POST /v2.0/routers HTTP/1.1" status: 201 len: 928 time: 4.1997051
Jul 22 11:06:22.554284 n-d-705792-11 neutron-server[93896]: DEBUG neutron.wsgi [-] (93896) accepted ('10.222.0.13', 54020) {{(pid=93896) server /usr/local/lib/python3.8/dist-packages/eventlet/wsgi.py:982}}
Jul 22 11:06:22.588392 n-d-705792-11 neutron-server[93898]: DEBUG neutron.plugins.ml2.db [None req-39eb05ae-f355-4409-9e00-41c5745941ab None None] For port fad776cd-2050-4685-a9b6-0753b4fb901c, host n-d-705792-11, cleared binding levels {{(pid=93898) clear_binding_levels /opt/stack/neutron/neutron/plugins/ml2/db.py:87}}
Jul 22 11:06:22.589470 n-d-705792-11 neutron-server[93897]: DEBUG neutron_lib.callbacks.manager [None req-83125342-afad-450c-a7b9-91655142b781 admin admin] Notify callbacks ['neutron.services.l3_router.l3_router_plugin.L3_HA_NAT_db_mixin._after_router_create-435279', 'neutron.services.l3_router.l3_router_plugin.DVRResourceOperationHandler._create_snat_interfaces_after_change-435432'] for router, after_create {{(pid=93897) _notify_loop /usr/local/lib/python3.8/dist-packages/neutron_lib/callbacks/manager.py:192}}
