Jul 28 14:23:32.606716 n-d-705658-23 neutron-server[94750]: DEBUG neutron.db.l3_hamode_db [None req-104bee33-937b-43de-a0bd-e03322401d45 None None] neutron.services.l3_router.l3_router_plugin.L3RouterPlugin method _process_sync_ha_data called with arguments (, [{'id': '1a2711d1-84b2-48f7-846a-e3bab053320d', 'name': 'tempest-ServersWithSpecificFlavorTestJSON-1756179349-router', 'tenant_id': 'e7a3c224e5304a238599992f6694f096', 'admin_state_up': True, 'status': 'ACTIVE', 'external_gateway_info': {'network_id': '49a2c6f3-60a8-433f-adcc-64ab59457ee7', 'external_fixed_ips': [{'subnet_id': 'e77cd0aa-139c-4c49-8976-d4fafe86e961', 'ip_address': '172.25.0.9'}], 'enable_snat': True}, 'gw_port_id': '66a1f2fc-ef7c-42d5-9022-2a5d6e0cb313', 'description': '', 'availability_zones': ['nova'], 'distributed': False, 'ha': False, 'ha_vr_id': 0, 'availability_zone_hints': [], 'routes': [], 'flavor_id': None, 'tags': [], 'created_at': '2021-07-28T14:23:22Z', 'updated_at': '2021-07-28T14:23:28Z', 'revision_number': 4, 'project_id': 'e7a3c224e5304a238599992f6694f096', 'gw_port': {'id': '66a1f2fc-ef7c-42d5-9022-2a5d6e0cb313', 'name': '', 'network_id': '49a2c6f3-60a8-433f-adcc-64ab59457ee7', 'tenant_id': '', 'mac_address': 'fa:16:3e:5f:f6:75', 'admin_state_up': True, 'status': 'ACTIVE', 'device_id': '1a2711d1-84b2-48f7-846a-e3bab053320d', 'device_owner': 'network:router_gateway', 'standard_attr_id': 160, 'fixed_ips': [{'subnet_id': 'e77cd0aa-139c-4c49-8976-d4fafe86e961', 'ip_address': '172.25.0.9', 'prefixlen': 24}], 'allowed_address_pairs': [], 'extra_dhcp_opts': [], 'security_groups': [], 'description': '', 'binding:vnic_type': 'normal', 'binding:profile': {}, 'binding:host_id': 'n-d-705658-23', 'binding:vif_type': 'ovs', 'binding:vif_details': {'connectivity': 'l2', 'port_filter': True, 'ovs_hybrid_plug': False, 'datapath_type': 'system', 'bridge_name': 'br-int'}, 'port_security_enabled': False, 'tags': [], 'created_at': '2021-07-28T14:23:23Z', 'updated_at': '2021-07-28T14:23:29Z', 'revision_number': 4, 'project_id': '', 'subnets': [{'id': 'e77cd0aa-139c-4c49-8976-d4fafe86e961', 'cidr': '172.25.0.0/24', 'gateway_ip': '172.25.0.1', 'dns_nameservers': [], 'ipv6_ra_mode': None, 'subnetpool_id': None}], 'extra_subnets': [], 'address_scopes': {4: None, 6: None}, 'mtu': 1500}, 'enable_snat': True, 'gw_port_host': 'n-d-705658-23', '_interfaces': [{'id': 'ec2a5c11-1e6b-4bd9-88db-09faa54acdd6', 'name': '', 'network_id': 'e3355b88-4053-47b4-8571-2ed8e271aa35', 'tenant_id': 'e7a3c224e5304a238599992f6694f096', 'mac_address': 'fa:16:3e:21:ce:b4', 'admin_state_up': True, 'status': 'DOWN', 'device_id': '1a2711d1-84b2-48f7-846a-e3bab053320d', 'device_owner': 'network:router_interface', 'standard_attr_id': 184, 'fixed_ips': [{'subnet_id': '8ac24616-a858-479d-a569-dcc5757a844f', 'ip_address': '172.20.0.1', 'prefixlen': 28}], 'allowed_address_pairs': [], 'extra_dhcp_opts': [], 'security_groups': [], 'description': '', 'binding:vnic_type': 'normal', 'binding:profile': {}, 'binding:host_id': 'n-d-705658-23', 'binding:vif_type': 'ovs', 'binding:vif_details': {'connectivity': 'l2', 'port_filter': True, 'ovs_hybrid_plug': False, 'datapath_type': 'system', 'bridge_name': 'br-int'}, 'port_security_enabled': False, 'tags': [], 'created_at': '2021-07-28T14:23:26Z', 'updated_at': '2021-07-28T14:23:31Z', 'revision_number': 4, 'project_id': 'e7a3c224e5304a238599992f6694f096', 'subnets': [{'id': '8ac24616-a858-479d-a569-dcc5757a844f', 'cidr': '172.20.0.0/28', 'gateway_ip': '172.20.0.1', 'dns_nameservers': [], 'ipv6_ra_mode': None, 'subnetpool_id': None}], 'extra_subnets': [], 'address_scopes': {4: None, 6: None}, 'mtu': 1500}]}], 'n-d-705658-23', False) {} {{(pid=94750) wrapper /usr/local/lib/python3.8/dist-packages/oslo_log/helpers.py:65}}
Jul 28 14:23:32.626514 n-d-705658-23 neutron-server[94748]: DEBUG neutron_lib.callbacks.manager [None req-c82277d8-3347-42ac-96b3-e06e4da4a7fd admin admin] Notify callbacks ['neutron.services.auto_allocate.db._ensure_external_network_default_value_callback-8788960711774'] for network, precommit_create {{(pid=94748) _notify_loop /usr/local/lib/python3.8/dist-packages/neutron_lib/callbacks/manager.py:192}}
Jul 28 14:23:32.630330 n-d-705658-23 neutron-server[94749]: INFO neutron.wsgi [req-56f4c079-4a23-4488-9913-83428c19e5ac req-f2738389-e283-4204-9898-fa64d113bea5 tempest-LiveMigrationNegativeTest-353811885 tempest-LiveMigrationNegativeTest-353811885-project] 10.222.0.47 "GET /v2.0/quotas/280dda5f9f9942ed97361367056d7bec HTTP/1.1" status: 200 len: 375 time: 0.0096779
Jul 28 14:23:32.642470 n-d-705658-23 neutron-server[94750]: DEBUG neutron.api.rpc.handlers.l3_rpc [None req-104bee33-937b-43de-a0bd-e03322401d45 None None] The sync data for ids ['1a2711d1-84b2-48f7-846a-e3bab053320d'] in n-d-705658-23 is: [{'id': '1a2711d1-84b2-48f7-846a-e3bab053320d', 'name': 'tempest-ServersWithSpecificFlavorTestJSON-1756179349-router', 'tenant_id': 'e7a3c224e5304a238599992f6694f096', 'admin_state_up': True, 'status': 'ACTIVE', 'external_gateway_info': {'network_id': '49a2c6f3-60a8-433f-adcc-64ab59457ee7', 'external_fixed_ips': [{'subnet_id': 'e77cd0aa-139c-4c49-8976-d4fafe86e961', 'ip_address': '172.25.0.9'}], 'enable_snat': True}, 'gw_port_id': '66a1f2fc-ef7c-42d5-9022-2a5d6e0cb313', 'description': '', 'availability_zones': ['nova'], 'distributed': False, 'ha': False, 'ha_vr_id': 0, 'availability_zone_hints': [], 'routes': [], 'flavor_id': None, 'tags': [], 'created_at': '2021-07-28T14:23:22Z', 'updated_at': '2021-07-28T14:23:28Z', 'revision_number': 4, 'project_id': 'e7a3c224e5304a238599992f6694f096', 'gw_port': {'id': '66a1f2fc-ef7c-42d5-9022-2a5d6e0cb313', 'name': '', 'network_id': '49a2c6f3-60a8-433f-adcc-64ab59457ee7', 'tenant_id': '', 'mac_address': 'fa:16:3e:5f:f6:75', 'admin_state_up': True, 'status': 'ACTIVE', 'device_id': '1a2711d1-84b2-48f7-846a-e3bab053320d', 'device_owner': 'network:router_gateway', 'standard_attr_id': 160, 'fixed_ips': [{'subnet_id': 'e77cd0aa-139c-4c49-8976-d4fafe86e961', 'ip_address': '172.25.0.9', 'prefixlen': 24}], 'allowed_address_pairs': [], 'extra_dhcp_opts': [], 'security_groups': [], 'description': '', 'binding:vnic_type': 'normal', 'binding:profile': {}, 'binding:host_id': 'n-d-705658-23', 'binding:vif_type': 'ovs', 'binding:vif_details': {'connectivity': 'l2', 'port_filter': True, 'ovs_hybrid_plug': False, 'datapath_type': 'system', 'bridge_name': 'br-int'}, 'port_security_enabled': False, 'tags': [], 'created_at': '2021-07-28T14:23:23Z', 'updated_at': '2021-07-28T14:23:29Z', 'revision_number': 4, 'project_id': '', 'subnets': [{'id': 'e77cd0aa-139c-4c49-8976-d4fafe86e961', 'cidr': '172.25.0.0/24', 'gateway_ip': '172.25.0.1', 'dns_nameservers': [], 'ipv6_ra_mode': None, 'subnetpool_id': None}], 'extra_subnets': [], 'address_scopes': {4: None, 6: None}, 'mtu': 1500}, 'enable_snat': True, 'gw_port_host': 'n-d-705658-23', '_interfaces': [{'id': 'ec2a5c11-1e6b-4bd9-88db-09faa54acdd6', 'name': '', 'network_id': 'e3355b88-4053-47b4-8571-2ed8e271aa35', 'tenant_id': 'e7a3c224e5304a238599992f6694f096', 'mac_address': 'fa:16:3e:21:ce:b4', 'admin_state_up': True, 'status': 'DOWN', 'device_id': '1a2711d1-84b2-48f7-846a-e3bab053320d', 'device_owner': 'network:router_interface', 'standard_attr_id': 184, 'fixed_ips': [{'subnet_id': '8ac24616-a858-479d-a569-dcc5757a844f', 'ip_address': '172.20.0.1', 'prefixlen': 28}], 'allowed_address_pairs': [], 'extra_dhcp_opts': [], 'security_groups': [], 'description': '', 'binding:vnic_type': 'normal', 'binding:profile': {}, 'binding:host_id': 'n-d-705658-23', 'binding:vif_type': 'ovs', 'binding:vif_details': {'connectivity': 'l2', 'port_filter': True, 'ovs_hybrid_plug': False, 'datapath_type': 'system', 'bridge_name': 'br-int'}, 'port_security_enabled': False, 'tags': [], 'created_at': '2021-07-28T14:23:26Z', 'updated_at': '2021-07-28T14:23:31Z', 'revision_number': 4, 'project_id': 'e7a3c224e5304a238599992f6694f096', 'subnets': [{'id': '8ac24616-a858-479d-a569-dcc5757a844f', 'cidr': '172.20.0.0/28', 'gateway_ip': '172.20.0.1', 'dns_nameservers': [], 'ipv6_ra_mode': None, 'subnetpool_id': None}], 'extra_subnets': [], 'address_scopes': {4: None, 6: None}, 'mtu': 1500}]}] {{(pid=94750) sync_routers /opt/stack/neutron/neutron/api/rpc/handlers/l3_rpc.py:137}}
Jul 28 14:23:32.668369 n-d-705658-23 neutron-server[94749]: INFO neutron.wsgi [req-56f4c079-4a23-4488-9913-83428c19e5ac req-7f87f4d8-18e2-46cf-98c8-fa405742f0da tempest-LiveMigrationNegativeTest-353811885 tempest-LiveMigrationNegativeTest-353811885-project] 10.222.0.47 "GET /v2.0/ports?tenant_id=280dda5f9f9942ed97361367056d7bec&fields=id HTTP/1.1" status: 200 len: 210 time: 0.0301495
Jul 28 14:23:32.670872 n-d-705658-23 neutron-server[94748]: DEBUG neutron.pecan_wsgi.hooks.policy_enforcement [req-094594da-d61c-4978-84c2-f4d189aa2c0b req-0ae90c6c-bbdd-4a3e-812a-64d39546e01c tempest-AggregatesAdminTestJSON-1641788044 tempest-AggregatesAdminTestJSON-1641788044-project] Attributes excluded by policy engine: ['standard_attr_id', 'binding:profile', 'binding:host_id', 'binding:vif_type', 'binding:vif_details'] {{(pid=94748) _exclude_attributes_by_policy /opt/stack/neutron/neutron/pecan_wsgi/hooks/policy_enforcement.py:255}}
Jul 28 14:23:32.672404 n-d-705658-23 neutron-server[94748]: INFO neutron.wsgi [req-094594da-d61c-4978-84c2-f4d189aa2c0b req-0ae90c6c-bbdd-4a3e-812a-64d39546e01c tempest-AggregatesAdminTestJSON-1641788044 tempest-AggregatesAdminTestJSON-1641788044-project] 10.222.0.47 "GET /v2.0/ports?device_id=2a4f93fb-914c-4cc8-a85b-0fd656fb67b2 HTTP/1.1" status: 200 len: 972 time: 0.0851920
Jul 28 14:23:32.758024 n-d-705658-23 neutron-server[94748]: INFO neutron.wsgi [req-094594da-d61c-4978-84c2-f4d189aa2c0b req-20f3aa4a-6d46-4e39-a844-7991b585859b tempest-AggregatesAdminTestJSON-1641788044 tempest-AggregatesAdminTestJSON-1641788044-project] 10.222.0.47 "GET /v2.0/security-groups?id=f53a69d1-0598-449d-8bbd-5421a064003e&fields=id&fields=name HTTP/1.1" status: 200 len: 286 time: 0.0759642
Jul 28 14:23:32.782377 n-d-705658-23 neutron-server[94748]: DEBUG neutron_lib.callbacks.manager [None req-c82277d8-3347-42ac-96b3-e06e4da4a7fd admin admin] Notify callbacks ['neutron.plugins.ml2.ovo_rpc._ObjectChangeHandler.handle_event-559912', 'neutron.api.rpc.agentnotifiers.dhcp_rpc_agent_api.DhcpAgentNotifyAPI._native_event_send_dhcp_notification-567972'] for network, after_create {{(pid=94748) _notify_loop /usr/local/lib/python3.8/dist-packages/neutron_lib/callbacks/manager.py:192}}
Jul 28 14:23:32.792887 n-d-705658-23 neutron-server[94748]: DEBUG neutron.pecan_wsgi.hooks.policy_enforcement [None req-c82277d8-3347-42ac-96b3-e06e4da4a7fd admin admin] Attributes excluded by policy engine: ['standard_attr_id', 'vlan_transparent'] {{(pid=94748) _exclude_attributes_by_policy /opt/stack/neutron/neutron/pecan_wsgi/hooks/policy_enforcement.py:255}}
Jul 28 14:23:32.792887 n-d-705658-23 neutron-server[94748]: DEBUG neutron_lib.callbacks.manager [None req-c82277d8-3347-42ac-96b3-e06e4da4a7fd admin admin] Notify callbacks ['neutron.api.rpc.agentnotifiers.dhcp_rpc_agent_api.DhcpAgentNotifyAPI._send_dhcp_notification-567962'] for network, before_response {{(pid=94748) _notify_loop /usr/local/lib/python3.8/dist-packages/neutron_lib/callbacks/manager.py:192}}
Jul 28 14:23:32.852503 n-d-705658-23 neutron-server[94748]: DEBUG neutron.api.rpc.handlers.resources_rpc [None req-c82277d8-3347-42ac-96b3-e06e4da4a7fd admin admin] Pushing event updated for resources: {'Network': ['ID=3534e784-1892-45ec-b33e-5be04072195d,revision_number=1']} {{(pid=94748) push /opt/stack/neutron/neutron/api/rpc/handlers/resources_rpc.py:237}}
Jul 28 14:23:32.869838 n-d-705658-23 neutron-server[94750]: DEBUG neutron.plugins.ml2.rpc [None req-3fdb39d1-13ed-4698-9252-123bf264604a None None] Network 3534e784-1892-45ec-b33e-5be04072195d details requested by agent ovs-agent-n-d-705658-23 with host n-d-705658-23 {{(pid=94750) get_network_details /opt/stack/neutron/neutron/plugins/ml2/rpc.py:248}}
Jul 28 14:23:32.943818 n-d-705658-23 neutron-server[94748]: INFO neutron.wsgi [req-30ef9575-bf6d-43d1-a057-dab2c96051dc req-31fadd7e-fe52-4857-af3a-32541d57e90d tempest-LiveAutoBlockMigrationV225Test-1867318901 tempest-LiveAutoBlockMigrationV225Test-1867318901-project] 10.222.0.47 "GET /v2.0/ports?device_id=b55d2050-c54f-456c-bd1b-4534c58b00fb HTTP/1.1" status: 200 len: 210 time: 0.0554492
Jul 28 14:23:32.948921 n-d-705658-23 neutron-server[94748]: INFO neutron.wsgi [None req-c82277d8-3347-42ac-96b3-e06e4da4a7fd admin admin] 10.222.0.47 "POST /v2.0/networks HTTP/1.1" status: 201 len: 896 time: 0.9502809
Jul 28 14:23:32.952881 n-d-705658-23 neutron-server[94749]: DEBUG neutron.wsgi [-] (94749) accepted ('10.222.0.47', 57156) {{(pid=94749) server /usr/local/lib/python3.8/dist-packages/eventlet/wsgi.py:982}}
Jul 28 14:23:32.957393 n-d-705658-23 neutron-server[94749]: DEBUG neutron.api.v2.base [None req-8f1cfe1f-e619-4327-bc15-28472fedd087 admin admin] Request body: {'subnet': {'network_id': '3534e784-1892-45ec-b33e-5be04072195d', 'cidr': '172.20.0.0/28', 'name': 'tempest-ServersWithSpecificFlavorTestJSON-382875390-subnet', 'tenant_id': 'bd0f607b2d71401ea7f2c96c39ce4ea3', 'enable_dhcp': True, 'ip_version': 4}} {{(pid=94749) prepare_request_body /opt/stack/neutron/neutron/api/v2/base.py:729}}
Jul 28 14:23:33.051688 n-d-705658-23 neutron-server[94749]: INFO neutron.wsgi [req-ea3a1ed8-a1d3-44be-96b1-ecb9c2c6a9cb req-c305e5b9-2afa-43ad-a513-e1a84734caf4 tempest-LiveMigrationNegativeTest-353811885 tempest-LiveMigrationNegativeTest-353811885-project] 10.222.0.47 "GET /v2.0/ports?device_id=a976dffd-4df3-4418-8ba1-60f3b78ebacb HTTP/1.1" status: 200 len: 210 time: 0.0437541
Jul 28 14:23:33.062824 n-d-705658-23 neutron-server[94749]: DEBUG neutron.pecan_wsgi.hooks.quota_enforcement [None req-8f1cfe1f-e619-4327-bc15-28472fedd087 admin admin] Made reservation on behalf of bd0f607b2d71401ea7f2c96c39ce4ea3 for: {'subnet': 1} {{(pid=94749) before /opt/stack/neutron/neutron/pecan_wsgi/hooks/quota_enforcement.py:53}}
Jul 28 14:23:33.065609 n-d-705658-23 neutron-server[94749]: DEBUG neutron_lib.callbacks.manager [None req-8f1cfe1f-e619-4327-bc15-28472fedd087 admin admin] Notify callbacks [] for subnet, before_create {{(pid=94749) _notify_loop /usr/local/lib/python3.8/dist-packages/neutron_lib/callbacks/manager.py:192}}
Jul 28 14:23:33.171602 n-d-705658-23 neutron-server[94750]: DEBUG neutron.plugins.ml2.rpc [None req-3fdb39d1-13ed-4698-9252-123bf264604a None None] Device ec2a5c11-1e6b-4bd9-88db-09faa54acdd6 up at agent ovs-agent-n-d-705658-23 {{(pid=94750) update_device_up /opt/stack/neutron/neutron/plugins/ml2/rpc.py:296}}
Jul 28 14:23:33.342591 n-d-705658-23 neutron-server[94750]: DEBUG neutron.db.provisioning_blocks [None req-3fdb39d1-13ed-4698-9252-123bf264604a None None] Provisioning for port ec2a5c11-1e6b-4bd9-88db-09faa54acdd6 completed by entity L2. {{(pid=94750) provisioning_complete /opt/stack/neutron/neutron/db/provisioning_blocks.py:133}}
Jul 28 14:23:33.347717 n-d-705658-23 neutron-server[94750]: DEBUG neutron.db.provisioning_blocks [None req-3fdb39d1-13ed-4698-9252-123bf264604a None None] Provisioning complete for port ec2a5c11-1e6b-4bd9-88db-09faa54acdd6 triggered by entity L2. {{(pid=94750) provisioning_complete /opt/stack/neutron/neutron/db/provisioning_blocks.py:139}}
Jul 28 14:23:33.348100 n-d-705658-23 neutron-server[94750]: DEBUG neutron_lib.callbacks.manager [None req-3fdb39d1-13ed-4698-9252-123bf264604a None None] Notify callbacks ['neutron.plugins.ml2.plugin.Ml2Plugin._port_provisioned-1377378'] for port, provisioning_complete {{(pid=94750) _notify_loop /usr/local/lib/python3.8/dist-packages/neutron_lib/callbacks/manager.py:192}}
Jul 28 14:23:33.396109 n-d-705658-23 neutron-server[94749]: DEBUG neutron_lib.callbacks.manager [None req-8f1cfe1f-e619-4327-bc15-28472fedd087 admin admin] Notify callbacks ['neutron.plugins.ml2.ovo_rpc._ObjectChangeHandler.handle_event-559937', 'neutron.api.rpc.agentnotifiers.dhcp_rpc_agent_api.DhcpAgentNotifyAPI._native_event_send_dhcp_notification-567972'] for subnet, after_create {{(pid=94749) _notify_loop /usr/local/lib/python3.8/dist-packages/neutron_lib/callbacks/manager.py:192}}
Jul 28 14:23:33.428017 n-d-705658-23 neutron-server[94750]: DEBUG neutron_lib.callbacks.manager [None req-3fdb39d1-13ed-4698-9252-123bf264604a None None] Notify callbacks ['neutron.plugins.ml2.plugin.SecurityGroupDbMixin._ensure_default_security_group_handler-1598753'] for port, before_update {{(pid=94750) _notify_loop /usr/local/lib/python3.8/dist-packages/neutron_lib/callbacks/manager.py:192}}
Jul 28 14:23:33.467738 n-d-705658-23 neutron-server[94750]: DEBUG neutron.plugins.ml2.db [None req-3fdb39d1-13ed-4698-9252-123bf264604a None None] For port ec2a5c11-1e6b-4bd9-88db-09faa54acdd6, host n-d-705658-23, got binding levels [PortBindingLevel(driver='openvswitch',host='n-d-705658-23',level=0,port_id=ec2a5c11-1e6b-4bd9-88db-09faa54acdd6,segment=NetworkSegment(b27b2d0e-8605-421c-9510-13573d6790a4),segment_id=b27b2d0e-8605-421c-9510-13573d6790a4)] {{(pid=94750) get_binding_level_objs /opt/stack/neutron/neutron/plugins/ml2/db.py:74}}
Jul 28 14:23:33.480372 n-d-705658-23 neutron-server[94749]: DEBUG neutron.api.rpc.handlers.resources_rpc [None req-8f1cfe1f-e619-4327-bc15-28472fedd087 admin admin] Pushing event updated for resources: {'Subnet': ['ID=44a988e1-7a39-4af5-8ea5-5cdb7f807b4e,revision_number=0']} {{(pid=94749) push /opt/stack/neutron/neutron/api/rpc/handlers/resources_rpc.py:237}}
Jul 28 14:23:33.491835 n-d-705658-23 neutron-server[94749]: DEBUG neutron.plugins.ml2.drivers.mech_agent [None req-8f1cfe1f-e619-4327-bc15-28472fedd087 admin admin] Checking segment: {'id': '78b018e8-ff1a-4dab-a5c3-e33680555d61', 'network_type': 'vlan', 'physical_network': 'physnet1', 'segmentation_id': 350, 'network_id': '3534e784-1892-45ec-b33e-5be04072195d'} for mappings: {'physnet1': 'br-data'} with network types: ['local', 'flat', 'vlan'] {{(pid=94749) check_segment_for_agent /opt/stack/neutron/neutron/plugins/ml2/drivers/mech_agent.py:352}}
Jul 28 14:23:33.492191 n-d-705658-23 neutron-server[94749]: DEBUG neutron.scheduler.dhcp_agent_scheduler [None req-8f1cfe1f-e619-4327-bc15-28472fedd087 admin admin] Network hostable DHCP agents. Network: 3534e784-1892-45ec-b33e-5be04072195d, hostable agents: ['b2c577a0-445c-408f-92c5-137a530a34db'], hosted agents: [] {{(pid=94749) _get_network_hostable_dhcp_agents /opt/stack/neutron/neutron/scheduler/dhcp_agent_scheduler.py:329}}
Jul 28 14:23:33.537500 n-d-705658-23 neutron-server[94750]: DEBUG neutron_lib.callbacks.manager [None req-3fdb39d1-13ed-4698-9252-123bf264604a None None] Notify callbacks ['neutron.plugins.ml2.plugin.SecurityGroupServerNotifierRpcMixin._notify_sg_on_port_change-1599468', 'neutron.plugins.ml2.ovo_rpc._ObjectChangeHandler.handle_event-150648', 'neutron.api.rpc.agentnotifiers.dhcp_rpc_agent_api.DhcpAgentNotifyAPI._native_event_send_dhcp_notification-567972', 'neutron.db.l3_db.L3RpcNotifierMixin._notify_gateway_port_ip_changed-8788961116977', 'neutron.db.l3_dvrscheduler_db._notify_l3_agent_port_update-8788960728086', 'neutron.db.l3_hascheduler_db._notify_l3_agent_ha_port_update-8788960728104'] for port, after_update {{(pid=94750) _notify_loop /usr/local/lib/python3.8/dist-packages/neutron_lib/callbacks/manager.py:192}}
Jul 28 14:23:33.550238 n-d-705658-23 neutron-server[94748]: DEBUG neutron.wsgi [req-7f50e49a-274f-4b1c-8b42-0f9ea27fcd39 req-a1f85ee5-4d2f-43b0-944b-ff80112d8c5c tempest-MigrationsAdminTest-770647305 tempest-MigrationsAdminTest-770647305-project] http://10.222.0.47:9696/v2.0/extensions returned with HTTP 200 {{(pid=94748) __call__ /opt/stack/neutron/neutron/wsgi.py:729}}
Jul 28 14:23:33.551422 n-d-705658-23 neutron-server[94748]: INFO neutron.wsgi [req-7f50e49a-274f-4b1c-8b42-0f9ea27fcd39 req-a1f85ee5-4d2f-43b0-944b-ff80112d8c5c tempest-MigrationsAdminTest-770647305 tempest-MigrationsAdminTest-770647305-project] 10.222.0.53 "GET /v2.0/extensions HTTP/1.1" status: 200 len: 13640 time: 0.0063746
Jul 28 14:23:33.590025 n-d-705658-23 neutron-server[94749]: DEBUG neutron.scheduler.dhcp_agent_scheduler [None req-8f1cfe1f-e619-4327-bc15-28472fedd087 admin admin] Network 3534e784-1892-45ec-b33e-5be04072195d is scheduled to be hosted by DHCP agent b2c577a0-445c-408f-92c5-137a530a34db with binding_index 1 {{(pid=94749) bind /opt/stack/neutron/neutron/scheduler/dhcp_agent_scheduler.py:227}}
Jul 28 14:23:33.610026 n-d-705658-23 neutron-server[94748]: DEBUG neutron.wsgi [-] (94748) accepted ('10.222.0.47', 57170) {{(pid=94748) server /usr/local/lib/python3.8/dist-packages/eventlet/wsgi.py:982}}
Jul 28 14:23:33.681777 n-d-705658-23 neutron-server[94750]: DEBUG neutron.api.rpc.handlers.resources_rpc [None req-3fdb39d1-13ed-4698-9252-123bf264604a None None] Pushing event updated for resources: {'Port': ['ID=ec2a5c11-1e6b-4bd9-88db-09faa54acdd6,revision_number=5']} {{(pid=94750) push /opt/stack/neutron/neutron/api/rpc/handlers/resources_rpc.py:237}}
Jul 28 14:23:33.702519 n-d-705658-23 neutron-server[94749]: DEBUG neutron.scheduler.base_scheduler [None req-8f1cfe1f-e619-4327-bc15-28472fedd087 admin admin] Resources bound (agent type, host, resource id): (DHCP agent, n-d-705658-23, 3534e784-1892-45ec-b33e-5be04072195d) {{(pid=94749) schedule /opt/stack/neutron/neutron/scheduler/base_scheduler.py:57}}
Jul 28 14:23:33.706561 n-d-705658-23 neutron-server[94749]: DEBUG neutron.pecan_wsgi.hooks.policy_enforcement [None req-8f1cfe1f-e619-4327-bc15-28472fedd087 admin admin] Attributes excluded by policy engine: ['standard_attr_id', 'shared', 'network'] {{(pid=94749) _exclude_attributes_by_policy /opt/stack/neutron/neutron/pecan_wsgi/hooks/policy_enforcement.py:255}}
Jul 28 14:23:33.707298 n-d-705658-23 neutron-server[94749]: DEBUG neutron_lib.callbacks.manager [None req-8f1cfe1f-e619-4327-bc15-28472fedd087 admin admin] Notify callbacks ['neutron.api.rpc.agentnotifiers.dhcp_rpc_agent_api.DhcpAgentNotifyAPI._send_dhcp_notification-567962'] for subnet, before_response {{(pid=94749) _notify_loop /usr/local/lib/python3.8/dist-packages/neutron_lib/callbacks/manager.py:192}}
Jul 28 14:23:33.714419 n-d-705658-23 neutron-server[94750]: DEBUG neutron.api.rpc.handlers.dhcp_rpc [None req-fa97fc22-1b70-4525-9a4d-09855827bc37 None None] Network 3534e784-1892-45ec-b33e-5be04072195d requested from n-d-705658-23 {{(pid=94750) get_network_info /opt/stack/neutron/neutron/api/rpc/handlers/dhcp_rpc.py:218}}
Jul 28 14:23:33.761777 n-d-705658-23 neutron-server[94748]: DEBUG neutron_lib.callbacks.manager [None req-7a0f718a-c0c4-4341-9087-ac85d365cea3 admin admin] Notify callbacks [] for security_group, before_create {{(pid=94748) _notify_loop /usr/local/lib/python3.8/dist-packages/neutron_lib/callbacks/manager.py:192}}
Jul 28 14:23:33.788807 n-d-705658-23 neutron-server[94748]: DEBUG neutron.pecan_wsgi.hooks.policy_enforcement [req-1938171f-39b5-4be1-b8f2-8cec7a582751 req-397c8d46-4981-45d4-89ea-9b09aa773488 tempest-MigrationsAdminTest-770647305 tempest-MigrationsAdminTest-770647305-project] Attributes excluded by policy engine: ['standard_attr_id', 'binding:profile', 'binding:host_id', 'binding:vif_type', 'binding:vif_details'] {{(pid=94748) _exclude_attributes_by_policy /opt/stack/neutron/neutron/pecan_wsgi/hooks/policy_enforcement.py:255}}
Jul 28 14:23:33.791464 n-d-705658-23 neutron-server[94748]: INFO neutron.wsgi [req-1938171f-39b5-4be1-b8f2-8cec7a582751 req-397c8d46-4981-45d4-89ea-9b09aa773488 tempest-MigrationsAdminTest-770647305 tempest-MigrationsAdminTest-770647305-project] 10.222.0.47 "GET /v2.0/ports?device_id=e99bbdb8-11b6-4d37-ab40-70c9d217da86 HTTP/1.1" status: 200 len: 936 time: 0.1647406
Jul 28 14:23:33.800143 n-d-705658-23 neutron-server[94748]: DEBUG neutron.api.v2.base [req-7f50e49a-274f-4b1c-8b42-0f9ea27fcd39 req-cc82ac1b-796d-494e-8f7c-f71bc6f9b135 service neutron] Request body: {'port': {'device_id': 'e99bbdb8-11b6-4d37-ab40-70c9d217da86', 'device_owner': 'compute:nova', 'binding:host_id': 'n-h1-705658-23'}} {{(pid=94748) prepare_request_body /opt/stack/neutron/neutron/api/v2/base.py:729}}
Jul 28 14:23:33.813572 n-d-705658-23 neutron-server[94749]: INFO neutron.wsgi [None req-8f1cfe1f-e619-4327-bc15-28472fedd087 admin admin] 10.222.0.47 "POST /v2.0/subnets HTTP/1.1" status: 201 len: 859 time: 0.8604674
Jul 28 14:23:33.814441 n-d-705658-23 neutron-server[94749]: DEBUG neutron.wsgi [-] (94749) accepted ('10.222.0.47', 57178) {{(pid=94749) server /usr/local/lib/python3.8/dist-packages/eventlet/wsgi.py:982}}
Jul 28 14:23:33.826807 n-d-705658-23 neutron-server[94749]: DEBUG neutron.api.v2.base [None req-d334342d-d70e-4ec9-8511-bdd81441bd24 admin admin] Request body: {'router': {'name': 'tempest-ServersWithSpecificFlavorTestJSON-382875390-router', 'tenant_id': 'bd0f607b2d71401ea7f2c96c39ce4ea3', 'external_gateway_info': {'network_id': '49a2c6f3-60a8-433f-adcc-64ab59457ee7'}}} {{(pid=94749) prepare_request_body /opt/stack/neutron/neutron/api/v2/base.py:729}}
Jul 28 14:23:33.922003 n-d-705658-23 neutron-server[94749]: DEBUG neutron.pecan_wsgi.hooks.policy_enforcement [req-426ec883-8fe9-4584-9925-e91649bd8843 req-f24e423a-2763-43d9-a56e-c5bef8d7aa77 tempest-AggregatesAdminTestJSON-1641788044 tempest-AggregatesAdminTestJSON-1641788044-project] Attributes excluded by policy engine: ['standard_attr_id', 'binding:profile', 'binding:host_id', 'binding:vif_type', 'binding:vif_details'] {{(pid=94749) _exclude_attributes_by_policy /opt/stack/neutron/neutron/pecan_wsgi/hooks/policy_enforcement.py:255}}
Jul 28 14:23:33.932841 n-d-705658-23 neutron-server[94749]: INFO neutron.wsgi [req-426ec883-8fe9-4584-9925-e91649bd8843 req-f24e423a-2763-43d9-a56e-c5bef8d7aa77 tempest-AggregatesAdminTestJSON-1641788044 tempest-AggregatesAdminTestJSON-1641788044-project] 10.222.0.47 "GET /v2.0/ports?device_id=2a4f93fb-914c-4cc8-a85b-0fd656fb67b2 HTTP/1.1" status: 200 len: 972 time: 0.0679514
Jul 28 14:23:33.955042 n-d-705658-23 neutron-server[94750]: DEBUG neutron.api.rpc.handlers.dhcp_rpc [None req-8f75d851-aae4-4be4-a174-fefeedbad88f None None] Create dhcp port {'port': {'name': '', 'admin_state_up': True, 'device_id': 'dhcpcbd48093-89b5-592b-80c5-a32275167204-3534e784-1892-45ec-b33e-5be04072195d', 'network_id': '3534e784-1892-45ec-b33e-5be04072195d', 'tenant_id': 'bd0f607b2d71401ea7f2c96c39ce4ea3', 'fixed_ips': [{'subnet_id': '44a988e1-7a39-4af5-8ea5-5cdb7f807b4e'}]}} from n-d-705658-23. {{(pid=94750) create_dhcp_port /opt/stack/neutron/neutron/api/rpc/handlers/dhcp_rpc.py:285}}
Jul 28 14:23:33.956096 n-d-705658-23 neutron-server[94750]: DEBUG neutron_lib.callbacks.manager [None req-8f75d851-aae4-4be4-a174-fefeedbad88f None None] Notify callbacks ['neutron.plugins.ml2.plugin.SecurityGroupDbMixin._ensure_default_security_group_handler-1598753'] for port, before_create {{(pid=94750) _notify_loop /usr/local/lib/python3.8/dist-packages/neutron_lib/callbacks/manager.py:192}}
Jul 28 14:23:33.966823 n-d-705658-23 neutron-server[94748]: INFO neutron.wsgi [req-1938171f-39b5-4be1-b8f2-8cec7a582751 req-8ff2ab70-80f6-4ec1-bb35-8449da62db63 tempest-MigrationsAdminTest-770647305 tempest-MigrationsAdminTest-770647305-project] 10.222.0.47 "GET /v2.0/security-groups?id=1d8e8205-e31e-4844-80ba-e54d2d3441cd&fields=id&fields=name HTTP/1.1" status: 200 len: 286 time: 0.1376152
Jul 28 14:23:33.989467 n-d-705658-23 neutron-server[94748]: DEBUG neutron_lib.callbacks.manager [req-7f50e49a-274f-4b1c-8b42-0f9ea27fcd39 req-cc82ac1b-796d-494e-8f7c-f71bc6f9b135 service neutron] Notify callbacks ['neutron.plugins.ml2.plugin.SecurityGroupDbMixin._ensure_default_security_group_handler-1598753'] for port, before_update {{(pid=94748) _notify_loop /usr/local/lib/python3.8/dist-packages/neutron_lib/callbacks/manager.py:192}}
Jul 28 14:23:34.001580 n-d-705658-23 neutron-server[94749]: INFO neutron.wsgi [req-426ec883-8fe9-4584-9925-e91649bd8843 req-a7de821d-730d-4c04-9f04-5b7dba517242 tempest-AggregatesAdminTestJSON-1641788044 tempest-AggregatesAdminTestJSON-1641788044-project] 10.222.0.47 "GET /v2.0/security-groups?id=f53a69d1-0598-449d-8bbd-5421a064003e&fields=id&fields=name HTTP/1.1" status: 200 len: 286 time: 0.0636001
Jul 28 14:23:34.165746 n-d-705658-23 neutron-server[94750]: DEBUG neutron.db.db_base_plugin_common [None req-8f75d851-aae4-4be4-a174-fefeedbad88f None None] Allocated IP 172.20.0.2 (3534e784-1892-45ec-b33e-5be04072195d/44a988e1-7a39-4af5-8ea5-5cdb7f807b4e/55ef2759-cf54-41fc-9b19-58e8e10877b0) {{(pid=94750) _store_ip_allocation /opt/stack/neutron/neutron/db/db_base_plugin_common.py:131}}
Jul 28 14:23:34.167211 n-d-705658-23 neutron-server[94749]: INFO neutron.wsgi [req-67772f21-b10a-4603-89d0-225a75bc627f req-4d1a5468-7956-47d3-854c-32ab18f7996e tempest-LiveMigrationNegativeTest-353811885 tempest-LiveMigrationNegativeTest-353811885-project] 10.222.0.47 "GET /v2.0/ports?device_id=a976dffd-4df3-4418-8ba1-60f3b78ebacb HTTP/1.1" status: 200 len: 210 time: 0.0411880
Jul 28 14:23:34.280715 n-d-705658-23 neutron-server[94748]: INFO neutron.wsgi [req-df15db16-7d33-4feb-8920-c52e164e8ce5 req-0b25fbde-566b-4890-a42c-764c9dc3ad0e tempest-LiveAutoBlockMigrationV225Test-1867318901 tempest-LiveAutoBlockMigrationV225Test-1867318901-project] 10.222.0.47 "GET /v2.0/ports?device_id=b55d2050-c54f-456c-bd1b-4534c58b00fb HTTP/1.1" status: 200 len: 210 time: 0.0695791
Jul 28 14:23:34.319461 n-d-705658-23 neutron-server[94748]: DEBUG neutron_lib.callbacks.manager [None req-7a0f718a-c0c4-4341-9087-ac85d365cea3 admin admin] Notify callbacks [] for security_group, precommit_create {{(pid=94748) _notify_loop /usr/local/lib/python3.8/dist-packages/neutron_lib/callbacks/manager.py:192}}
Jul 28 14:23:34.330934 n-d-705658-23 neutron-server[94750]: DEBUG neutron_lib.callbacks.manager [None req-8f75d851-aae4-4be4-a174-fefeedbad88f None None] Notify callbacks [] for port, precommit_create {{(pid=94750) _notify_loop /usr/local/lib/python3.8/dist-packages/neutron_lib/callbacks/manager.py:192}}
Jul 28 14:23:34.341771 n-d-705658-23 neutron-server[94750]: DEBUG neutron.db.provisioning_blocks [None req-8f75d851-aae4-4be4-a174-fefeedbad88f None None] Transition to ACTIVE for port object 55ef2759-cf54-41fc-9b19-58e8e10877b0 will not be triggered until provisioned by entity L2. {{(pid=94750) add_provisioning_component /opt/stack/neutron/neutron/db/provisioning_blocks.py:73}}
Jul 28 14:23:34.356796 n-d-705658-23 neutron-server[94750]: DEBUG neutron.db.provisioning_blocks [None req-8f75d851-aae4-4be4-a174-fefeedbad88f None None] Transition to ACTIVE for port object 55ef2759-cf54-41fc-9b19-58e8e10877b0 will not be triggered until provisioned by entity DHCP. {{(pid=94750) add_provisioning_component /opt/stack/neutron/neutron/db/provisioning_blocks.py:73}}
Jul 28 14:23:34.458891 n-d-705658-23 neutron-server[94748]: DEBUG neutron.notifiers.nova [req-7f50e49a-274f-4b1c-8b42-0f9ea27fcd39 req-cc82ac1b-796d-494e-8f7c-f71bc6f9b135 service neutron] Ignoring state change previous_port_status: DOWN current_port_status: DOWN port_id 66e41023-6553-47b3-beec-1e760b3fdb6e {{(pid=94748) record_port_status_changed /opt/stack/neutron/neutron/notifiers/nova.py:224}}
Jul 28 14:23:34.466577 n-d-705658-23 neutron-server[94748]: DEBUG neutron_lib.callbacks.manager [None req-7a0f718a-c0c4-4341-9087-ac85d365cea3 admin admin] Notify callbacks ['neutron.plugins.ml2.ovo_rpc._ObjectChangeHandler.handle_event-560121'] for security_group, after_create {{(pid=94748) _notify_loop /usr/local/lib/python3.8/dist-packages/neutron_lib/callbacks/manager.py:192}}
Jul 28 14:23:34.470298 n-d-705658-23 neutron-server[94748]: DEBUG neutron_lib.callbacks.manager [req-7f50e49a-274f-4b1c-8b42-0f9ea27fcd39 req-cc82ac1b-796d-494e-8f7c-f71bc6f9b135 service neutron] Notify callbacks [] for port, precommit_update {{(pid=94748) _notify_loop /usr/local/lib/python3.8/dist-packages/neutron_lib/callbacks/manager.py:192}}
Jul 28 14:23:34.506707 n-d-705658-23 neutron-server[94748]: DEBUG neutron.db.provisioning_blocks [req-7f50e49a-274f-4b1c-8b42-0f9ea27fcd39 req-cc82ac1b-796d-494e-8f7c-f71bc6f9b135 service neutron] Transition to ACTIVE for port object 66e41023-6553-47b3-beec-1e760b3fdb6e will not be triggered until provisioned by entity L2. {{(pid=94748) add_provisioning_component /opt/stack/neutron/neutron/db/provisioning_blocks.py:73}}
Jul 28 14:23:34.518705 n-d-705658-23 neutron-server[94748]: DEBUG neutron.api.rpc.handlers.resources_rpc [None req-7a0f718a-c0c4-4341-9087-ac85d365cea3 admin admin] Pushing event updated for resources: {'SecurityGroup': ['ID=e28a4f7a-778d-4647-89e5-cf76ba4f3877,revision_number=1']} {{(pid=94748) push /opt/stack/neutron/neutron/api/rpc/handlers/resources_rpc.py:237}}
Jul 28 14:23:34.522981 n-d-705658-23 neutron-server[94748]: INFO neutron.wsgi [None req-7a0f718a-c0c4-4341-9087-ac85d365cea3 admin admin] 10.222.0.47 "GET /v2.0/security-groups?tenant_id=4f15af38b64e4f1ba3c18277951fc2d6&name=default HTTP/1.1" status: 200 len: 2979 time: 0.9118242
Jul 28 14:23:34.525996 n-d-705658-23 neutron-server[94748]: DEBUG neutron.wsgi [-] (94748) accepted ('10.222.0.47', 57188) {{(pid=94748) server /usr/local/lib/python3.8/dist-packages/eventlet/wsgi.py:982}}
Jul 28 14:23:34.531739 n-d-705658-23 neutron-server[94750]: DEBUG neutron_lib.callbacks.manager [None req-8f75d851-aae4-4be4-a174-fefeedbad88f None None] Notify callbacks ['neutron.plugins.ml2.plugin.SecurityGroupServerNotifierRpcMixin._notify_sg_on_port_change-1599468', 'neutron.plugins.ml2.ovo_rpc._ObjectChangeHandler.handle_event-150648', 'neutron.api.rpc.agentnotifiers.dhcp_rpc_agent_api.DhcpAgentNotifyAPI._native_event_send_dhcp_notification-567972', 'neutron.db.l3_dvrscheduler_db._notify_l3_agent_new_port-8788960728068'] for port, after_create {{(pid=94750) _notify_loop /usr/local/lib/python3.8/dist-packages/neutron_lib/callbacks/manager.py:192}}
Jul 28 14:23:34.568918 n-d-705658-23 neutron-server[94750]: DEBUG neutron.scheduler.dhcp_agent_scheduler [None req-8f75d851-aae4-4be4-a174-fefeedbad88f None None] Network 3534e784-1892-45ec-b33e-5be04072195d is already hosted by enough agents. {{(pid=94750) _get_dhcp_agents_hosting_network /opt/stack/neutron/neutron/scheduler/dhcp_agent_scheduler.py:275}}
Jul 28 14:23:34.571834 n-d-705658-23 neutron-server[94750]: DEBUG neutron.scheduler.base_scheduler [None req-8f75d851-aae4-4be4-a174-fefeedbad88f None None] Resources bound (agent type, host, resource id): {{(pid=94750) schedule /opt/stack/neutron/neutron/scheduler/base_scheduler.py:57}}
Jul 28 14:23:34.575508 n-d-705658-23 neutron-server[94750]: DEBUG neutron.db.l3_dvrscheduler_db [None req-8f75d851-aae4-4be4-a174-fefeedbad88f None None] Received port after_create {{(pid=94750) _notify_l3_agent_new_port /opt/stack/neutron/neutron/db/l3_dvrscheduler_db.py:535}}
Jul 28 14:23:34.585683 n-d-705658-23 neutron-server[94748]: DEBUG neutron_lib.callbacks.manager [None req-7b05bb1b-bbac-44ed-bb24-f0e83c78dec5 admin admin] Notify callbacks [] for security_group, before_delete {{(pid=94748) _notify_loop /usr/local/lib/python3.8/dist-packages/neutron_lib/callbacks/manager.py:192}}
Jul 28 14:23:34.589264 n-d-705658-23 neutron-server[94750]: DEBUG neutron.api.rpc.handlers.resources_rpc [None req-8f75d851-aae4-4be4-a174-fefeedbad88f None None] Pushing event updated for resources: {'Port': ['ID=55ef2759-cf54-41fc-9b19-58e8e10877b0,revision_number=1']} {{(pid=94750) push /opt/stack/neutron/neutron/api/rpc/handlers/resources_rpc.py:237}}
Jul 28 14:23:34.609199 n-d-705658-23 neutron-server[94748]: DEBUG neutron_lib.callbacks.manager [None req-7b05bb1b-bbac-44ed-bb24-f0e83c78dec5 admin admin] Notify callbacks [] for security_group, precommit_delete {{(pid=94748) _notify_loop /usr/local/lib/python3.8/dist-packages/neutron_lib/callbacks/manager.py:192}}
Jul 28 14:23:34.636495 n-d-705658-23 neutron-server[94750]: DEBUG neutron.plugins.ml2.managers [None req-8f75d851-aae4-4be4-a174-fefeedbad88f None None] Attempting to bind port 55ef2759-cf54-41fc-9b19-58e8e10877b0 on host n-d-705658-23 for vnic_type normal with profile {{(pid=94750) bind_port /opt/stack/neutron/neutron/plugins/ml2/managers.py:790}}
Jul 28 14:23:34.636862 n-d-705658-23 neutron-server[94750]: DEBUG neutron.plugins.ml2.managers [None req-8f75d851-aae4-4be4-a174-fefeedbad88f None None] Attempting to bind port 55ef2759-cf54-41fc-9b19-58e8e10877b0 by drivers openvswitch,hyperv on host n-d-705658-23 at level 0 using segments [{'id': '78b018e8-ff1a-4dab-a5c3-e33680555d61', 'network_type': 'vlan', 'physical_network': 'physnet1', 'segmentation_id': 350, 'network_id': '3534e784-1892-45ec-b33e-5be04072195d'}] {{(pid=94750) _bind_port_level /opt/stack/neutron/neutron/plugins/ml2/managers.py:815}}
Jul 28 14:23:34.637222 n-d-705658-23 neutron-server[94750]: DEBUG neutron.plugins.ml2.drivers.mech_agent [None req-8f75d851-aae4-4be4-a174-fefeedbad88f None None] Attempting to bind port 55ef2759-cf54-41fc-9b19-58e8e10877b0 on network 3534e784-1892-45ec-b33e-5be04072195d {{(pid=94750) bind_port /opt/stack/neutron/neutron/plugins/ml2/drivers/mech_agent.py:85}}
Jul 28 14:23:34.642066 n-d-705658-23 neutron-server[94750]: DEBUG neutron.plugins.ml2.drivers.mech_agent [None req-8f75d851-aae4-4be4-a174-fefeedbad88f None None] Checking agent: {'id': 'b87c0fce-6b6c-4aa2-9f9e-15bd8b8a3446', 'agent_type': 'Open vSwitch agent', 'binary': 'neutron-openvswitch-agent', 'topic': 'N/A', 'host': 'n-d-705658-23', 'admin_state_up': True, 'created_at': datetime.datetime(2021, 7, 28, 14, 12, 45), 'started_at': datetime.datetime(2021, 7, 28, 14, 13, 15), 'heartbeat_timestamp': datetime.datetime(2021, 7, 28, 14, 23, 15), 'description': None, 'resources_synced': None, 'availability_zone': None, 'alive': True, 'configurations': {'arp_responder_enabled': False, 'baremetal_smartnic': False, 'bridge_mappings': {'physnet1': 'br-data'}, 'datapath_type': 'system', 'devices': 0, 'enable_distributed_routing': False, 'extensions': [], 'in_distributed_mode': False, 'integration_bridge': 'br-int', 'l2_population': False, 'log_agent_heartbeats': False, 'ovs_capabilities': {'datapath_types': ['netdev', 'system'], 'iface_types': ['erspan', 'geneve', 'gre', 'internal', 'ip6erspan', 'ip6gre', 'lisp', 'patch', 'stt', 'system', 'tap', 'vxlan']}, 'ovs_hybrid_plug': False, 'resource_provider_bandwidths': {}, 'resource_provider_hypervisors': {'br-data': 'n-d-705658-23'}, 'resource_provider_inventory_defaults': {'allocation_ratio': 1.0, 'min_unit': 1, 'step_size': 1, 'reserved': 0}, 'tunnel_types': [], 'tunneling_ip': None, 'vhostuser_socket_dir': '/var/run/openvswitch'}, 'resource_versions': {'AddressGroup': '1.2', 'ConntrackHelper': '1.0', 'Log': '1.0', 'Network': '1.1', 'Port': '1.7', 'PortForwarding': '1.2', 'QosPolicy': '1.8', 'SecurityGroup': '1.4', 'SecurityGroupRule': '1.2', 'SubPort': '1.0', 'Subnet': '1.1', 'Trunk': '1.1'}} {{(pid=94750) bind_port /opt/stack/neutron/neutron/plugins/ml2/drivers/mech_agent.py:104}}
Jul 28 14:23:34.642463 n-d-705658-23 neutron-server[94750]: DEBUG neutron.plugins.ml2.drivers.mech_agent [None req-8f75d851-aae4-4be4-a174-fefeedbad88f None None] Checking segment: {'id': '78b018e8-ff1a-4dab-a5c3-e33680555d61', 'network_type': 'vlan', 'physical_network': 'physnet1', 'segmentation_id': 350, 'network_id': '3534e784-1892-45ec-b33e-5be04072195d'} for mappings: {'physnet1': 'br-data'} with network types: ['local', 'flat', 'vlan'] {{(pid=94750) check_segment_for_agent /opt/stack/neutron/neutron/plugins/ml2/drivers/mech_agent.py:352}}
Jul 28 14:23:34.643458 n-d-705658-23 neutron-server[94750]: DEBUG neutron_lib.callbacks.manager [None req-8f75d851-aae4-4be4-a174-fefeedbad88f None None] Notify callbacks [] for ovs_bridge_name, before_read {{(pid=94750) _notify_loop /usr/local/lib/python3.8/dist-packages/neutron_lib/callbacks/manager.py:192}}
Jul 28 14:23:34.643852 n-d-705658-23 neutron-server[94750]: DEBUG neutron.plugins.ml2.drivers.mech_agent [None req-8f75d851-aae4-4be4-a174-fefeedbad88f None None] Bound using segment: {'id': '78b018e8-ff1a-4dab-a5c3-e33680555d61', 'network_type': 'vlan', 'physical_network': 'physnet1', 'segmentation_id': 350, 'network_id': '3534e784-1892-45ec-b33e-5be04072195d'} {{(pid=94750) bind_port /opt/stack/neutron/neutron/plugins/ml2/drivers/mech_agent.py:114}}
Jul 28 14:23:34.644344 n-d-705658-23 neutron-server[94750]: DEBUG neutron.plugins.ml2.managers [None req-8f75d851-aae4-4be4-a174-fefeedbad88f None None] Bound port: 55ef2759-cf54-41fc-9b19-58e8e10877b0, host: n-d-705658-23, vif_type: ovs, vif_details: {"connectivity": "l2", "port_filter": true, "ovs_hybrid_plug": false, "datapath_type": "system", "bridge_name": "br-int"}, binding_levels: [{'bound_driver': 'openvswitch', 'bound_segment': {'id': '78b018e8-ff1a-4dab-a5c3-e33680555d61', 'network_type': 'vlan', 'physical_network': 'physnet1', 'segmentation_id': 350, 'network_id': '3534e784-1892-45ec-b33e-5be04072195d'}}] {{(pid=94750) _bind_port_level /opt/stack/neutron/neutron/plugins/ml2/managers.py:928}}
Jul 28 14:23:34.644745 n-d-705658-23 neutron-server[94750]: DEBUG neutron_lib.callbacks.manager [None req-8f75d851-aae4-4be4-a174-fefeedbad88f None None] Notify callbacks ['neutron.plugins.ml2.plugin.SecurityGroupDbMixin._ensure_default_security_group_handler-1598753'] for port, before_update {{(pid=94750) _notify_loop /usr/local/lib/python3.8/dist-packages/neutron_lib/callbacks/manager.py:192}}
Jul 28 14:23:34.646085 n-d-705658-23 neutron-server[94749]: DEBUG neutron_lib.callbacks.manager [None req-d334342d-d70e-4ec9-8511-bdd81441bd24 admin admin] Notify callbacks ['neutron.services.l3_router.l3_router_plugin.L3_HA_NAT_db_mixin._before_router_create-760922', 'neutron.services.l3_router.service_providers.driver_controller.DriverController._check_router_request-210370'] for router, before_create {{(pid=94749) _notify_loop /usr/local/lib/python3.8/dist-packages/neutron_lib/callbacks/manager.py:192}}
Jul 28 14:23:34.647473 n-d-705658-23 neutron-server[94749]: DEBUG neutron_lib.callbacks.manager [None req-d334342d-d70e-4ec9-8511-bdd81441bd24 admin admin] Notify callbacks ['neutron.services.l3_router.l3_router_plugin.L3_HA_NAT_db_mixin._precommit_router_create-761085', 'neutron.services.l3_router.l3_router_plugin.DVRResourceOperationHandler._set_distributed_flag-381232', 'neutron.services.l3_router.l3_router_plugin.RouterAvailabilityZoneMixin._process_az_request-539654', 'neutron.services.l3_router.service_providers.driver_controller.DriverController._set_router_provider-210377'] for router, precommit_create {{(pid=94749) _notify_loop /usr/local/lib/python3.8/dist-packages/neutron_lib/callbacks/manager.py:192}}
Jul 28 14:23:34.710542 n-d-705658-23 neutron-server[94750]: DEBUG neutron.plugins.ml2.db [None req-8f75d851-aae4-4be4-a174-fefeedbad88f None None] For port 55ef2759-cf54-41fc-9b19-58e8e10877b0, host n-d-705658-23, cleared binding levels {{(pid=94750) clear_binding_levels /opt/stack/neutron/neutron/plugins/ml2/db.py:87}}
Jul 28 14:23:34.713643 n-d-705658-23 neutron-server[94750]: DEBUG neutron.plugins.ml2.db [None req-8f75d851-aae4-4be4-a174-fefeedbad88f None None] For port 55ef2759-cf54-41fc-9b19-58e8e10877b0, host n-d-705658-23, set binding levels [PortBindingLevel(driver='openvswitch',host='n-d-705658-23',level=0,port_id=55ef2759-cf54-41fc-9b19-58e8e10877b0,segment=NetworkSegment(78b018e8-ff1a-4dab-a5c3-e33680555d61),segment_id=78b018e8-ff1a-4dab-a5c3-e33680555d61)] {{(pid=94750) set_binding_levels /opt/stack/neutron/neutron/plugins/ml2/db.py:59}}
Jul 28 14:23:34.737754 n-d-705658-23 neutron-server[94748]: DEBUG neutron_lib.callbacks.manager [req-7f50e49a-274f-4b1c-8b42-0f9ea27fcd39 req-cc82ac1b-796d-494e-8f7c-f71bc6f9b135 service neutron] Notify callbacks ['neutron.plugins.ml2.plugin.SecurityGroupServerNotifierRpcMixin._notify_sg_on_port_change-1599468', 'neutron.plugins.ml2.ovo_rpc._ObjectChangeHandler.handle_event-150648', 'neutron.api.rpc.agentnotifiers.dhcp_rpc_agent_api.DhcpAgentNotifyAPI._native_event_send_dhcp_notification-567972', 'neutron.db.l3_db.L3RpcNotifierMixin._notify_gateway_port_ip_changed-8788961116977', 'neutron.db.l3_dvrscheduler_db._notify_l3_agent_port_update-8788960728086', 'neutron.db.l3_hascheduler_db._notify_l3_agent_ha_port_update-8788960728104'] for port, after_update {{(pid=94748) _notify_loop /usr/local/lib/python3.8/dist-packages/neutron_lib/callbacks/manager.py:192}}
Jul 28 14:23:34.770409 n-d-705658-23 neutron-server[94748]: DEBUG neutron_lib.callbacks.manager [None req-7b05bb1b-bbac-44ed-bb24-f0e83c78dec5 admin admin] Notify callbacks ['neutron.plugins.ml2.ovo_rpc._ObjectChangeHandler.handle_event-560121'] for security_group, after_delete {{(pid=94748) _notify_loop /usr/local/lib/python3.8/dist-packages/neutron_lib/callbacks/manager.py:192}}
Jul 28 14:23:34.773050 n-d-705658-23 neutron-server[94748]: DEBUG neutron_lib.callbacks.manager [None req-7b05bb1b-bbac-44ed-bb24-f0e83c78dec5 admin admin] Notify callbacks [] for security_group, before_response {{(pid=94748) _notify_loop /usr/local/lib/python3.8/dist-packages/neutron_lib/callbacks/manager.py:192}}
Jul 28 14:23:34.776499 n-d-705658-23 neutron-server[94748]: INFO neutron.wsgi [None req-7b05bb1b-bbac-44ed-bb24-f0e83c78dec5 admin admin] 10.222.0.47 "DELETE /v2.0/security-groups/e28a4f7a-778d-4647-89e5-cf76ba4f3877 HTTP/1.1" status: 204 len: 168 time: 0.2477796
Jul 28 14:23:34.803345 n-d-705658-23 neutron-server[94748]: DEBUG neutron.api.rpc.handlers.resources_rpc [None req-7b05bb1b-bbac-44ed-bb24-f0e83c78dec5 admin admin] Pushing event deleted for resources: {'SecurityGroup': ['ID=e28a4f7a-778d-4647-89e5-cf76ba4f3877,revision_number=None']} {{(pid=94748) push /opt/stack/neutron/neutron/api/rpc/handlers/resources_rpc.py:237}}
Jul 28 14:23:34.811957 n-d-705658-23 neutron-server[94748]: DEBUG neutron.api.rpc.handlers.resources_rpc [None req-cc82ac1b-796d-494e-8f7c-f71bc6f9b135 service neutron] Pushing event updated for resources: {'Port': ['ID=66e41023-6553-47b3-beec-1e760b3fdb6e,revision_number=2']} {{(pid=94748) push /opt/stack/neutron/neutron/api/rpc/handlers/resources_rpc.py:237}}
Jul 28 14:23:34.864866 n-d-705658-23 neutron-server[94749]: DEBUG neutron_lib.callbacks.manager [None req-d334342d-d70e-4ec9-8511-bdd81441bd24 admin admin] Notify callbacks [] for router_controller, precommit_add_association {{(pid=94749) _notify_loop /usr/local/lib/python3.8/dist-packages/neutron_lib/callbacks/manager.py:192}}
Jul 28 14:23:34.871737 n-d-705658-23 neutron-server[94748]: DEBUG neutron.plugins.ml2.managers [req-7f50e49a-274f-4b1c-8b42-0f9ea27fcd39 req-cc82ac1b-796d-494e-8f7c-f71bc6f9b135 service neutron] Attempting to bind port 66e41023-6553-47b3-beec-1e760b3fdb6e on host n-h1-705658-23 for vnic_type normal with profile {{(pid=94748) bind_port /opt/stack/neutron/neutron/plugins/ml2/managers.py:790}}
Jul 28 14:23:34.872110 n-d-705658-23 neutron-server[94748]: DEBUG neutron.plugins.ml2.managers [req-7f50e49a-274f-4b1c-8b42-0f9ea27fcd39 req-cc82ac1b-796d-494e-8f7c-f71bc6f9b135 service neutron] Attempting to bind port 66e41023-6553-47b3-beec-1e760b3fdb6e by drivers openvswitch,hyperv on host n-h1-705658-23 at level 0 using segments [{'id': '0eed50b4-d976-4c5d-876b-23f74090195d', 'network_type': 'vlan', 'physical_network': 'physnet1', 'segmentation_id': 360, 'network_id': '392b7652-6821-4c2d-8332-402463c833f7'}] {{(pid=94748) _bind_port_level /opt/stack/neutron/neutron/plugins/ml2/managers.py:815}}
Jul 28 14:23:34.872462 n-d-705658-23 neutron-server[94748]: DEBUG neutron.plugins.ml2.drivers.mech_agent [req-7f50e49a-274f-4b1c-8b42-0f9ea27fcd39 req-cc82ac1b-796d-494e-8f7c-f71bc6f9b135 service neutron] Attempting to bind port 66e41023-6553-47b3-beec-1e760b3fdb6e on network 392b7652-6821-4c2d-8332-402463c833f7 {{(pid=94748) bind_port /opt/stack/neutron/neutron/plugins/ml2/drivers/mech_agent.py:85}}
Jul 28 14:23:34.877383 n-d-705658-23 neutron-server[94748]: DEBUG neutron.plugins.ml2.drivers.mech_agent [req-7f50e49a-274f-4b1c-8b42-0f9ea27fcd39 req-cc82ac1b-796d-494e-8f7c-f71bc6f9b135 service neutron] Port 66e41023-6553-47b3-beec-1e760b3fdb6e on network 392b7652-6821-4c2d-8332-402463c833f7 not bound, no agent of type Open vSwitch agent registered on host n-h1-705658-23 {{(pid=94748) bind_port /opt/stack/neutron/neutron/plugins/ml2/drivers/mech_agent.py:97}}
Jul 28 14:23:34.877760 n-d-705658-23 neutron-server[94748]: DEBUG neutron.plugins.ml2.drivers.mech_agent [req-7f50e49a-274f-4b1c-8b42-0f9ea27fcd39 req-cc82ac1b-796d-494e-8f7c-f71bc6f9b135 service neutron] Attempting to bind port 66e41023-6553-47b3-beec-1e760b3fdb6e on network 392b7652-6821-4c2d-8332-402463c833f7 {{(pid=94748) bind_port /opt/stack/neutron/neutron/plugins/ml2/drivers/mech_agent.py:85}}
Jul 28 14:23:34.885824 n-d-705658-23 neutron-server[94750]: DEBUG neutron_lib.callbacks.manager [None req-8f75d851-aae4-4be4-a174-fefeedbad88f None None] Notify callbacks ['neutron.plugins.ml2.plugin.SecurityGroupServerNotifierRpcMixin._notify_sg_on_port_change-1599468', 'neutron.plugins.ml2.ovo_rpc._ObjectChangeHandler.handle_event-150648', 'neutron.api.rpc.agentnotifiers.dhcp_rpc_agent_api.DhcpAgentNotifyAPI._native_event_send_dhcp_notification-567972', 'neutron.db.l3_db.L3RpcNotifierMixin._notify_gateway_port_ip_changed-8788961116977', 'neutron.db.l3_dvrscheduler_db._notify_l3_agent_port_update-8788960728086', 'neutron.db.l3_hascheduler_db._notify_l3_agent_ha_port_update-8788960728104'] for port, after_update {{(pid=94750) _notify_loop /usr/local/lib/python3.8/dist-packages/neutron_lib/callbacks/manager.py:192}}
