Jan 29 14:38:43.632341 n-d-705658-17 cinder-volume[89141]: DEBUG cinder.volume.manager [None req-7b21987d-3550-4787-8276-4400967ce91a tempest-SnapshotsActionsTest-55803289 None] Task 'cinder.volume.flows.manager.create_volume.ExtractVolumeSpecTask;volume:create' (3df5a494-1a7c-464d-8506-dd0e9108fc5f) transitioned into state 'SUCCESS' from state 'RUNNING' with result '{'status': 'creating', 'type': 'raw', 'volume_id': '165b2c1f-3b1f-43fd-a511-49c70e0ef712', 'volume_name': 'volume-165b2c1f-3b1f-43fd-a511-49c70e0ef712', 'volume_size': 1}' {{(pid=89347) _task_receiver /usr/local/lib/python3.6/dist-packages/taskflow/listeners/logging.py:181}}
Jan 29 14:38:43.635500 n-d-705658-17 cinder-volume[89141]: DEBUG cinder.volume.manager [None req-7b21987d-3550-4787-8276-4400967ce91a tempest-SnapshotsActionsTest-55803289 None] Task 'cinder.volume.flows.manager.create_volume.NotifyVolumeActionTask;volume:create, create.start' (0f0c196e-0f3b-405f-ada6-345bfe1e787d) transitioned into state 'RUNNING' from state 'PENDING' {{(pid=89347) _task_receiver /usr/local/lib/python3.6/dist-packages/taskflow/listeners/logging.py:192}}
Jan 29 14:38:43.638176 n-d-705658-17 cinder-volume[89141]: DEBUG cinder.volume.manager [None req-7b21987d-3550-4787-8276-4400967ce91a tempest-SnapshotsActionsTest-55803289 None] Task 'cinder.volume.flows.manager.create_volume.NotifyVolumeActionTask;volume:create, create.start' (0f0c196e-0f3b-405f-ada6-345bfe1e787d) transitioned into state 'SUCCESS' from state 'RUNNING' with result 'None' {{(pid=89347) _task_receiver /usr/local/lib/python3.6/dist-packages/taskflow/listeners/logging.py:181}}
Jan 29 14:38:43.642662 n-d-705658-17 cinder-volume[89141]: DEBUG cinder.volume.manager [None req-7b21987d-3550-4787-8276-4400967ce91a tempest-SnapshotsActionsTest-55803289 None] Task 'cinder.volume.flows.manager.create_volume.CreateVolumeFromSpecTask;volume:create' (0a327975-ddb5-4152-aec1-d763bd6bc2dc) transitioned into state 'RUNNING' from state 'PENDING' {{(pid=89347) _task_receiver /usr/local/lib/python3.6/dist-packages/taskflow/listeners/logging.py:192}}
Jan 29 14:38:43.644162 n-d-705658-17 cinder-volume[89141]: INFO cinder.volume.flows.manager.create_volume [None req-7b21987d-3550-4787-8276-4400967ce91a tempest-SnapshotsActionsTest-55803289 None] Volume 165b2c1f-3b1f-43fd-a511-49c70e0ef712: being created as raw with specification: {'status': 'creating', 'volume_name': 'volume-165b2c1f-3b1f-43fd-a511-49c70e0ef712', 'volume_size': 1}
Jan 29 14:38:43.645575 n-d-705658-17 cinder-volume[89141]: DEBUG oslo_concurrency.processutils [None req-7b21987d-3550-4787-8276-4400967ce91a tempest-SnapshotsActionsTest-55803289 None] Running cmd (subprocess): sudo cinder-rootwrap /etc/cinder/rootwrap.conf env LC_ALL=C lvcreate -n volume-165b2c1f-3b1f-43fd-a511-49c70e0ef712 stack-volumes-lvmdriver-1 -L 1g {{(pid=89347) execute /usr/local/lib/python3.6/dist-packages/oslo_concurrency/processutils.py:384}}
Jan 29 14:38:43.685192 n-d-705658-17 sudo[109145]: ubuntu : TTY=unknown ; PWD=/ ; USER=root ; COMMAND=/usr/local/bin/cinder-rootwrap /etc/cinder/rootwrap.conf env LC_ALL=C lvcreate -n volume-165b2c1f-3b1f-43fd-a511-49c70e0ef712 stack-volumes-lvmdriver-1 -L 1g
Jan 29 14:38:43.693580 n-d-705658-17 sudo[109145]: pam_unix(sudo:session): session opened for user root by (uid=0)
Jan 29 14:38:44.002433 n-d-705658-17 cinder-volume[89141]: DEBUG cinder.coordination [None req-86a29001-3a69-4b49-97c1-eb413c3cbbe0 tempest-AttachVolumeNegativeTest-1782576855 None] Lock "b'cinder-6571ca11-3ee3-47de-8fd5-65e25dfaf049-delete_volume'" acquired by "delete_volume" :: waited 0.011s {{(pid=89347) _synchronized /opt/stack/cinder/cinder/coordination.py:150}}
Jan 29 14:38:44.142047 n-d-705658-17 cinder-volume[89141]: DEBUG oslo_concurrency.processutils [-] Running cmd (subprocess): tgt-admin --show {{(pid=97880) execute /usr/local/lib/python3.6/dist-packages/oslo_concurrency/processutils.py:384}}
Jan 29 14:38:44.228672 n-d-705658-17 cinder-volume[89141]: DEBUG oslo_concurrency.processutils [-] CMD "tgt-admin --show" returned: 0 in 0.086s {{(pid=97880) execute /usr/local/lib/python3.6/dist-packages/oslo_concurrency/processutils.py:423}}
Jan 29 14:38:44.229332 n-d-705658-17 cinder-volume[89141]: DEBUG oslo.privsep.daemon [-] privsep: reply[139747116155712]: (4, ('Target 5: iqn.2010-10.org.openstack:volume-0a3d676f-1f0b-49b4-862b-b58863e91ffb\n System information:\n Driver: iscsi\n State: ready\n I_T nexus information:\n I_T nexus: 14\n Initiator: iqn.1991-05.com.microsoft:n-h2-705658-17.cbci-705658-17.local alias: none\n Connection: 1\n IP Address: 10.222.0.83\n LUN information:\n LUN: 0\n Type: controller\n SCSI ID: IET 00050000\n SCSI SN: beaf50\n Size: 0 MB, Block size: 1\n Online: Yes\n Removable media: No\n Prevent removal: No\n Readonly: No\n SWP: No\n Thin-provisioning: No\n Backing store type: null\n Backing store path: None\n Backing store flags: \n LUN: 1\n Type: disk\n SCSI ID: IET 00050001\n SCSI SN: beaf51\n Size: 1074 MB, Block size: 512\n Online: Yes\n Removable media: No\n Prevent removal: No\n Readonly: No\n SWP: No\n Thin-provisioning: No\n Backing store type: rdwr\n Backing store path: /dev/stack-volumes-lvmdriver-1/volume-0a3d676f-1f0b-49b4-862b-b58863e91ffb\n Backing store flags: \n Account information:\n Sh97u5TJUAN76QAYGwYH\n ACL information:\n ALL\nTarget 6: iqn.2010-10.org.openstack:volume-9f87fb70-4af6-45c6-8021-2b720c2959e8\n System information:\n Driver: iscsi\n State: ready\n I_T nexus information:\n I_T nexus: 15\n Initiator: iqn.1991-05.com.microsoft:n-h2-705658-17.cbci-705658-17.local alias: none\n Connection: 1\n IP Address: 10.222.0.83\n LUN information:\n LUN: 0\n Type: controller\n SCSI ID: IET 00060000\n SCSI SN: beaf60\n Size: 0 MB, Block size: 1\n Online: Yes\n Removable media: No\n Prevent removal: No\n Readonly: No\n SWP: No\n Thin-provisioning: No\n Backing store type: null\n Backing store path: None\n Backing store flags: \n LUN: 1\n Type: disk\n SCSI ID: IET 00060001\n SCSI SN: beaf61\n Size: 1074 MB, Block size: 512\n Online: Yes\n Removable media: No\n Prevent removal: No\n Readonly: No\n SWP: No\n Thin-provisioning: No\n Backing store type: rdwr\n Backing store path: /dev/stack-volumes-lvmdriver-1/volume-9f87fb70-4af6-45c6-8021-2b720c2959e8\n Backing store flags: \n Account information:\n dsKZpeC8WRLoABneoqSM\n ACL information:\n ALL\nTarget 7: iqn.2010-10.org.openstack:volume-071fd552-2aba-4b44-9567-2925306724af\n System information:\n Driver: iscsi\n State: ready\n I_T nexus information:\n I_T nexus: 16\n Initiator: iqn.1991-05.com.microsoft:n-h2-705658-17.cbci-705658-17.local alias: none\n Connection: 1\n IP Address: 10.222.0.83\n LUN information:\n LUN: 0\n Type: controller\n SCSI ID: IET 00070000\n SCSI SN: beaf70\n Size: 0 MB, Block size: 1\n Online: Yes\n Removable media: No\n Prevent removal: No\n Readonly: No\n SWP: No\n Thin-provisioning: No\n Backing store type: null\n Backing store path: None\n Backing store flags: \n LUN: 1\n Type: disk\n SCSI ID: IET 00070001\n SCSI SN: beaf71\n Size: 1074 MB, Block size: 512\n Online: Yes\n Removable media: No\n Prevent removal: No\n Readonly: No\n SWP: No\n Thin-provisioning: No\n Backing store type: rdwr\n Backing store path: /dev/stack-volumes-lvmdriver-1/volume-071fd552-2aba-4b44-9567-2925306724af\n Backing store flags: \n Account information:\n FMNtesk8hPVDMqoLCg29\n ACL information:\n ALL\n', '')) {{(pid=97880) _call_back /usr/local/lib/python3.6/dist-packages/oslo_privsep/daemon.py:511}}
Jan 29 14:38:44.230115 n-d-705658-17 cinder-volume[89141]: INFO cinder.volume.targets.iscsi [None req-86a29001-3a69-4b49-97c1-eb413c3cbbe0 tempest-AttachVolumeNegativeTest-1782576855 None] Skipping remove_export. No iscsi_target is presently exported for volume: 6571ca11-3ee3-47de-8fd5-65e25dfaf049
Jan 29 14:38:44.231979 n-d-705658-17 cinder-volume[89141]: DEBUG oslo_concurrency.processutils [None req-86a29001-3a69-4b49-97c1-eb413c3cbbe0 tempest-AttachVolumeNegativeTest-1782576855 None] Running cmd (subprocess): sudo cinder-rootwrap /etc/cinder/rootwrap.conf env LC_ALL=C lvs --noheadings --unit=g -o vg_name,name,size --nosuffix --readonly stack-volumes-lvmdriver-1/volume-6571ca11-3ee3-47de-8fd5-65e25dfaf049 {{(pid=89347) execute /usr/local/lib/python3.6/dist-packages/oslo_concurrency/processutils.py:384}}
Jan 29 14:38:44.250879 n-d-705658-17 sudo[109151]: ubuntu : TTY=unknown ; PWD=/ ; USER=root ; COMMAND=/usr/local/bin/cinder-rootwrap /etc/cinder/rootwrap.conf env LC_ALL=C lvs --noheadings --unit=g -o vg_name,name,size --nosuffix --readonly stack-volumes-lvmdriver-1/volume-6571ca11-3ee3-47de-8fd5-65e25dfaf049
Jan 29 14:38:44.251918 n-d-705658-17 sudo[109151]: pam_unix(sudo:session): session opened for user root by (uid=0)
Jan 29 14:38:44.622541 n-d-705658-17 sudo[109145]: pam_unix(sudo:session): session closed for user root
Jan 29 14:38:44.626430 n-d-705658-17 cinder-volume[89141]: DEBUG oslo_concurrency.processutils [None req-7b21987d-3550-4787-8276-4400967ce91a tempest-SnapshotsActionsTest-55803289 None] CMD "sudo cinder-rootwrap /etc/cinder/rootwrap.conf env LC_ALL=C lvcreate -n volume-165b2c1f-3b1f-43fd-a511-49c70e0ef712 stack-volumes-lvmdriver-1 -L 1g" returned: 0 in 0.979s {{(pid=89347) execute /usr/local/lib/python3.6/dist-packages/oslo_concurrency/processutils.py:423}}
Jan 29 14:38:44.630805 n-d-705658-17 cinder-volume[89141]: DEBUG cinder.volume.manager [None req-7b21987d-3550-4787-8276-4400967ce91a tempest-SnapshotsActionsTest-55803289 None] Task 'cinder.volume.flows.manager.create_volume.CreateVolumeFromSpecTask;volume:create' (0a327975-ddb5-4152-aec1-d763bd6bc2dc) transitioned into state 'SUCCESS' from state 'RUNNING' with result '{'status': 'creating', 'volume_name': 'volume-165b2c1f-3b1f-43fd-a511-49c70e0ef712', 'volume_size': 1}' {{(pid=89347) _task_receiver /usr/local/lib/python3.6/dist-packages/taskflow/listeners/logging.py:181}}
Jan 29 14:38:44.633778 n-d-705658-17 cinder-volume[89141]: DEBUG cinder.volume.manager [None req-7b21987d-3550-4787-8276-4400967ce91a tempest-SnapshotsActionsTest-55803289 None] Task 'cinder.volume.flows.manager.create_volume.CreateVolumeOnFinishTask;volume:create, create.end' (d1011a20-f216-4204-a216-ef74765b640f) transitioned into state 'RUNNING' from state 'PENDING' {{(pid=89347) _task_receiver /usr/local/lib/python3.6/dist-packages/taskflow/listeners/logging.py:192}}
Jan 29 14:38:44.737437 n-d-705658-17 cinder-volume[89141]: INFO cinder.volume.flows.manager.create_volume [None req-7b21987d-3550-4787-8276-4400967ce91a tempest-SnapshotsActionsTest-55803289 None] Volume volume-165b2c1f-3b1f-43fd-a511-49c70e0ef712 (165b2c1f-3b1f-43fd-a511-49c70e0ef712): created successfully
Jan 29 14:38:44.747674 n-d-705658-17 cinder-volume[89141]: DEBUG cinder.volume.manager [None req-7b21987d-3550-4787-8276-4400967ce91a tempest-SnapshotsActionsTest-55803289 None] Task 'cinder.volume.flows.manager.create_volume.CreateVolumeOnFinishTask;volume:create, create.end' (d1011a20-f216-4204-a216-ef74765b640f) transitioned into state 'SUCCESS' from state 'RUNNING' with result 'None' {{(pid=89347) _task_receiver /usr/local/lib/python3.6/dist-packages/taskflow/listeners/logging.py:181}}
Jan 29 14:38:44.747674 n-d-705658-17 cinder-volume[89141]: DEBUG cinder.volume.manager [None req-7b21987d-3550-4787-8276-4400967ce91a tempest-SnapshotsActionsTest-55803289 None] Flow 'volume_create_manager' (dfbb47ec-9434-4e59-a28e-dacbcb0b9153) transitioned into state 'SUCCESS' from state 'RUNNING' {{(pid=89347) _flow_receiver /usr/local/lib/python3.6/dist-packages/taskflow/listeners/logging.py:143}}
Jan 29 14:38:44.811654 n-d-705658-17 cinder-volume[89141]: INFO cinder.volume.manager [None req-7b21987d-3550-4787-8276-4400967ce91a tempest-SnapshotsActionsTest-55803289 None] Created volume successfully.
Jan 29 14:38:45.248967 n-d-705658-17 sudo[109151]: pam_unix(sudo:session): session closed for user root
Jan 29 14:38:45.250834 n-d-705658-17 cinder-volume[89141]: DEBUG oslo_concurrency.processutils [None req-86a29001-3a69-4b49-97c1-eb413c3cbbe0 tempest-AttachVolumeNegativeTest-1782576855 None] CMD "sudo cinder-rootwrap /etc/cinder/rootwrap.conf env LC_ALL=C lvs --noheadings --unit=g -o vg_name,name,size --nosuffix --readonly stack-volumes-lvmdriver-1/volume-6571ca11-3ee3-47de-8fd5-65e25dfaf049" returned: 0 in 1.019s {{(pid=89347) execute /usr/local/lib/python3.6/dist-packages/oslo_concurrency/processutils.py:423}}
Jan 29 14:38:45.252115 n-d-705658-17 cinder-volume[89141]: DEBUG oslo_concurrency.processutils [None req-86a29001-3a69-4b49-97c1-eb413c3cbbe0 tempest-AttachVolumeNegativeTest-1782576855 None] Running cmd (subprocess): sudo cinder-rootwrap /etc/cinder/rootwrap.conf env LC_ALL=C lvdisplay --noheading -C -o Attr stack-volumes-lvmdriver-1/volume-6571ca11-3ee3-47de-8fd5-65e25dfaf049 {{(pid=89347) execute /usr/local/lib/python3.6/dist-packages/oslo_concurrency/processutils.py:384}}
Jan 29 14:38:45.270972 n-d-705658-17 sudo[109182]: ubuntu : TTY=unknown ; PWD=/ ; USER=root ; COMMAND=/usr/local/bin/cinder-rootwrap /etc/cinder/rootwrap.conf env LC_ALL=C lvdisplay --noheading -C -o Attr stack-volumes-lvmdriver-1/volume-6571ca11-3ee3-47de-8fd5-65e25dfaf049
Jan 29 14:38:45.271474 n-d-705658-17 sudo[109182]: pam_unix(sudo:session): session opened for user root by (uid=0)
Jan 29 14:38:45.678238 n-d-705658-17 sudo[109182]: pam_unix(sudo:session): session closed for user root
Jan 29 14:38:45.680480 n-d-705658-17 cinder-volume[89141]: DEBUG oslo_concurrency.processutils [None req-86a29001-3a69-4b49-97c1-eb413c3cbbe0 tempest-AttachVolumeNegativeTest-1782576855 None] CMD "sudo cinder-rootwrap /etc/cinder/rootwrap.conf env LC_ALL=C lvdisplay --noheading -C -o Attr stack-volumes-lvmdriver-1/volume-6571ca11-3ee3-47de-8fd5-65e25dfaf049" returned: 0 in 0.428s {{(pid=89347) execute /usr/local/lib/python3.6/dist-packages/oslo_concurrency/processutils.py:423}}
Jan 29 14:38:45.682739 n-d-705658-17 cinder-volume[89141]: DEBUG oslo_concurrency.processutils [None req-86a29001-3a69-4b49-97c1-eb413c3cbbe0 tempest-AttachVolumeNegativeTest-1782576855 None] Running cmd (subprocess): sudo cinder-rootwrap /etc/cinder/rootwrap.conf lvremove --config activation { retry_deactivation = 1} -f stack-volumes-lvmdriver-1/volume-6571ca11-3ee3-47de-8fd5-65e25dfaf049 {{(pid=89347) execute /usr/local/lib/python3.6/dist-packages/oslo_concurrency/processutils.py:384}}
Jan 29 14:38:45.705561 n-d-705658-17 sudo[109186]: ubuntu : TTY=unknown ; PWD=/ ; USER=root ; COMMAND=/usr/local/bin/cinder-rootwrap /etc/cinder/rootwrap.conf lvremove --config activation { retry_deactivation = 1} -f stack-volumes-lvmdriver-1/volume-6571ca11-3ee3-47de-8fd5-65e25dfaf049
Jan 29 14:38:45.706172 n-d-705658-17 sudo[109186]: pam_unix(sudo:session): session opened for user root by (uid=0)
Jan 29 14:38:46.577483 n-d-705658-17 sudo[109186]: pam_unix(sudo:session): session closed for user root
Jan 29 14:38:46.580558 n-d-705658-17 cinder-volume[89141]: DEBUG oslo_concurrency.processutils [None req-86a29001-3a69-4b49-97c1-eb413c3cbbe0 tempest-AttachVolumeNegativeTest-1782576855 None] CMD "sudo cinder-rootwrap /etc/cinder/rootwrap.conf lvremove --config activation { retry_deactivation = 1} -f stack-volumes-lvmdriver-1/volume-6571ca11-3ee3-47de-8fd5-65e25dfaf049" returned: 0 in 0.897s {{(pid=89347) execute /usr/local/lib/python3.6/dist-packages/oslo_concurrency/processutils.py:423}}
Jan 29 14:38:46.582445 n-d-705658-17 cinder-volume[89141]: INFO cinder.volume.drivers.lvm [None req-86a29001-3a69-4b49-97c1-eb413c3cbbe0 tempest-AttachVolumeNegativeTest-1782576855 None] Successfully deleted volume: 6571ca11-3ee3-47de-8fd5-65e25dfaf049
Jan 29 14:38:46.735368 n-d-705658-17 cinder-volume[89141]: DEBUG cinder.quota [None req-86a29001-3a69-4b49-97c1-eb413c3cbbe0 tempest-AttachVolumeNegativeTest-1782576855 None] Created reservations ['ad572005-ae40-4d4f-b7a0-e41db63ec2e3', 'a4b88a7d-38ed-4d89-8e99-ff487fa60f73', 'f56b9eb5-2c6b-4247-be51-14a7db9e75f7', '2e9e1ef1-f3de-4e61-bf59-d090c5d8cb03'] {{(pid=89347) reserve /opt/stack/cinder/cinder/quota.py:1036}}
Jan 29 14:38:46.741803 n-d-705658-17 cinder-volume[89141]: WARNING py.warnings [None req-86a29001-3a69-4b49-97c1-eb413c3cbbe0 tempest-AttachVolumeNegativeTest-1782576855 None] /usr/local/lib/python3.6/dist-packages/sqlalchemy/orm/evaluator.py:99: SAWarning: Evaluating non-mapped column expression 'updated_at' onto ORM instances; this is a deprecated use case. Please make use of the actual mapped columns in ORM-evaluated UPDATE / DELETE expressions.
Jan 29 14:38:46.741803 n-d-705658-17 cinder-volume[89141]: "UPDATE / DELETE expressions." % clause
Jan 29 14:38:46.741803 n-d-705658-17 cinder-volume[89141]:
Jan 29 14:38:46.882196 n-d-705658-17 cinder-volume[89141]: DEBUG oslo_concurrency.processutils [None req-a92e4a46-a390-4622-89f7-2864dff336d2 tempest-SnapshotsActionsTest-55803289 None] Running cmd (subprocess): sudo cinder-rootwrap /etc/cinder/rootwrap.conf env LC_ALL=C lvs --noheadings --unit=g -o vg_name,name,size --nosuffix --readonly stack-volumes-lvmdriver-1/volume-165b2c1f-3b1f-43fd-a511-49c70e0ef712 {{(pid=89347) execute /usr/local/lib/python3.6/dist-packages/oslo_concurrency/processutils.py:384}}
Jan 29 14:38:46.901026 n-d-705658-17 sudo[109205]: ubuntu : TTY=unknown ; PWD=/ ; USER=root ; COMMAND=/usr/local/bin/cinder-rootwrap /etc/cinder/rootwrap.conf env LC_ALL=C lvs --noheadings --unit=g -o vg_name,name,size --nosuffix --readonly stack-volumes-lvmdriver-1/volume-165b2c1f-3b1f-43fd-a511-49c70e0ef712
Jan 29 14:38:46.901597 n-d-705658-17 sudo[109205]: pam_unix(sudo:session): session opened for user root by (uid=0)
Jan 29 14:38:46.990288 n-d-705658-17 cinder-volume[89141]: DEBUG cinder.volume.drivers.lvm [None req-86a29001-3a69-4b49-97c1-eb413c3cbbe0 tempest-AttachVolumeNegativeTest-1782576855 None] Updating volume stats {{(pid=89347) _update_volume_stats /opt/stack/cinder/cinder/volume/drivers/lvm.py:214}}
Jan 29 14:38:46.991301 n-d-705658-17 cinder-volume[89141]: DEBUG oslo_concurrency.processutils [None req-86a29001-3a69-4b49-97c1-eb413c3cbbe0 tempest-AttachVolumeNegativeTest-1782576855 None] Running cmd (subprocess): sudo cinder-rootwrap /etc/cinder/rootwrap.conf env LC_ALL=C vgs --noheadings --unit=g -o name,size,free,lv_count,uuid --separator : --nosuffix stack-volumes-lvmdriver-1 {{(pid=89347) execute /usr/local/lib/python3.6/dist-packages/oslo_concurrency/processutils.py:384}}
Jan 29 14:38:47.032848 n-d-705658-17 sudo[109207]: ubuntu : TTY=unknown ; PWD=/ ; USER=root ; COMMAND=/usr/local/bin/cinder-rootwrap /etc/cinder/rootwrap.conf env LC_ALL=C vgs --noheadings --unit=g -o name,size,free,lv_count,uuid --separator : --nosuffix stack-volumes-lvmdriver-1
Jan 29 14:38:47.036098 n-d-705658-17 sudo[109207]: pam_unix(sudo:session): session opened for user root by (uid=0)
Jan 29 14:38:47.734674 n-d-705658-17 sudo[109205]: pam_unix(sudo:session): session closed for user root
Jan 29 14:38:47.739155 n-d-705658-17 cinder-volume[89141]: DEBUG oslo_concurrency.processutils [None req-a92e4a46-a390-4622-89f7-2864dff336d2 tempest-SnapshotsActionsTest-55803289 None] CMD "sudo cinder-rootwrap /etc/cinder/rootwrap.conf env LC_ALL=C lvs --noheadings --unit=g -o vg_name,name,size --nosuffix --readonly stack-volumes-lvmdriver-1/volume-165b2c1f-3b1f-43fd-a511-49c70e0ef712" returned: 0 in 0.857s {{(pid=89347) execute /usr/local/lib/python3.6/dist-packages/oslo_concurrency/processutils.py:423}}
Jan 29 14:38:47.740943 n-d-705658-17 cinder-volume[89141]: DEBUG oslo_concurrency.processutils [None req-a92e4a46-a390-4622-89f7-2864dff336d2 tempest-SnapshotsActionsTest-55803289 None] Running cmd (subprocess): sudo cinder-rootwrap /etc/cinder/rootwrap.conf env LC_ALL=C lvcreate --name _snapshot-42608e20-056a-410d-bb9d-57897a441ea0 --snapshot stack-volumes-lvmdriver-1/volume-165b2c1f-3b1f-43fd-a511-49c70e0ef712 -L 1.00g {{(pid=89347) execute /usr/local/lib/python3.6/dist-packages/oslo_concurrency/processutils.py:384}}
Jan 29 14:38:47.812472 n-d-705658-17 sudo[109213]: ubuntu : TTY=unknown ; PWD=/ ; USER=root ; COMMAND=/usr/local/bin/cinder-rootwrap /etc/cinder/rootwrap.conf env LC_ALL=C lvcreate --name _snapshot-42608e20-056a-410d-bb9d-57897a441ea0 --snapshot stack-volumes-lvmdriver-1/volume-165b2c1f-3b1f-43fd-a511-49c70e0ef712 -L 1.00g
Jan 29 14:38:47.818816 n-d-705658-17 sudo[109213]: pam_unix(sudo:session): session opened for user root by (uid=0)
Jan 29 14:38:47.842649 n-d-705658-17 sudo[109207]: pam_unix(sudo:session): session closed for user root
Jan 29 14:38:47.845473 n-d-705658-17 cinder-volume[89141]: DEBUG oslo_concurrency.processutils [None req-86a29001-3a69-4b49-97c1-eb413c3cbbe0 tempest-AttachVolumeNegativeTest-1782576855 None] CMD "sudo cinder-rootwrap /etc/cinder/rootwrap.conf env LC_ALL=C vgs --noheadings --unit=g -o name,size,free,lv_count,uuid --separator : --nosuffix stack-volumes-lvmdriver-1" returned: 0 in 0.854s {{(pid=89347) execute /usr/local/lib/python3.6/dist-packages/oslo_concurrency/processutils.py:423}}
Jan 29 14:38:47.847822 n-d-705658-17 cinder-volume[89141]: DEBUG oslo_concurrency.processutils [None req-86a29001-3a69-4b49-97c1-eb413c3cbbe0 tempest-AttachVolumeNegativeTest-1782576855 None] Running cmd (subprocess): sudo cinder-rootwrap /etc/cinder/rootwrap.conf env LC_ALL=C lvs --noheadings --unit=g -o vg_name,name,size --nosuffix --readonly stack-volumes-lvmdriver-1 {{(pid=89347) execute /usr/local/lib/python3.6/dist-packages/oslo_concurrency/processutils.py:384}}
Jan 29 14:38:47.883937 n-d-705658-17 sudo[109215]: ubuntu : TTY=unknown ; PWD=/ ; USER=root ; COMMAND=/usr/local/bin/cinder-rootwrap /etc/cinder/rootwrap.conf env LC_ALL=C lvs --noheadings --unit=g -o vg_name,name,size --nosuffix --readonly stack-volumes-lvmdriver-1
Jan 29 14:38:47.893861 n-d-705658-17 sudo[109215]: pam_unix(sudo:session): session opened for user root by (uid=0)
Jan 29 14:38:49.056374 n-d-705658-17 sudo[109215]: pam_unix(sudo:session): session closed for user root
Jan 29 14:38:49.060050 n-d-705658-17 cinder-volume[89141]: DEBUG oslo_concurrency.processutils [None req-86a29001-3a69-4b49-97c1-eb413c3cbbe0 tempest-AttachVolumeNegativeTest-1782576855 None] CMD "sudo cinder-rootwrap /etc/cinder/rootwrap.conf env LC_ALL=C lvs --noheadings --unit=g -o vg_name,name,size --nosuffix --readonly stack-volumes-lvmdriver-1" returned: 0 in 1.212s {{(pid=89347) execute /usr/local/lib/python3.6/dist-packages/oslo_concurrency/processutils.py:423}}
Jan 29 14:38:49.062799 n-d-705658-17 cinder-volume[89141]: DEBUG cinder.manager [None req-86a29001-3a69-4b49-97c1-eb413c3cbbe0 tempest-AttachVolumeNegativeTest-1782576855 None] Notifying Schedulers of capabilities ... {{(pid=89347) _publish_service_capabilities /opt/stack/cinder/cinder/manager.py:192}}
Jan 29 14:38:49.076432 n-d-705658-17 cinder-volume[89141]: INFO cinder.volume.manager [None req-86a29001-3a69-4b49-97c1-eb413c3cbbe0 tempest-AttachVolumeNegativeTest-1782576855 None] Deleted volume successfully.
Jan 29 14:38:49.126358 n-d-705658-17 cinder-volume[89141]: DEBUG cinder.coordination [None req-86a29001-3a69-4b49-97c1-eb413c3cbbe0 tempest-AttachVolumeNegativeTest-1782576855 None] Lock "b'cinder-6571ca11-3ee3-47de-8fd5-65e25dfaf049-delete_volume'" released by "delete_volume" :: held 5.124s {{(pid=89347) _synchronized /opt/stack/cinder/cinder/coordination.py:162}}
Jan 29 14:38:49.364817 n-d-705658-17 sudo[109213]: pam_unix(sudo:session): session closed for user root
Jan 29 14:38:49.366973 n-d-705658-17 cinder-volume[89141]: DEBUG oslo_concurrency.processutils [None req-a92e4a46-a390-4622-89f7-2864dff336d2 tempest-SnapshotsActionsTest-55803289 None] CMD "sudo cinder-rootwrap /etc/cinder/rootwrap.conf env LC_ALL=C lvcreate --name _snapshot-42608e20-056a-410d-bb9d-57897a441ea0 --snapshot stack-volumes-lvmdriver-1/volume-165b2c1f-3b1f-43fd-a511-49c70e0ef712 -L 1.00g" returned: 0 in 1.626s {{(pid=89347) execute /usr/local/lib/python3.6/dist-packages/oslo_concurrency/processutils.py:423}}
Jan 29 14:38:49.499736 n-d-705658-17 cinder-volume[89141]: INFO cinder.volume.manager [None req-a92e4a46-a390-4622-89f7-2864dff336d2 tempest-SnapshotsActionsTest-55803289 None] Create snapshot completed successfully
Jan 29 14:38:51.407167 n-d-705658-17 cinder-volume[89141]: DEBUG oslo_concurrency.processutils [None req-5e4ae754-1e08-4ea8-94bf-10e2216db193 tempest-SnapshotsActionsTest-55803289 None] Running cmd (subprocess): sudo cinder-rootwrap /etc/cinder/rootwrap.conf env LC_ALL=C lvs --noheadings --unit=g -o vg_name,name,size --nosuffix --readonly stack-volumes-lvmdriver-1/volume-165b2c1f-3b1f-43fd-a511-49c70e0ef712 {{(pid=89347) execute /usr/local/lib/python3.6/dist-packages/oslo_concurrency/processutils.py:384}}
Jan 29 14:38:51.427705 n-d-705658-17 sudo[109347]: ubuntu : TTY=unknown ; PWD=/ ; USER=root ; COMMAND=/usr/local/bin/cinder-rootwrap /etc/cinder/rootwrap.conf env LC_ALL=C lvs --noheadings --unit=g -o vg_name,name,size --nosuffix --readonly stack-volumes-lvmdriver-1/volume-165b2c1f-3b1f-43fd-a511-49c70e0ef712
Jan 29 14:38:51.428919 n-d-705658-17 sudo[109347]: pam_unix(sudo:session): session opened for user root by (uid=0)
Jan 29 14:38:52.416388 n-d-705658-17 sudo[109347]: pam_unix(sudo:session): session closed for user root
Jan 29 14:38:52.419313 n-d-705658-17 cinder-volume[89141]: DEBUG oslo_concurrency.processutils [None req-5e4ae754-1e08-4ea8-94bf-10e2216db193 tempest-SnapshotsActionsTest-55803289 None] CMD "sudo cinder-rootwrap /etc/cinder/rootwrap.conf env LC_ALL=C lvs --noheadings --unit=g -o vg_name,name,size --nosuffix --readonly stack-volumes-lvmdriver-1/volume-165b2c1f-3b1f-43fd-a511-49c70e0ef712" returned: 0 in 1.011s {{(pid=89347) execute /usr/local/lib/python3.6/dist-packages/oslo_concurrency/processutils.py:423}}
Jan 29 14:38:52.421030 n-d-705658-17 cinder-volume[89141]: DEBUG oslo_concurrency.processutils [None req-5e4ae754-1e08-4ea8-94bf-10e2216db193 tempest-SnapshotsActionsTest-55803289 None] Running cmd (subprocess): sudo cinder-rootwrap /etc/cinder/rootwrap.conf env LC_ALL=C lvcreate --name _snapshot-ff6e2650-3a51-493a-85d7-d9aac0e22301 --snapshot stack-volumes-lvmdriver-1/volume-165b2c1f-3b1f-43fd-a511-49c70e0ef712 -L 1.00g {{(pid=89347) execute /usr/local/lib/python3.6/dist-packages/oslo_concurrency/processutils.py:384}}
Jan 29 14:38:52.483146 n-d-705658-17 sudo[109383]: ubuntu : TTY=unknown ; PWD=/ ; USER=root ; COMMAND=/usr/local/bin/cinder-rootwrap /etc/cinder/rootwrap.conf env LC_ALL=C lvcreate --name _snapshot-ff6e2650-3a51-493a-85d7-d9aac0e22301 --snapshot stack-volumes-lvmdriver-1/volume-165b2c1f-3b1f-43fd-a511-49c70e0ef712 -L 1.00g
Jan 29 14:38:52.483748 n-d-705658-17 sudo[109383]: pam_unix(sudo:session): session opened for user root by (uid=0)
Jan 29 14:38:53.942955 n-d-705658-17 sudo[109383]: pam_unix(sudo:session): session closed for user root
Jan 29 14:38:53.949170 n-d-705658-17 cinder-volume[89141]: DEBUG oslo_concurrency.processutils [None req-5e4ae754-1e08-4ea8-94bf-10e2216db193 tempest-SnapshotsActionsTest-55803289 None] CMD "sudo cinder-rootwrap /etc/cinder/rootwrap.conf env LC_ALL=C lvcreate --name _snapshot-ff6e2650-3a51-493a-85d7-d9aac0e22301 --snapshot stack-volumes-lvmdriver-1/volume-165b2c1f-3b1f-43fd-a511-49c70e0ef712 -L 1.00g" returned: 0 in 1.524s {{(pid=89347) execute /usr/local/lib/python3.6/dist-packages/oslo_concurrency/processutils.py:423}}
Jan 29 14:38:54.065948 n-d-705658-17 cinder-volume[89141]: INFO cinder.volume.manager [None req-5e4ae754-1e08-4ea8-94bf-10e2216db193 tempest-SnapshotsActionsTest-55803289 None] Create snapshot completed successfully
Jan 29 14:38:55.298431 n-d-705658-17 cinder-volume[89141]: DEBUG cinder.coordination [None req-aad69d88-bcfe-4023-aa13-33e684e8362c tempest-SnapshotsActionsTest-1440922825 None] Lock "b'cinder-ff6e2650-3a51-493a-85d7-d9aac0e22301-delete_snapshot'" acquired by "delete_snapshot" :: waited 0.027s {{(pid=89347) _synchronized /opt/stack/cinder/cinder/coordination.py:150}}
Jan 29 14:38:55.304714 n-d-705658-17 cinder-volume[89141]: DEBUG oslo_concurrency.processutils [None req-aad69d88-bcfe-4023-aa13-33e684e8362c tempest-SnapshotsActionsTest-1440922825 None] Running cmd (subprocess): sudo cinder-rootwrap /etc/cinder/rootwrap.conf env LC_ALL=C lvs --noheadings --unit=g -o vg_name,name,size --nosuffix --readonly stack-volumes-lvmdriver-1/_snapshot-ff6e2650-3a51-493a-85d7-d9aac0e22301 {{(pid=89347) execute /usr/local/lib/python3.6/dist-packages/oslo_concurrency/processutils.py:384}}
Jan 29 14:38:55.352761 n-d-705658-17 sudo[109548]: ubuntu : TTY=unknown ; PWD=/ ; USER=root ; COMMAND=/usr/local/bin/cinder-rootwrap /etc/cinder/rootwrap.conf env LC_ALL=C lvs --noheadings --unit=g -o vg_name,name,size --nosuffix --readonly stack-volumes-lvmdriver-1/_snapshot-ff6e2650-3a51-493a-85d7-d9aac0e22301
Jan 29 14:38:55.358261 n-d-705658-17 sudo[109548]: pam_unix(sudo:session): session opened for user root by (uid=0)
Jan 29 14:38:56.293941 n-d-705658-17 sudo[109548]: pam_unix(sudo:session): session closed for user root
Jan 29 14:38:56.296406 n-d-705658-17 cinder-volume[89141]: DEBUG oslo_concurrency.processutils [None req-aad69d88-bcfe-4023-aa13-33e684e8362c tempest-SnapshotsActionsTest-1440922825 None] CMD "sudo cinder-rootwrap /etc/cinder/rootwrap.conf env LC_ALL=C lvs --noheadings --unit=g -o vg_name,name,size --nosuffix --readonly stack-volumes-lvmdriver-1/_snapshot-ff6e2650-3a51-493a-85d7-d9aac0e22301" returned: 0 in 0.991s {{(pid=89347) execute /usr/local/lib/python3.6/dist-packages/oslo_concurrency/processutils.py:423}}
Jan 29 14:38:56.298616 n-d-705658-17 cinder-volume[89141]: DEBUG oslo_concurrency.processutils [None req-aad69d88-bcfe-4023-aa13-33e684e8362c tempest-SnapshotsActionsTest-1440922825 None] Running cmd (subprocess): sudo cinder-rootwrap /etc/cinder/rootwrap.conf lvremove --config activation { retry_deactivation = 1} -f stack-volumes-lvmdriver-1/_snapshot-ff6e2650-3a51-493a-85d7-d9aac0e22301 {{(pid=89347) execute /usr/local/lib/python3.6/dist-packages/oslo_concurrency/processutils.py:384}}
Jan 29 14:38:56.339382 n-d-705658-17 sudo[109552]: ubuntu : TTY=unknown ; PWD=/ ; USER=root ; COMMAND=/usr/local/bin/cinder-rootwrap /etc/cinder/rootwrap.conf lvremove --config activation { retry_deactivation = 1} -f stack-volumes-lvmdriver-1/_snapshot-ff6e2650-3a51-493a-85d7-d9aac0e22301
Jan 29 14:38:56.341532 n-d-705658-17 sudo[109552]: pam_unix(sudo:session): session opened for user root by (uid=0)
Jan 29 14:38:57.315010 n-d-705658-17 sudo[109552]: pam_unix(sudo:session): session closed for user root
Jan 29 14:38:57.319107 n-d-705658-17 cinder-volume[89141]: DEBUG oslo_concurrency.processutils [None req-aad69d88-bcfe-4023-aa13-33e684e8362c tempest-SnapshotsActionsTest-1440922825 None] CMD "sudo cinder-rootwrap /etc/cinder/rootwrap.conf lvremove --config activation { retry_deactivation = 1} -f stack-volumes-lvmdriver-1/_snapshot-ff6e2650-3a51-493a-85d7-d9aac0e22301" returned: 0 in 1.020s {{(pid=89347) execute /usr/local/lib/python3.6/dist-packages/oslo_concurrency/processutils.py:423}}
Jan 29 14:38:57.606993 n-d-705658-17 cinder-volume[89141]: DEBUG cinder.quota [None req-aad69d88-bcfe-4023-aa13-33e684e8362c tempest-SnapshotsActionsTest-1440922825 None] Created reservations ['767a11fe-7628-4464-a53e-08373d56c536', '77b95dbb-6d69-4037-a0b8-213c66148edf', '09d31ca0-8ec1-4575-87c9-2985c001eaa7', '8bf1a545-d0e0-4e46-8964-beb85adb98be'] {{(pid=89347) reserve /opt/stack/cinder/cinder/quota.py:1036}}
Jan 29 14:38:57.611582 n-d-705658-17 cinder-volume[89141]: WARNING py.warnings [None req-aad69d88-bcfe-4023-aa13-33e684e8362c tempest-SnapshotsActionsTest-1440922825 None] /usr/local/lib/python3.6/dist-packages/sqlalchemy/orm/evaluator.py:99: SAWarning: Evaluating non-mapped column expression 'updated_at' onto ORM instances; this is a deprecated use case. Please make use of the actual mapped columns in ORM-evaluated UPDATE / DELETE expressions.
Jan 29 14:38:57.611582 n-d-705658-17 cinder-volume[89141]: "UPDATE / DELETE expressions." % clause
Jan 29 14:38:57.611582 n-d-705658-17 cinder-volume[89141]:
Jan 29 14:38:57.788783 n-d-705658-17 cinder-volume[89141]: INFO cinder.volume.manager [None req-aad69d88-bcfe-4023-aa13-33e684e8362c tempest-SnapshotsActionsTest-1440922825 None] Delete snapshot completed successfully.
Jan 29 14:38:57.802116 n-d-705658-17 cinder-volume[89141]: DEBUG cinder.coordination [None req-aad69d88-bcfe-4023-aa13-33e684e8362c tempest-SnapshotsActionsTest-1440922825 None] Lock "b'cinder-ff6e2650-3a51-493a-85d7-d9aac0e22301-delete_snapshot'" released by "delete_snapshot" :: held 2.503s {{(pid=89347) _synchronized /opt/stack/cinder/cinder/coordination.py:162}}
Jan 29 14:38:59.880280 n-d-705658-17 cinder-volume[89141]: DEBUG oslo_concurrency.processutils [None req-c85f8246-c46f-49e2-b14f-bace7d748123 tempest-SnapshotsActionsTest-55803289 None] Running cmd (subprocess): sudo cinder-rootwrap /etc/cinder/rootwrap.conf env LC_ALL=C lvs --noheadings --unit=g -o vg_name,name,size --nosuffix --readonly stack-volumes-lvmdriver-1/volume-165b2c1f-3b1f-43fd-a511-49c70e0ef712 {{(pid=89347) execute /usr/local/lib/python3.6/dist-packages/oslo_concurrency/processutils.py:384}}
Jan 29 14:38:59.916522 n-d-705658-17 sudo[109633]: ubuntu : TTY=unknown ; PWD=/ ; USER=root ; COMMAND=/usr/local/bin/cinder-rootwrap /etc/cinder/rootwrap.conf env LC_ALL=C lvs --noheadings --unit=g -o vg_name,name,size --nosuffix --readonly stack-volumes-lvmdriver-1/volume-165b2c1f-3b1f-43fd-a511-49c70e0ef712
Jan 29 14:38:59.918346 n-d-705658-17 sudo[109633]: pam_unix(sudo:session): session opened for user root by (uid=0)
Jan 29 14:39:00.923805 n-d-705658-17 sudo[109633]: pam_unix(sudo:session): session closed for user root
Jan 29 14:39:00.925987 n-d-705658-17 cinder-volume[89141]: DEBUG oslo_concurrency.processutils [None req-c85f8246-c46f-49e2-b14f-bace7d748123 tempest-SnapshotsActionsTest-55803289 None] CMD "sudo cinder-rootwrap /etc/cinder/rootwrap.conf env LC_ALL=C lvs --noheadings --unit=g -o vg_name,name,size --nosuffix --readonly stack-volumes-lvmdriver-1/volume-165b2c1f-3b1f-43fd-a511-49c70e0ef712" returned: 0 in 1.045s {{(pid=89347) execute /usr/local/lib/python3.6/dist-packages/oslo_concurrency/processutils.py:423}}
Jan 29 14:39:00.927582 n-d-705658-17 cinder-volume[89141]: DEBUG oslo_concurrency.processutils [None req-c85f8246-c46f-49e2-b14f-bace7d748123 tempest-SnapshotsActionsTest-55803289 None] Running cmd (subprocess): sudo cinder-rootwrap /etc/cinder/rootwrap.conf env LC_ALL=C lvcreate --name _snapshot-9ad8ebb8-9cec-4b59-a513-1d49ec2eca21 --snapshot stack-volumes-lvmdriver-1/volume-165b2c1f-3b1f-43fd-a511-49c70e0ef712 -L 1.00g {{(pid=89347) execute /usr/local/lib/python3.6/dist-packages/oslo_concurrency/processutils.py:384}}
Jan 29 14:39:00.971869 n-d-705658-17 sudo[109639]: ubuntu : TTY=unknown ; PWD=/ ; USER=root ; COMMAND=/usr/local/bin/cinder-rootwrap /etc/cinder/rootwrap.conf env LC_ALL=C lvcreate --name _snapshot-9ad8ebb8-9cec-4b59-a513-1d49ec2eca21 --snapshot stack-volumes-lvmdriver-1/volume-165b2c1f-3b1f-43fd-a511-49c70e0ef712 -L 1.00g
Jan 29 14:39:00.972438 n-d-705658-17 sudo[109639]: pam_unix(sudo:session): session opened for user root by (uid=0)
Jan 29 14:39:03.151569 n-d-705658-17 sudo[109639]: pam_unix(sudo:session): session closed for user root
Jan 29 14:39:03.154514 n-d-705658-17 cinder-volume[89141]: DEBUG oslo_concurrency.processutils [None req-c85f8246-c46f-49e2-b14f-bace7d748123 tempest-SnapshotsActionsTest-55803289 None] CMD "sudo cinder-rootwrap /etc/cinder/rootwrap.conf env LC_ALL=C lvcreate --name _snapshot-9ad8ebb8-9cec-4b59-a513-1d49ec2eca21 --snapshot stack-volumes-lvmdriver-1/volume-165b2c1f-3b1f-43fd-a511-49c70e0ef712 -L 1.00g" returned: 0 in 2.226s {{(pid=89347) execute /usr/local/lib/python3.6/dist-packages/oslo_concurrency/processutils.py:423}}
Jan 29 14:39:03.348539 n-d-705658-17 cinder-volume[89141]: INFO cinder.volume.manager [None req-c85f8246-c46f-49e2-b14f-bace7d748123 tempest-SnapshotsActionsTest-55803289 None] Create snapshot completed successfully
Jan 29 14:39:04.992802 n-d-705658-17 cinder-volume[89141]: DEBUG cinder.coordination [None req-f8af39e3-b7fb-474f-b068-ccdf07a79799 tempest-SnapshotsActionsTest-1440922825 None] Lock "b'cinder-9ad8ebb8-9cec-4b59-a513-1d49ec2eca21-delete_snapshot'" acquired by "delete_snapshot" :: waited 0.027s {{(pid=89347) _synchronized /opt/stack/cinder/cinder/coordination.py:150}}
Jan 29 14:39:04.998377 n-d-705658-17 cinder-volume[89141]: DEBUG oslo_concurrency.processutils [None req-f8af39e3-b7fb-474f-b068-ccdf07a79799 tempest-SnapshotsActionsTest-1440922825 None] Running cmd (subprocess): sudo cinder-rootwrap /etc/cinder/rootwrap.conf env LC_ALL=C lvs --noheadings --unit=g -o vg_name,name,size --nosuffix --readonly stack-volumes-lvmdriver-1/_snapshot-9ad8ebb8-9cec-4b59-a513-1d49ec2eca21 {{(pid=89347) execute /usr/local/lib/python3.6/dist-packages/oslo_concurrency/processutils.py:384}}
Jan 29 14:39:05.041441 n-d-705658-17 sudo[109786]: ubuntu : TTY=unknown ; PWD=/ ; USER=root ; COMMAND=/usr/local/bin/cinder-rootwrap /etc/cinder/rootwrap.conf env LC_ALL=C lvs --noheadings --unit=g -o vg_name,name,size --nosuffix --readonly stack-volumes-lvmdriver-1/_snapshot-9ad8ebb8-9cec-4b59-a513-1d49ec2eca21
Jan 29 14:39:05.042043 n-d-705658-17 sudo[109786]: pam_unix(sudo:session): session opened for user root by (uid=0)
Jan 29 14:39:06.272128 n-d-705658-17 sudo[109786]: pam_unix(sudo:session): session closed for user root
Jan 29 14:39:06.274398 n-d-705658-17 cinder-volume[89141]: DEBUG oslo_concurrency.processutils [None req-f8af39e3-b7fb-474f-b068-ccdf07a79799 tempest-SnapshotsActionsTest-1440922825 None] CMD "sudo cinder-rootwrap /etc/cinder/rootwrap.conf env LC_ALL=C lvs --noheadings --unit=g -o vg_name,name,size --nosuffix --readonly stack-volumes-lvmdriver-1/_snapshot-9ad8ebb8-9cec-4b59-a513-1d49ec2eca21" returned: 0 in 1.276s {{(pid=89347) execute /usr/local/lib/python3.6/dist-packages/oslo_concurrency/processutils.py:423}}
Jan 29 14:39:06.276553 n-d-705658-17 cinder-volume[89141]: DEBUG oslo_concurrency.processutils [None req-f8af39e3-b7fb-474f-b068-ccdf07a79799 tempest-SnapshotsActionsTest-1440922825 None] Running cmd (subprocess): sudo cinder-rootwrap /etc/cinder/rootwrap.conf lvremove --config activation { retry_deactivation = 1} -f stack-volumes-lvmdriver-1/_snapshot-9ad8ebb8-9cec-4b59-a513-1d49ec2eca21 {{(pid=89347) execute /usr/local/lib/python3.6/dist-packages/oslo_concurrency/processutils.py:384}}
Jan 29 14:39:06.325052 n-d-705658-17 sudo[109791]: ubuntu : TTY=unknown ; PWD=/ ; USER=root ; COMMAND=/usr/local/bin/cinder-rootwrap /etc/cinder/rootwrap.conf lvremove --config activation { retry_deactivation = 1} -f stack-volumes-lvmdriver-1/_snapshot-9ad8ebb8-9cec-4b59-a513-1d49ec2eca21
Jan 29 14:39:06.326197 n-d-705658-17 sudo[109791]: pam_unix(sudo:session): session opened for user root by (uid=0)
Jan 29 14:39:07.574187 n-d-705658-17 sudo[109791]: pam_unix(sudo:session): session closed for user root
Jan 29 14:39:07.577271 n-d-705658-17 cinder-volume[89141]: DEBUG oslo_concurrency.processutils [None req-f8af39e3-b7fb-474f-b068-ccdf07a79799 tempest-SnapshotsActionsTest-1440922825 None] CMD "sudo cinder-rootwrap /etc/cinder/rootwrap.conf lvremove --config activation { retry_deactivation = 1} -f stack-volumes-lvmdriver-1/_snapshot-9ad8ebb8-9cec-4b59-a513-1d49ec2eca21" returned: 0 in 1.300s {{(pid=89347) execute /usr/local/lib/python3.6/dist-packages/oslo_concurrency/processutils.py:423}}
Jan 29 14:39:07.823203 n-d-705658-17 cinder-volume[89141]: DEBUG cinder.quota [None req-f8af39e3-b7fb-474f-b068-ccdf07a79799 tempest-SnapshotsActionsTest-1440922825 None] Created reservations ['220b8d06-a622-43fd-92a4-99a0459aff11', '35ee4955-da39-4f98-8d54-cbb7230fbd32', 'de654edb-f453-48ee-a65f-676470f67067', '23d86c5e-a54c-4e14-8135-d5f132f861aa'] {{(pid=89347) reserve /opt/stack/cinder/cinder/quota.py:1036}}
Jan 29 14:39:07.828460 n-d-705658-17 cinder-volume[89141]: WARNING py.warnings [None req-f8af39e3-b7fb-474f-b068-ccdf07a79799 tempest-SnapshotsActionsTest-1440922825 None] /usr/local/lib/python3.6/dist-packages/sqlalchemy/orm/evaluator.py:99: SAWarning: Evaluating non-mapped column expression 'updated_at' onto ORM instances; this is a deprecated use case. Please make use of the actual mapped columns in ORM-evaluated UPDATE / DELETE expressions.
Jan 29 14:39:07.828460 n-d-705658-17 cinder-volume[89141]: "UPDATE / DELETE expressions." % clause
Jan 29 14:39:07.828460 n-d-705658-17 cinder-volume[89141]:
Jan 29 14:39:07.942688 n-d-705658-17 cinder-volume[89141]: INFO cinder.volume.manager [None req-f8af39e3-b7fb-474f-b068-ccdf07a79799 tempest-SnapshotsActionsTest-1440922825 None] Delete snapshot completed successfully.
Jan 29 14:39:07.962916 n-d-705658-17 cinder-volume[89141]: DEBUG cinder.coordination [None req-f8af39e3-b7fb-474f-b068-ccdf07a79799 tempest-SnapshotsActionsTest-1440922825 None] Lock "b'cinder-9ad8ebb8-9cec-4b59-a513-1d49ec2eca21-delete_snapshot'" released by "delete_snapshot" :: held 2.970s {{(pid=89347) _synchronized /opt/stack/cinder/cinder/coordination.py:162}}
Jan 29 14:39:10.032393 n-d-705658-17 cinder-volume[89141]: DEBUG oslo_concurrency.processutils [None req-68045c56-4ef2-4707-8c40-9a64aaf79fc5 tempest-SnapshotsActionsTest-55803289 None] Running cmd (subprocess): sudo cinder-rootwrap /etc/cinder/rootwrap.conf env LC_ALL=C lvs --noheadings --unit=g -o vg_name,name,size --nosuffix --readonly stack-volumes-lvmdriver-1/volume-165b2c1f-3b1f-43fd-a511-49c70e0ef712 {{(pid=89347) execute /usr/local/lib/python3.6/dist-packages/oslo_concurrency/processutils.py:384}}
Jan 29 14:39:10.112107 n-d-705658-17 sudo[109930]: ubuntu : TTY=unknown ; PWD=/ ; USER=root ; COMMAND=/usr/local/bin/cinder-rootwrap /etc/cinder/rootwrap.conf env LC_ALL=C lvs --noheadings --unit=g -o vg_name,name,size --nosuffix --readonly stack-volumes-lvmdriver-1/volume-165b2c1f-3b1f-43fd-a511-49c70e0ef712
Jan 29 14:39:10.113157 n-d-705658-17 sudo[109930]: pam_unix(sudo:session): session opened for user root by (uid=0)
Jan 29 14:39:11.032319 n-d-705658-17 sudo[109930]: pam_unix(sudo:session): session closed for user root
Jan 29 14:39:11.034767 n-d-705658-17 cinder-volume[89141]: DEBUG oslo_concurrency.processutils [None req-68045c56-4ef2-4707-8c40-9a64aaf79fc5 tempest-SnapshotsActionsTest-55803289 None] CMD "sudo cinder-rootwrap /etc/cinder/rootwrap.conf env LC_ALL=C lvs --noheadings --unit=g -o vg_name,name,size --nosuffix --readonly stack-volumes-lvmdriver-1/volume-165b2c1f-3b1f-43fd-a511-49c70e0ef712" returned: 0 in 1.002s {{(pid=89347) execute /usr/local/lib/python3.6/dist-packages/oslo_concurrency/processutils.py:423}}
Jan 29 14:39:11.035904 n-d-705658-17 cinder-volume[89141]: DEBUG oslo_concurrency.processutils [None req-68045c56-4ef2-4707-8c40-9a64aaf79fc5 tempest-SnapshotsActionsTest-55803289 None] Running cmd (subprocess): sudo cinder-rootwrap /etc/cinder/rootwrap.conf env LC_ALL=C lvcreate --name _snapshot-fb345f5e-856a-41af-8395-36c703e1a20d --snapshot stack-volumes-lvmdriver-1/volume-165b2c1f-3b1f-43fd-a511-49c70e0ef712 -L 1.00g {{(pid=89347) execute /usr/local/lib/python3.6/dist-packages/oslo_concurrency/processutils.py:384}}
Jan 29 14:39:11.080893 n-d-705658-17 sudo[109936]: ubuntu : TTY=unknown ; PWD=/ ; USER=root ; COMMAND=/usr/local/bin/cinder-rootwrap /etc/cinder/rootwrap.conf env LC_ALL=C lvcreate --name _snapshot-fb345f5e-856a-41af-8395-36c703e1a20d --snapshot stack-volumes-lvmdriver-1/volume-165b2c1f-3b1f-43fd-a511-49c70e0ef712 -L 1.00g
Jan 29 14:39:11.086076 n-d-705658-17 sudo[109936]: pam_unix(sudo:session): session opened for user root by (uid=0)
Jan 29 14:39:11.837113 n-d-705658-17 cinder-volume[89141]: DEBUG cinder.coordination [None req-98c45fec-bf40-4bba-8ebe-f5197c42c6d3 tempest-AttachVolumeNegativeTest-1782576855 None] Lock "b'cinder-6d1a2780-94f8-4a63-bb80-3c9b0226275b-delete_volume'" acquired by "delete_volume" :: waited 0.027s {{(pid=89347) _synchronized /opt/stack/cinder/cinder/coordination.py:150}}
Jan 29 14:39:12.204070 n-d-705658-17 cinder-volume[89141]: DEBUG oslo_concurrency.processutils [-] Running cmd (subprocess): tgt-admin --show {{(pid=97880) execute /usr/local/lib/python3.6/dist-packages/oslo_concurrency/processutils.py:384}}
Jan 29 14:39:12.392187 n-d-705658-17 cinder-volume[89141]: DEBUG oslo_concurrency.processutils [-] CMD "tgt-admin --show" returned: 0 in 0.192s {{(pid=97880) execute /usr/local/lib/python3.6/dist-packages/oslo_concurrency/processutils.py:423}}
Jan 29 14:39:12.392796 n-d-705658-17 cinder-volume[89141]: DEBUG oslo.privsep.daemon [-] privsep: reply[139747116155712]: (4, ('Target 5: iqn.2010-10.org.openstack:volume-0a3d676f-1f0b-49b4-862b-b58863e91ffb\n System information:\n Driver: iscsi\n State: ready\n I_T nexus information:\n I_T nexus: 14\n Initiator: iqn.1991-05.com.microsoft:n-h2-705658-17.cbci-705658-17.local alias: none\n Connection: 1\n IP Address: 10.222.0.83\n LUN information:\n LUN: 0\n Type: controller\n SCSI ID: IET 00050000\n SCSI SN: beaf50\n Size: 0 MB, Block size: 1\n Online: Yes\n Removable media: No\n Prevent removal: No\n Readonly: No\n SWP: No\n Thin-provisioning: No\n Backing store type: null\n Backing store path: None\n Backing store flags: \n LUN: 1\n Type: disk\n SCSI ID: IET 00050001\n SCSI SN: beaf51\n Size: 1074 MB, Block size: 512\n Online: Yes\n Removable media: No\n Prevent removal: No\n Readonly: No\n SWP: No\n Thin-provisioning: No\n Backing store type: rdwr\n Backing store path: /dev/stack-volumes-lvmdriver-1/volume-0a3d676f-1f0b-49b4-862b-b58863e91ffb\n Backing store flags: \n Account information:\n Sh97u5TJUAN76QAYGwYH\n ACL information:\n ALL\nTarget 6: iqn.2010-10.org.openstack:volume-9f87fb70-4af6-45c6-8021-2b720c2959e8\n System information:\n Driver: iscsi\n State: ready\n I_T nexus information:\n I_T nexus: 15\n Initiator: iqn.1991-05.com.microsoft:n-h2-705658-17.cbci-705658-17.local alias: none\n Connection: 1\n IP Address: 10.222.0.83\n LUN information:\n LUN: 0\n Type: controller\n SCSI ID: IET 00060000\n SCSI SN: beaf60\n Size: 0 MB, Block size: 1\n Online: Yes\n Removable media: No\n Prevent removal: No\n Readonly: No\n SWP: No\n Thin-provisioning: No\n Backing store type: null\n Backing store path: None\n Backing store flags: \n LUN: 1\n Type: disk\n SCSI ID: IET 00060001\n SCSI SN: beaf61\n Size: 1074 MB, Block size: 512\n Online: Yes\n Removable media: No\n Prevent removal: No\n Readonly: No\n SWP: No\n Thin-provisioning: No\n Backing store type: rdwr\n Backing store path: /dev/stack-volumes-lvmdriver-1/volume-9f87fb70-4af6-45c6-8021-2b720c2959e8\n Backing store flags: \n Account information:\n dsKZpeC8WRLoABneoqSM\n ACL information:\n ALL\nTarget 7: iqn.2010-10.org.openstack:volume-071fd552-2aba-4b44-9567-2925306724af\n System information:\n Driver: iscsi\n State: ready\n I_T nexus information:\n I_T nexus: 16\n Initiator: iqn.1991-05.com.microsoft:n-h2-705658-17.cbci-705658-17.local alias: none\n Connection: 1\n IP Address: 10.222.0.83\n LUN information:\n LUN: 0\n Type: controller\n SCSI ID: IET 00070000\n SCSI SN: beaf70\n Size: 0 MB, Block size: 1\n Online: Yes\n Removable media: No\n Prevent removal: No\n Readonly: No\n SWP: No\n Thin-provisioning: No\n Backing store type: null\n Backing store path: None\n Backing store flags: \n LUN: 1\n Type: disk\n SCSI ID: IET 00070001\n SCSI SN: beaf71\n Size: 1074 MB, Block size: 512\n Online: Yes\n Removable media: No\n Prevent removal: No\n Readonly: No\n SWP: No\n Thin-provisioning: No\n Backing store type: rdwr\n Backing store path: /dev/stack-volumes-lvmdriver-1/volume-071fd552-2aba-4b44-9567-2925306724af\n Backing store flags: \n Account information:\n FMNtesk8hPVDMqoLCg29\n ACL information:\n ALL\n', '')) {{(pid=97880) _call_back /usr/local/lib/python3.6/dist-packages/oslo_privsep/daemon.py:511}}
Jan 29 14:39:12.393844 n-d-705658-17 cinder-volume[89141]: INFO cinder.volume.targets.iscsi [None req-98c45fec-bf40-4bba-8ebe-f5197c42c6d3 tempest-AttachVolumeNegativeTest-1782576855 None] Skipping remove_export. No iscsi_target is presently exported for volume: 6d1a2780-94f8-4a63-bb80-3c9b0226275b
Jan 29 14:39:12.394961 n-d-705658-17 cinder-volume[89141]: DEBUG oslo_concurrency.processutils [None req-98c45fec-bf40-4bba-8ebe-f5197c42c6d3 tempest-AttachVolumeNegativeTest-1782576855 None] Running cmd (subprocess): sudo cinder-rootwrap /etc/cinder/rootwrap.conf env LC_ALL=C lvs --noheadings --unit=g -o vg_name,name,size --nosuffix --readonly stack-volumes-lvmdriver-1/volume-6d1a2780-94f8-4a63-bb80-3c9b0226275b {{(pid=89347) execute /usr/local/lib/python3.6/dist-packages/oslo_concurrency/processutils.py:384}}
Jan 29 14:39:12.487335 n-d-705658-17 sudo[110000]: ubuntu : TTY=unknown ; PWD=/ ; USER=root ; COMMAND=/usr/local/bin/cinder-rootwrap /etc/cinder/rootwrap.conf env LC_ALL=C lvs --noheadings --unit=g -o vg_name,name,size --nosuffix --readonly stack-volumes-lvmdriver-1/volume-6d1a2780-94f8-4a63-bb80-3c9b0226275b
Jan 29 14:39:12.487882 n-d-705658-17 sudo[110000]: pam_unix(sudo:session): session opened for user root by (uid=0)
Jan 29 14:39:12.671720 n-d-705658-17 sudo[109936]: pam_unix(sudo:session): session closed for user root
Jan 29 14:39:12.674412 n-d-705658-17 cinder-volume[89141]: DEBUG oslo_concurrency.processutils [None req-68045c56-4ef2-4707-8c40-9a64aaf79fc5 tempest-SnapshotsActionsTest-55803289 None] CMD "sudo cinder-rootwrap /etc/cinder/rootwrap.conf env LC_ALL=C lvcreate --name _snapshot-fb345f5e-856a-41af-8395-36c703e1a20d --snapshot stack-volumes-lvmdriver-1/volume-165b2c1f-3b1f-43fd-a511-49c70e0ef712 -L 1.00g" returned: 0 in 1.638s {{(pid=89347) execute /usr/local/lib/python3.6/dist-packages/oslo_concurrency/processutils.py:423}}
Jan 29 14:39:12.903044 n-d-705658-17 cinder-volume[89141]: INFO cinder.volume.manager [None req-68045c56-4ef2-4707-8c40-9a64aaf79fc5 tempest-SnapshotsActionsTest-55803289 None] Create snapshot completed successfully
Jan 29 14:39:13.551921 n-d-705658-17 sudo[110000]: pam_unix(sudo:session): session closed for user root
