Jul 27 19:56:50.171693 n-d-705657-21 devstack@placement-api.service[94542]: DEBUG placement.objects.research_context [req-f3810f0e-b13f-4f83-b439-d16be5424806 req-6aeea48c-2853-4749-a555-d383b7ea6201 service placement] found 2 providers with available 1 VCPU {{(pid=94542) get_provider_ids_matching /opt/stack/placement/placement/objects/research_context.py:549}}
Jul 27 19:56:50.172192 n-d-705657-21 devstack@placement-api.service[94542]: DEBUG placement.objects.research_context [req-f3810f0e-b13f-4f83-b439-d16be5424806 req-6aeea48c-2853-4749-a555-d383b7ea6201 service placement] found 2 providers after filtering by previous result {{(pid=94542) get_provider_ids_matching /opt/stack/placement/placement/objects/research_context.py:580}}
Jul 27 19:56:50.194073 n-d-705657-21 devstack@placement-api.service[94542]: DEBUG placement.objects.allocation_candidate [req-f3810f0e-b13f-4f83-b439-d16be5424806 req-6aeea48c-2853-4749-a555-d383b7ea6201 service placement] RequestGroup(use_same_provider=False, resources={DISK_GB:1, MEMORY_MB:1024, VCPU:1}, traits=[], aggregates=[]) (suffix '') returned 2 matches {{(pid=94542) _get_by_requests /opt/stack/placement/placement/objects/allocation_candidate.py:145}}
Jul 27 19:56:50.195608 n-d-705657-21 devstack@placement-api.service[94542]: DEBUG placement.objects.allocation_candidate [req-f3810f0e-b13f-4f83-b439-d16be5424806 req-6aeea48c-2853-4749-a555-d383b7ea6201 service placement] Merging candidates yields 2 allocation requests and 2 provider summaries {{(pid=94542) _merge_candidates /opt/stack/placement/placement/objects/allocation_candidate.py:783}}
Jul 27 19:56:50.198275 n-d-705657-21 devstack@placement-api.service[94542]: INFO placement.requestlog [req-f3810f0e-b13f-4f83-b439-d16be5424806 req-6aeea48c-2853-4749-a555-d383b7ea6201 service placement] 10.222.0.48 "GET /placement/allocation_candidates?limit=1000&resources=DISK_GB%3A1%2CMEMORY_MB%3A1024%2CVCPU%3A1&root_required=%21COMPUTE_STATUS_DISABLED" status: 200 len: 1309 microversion: 1.35
Jul 27 19:56:50.230928 n-d-705657-21 devstack@placement-api.service[94542]: [pid: 94542|app: 0|req: 420/840] 10.222.0.48 () {60 vars in 1507 bytes} [Tue Jul 27 19:56:50 2021] GET /placement/allocation_candidates?limit=1000&resources=DISK_GB%3A1%2CMEMORY_MB%3A1024%2CVCPU%3A1&root_required=%21COMPUTE_STATUS_DISABLED => generated 1309 bytes in 168 msecs (HTTP/1.1 200) 8 headers in 297 bytes (1 switches on core 0)
Jul 27 19:56:50.314825 n-d-705657-21 devstack@placement-api.service[94541]: DEBUG placement.requestlog [req-f3810f0e-b13f-4f83-b439-d16be5424806 req-ea486d4f-e2a5-4beb-b58a-0ffcd765eae4 None None] Starting request: 10.222.0.48 "GET /placement/allocations/f3d4a5cc-8354-4073-8af8-55d87581868a" {{(pid=94541) __call__ /opt/stack/placement/placement/requestlog.py:55}}
Jul 27 19:56:50.328699 n-d-705657-21 devstack@placement-api.service[94541]: INFO placement.requestlog [req-f3810f0e-b13f-4f83-b439-d16be5424806 req-ea486d4f-e2a5-4beb-b58a-0ffcd765eae4 service placement] 10.222.0.48 "GET /placement/allocations/f3d4a5cc-8354-4073-8af8-55d87581868a" status: 200 len: 19 microversion: 1.28
Jul 27 19:56:50.337784 n-d-705657-21 devstack@placement-api.service[94541]: [pid: 94541|app: 0|req: 421/841] 10.222.0.48 () {60 vars in 1381 bytes} [Tue Jul 27 19:56:50 2021] GET /placement/allocations/f3d4a5cc-8354-4073-8af8-55d87581868a => generated 19 bytes in 23 msecs (HTTP/1.1 200) 8 headers in 295 bytes (1 switches on core 0)
Jul 27 19:56:50.340328 n-d-705657-21 devstack@placement-api.service[94542]: DEBUG placement.requestlog [req-f3810f0e-b13f-4f83-b439-d16be5424806 req-2089e04d-88d6-4b0d-b6c4-41aed7e7dcc4 None None] Starting request: 10.222.0.48 "PUT /placement/allocations/f3d4a5cc-8354-4073-8af8-55d87581868a" {{(pid=94542) __call__ /opt/stack/placement/placement/requestlog.py:55}}
Jul 27 19:56:50.571157 n-d-705657-21 devstack@placement-api.service[94542]: DEBUG placement.handlers.allocation [req-f3810f0e-b13f-4f83-b439-d16be5424806 req-2089e04d-88d6-4b0d-b6c4-41aed7e7dcc4 service placement] Successfully wrote allocations [, , ] {{(pid=94542) _create_allocations /opt/stack/placement/placement/handlers/allocation.py:435}}
Jul 27 19:56:50.572430 n-d-705657-21 devstack@placement-api.service[94542]: INFO placement.requestlog [req-f3810f0e-b13f-4f83-b439-d16be5424806 req-2089e04d-88d6-4b0d-b6c4-41aed7e7dcc4 service placement] 10.222.0.48 "PUT /placement/allocations/f3d4a5cc-8354-4073-8af8-55d87581868a" status: 204 len: 0 microversion: 1.35
Jul 27 19:56:50.584617 n-d-705657-21 devstack@placement-api.service[94542]: [pid: 94542|app: 0|req: 421/842] 10.222.0.48 () {64 vars in 1434 bytes} [Tue Jul 27 19:56:50 2021] PUT /placement/allocations/f3d4a5cc-8354-4073-8af8-55d87581868a => generated 0 bytes in 244 msecs (HTTP/1.1 204) 5 headers in 199 bytes (2 switches on core 0)
Jul 27 19:56:51.097864 n-d-705657-21 devstack@placement-api.service[94541]: DEBUG placement.requestlog [req-2c1514df-8547-4654-8593-824f1771fc2e req-220c01b4-56cb-4c60-a41d-b14d59b156b6 None None] Starting request: 10.222.0.48 "GET /placement/allocation_candidates?limit=1000&resources=DISK_GB%3A1%2CMEMORY_MB%3A1024%2CVCPU%3A1&root_required=%21COMPUTE_STATUS_DISABLED" {{(pid=94541) __call__ /opt/stack/placement/placement/requestlog.py:55}}
Jul 27 19:56:51.186401 n-d-705657-21 devstack@placement-api.service[94541]: DEBUG placement.objects.research_context [req-2c1514df-8547-4654-8593-824f1771fc2e req-220c01b4-56cb-4c60-a41d-b14d59b156b6 service placement] getting providers with 1 DISK_GB {{(pid=94541) __init__ /opt/stack/placement/placement/objects/research_context.py:126}}
Jul 27 19:56:51.205333 n-d-705657-21 devstack@placement-api.service[94541]: DEBUG placement.objects.research_context [req-2c1514df-8547-4654-8593-824f1771fc2e req-220c01b4-56cb-4c60-a41d-b14d59b156b6 service placement] getting providers with 1024 MEMORY_MB {{(pid=94541) __init__ /opt/stack/placement/placement/objects/research_context.py:126}}
Jul 27 19:56:51.215090 n-d-705657-21 devstack@placement-api.service[94541]: DEBUG placement.objects.research_context [req-2c1514df-8547-4654-8593-824f1771fc2e req-220c01b4-56cb-4c60-a41d-b14d59b156b6 service placement] getting providers with 1 VCPU {{(pid=94541) __init__ /opt/stack/placement/placement/objects/research_context.py:126}}
Jul 27 19:56:51.225843 n-d-705657-21 devstack@placement-api.service[94541]: DEBUG placement.objects.research_context [req-2c1514df-8547-4654-8593-824f1771fc2e req-220c01b4-56cb-4c60-a41d-b14d59b156b6 service placement] found 2 providers with available 1 DISK_GB {{(pid=94541) get_provider_ids_matching /opt/stack/placement/placement/objects/research_context.py:549}}
Jul 27 19:56:51.226116 n-d-705657-21 devstack@placement-api.service[94541]: DEBUG placement.objects.research_context [req-2c1514df-8547-4654-8593-824f1771fc2e req-220c01b4-56cb-4c60-a41d-b14d59b156b6 service placement] found 2 providers with available 1024 MEMORY_MB {{(pid=94541) get_provider_ids_matching /opt/stack/placement/placement/objects/research_context.py:549}}
Jul 27 19:56:51.226393 n-d-705657-21 devstack@placement-api.service[94541]: DEBUG placement.objects.research_context [req-2c1514df-8547-4654-8593-824f1771fc2e req-220c01b4-56cb-4c60-a41d-b14d59b156b6 service placement] found 2 providers after filtering by previous result {{(pid=94541) get_provider_ids_matching /opt/stack/placement/placement/objects/research_context.py:580}}
Jul 27 19:56:51.226652 n-d-705657-21 devstack@placement-api.service[94541]: DEBUG placement.objects.research_context [req-2c1514df-8547-4654-8593-824f1771fc2e req-220c01b4-56cb-4c60-a41d-b14d59b156b6 service placement] found 2 providers with available 1 VCPU {{(pid=94541) get_provider_ids_matching /opt/stack/placement/placement/objects/research_context.py:549}}
Jul 27 19:56:51.226914 n-d-705657-21 devstack@placement-api.service[94541]: DEBUG placement.objects.research_context [req-2c1514df-8547-4654-8593-824f1771fc2e req-220c01b4-56cb-4c60-a41d-b14d59b156b6 service placement] found 2 providers after filtering by previous result {{(pid=94541) get_provider_ids_matching /opt/stack/placement/placement/objects/research_context.py:580}}
Jul 27 19:56:51.247236 n-d-705657-21 devstack@placement-api.service[94541]: DEBUG placement.objects.allocation_candidate [req-2c1514df-8547-4654-8593-824f1771fc2e req-220c01b4-56cb-4c60-a41d-b14d59b156b6 service placement] RequestGroup(use_same_provider=False, resources={DISK_GB:1, MEMORY_MB:1024, VCPU:1}, traits=[], aggregates=[]) (suffix '') returned 2 matches {{(pid=94541) _get_by_requests /opt/stack/placement/placement/objects/allocation_candidate.py:145}}
Jul 27 19:56:51.247967 n-d-705657-21 devstack@placement-api.service[94541]: DEBUG placement.objects.allocation_candidate [req-2c1514df-8547-4654-8593-824f1771fc2e req-220c01b4-56cb-4c60-a41d-b14d59b156b6 service placement] Merging candidates yields 2 allocation requests and 2 provider summaries {{(pid=94541) _merge_candidates /opt/stack/placement/placement/objects/allocation_candidate.py:783}}
Jul 27 19:56:51.249886 n-d-705657-21 devstack@placement-api.service[94541]: INFO placement.requestlog [req-2c1514df-8547-4654-8593-824f1771fc2e req-220c01b4-56cb-4c60-a41d-b14d59b156b6 service placement] 10.222.0.48 "GET /placement/allocation_candidates?limit=1000&resources=DISK_GB%3A1%2CMEMORY_MB%3A1024%2CVCPU%3A1&root_required=%21COMPUTE_STATUS_DISABLED" status: 200 len: 1309 microversion: 1.35
Jul 27 19:56:51.250703 n-d-705657-21 devstack@placement-api.service[94541]: [pid: 94541|app: 0|req: 422/843] 10.222.0.48 () {60 vars in 1507 bytes} [Tue Jul 27 19:56:51 2021] GET /placement/allocation_candidates?limit=1000&resources=DISK_GB%3A1%2CMEMORY_MB%3A1024%2CVCPU%3A1&root_required=%21COMPUTE_STATUS_DISABLED => generated 1309 bytes in 153 msecs (HTTP/1.1 200) 8 headers in 297 bytes (1 switches on core 0)
Jul 27 19:56:51.307995 n-d-705657-21 devstack@placement-api.service[94542]: DEBUG placement.requestlog [req-f3810f0e-b13f-4f83-b439-d16be5424806 req-111379e3-a546-4e81-b5e4-1ba0952f7266 None None] Starting request: 10.222.0.52 "GET /placement/allocations/f3d4a5cc-8354-4073-8af8-55d87581868a" {{(pid=94542) __call__ /opt/stack/placement/placement/requestlog.py:55}}
Jul 27 19:56:51.328591 n-d-705657-21 devstack@placement-api.service[94541]: DEBUG placement.requestlog [req-2c1514df-8547-4654-8593-824f1771fc2e req-f1668f7b-0343-497f-a86c-c34babcd778f None None] Starting request: 10.222.0.48 "GET /placement/allocations/93d094a0-6f13-49a5-ab23-122c20680835" {{(pid=94541) __call__ /opt/stack/placement/placement/requestlog.py:55}}
Jul 27 19:56:51.341805 n-d-705657-21 devstack@placement-api.service[94542]: INFO placement.requestlog [req-f3810f0e-b13f-4f83-b439-d16be5424806 req-111379e3-a546-4e81-b5e4-1ba0952f7266 service placement] 10.222.0.52 "GET /placement/allocations/f3d4a5cc-8354-4073-8af8-55d87581868a" status: 200 len: 260 microversion: 1.28
Jul 27 19:56:51.343034 n-d-705657-21 devstack@placement-api.service[94541]: INFO placement.requestlog [req-2c1514df-8547-4654-8593-824f1771fc2e req-f1668f7b-0343-497f-a86c-c34babcd778f service placement] 10.222.0.48 "GET /placement/allocations/93d094a0-6f13-49a5-ab23-122c20680835" status: 200 len: 19 microversion: 1.28
Jul 27 19:56:51.343263 n-d-705657-21 devstack@placement-api.service[94541]: [pid: 94541|app: 0|req: 423/844] 10.222.0.48 () {60 vars in 1381 bytes} [Tue Jul 27 19:56:51 2021] GET /placement/allocations/93d094a0-6f13-49a5-ab23-122c20680835 => generated 19 bytes in 15 msecs (HTTP/1.1 200) 8 headers in 295 bytes (2 switches on core 0)
Jul 27 19:56:51.343663 n-d-705657-21 devstack@placement-api.service[94542]: [pid: 94542|app: 0|req: 422/845] 10.222.0.52 () {60 vars in 1378 bytes} [Tue Jul 27 19:56:51 2021] GET /placement/allocations/f3d4a5cc-8354-4073-8af8-55d87581868a => generated 260 bytes in 36 msecs (HTTP/1.1 200) 8 headers in 296 bytes (2 switches on core 0)
Jul 27 19:56:51.351957 n-d-705657-21 devstack@placement-api.service[94542]: DEBUG placement.requestlog [req-2c1514df-8547-4654-8593-824f1771fc2e req-65320af8-cc3b-4f19-9435-d46c4939b14b None None] Starting request: 10.222.0.48 "PUT /placement/allocations/93d094a0-6f13-49a5-ab23-122c20680835" {{(pid=94542) __call__ /opt/stack/placement/placement/requestlog.py:55}}
Jul 27 19:56:51.441898 n-d-705657-21 devstack@placement-api.service[94542]: DEBUG placement.handlers.allocation [req-2c1514df-8547-4654-8593-824f1771fc2e req-65320af8-cc3b-4f19-9435-d46c4939b14b service placement] Successfully wrote allocations [, , ] {{(pid=94542) _create_allocations /opt/stack/placement/placement/handlers/allocation.py:435}}
Jul 27 19:56:51.442855 n-d-705657-21 devstack@placement-api.service[94542]: INFO placement.requestlog [req-2c1514df-8547-4654-8593-824f1771fc2e req-65320af8-cc3b-4f19-9435-d46c4939b14b service placement] 10.222.0.48 "PUT /placement/allocations/93d094a0-6f13-49a5-ab23-122c20680835" status: 204 len: 0 microversion: 1.35
Jul 27 19:56:51.443464 n-d-705657-21 devstack@placement-api.service[94542]: [pid: 94542|app: 0|req: 423/846] 10.222.0.48 () {64 vars in 1434 bytes} [Tue Jul 27 19:56:51 2021] PUT /placement/allocations/93d094a0-6f13-49a5-ab23-122c20680835 => generated 0 bytes in 92 msecs (HTTP/1.1 204) 5 headers in 199 bytes (2 switches on core 0)
Jul 27 19:56:51.958914 n-d-705657-21 devstack@placement-api.service[94541]: DEBUG placement.requestlog [req-2c1514df-8547-4654-8593-824f1771fc2e req-a3d55108-c15c-4303-9e23-c6db8f2c0f43 None None] Starting request: 10.222.0.52 "GET /placement/allocations/93d094a0-6f13-49a5-ab23-122c20680835" {{(pid=94541) __call__ /opt/stack/placement/placement/requestlog.py:55}}
Jul 27 19:56:52.001965 n-d-705657-21 devstack@placement-api.service[94541]: INFO placement.requestlog [req-2c1514df-8547-4654-8593-824f1771fc2e req-a3d55108-c15c-4303-9e23-c6db8f2c0f43 service placement] 10.222.0.52 "GET /placement/allocations/93d094a0-6f13-49a5-ab23-122c20680835" status: 200 len: 260 microversion: 1.28
Jul 27 19:56:52.002925 n-d-705657-21 devstack@placement-api.service[94541]: [pid: 94541|app: 0|req: 424/847] 10.222.0.52 () {60 vars in 1378 bytes} [Tue Jul 27 19:56:51 2021] GET /placement/allocations/93d094a0-6f13-49a5-ab23-122c20680835 => generated 260 bytes in 44 msecs (HTTP/1.1 200) 8 headers in 296 bytes (1 switches on core 0)
Jul 27 19:56:52.326201 n-d-705657-21 devstack@placement-api.service[94542]: DEBUG placement.requestlog [req-baefcaba-3983-4cca-8c14-3086d17a5b26 req-44507581-6ff9-4443-81b2-b148dc108daa None None] Starting request: 10.222.0.48 "GET /placement/allocation_candidates?limit=1000&resources=DISK_GB%3A1%2CMEMORY_MB%3A1024%2CVCPU%3A1&root_required=%21COMPUTE_STATUS_DISABLED" {{(pid=94542) __call__ /opt/stack/placement/placement/requestlog.py:55}}
Jul 27 19:56:52.399663 n-d-705657-21 devstack@placement-api.service[94542]: DEBUG placement.objects.research_context [req-baefcaba-3983-4cca-8c14-3086d17a5b26 req-44507581-6ff9-4443-81b2-b148dc108daa service placement] getting providers with 1 DISK_GB {{(pid=94542) __init__ /opt/stack/placement/placement/objects/research_context.py:126}}
Jul 27 19:56:52.420526 n-d-705657-21 devstack@placement-api.service[94542]: DEBUG placement.objects.research_context [req-baefcaba-3983-4cca-8c14-3086d17a5b26 req-44507581-6ff9-4443-81b2-b148dc108daa service placement] getting providers with 1024 MEMORY_MB {{(pid=94542) __init__ /opt/stack/placement/placement/objects/research_context.py:126}}
Jul 27 19:56:52.442339 n-d-705657-21 devstack@placement-api.service[94542]: DEBUG placement.objects.research_context [req-baefcaba-3983-4cca-8c14-3086d17a5b26 req-44507581-6ff9-4443-81b2-b148dc108daa service placement] getting providers with 1 VCPU {{(pid=94542) __init__ /opt/stack/placement/placement/objects/research_context.py:126}}
Jul 27 19:56:52.463919 n-d-705657-21 devstack@placement-api.service[94542]: DEBUG placement.objects.research_context [req-baefcaba-3983-4cca-8c14-3086d17a5b26 req-44507581-6ff9-4443-81b2-b148dc108daa service placement] found 2 providers with available 1 DISK_GB {{(pid=94542) get_provider_ids_matching /opt/stack/placement/placement/objects/research_context.py:549}}
Jul 27 19:56:52.464498 n-d-705657-21 devstack@placement-api.service[94542]: DEBUG placement.objects.research_context [req-baefcaba-3983-4cca-8c14-3086d17a5b26 req-44507581-6ff9-4443-81b2-b148dc108daa service placement] found 2 providers with available 1024 MEMORY_MB {{(pid=94542) get_provider_ids_matching /opt/stack/placement/placement/objects/research_context.py:549}}
Jul 27 19:56:52.465306 n-d-705657-21 devstack@placement-api.service[94542]: DEBUG placement.objects.research_context [req-baefcaba-3983-4cca-8c14-3086d17a5b26 req-44507581-6ff9-4443-81b2-b148dc108daa service placement] found 2 providers after filtering by previous result {{(pid=94542) get_provider_ids_matching /opt/stack/placement/placement/objects/research_context.py:580}}
Jul 27 19:56:52.465790 n-d-705657-21 devstack@placement-api.service[94542]: DEBUG placement.objects.research_context [req-baefcaba-3983-4cca-8c14-3086d17a5b26 req-44507581-6ff9-4443-81b2-b148dc108daa service placement] found 2 providers with available 1 VCPU {{(pid=94542) get_provider_ids_matching /opt/stack/placement/placement/objects/research_context.py:549}}
Jul 27 19:56:52.467441 n-d-705657-21 devstack@placement-api.service[94542]: DEBUG placement.objects.research_context [req-baefcaba-3983-4cca-8c14-3086d17a5b26 req-44507581-6ff9-4443-81b2-b148dc108daa service placement] found 2 providers after filtering by previous result {{(pid=94542) get_provider_ids_matching /opt/stack/placement/placement/objects/research_context.py:580}}
Jul 27 19:56:52.542123 n-d-705657-21 devstack@placement-api.service[94542]: DEBUG placement.objects.allocation_candidate [req-baefcaba-3983-4cca-8c14-3086d17a5b26 req-44507581-6ff9-4443-81b2-b148dc108daa service placement] RequestGroup(use_same_provider=False, resources={DISK_GB:1, MEMORY_MB:1024, VCPU:1}, traits=[], aggregates=[]) (suffix '') returned 2 matches {{(pid=94542) _get_by_requests /opt/stack/placement/placement/objects/allocation_candidate.py:145}}
Jul 27 19:56:52.542787 n-d-705657-21 devstack@placement-api.service[94542]: DEBUG placement.objects.allocation_candidate [req-baefcaba-3983-4cca-8c14-3086d17a5b26 req-44507581-6ff9-4443-81b2-b148dc108daa service placement] Merging candidates yields 2 allocation requests and 2 provider summaries {{(pid=94542) _merge_candidates /opt/stack/placement/placement/objects/allocation_candidate.py:783}}
Jul 27 19:56:52.549596 n-d-705657-21 devstack@placement-api.service[94542]: INFO placement.requestlog [req-baefcaba-3983-4cca-8c14-3086d17a5b26 req-44507581-6ff9-4443-81b2-b148dc108daa service placement] 10.222.0.48 "GET /placement/allocation_candidates?limit=1000&resources=DISK_GB%3A1%2CMEMORY_MB%3A1024%2CVCPU%3A1&root_required=%21COMPUTE_STATUS_DISABLED" status: 200 len: 1309 microversion: 1.35
Jul 27 19:56:52.553462 n-d-705657-21 devstack@placement-api.service[94542]: [pid: 94542|app: 0|req: 424/848] 10.222.0.48 () {60 vars in 1507 bytes} [Tue Jul 27 19:56:52 2021] GET /placement/allocation_candidates?limit=1000&resources=DISK_GB%3A1%2CMEMORY_MB%3A1024%2CVCPU%3A1&root_required=%21COMPUTE_STATUS_DISABLED => generated 1309 bytes in 227 msecs (HTTP/1.1 200) 8 headers in 297 bytes (1 switches on core 0)
Jul 27 19:56:52.660355 n-d-705657-21 devstack@placement-api.service[94541]: DEBUG placement.requestlog [req-baefcaba-3983-4cca-8c14-3086d17a5b26 req-99c190e2-6bb0-414f-bbf1-e92621341b38 None None] Starting request: 10.222.0.48 "GET /placement/allocations/acbe0ded-3435-4190-a739-3b608b3397b7" {{(pid=94541) __call__ /opt/stack/placement/placement/requestlog.py:55}}
Jul 27 19:56:52.676236 n-d-705657-21 devstack@placement-api.service[94541]: INFO placement.requestlog [req-baefcaba-3983-4cca-8c14-3086d17a5b26 req-99c190e2-6bb0-414f-bbf1-e92621341b38 service placement] 10.222.0.48 "GET /placement/allocations/acbe0ded-3435-4190-a739-3b608b3397b7" status: 200 len: 19 microversion: 1.28
Jul 27 19:56:52.685087 n-d-705657-21 devstack@placement-api.service[94541]: [pid: 94541|app: 0|req: 425/849] 10.222.0.48 () {60 vars in 1381 bytes} [Tue Jul 27 19:56:52 2021] GET /placement/allocations/acbe0ded-3435-4190-a739-3b608b3397b7 => generated 19 bytes in 25 msecs (HTTP/1.1 200) 8 headers in 295 bytes (1 switches on core 0)
Jul 27 19:56:52.687685 n-d-705657-21 devstack@placement-api.service[94542]: DEBUG placement.requestlog [req-baefcaba-3983-4cca-8c14-3086d17a5b26 req-6172a320-92f3-4b01-a3a2-bc1bcb1cbe47 None None] Starting request: 10.222.0.48 "PUT /placement/allocations/acbe0ded-3435-4190-a739-3b608b3397b7" {{(pid=94542) __call__ /opt/stack/placement/placement/requestlog.py:55}}
Jul 27 19:56:52.845661 n-d-705657-21 devstack@placement-api.service[94542]: DEBUG placement.handlers.allocation [req-baefcaba-3983-4cca-8c14-3086d17a5b26 req-6172a320-92f3-4b01-a3a2-bc1bcb1cbe47 service placement] Successfully wrote allocations [, , ] {{(pid=94542) _create_allocations /opt/stack/placement/placement/handlers/allocation.py:435}}
Jul 27 19:56:52.846188 n-d-705657-21 devstack@placement-api.service[94542]: INFO placement.requestlog [req-baefcaba-3983-4cca-8c14-3086d17a5b26 req-6172a320-92f3-4b01-a3a2-bc1bcb1cbe47 service placement] 10.222.0.48 "PUT /placement/allocations/acbe0ded-3435-4190-a739-3b608b3397b7" status: 204 len: 0 microversion: 1.35
Jul 27 19:56:52.846740 n-d-705657-21 devstack@placement-api.service[94542]: [pid: 94542|app: 0|req: 425/850] 10.222.0.48 () {64 vars in 1434 bytes} [Tue Jul 27 19:56:52 2021] PUT /placement/allocations/acbe0ded-3435-4190-a739-3b608b3397b7 => generated 0 bytes in 159 msecs (HTTP/1.1 204) 5 headers in 199 bytes (1 switches on core 0)
Jul 27 19:56:53.473468 n-d-705657-21 devstack@placement-api.service[94541]: DEBUG placement.requestlog [req-baefcaba-3983-4cca-8c14-3086d17a5b26 req-f8f22c21-7fd2-48d3-be3a-175aed3934a7 None None] Starting request: 10.222.0.63 "GET /placement/allocations/acbe0ded-3435-4190-a739-3b608b3397b7" {{(pid=94541) __call__ /opt/stack/placement/placement/requestlog.py:55}}
Jul 27 19:56:53.541085 n-d-705657-21 devstack@placement-api.service[94541]: INFO placement.requestlog [req-baefcaba-3983-4cca-8c14-3086d17a5b26 req-f8f22c21-7fd2-48d3-be3a-175aed3934a7 service placement] 10.222.0.63 "GET /placement/allocations/acbe0ded-3435-4190-a739-3b608b3397b7" status: 200 len: 260 microversion: 1.28
Jul 27 19:56:53.541721 n-d-705657-21 devstack@placement-api.service[94541]: [pid: 94541|app: 0|req: 426/851] 10.222.0.63 () {60 vars in 1378 bytes} [Tue Jul 27 19:56:53 2021] GET /placement/allocations/acbe0ded-3435-4190-a739-3b608b3397b7 => generated 260 bytes in 74 msecs (HTTP/1.1 200) 8 headers in 296 bytes (1 switches on core 0)
Jul 27 19:56:56.049753 n-d-705657-21 devstack@placement-api.service[94542]: DEBUG placement.requestlog [req-21b5d282-e021-49f2-9a18-678a85a8e2d4 req-05688a3f-066f-4ec8-ab7b-ab782e3859f9 None None] Starting request: 10.222.0.63 "GET /placement/resource_providers/53f0451e-21ff-47d2-b097-8e1de09c2f76/allocations" {{(pid=94542) __call__ /opt/stack/placement/placement/requestlog.py:55}}
Jul 27 19:56:56.103737 n-d-705657-21 devstack@placement-api.service[94542]: INFO placement.requestlog [req-21b5d282-e021-49f2-9a18-678a85a8e2d4 req-05688a3f-066f-4ec8-ab7b-ab782e3859f9 service placement] 10.222.0.63 "GET /placement/resource_providers/53f0451e-21ff-47d2-b097-8e1de09c2f76/allocations" status: 200 len: 444 microversion: 1.0
Jul 27 19:56:56.105601 n-d-705657-21 devstack@placement-api.service[94542]: [pid: 94542|app: 0|req: 426/852] 10.222.0.63 () {58 vars in 1391 bytes} [Tue Jul 27 19:56:56 2021] GET /placement/resource_providers/53f0451e-21ff-47d2-b097-8e1de09c2f76/allocations => generated 444 bytes in 57 msecs (HTTP/1.1 200) 6 headers in 224 bytes (1 switches on core 0)
Jul 27 19:56:57.787142 n-d-705657-21 devstack@placement-api.service[94541]: DEBUG placement.requestlog [req-8b0a53dd-1657-4d7b-a005-987ecce42c96 req-a5fb4288-5ac4-494c-8f11-2800c31458e4 None None] Starting request: 10.222.0.52 "GET /placement/allocations/93d094a0-6f13-49a5-ab23-122c20680835" {{(pid=94541) __call__ /opt/stack/placement/placement/requestlog.py:55}}
Jul 27 19:56:57.807517 n-d-705657-21 devstack@placement-api.service[94541]: INFO placement.requestlog [req-8b0a53dd-1657-4d7b-a005-987ecce42c96 req-a5fb4288-5ac4-494c-8f11-2800c31458e4 service placement] 10.222.0.52 "GET /placement/allocations/93d094a0-6f13-49a5-ab23-122c20680835" status: 200 len: 260 microversion: 1.28
Jul 27 19:56:57.808055 n-d-705657-21 devstack@placement-api.service[94541]: [pid: 94541|app: 0|req: 427/853] 10.222.0.52 () {60 vars in 1378 bytes} [Tue Jul 27 19:56:57 2021] GET /placement/allocations/93d094a0-6f13-49a5-ab23-122c20680835 => generated 260 bytes in 22 msecs (HTTP/1.1 200) 8 headers in 296 bytes (1 switches on core 0)
Jul 27 19:56:59.124424 n-d-705657-21 devstack@placement-api.service[94542]: DEBUG placement.requestlog [req-3d9fe272-4410-4563-a902-82640d5140d8 req-a2de3b65-6049-4114-aff2-ae306badf277 None None] Starting request: 10.222.0.52 "GET /placement/resource_providers/a344cf7c-486a-4847-8d7c-70b2caf08071/allocations" {{(pid=94542) __call__ /opt/stack/placement/placement/requestlog.py:55}}
Jul 27 19:56:59.183741 n-d-705657-21 devstack@placement-api.service[94542]: INFO placement.requestlog [req-3d9fe272-4410-4563-a902-82640d5140d8 req-a2de3b65-6049-4114-aff2-ae306badf277 service placement] 10.222.0.52 "GET /placement/resource_providers/a344cf7c-486a-4847-8d7c-70b2caf08071/allocations" status: 200 len: 559 microversion: 1.0
Jul 27 19:56:59.184553 n-d-705657-21 devstack@placement-api.service[94542]: [pid: 94542|app: 0|req: 427/854] 10.222.0.52 () {58 vars in 1391 bytes} [Tue Jul 27 19:56:59 2021] GET /placement/resource_providers/a344cf7c-486a-4847-8d7c-70b2caf08071/allocations => generated 559 bytes in 60 msecs (HTTP/1.1 200) 6 headers in 224 bytes (1 switches on core 0)
Jul 27 19:57:00.309062 n-d-705657-21 devstack@placement-api.service[94541]: DEBUG placement.requestlog [req-66321148-45f5-4dc9-8328-45c2fc2a2844 req-ffb7b213-a6c2-4403-acc4-203b6b3f09ea None None] Starting request: 10.222.0.63 "GET /placement/allocations/7145c38a-84ec-4590-80dc-82ccf7009a09" {{(pid=94541) __call__ /opt/stack/placement/placement/requestlog.py:55}}
Jul 27 19:57:00.337491 n-d-705657-21 devstack@placement-api.service[94541]: INFO placement.requestlog [req-66321148-45f5-4dc9-8328-45c2fc2a2844 req-ffb7b213-a6c2-4403-acc4-203b6b3f09ea service placement] 10.222.0.63 "GET /placement/allocations/7145c38a-84ec-4590-80dc-82ccf7009a09" status: 200 len: 260 microversion: 1.28
Jul 27 19:57:00.339748 n-d-705657-21 devstack@placement-api.service[94541]: [pid: 94541|app: 0|req: 428/855] 10.222.0.63 () {60 vars in 1378 bytes} [Tue Jul 27 19:57:00 2021] GET /placement/allocations/7145c38a-84ec-4590-80dc-82ccf7009a09 => generated 260 bytes in 31 msecs (HTTP/1.1 200) 8 headers in 296 bytes (1 switches on core 0)
Jul 27 19:57:00.347475 n-d-705657-21 devstack@placement-api.service[94542]: DEBUG placement.requestlog [req-66321148-45f5-4dc9-8328-45c2fc2a2844 req-febca2bc-2478-48fc-a927-2ae049482484 None None] Starting request: 10.222.0.63 "PUT /placement/allocations/7145c38a-84ec-4590-80dc-82ccf7009a09" {{(pid=94542) __call__ /opt/stack/placement/placement/requestlog.py:55}}
Jul 27 19:57:00.401908 n-d-705657-21 devstack@placement-api.service[94542]: DEBUG placement.handlers.allocation [req-66321148-45f5-4dc9-8328-45c2fc2a2844 req-febca2bc-2478-48fc-a927-2ae049482484 service placement] Successfully wrote allocations [, , ] {{(pid=94542) _create_allocations /opt/stack/placement/placement/handlers/allocation.py:435}}
Jul 27 19:57:00.403274 n-d-705657-21 devstack@placement-api.service[94542]: INFO placement.requestlog [req-66321148-45f5-4dc9-8328-45c2fc2a2844 req-febca2bc-2478-48fc-a927-2ae049482484 service placement] 10.222.0.63 "PUT /placement/allocations/7145c38a-84ec-4590-80dc-82ccf7009a09" status: 204 len: 0 microversion: 1.28
Jul 27 19:57:00.403973 n-d-705657-21 devstack@placement-api.service[94542]: [pid: 94542|app: 0|req: 428/856] 10.222.0.63 () {64 vars in 1431 bytes} [Tue Jul 27 19:57:00 2021] PUT /placement/allocations/7145c38a-84ec-4590-80dc-82ccf7009a09 => generated 0 bytes in 57 msecs (HTTP/1.1 204) 5 headers in 199 bytes (1 switches on core 0)
Jul 27 19:57:32.797582 n-d-705657-21 devstack@placement-api.service[94541]: DEBUG placement.requestlog [req-c934d966-2aa3-4df4-8f59-9cfbf6c20f78 req-b817c55e-b9e8-473e-9459-19b2bbf109bb None None] Starting request: 10.222.0.52 "GET /placement/allocations/93d094a0-6f13-49a5-ab23-122c20680835" {{(pid=94541) __call__ /opt/stack/placement/placement/requestlog.py:55}}
Jul 27 19:57:32.818029 n-d-705657-21 devstack@placement-api.service[94541]: INFO placement.requestlog [req-c934d966-2aa3-4df4-8f59-9cfbf6c20f78 req-b817c55e-b9e8-473e-9459-19b2bbf109bb service placement] 10.222.0.52 "GET /placement/allocations/93d094a0-6f13-49a5-ab23-122c20680835" status: 200 len: 260 microversion: 1.28
Jul 27 19:57:32.823201 n-d-705657-21 devstack@placement-api.service[94541]: [pid: 94541|app: 0|req: 429/857] 10.222.0.52 () {60 vars in 1378 bytes} [Tue Jul 27 19:57:32 2021] GET /placement/allocations/93d094a0-6f13-49a5-ab23-122c20680835 => generated 260 bytes in 26 msecs (HTTP/1.1 200) 8 headers in 296 bytes (1 switches on core 0)
Jul 27 19:57:32.839838 n-d-705657-21 devstack@placement-api.service[94542]: DEBUG placement.requestlog [req-c934d966-2aa3-4df4-8f59-9cfbf6c20f78 req-656ef27c-8ef0-46ef-9460-98ced814995d None None] Starting request: 10.222.0.52 "PUT /placement/allocations/93d094a0-6f13-49a5-ab23-122c20680835" {{(pid=94542) __call__ /opt/stack/placement/placement/requestlog.py:55}}
Jul 27 19:57:32.907291 n-d-705657-21 devstack@placement-api.service[94542]: DEBUG placement.handlers.allocation [req-c934d966-2aa3-4df4-8f59-9cfbf6c20f78 req-656ef27c-8ef0-46ef-9460-98ced814995d service placement] Successfully wrote allocations [, , ] {{(pid=94542) _create_allocations /opt/stack/placement/placement/handlers/allocation.py:435}}
Jul 27 19:57:32.908568 n-d-705657-21 devstack@placement-api.service[94542]: INFO placement.requestlog [req-c934d966-2aa3-4df4-8f59-9cfbf6c20f78 req-656ef27c-8ef0-46ef-9460-98ced814995d service placement] 10.222.0.52 "PUT /placement/allocations/93d094a0-6f13-49a5-ab23-122c20680835" status: 204 len: 0 microversion: 1.28
Jul 27 19:57:32.909860 n-d-705657-21 devstack@placement-api.service[94542]: [pid: 94542|app: 0|req: 429/858] 10.222.0.52 () {64 vars in 1431 bytes} [Tue Jul 27 19:57:32 2021] PUT /placement/allocations/93d094a0-6f13-49a5-ab23-122c20680835 => generated 0 bytes in 70 msecs (HTTP/1.1 204) 5 headers in 199 bytes (2 switches on core 0)
Jul 27 19:57:37.006882 n-d-705657-21 devstack@placement-api.service[94541]: DEBUG placement.requestlog [req-e8cccbeb-2967-4aeb-93dd-9e70026f6257 req-042841eb-6864-4828-a3ea-7e2bf990ec3c None None] Starting request: 10.222.0.63 "GET /placement/allocations/9a7c82f3-7764-46f7-b852-830de3ef950a" {{(pid=94541) __call__ /opt/stack/placement/placement/requestlog.py:55}}
Jul 27 19:57:37.050685 n-d-705657-21 devstack@placement-api.service[94541]: INFO placement.requestlog [req-e8cccbeb-2967-4aeb-93dd-9e70026f6257 req-042841eb-6864-4828-a3ea-7e2bf990ec3c service placement] 10.222.0.63 "GET /placement/allocations/9a7c82f3-7764-46f7-b852-830de3ef950a" status: 200 len: 260 microversion: 1.28
Jul 27 19:57:37.051347 n-d-705657-21 devstack@placement-api.service[94541]: [pid: 94541|app: 0|req: 430/859] 10.222.0.63 () {60 vars in 1378 bytes} [Tue Jul 27 19:57:37 2021] GET /placement/allocations/9a7c82f3-7764-46f7-b852-830de3ef950a => generated 260 bytes in 44 msecs (HTTP/1.1 200) 8 headers in 296 bytes (2 switches on core 0)
Jul 27 19:57:37.059119 n-d-705657-21 devstack@placement-api.service[94542]: DEBUG placement.requestlog [req-e8cccbeb-2967-4aeb-93dd-9e70026f6257 req-8dccd6cb-d32e-435b-9c70-6fc78a0ca678 None None] Starting request: 10.222.0.63 "PUT /placement/allocations/9a7c82f3-7764-46f7-b852-830de3ef950a" {{(pid=94542) __call__ /opt/stack/placement/placement/requestlog.py:55}}
Jul 27 19:57:37.188211 n-d-705657-21 devstack@placement-api.service[94542]: DEBUG placement.handlers.allocation [req-e8cccbeb-2967-4aeb-93dd-9e70026f6257 req-8dccd6cb-d32e-435b-9c70-6fc78a0ca678 service placement] Successfully wrote allocations [, , ] {{(pid=94542) _create_allocations /opt/stack/placement/placement/handlers/allocation.py:435}}
Jul 27 19:57:37.192935 n-d-705657-21 devstack@placement-api.service[94542]: INFO placement.requestlog [req-e8cccbeb-2967-4aeb-93dd-9e70026f6257 req-8dccd6cb-d32e-435b-9c70-6fc78a0ca678 service placement] 10.222.0.63 "PUT /placement/allocations/9a7c82f3-7764-46f7-b852-830de3ef950a" status: 204 len: 0 microversion: 1.28
Jul 27 19:57:37.194139 n-d-705657-21 devstack@placement-api.service[94542]: [pid: 94542|app: 0|req: 430/860] 10.222.0.63 () {64 vars in 1431 bytes} [Tue Jul 27 19:57:37 2021] PUT /placement/allocations/9a7c82f3-7764-46f7-b852-830de3ef950a => generated 0 bytes in 135 msecs (HTTP/1.1 204) 5 headers in 199 bytes (1 switches on core 0)
Jul 27 19:57:37.479890 n-d-705657-21 devstack@placement-api.service[94541]: DEBUG placement.requestlog [req-33aa2c4e-85e4-47e3-bfb3-923b3353b01b req-36d65e54-dc74-4d64-9772-5dad5d8f5496 None None] Starting request: 10.222.0.52 "GET /placement/allocations/f3d4a5cc-8354-4073-8af8-55d87581868a" {{(pid=94541) __call__ /opt/stack/placement/placement/requestlog.py:55}}
Jul 27 19:57:37.510323 n-d-705657-21 devstack@placement-api.service[94541]: INFO placement.requestlog [req-33aa2c4e-85e4-47e3-bfb3-923b3353b01b req-36d65e54-dc74-4d64-9772-5dad5d8f5496 service placement] 10.222.0.52 "GET /placement/allocations/f3d4a5cc-8354-4073-8af8-55d87581868a" status: 200 len: 260 microversion: 1.28
Jul 27 19:57:37.510998 n-d-705657-21 devstack@placement-api.service[94541]: [pid: 94541|app: 0|req: 431/861] 10.222.0.52 () {60 vars in 1378 bytes} [Tue Jul 27 19:57:37 2021] GET /placement/allocations/f3d4a5cc-8354-4073-8af8-55d87581868a => generated 260 bytes in 31 msecs (HTTP/1.1 200) 8 headers in 296 bytes (1 switches on core 0)
Jul 27 19:57:37.532147 n-d-705657-21 devstack@placement-api.service[94542]: DEBUG placement.requestlog [req-33aa2c4e-85e4-47e3-bfb3-923b3353b01b req-a3110d41-894d-40cb-af6e-3a5f99db2609 None None] Starting request: 10.222.0.52 "PUT /placement/allocations/f3d4a5cc-8354-4073-8af8-55d87581868a" {{(pid=94542) __call__ /opt/stack/placement/placement/requestlog.py:55}}
Jul 27 19:57:37.598321 n-d-705657-21 devstack@placement-api.service[94542]: DEBUG placement.handlers.allocation [req-33aa2c4e-85e4-47e3-bfb3-923b3353b01b req-a3110d41-894d-40cb-af6e-3a5f99db2609 service placement] Successfully wrote allocations [, , ] {{(pid=94542) _create_allocations /opt/stack/placement/placement/handlers/allocation.py:435}}
Jul 27 19:57:37.599272 n-d-705657-21 devstack@placement-api.service[94542]: INFO placement.requestlog [req-33aa2c4e-85e4-47e3-bfb3-923b3353b01b req-a3110d41-894d-40cb-af6e-3a5f99db2609 service placement] 10.222.0.52 "PUT /placement/allocations/f3d4a5cc-8354-4073-8af8-55d87581868a" status: 204 len: 0 microversion: 1.28
Jul 27 19:57:37.600148 n-d-705657-21 devstack@placement-api.service[94542]: [pid: 94542|app: 0|req: 431/862] 10.222.0.52 () {64 vars in 1431 bytes} [Tue Jul 27 19:57:37 2021] PUT /placement/allocations/f3d4a5cc-8354-4073-8af8-55d87581868a => generated 0 bytes in 68 msecs (HTTP/1.1 204) 5 headers in 199 bytes (1 switches on core 0)
Jul 27 19:57:43.552494 n-d-705657-21 devstack@placement-api.service[94541]: DEBUG placement.requestlog [req-4e2e7264-3fff-4e6b-b876-2807de64bcde req-31ee3d9e-03c6-4ed5-b891-739f6892a22f None None] Starting request: 10.222.0.52 "GET /placement/allocations/c57d8734-effd-4e53-9342-26044d93a6a1" {{(pid=94541) __call__ /opt/stack/placement/placement/requestlog.py:55}}
Jul 27 19:57:43.597340 n-d-705657-21 devstack@placement-api.service[94541]: INFO placement.requestlog [req-4e2e7264-3fff-4e6b-b876-2807de64bcde req-31ee3d9e-03c6-4ed5-b891-739f6892a22f service placement] 10.222.0.52 "GET /placement/allocations/c57d8734-effd-4e53-9342-26044d93a6a1" status: 200 len: 260 microversion: 1.28
Jul 27 19:57:43.599099 n-d-705657-21 devstack@placement-api.service[94541]: [pid: 94541|app: 0|req: 432/863] 10.222.0.52 () {60 vars in 1378 bytes} [Tue Jul 27 19:57:43 2021] GET /placement/allocations/c57d8734-effd-4e53-9342-26044d93a6a1 => generated 260 bytes in 47 msecs (HTTP/1.1 200) 8 headers in 296 bytes (2 switches on core 0)
Jul 27 19:57:43.608939 n-d-705657-21 devstack@placement-api.service[94542]: DEBUG placement.requestlog [req-4e2e7264-3fff-4e6b-b876-2807de64bcde req-2d91ff60-6354-47a9-a9d4-43bb9893d48e None None] Starting request: 10.222.0.52 "PUT /placement/allocations/c57d8734-effd-4e53-9342-26044d93a6a1" {{(pid=94542) __call__ /opt/stack/placement/placement/requestlog.py:55}}
Jul 27 19:57:43.722846 n-d-705657-21 devstack@placement-api.service[94542]: DEBUG placement.handlers.allocation [req-4e2e7264-3fff-4e6b-b876-2807de64bcde req-2d91ff60-6354-47a9-a9d4-43bb9893d48e service placement] Successfully wrote allocations [, , ] {{(pid=94542) _create_allocations /opt/stack/placement/placement/handlers/allocation.py:435}}
Jul 27 19:57:43.723613 n-d-705657-21 devstack@placement-api.service[94542]: INFO placement.requestlog [req-4e2e7264-3fff-4e6b-b876-2807de64bcde req-2d91ff60-6354-47a9-a9d4-43bb9893d48e service placement] 10.222.0.52 "PUT /placement/allocations/c57d8734-effd-4e53-9342-26044d93a6a1" status: 204 len: 0 microversion: 1.28
Jul 27 19:57:43.724165 n-d-705657-21 devstack@placement-api.service[94542]: [pid: 94542|app: 0|req: 432/864] 10.222.0.52 () {64 vars in 1431 bytes} [Tue Jul 27 19:57:43 2021] PUT /placement/allocations/c57d8734-effd-4e53-9342-26044d93a6a1 => generated 0 bytes in 116 msecs (HTTP/1.1 204) 5 headers in 199 bytes (1 switches on core 0)
Jul 27 19:57:46.004489 n-d-705657-21 devstack@placement-api.service[94541]: DEBUG placement.requestlog [req-d2eddce2-42d9-4615-979b-77ecd82d8914 req-caf7ba25-9c22-4f6e-b6d7-94c6f063bc7a None None] Starting request: 10.222.0.48 "GET /placement/allocation_candidates?limit=1000&resources=DISK_GB%3A1%2CMEMORY_MB%3A1024%2CVCPU%3A1&root_required=%21COMPUTE_STATUS_DISABLED" {{(pid=94541) __call__ /opt/stack/placement/placement/requestlog.py:55}}
Jul 27 19:57:46.041444 n-d-705657-21 devstack@placement-api.service[94541]: DEBUG placement.objects.research_context [req-d2eddce2-42d9-4615-979b-77ecd82d8914 req-caf7ba25-9c22-4f6e-b6d7-94c6f063bc7a service placement] getting providers with 1 DISK_GB {{(pid=94541) __init__ /opt/stack/placement/placement/objects/research_context.py:126}}
Jul 27 19:57:46.050804 n-d-705657-21 devstack@placement-api.service[94541]: DEBUG placement.objects.research_context [req-d2eddce2-42d9-4615-979b-77ecd82d8914 req-caf7ba25-9c22-4f6e-b6d7-94c6f063bc7a service placement] getting providers with 1024 MEMORY_MB {{(pid=94541) __init__ /opt/stack/placement/placement/objects/research_context.py:126}}
Jul 27 19:57:46.058418 n-d-705657-21 devstack@placement-api.service[94541]: DEBUG placement.objects.research_context [req-d2eddce2-42d9-4615-979b-77ecd82d8914 req-caf7ba25-9c22-4f6e-b6d7-94c6f063bc7a service placement] getting providers with 1 VCPU {{(pid=94541) __init__ /opt/stack/placement/placement/objects/research_context.py:126}}
Jul 27 19:57:46.064889 n-d-705657-21 devstack@placement-api.service[94541]: DEBUG placement.objects.research_context [req-d2eddce2-42d9-4615-979b-77ecd82d8914 req-caf7ba25-9c22-4f6e-b6d7-94c6f063bc7a service placement] found 2 providers with available 1 DISK_GB {{(pid=94541) get_provider_ids_matching /opt/stack/placement/placement/objects/research_context.py:549}}
Jul 27 19:57:46.065272 n-d-705657-21 devstack@placement-api.service[94541]: DEBUG placement.objects.research_context [req-d2eddce2-42d9-4615-979b-77ecd82d8914 req-caf7ba25-9c22-4f6e-b6d7-94c6f063bc7a service placement] found 2 providers with available 1024 MEMORY_MB {{(pid=94541) get_provider_ids_matching /opt/stack/placement/placement/objects/research_context.py:549}}
Jul 27 19:57:46.065639 n-d-705657-21 devstack@placement-api.service[94541]: DEBUG placement.objects.research_context [req-d2eddce2-42d9-4615-979b-77ecd82d8914 req-caf7ba25-9c22-4f6e-b6d7-94c6f063bc7a service placement] found 2 providers after filtering by previous result {{(pid=94541) get_provider_ids_matching /opt/stack/placement/placement/objects/research_context.py:580}}
Jul 27 19:57:46.065996 n-d-705657-21 devstack@placement-api.service[94541]: DEBUG placement.objects.research_context [req-d2eddce2-42d9-4615-979b-77ecd82d8914 req-caf7ba25-9c22-4f6e-b6d7-94c6f063bc7a service placement] found 2 providers with available 1 VCPU {{(pid=94541) get_provider_ids_matching /opt/stack/placement/placement/objects/research_context.py:549}}
Jul 27 19:57:46.066502 n-d-705657-21 devstack@placement-api.service[94541]: DEBUG placement.objects.research_context [req-d2eddce2-42d9-4615-979b-77ecd82d8914 req-caf7ba25-9c22-4f6e-b6d7-94c6f063bc7a service placement] found 2 providers after filtering by previous result {{(pid=94541) get_provider_ids_matching /opt/stack/placement/placement/objects/research_context.py:580}}
Jul 27 19:57:46.087349 n-d-705657-21 devstack@placement-api.service[94541]: DEBUG placement.objects.allocation_candidate [req-d2eddce2-42d9-4615-979b-77ecd82d8914 req-caf7ba25-9c22-4f6e-b6d7-94c6f063bc7a service placement] RequestGroup(use_same_provider=False, resources={DISK_GB:1, MEMORY_MB:1024, VCPU:1}, traits=[], aggregates=[]) (suffix '') returned 2 matches {{(pid=94541) _get_by_requests /opt/stack/placement/placement/objects/allocation_candidate.py:145}}
Jul 27 19:57:46.096277 n-d-705657-21 devstack@placement-api.service[94541]: DEBUG placement.objects.allocation_candidate [req-d2eddce2-42d9-4615-979b-77ecd82d8914 req-caf7ba25-9c22-4f6e-b6d7-94c6f063bc7a service placement] Merging candidates yields 2 allocation requests and 2 provider summaries {{(pid=94541) _merge_candidates /opt/stack/placement/placement/objects/allocation_candidate.py:783}}
Jul 27 19:57:46.101081 n-d-705657-21 devstack@placement-api.service[94541]: INFO placement.requestlog [req-d2eddce2-42d9-4615-979b-77ecd82d8914 req-caf7ba25-9c22-4f6e-b6d7-94c6f063bc7a service placement] 10.222.0.48 "GET /placement/allocation_candidates?limit=1000&resources=DISK_GB%3A1%2CMEMORY_MB%3A1024%2CVCPU%3A1&root_required=%21COMPUTE_STATUS_DISABLED" status: 200 len: 1309 microversion: 1.35
Jul 27 19:57:46.102213 n-d-705657-21 devstack@placement-api.service[94541]: [pid: 94541|app: 0|req: 433/865] 10.222.0.48 () {60 vars in 1507 bytes} [Tue Jul 27 19:57:46 2021] GET /placement/allocation_candidates?limit=1000&resources=DISK_GB%3A1%2CMEMORY_MB%3A1024%2CVCPU%3A1&root_required=%21COMPUTE_STATUS_DISABLED => generated 1309 bytes in 98 msecs (HTTP/1.1 200) 8 headers in 297 bytes (1 switches on core 0)
Jul 27 19:57:46.172421 n-d-705657-21 devstack@placement-api.service[94542]: DEBUG placement.requestlog [req-d2eddce2-42d9-4615-979b-77ecd82d8914 req-3ee4a443-3cdd-40b6-8c8c-f0eb1310f6ed None None] Starting request: 10.222.0.48 "GET /placement/allocations/c57d8734-effd-4e53-9342-26044d93a6a1" {{(pid=94542) __call__ /opt/stack/placement/placement/requestlog.py:55}}
Jul 27 19:57:46.185488 n-d-705657-21 devstack@placement-api.service[94542]: INFO placement.requestlog [req-d2eddce2-42d9-4615-979b-77ecd82d8914 req-3ee4a443-3cdd-40b6-8c8c-f0eb1310f6ed service placement] 10.222.0.48 "GET /placement/allocations/c57d8734-effd-4e53-9342-26044d93a6a1" status: 200 len: 19 microversion: 1.28
Jul 27 19:57:46.189679 n-d-705657-21 devstack@placement-api.service[94542]: [pid: 94542|app: 0|req: 433/866] 10.222.0.48 () {60 vars in 1381 bytes} [Tue Jul 27 19:57:46 2021] GET /placement/allocations/c57d8734-effd-4e53-9342-26044d93a6a1 => generated 19 bytes in 17 msecs (HTTP/1.1 200) 8 headers in 295 bytes (1 switches on core 0)
Jul 27 19:57:46.194307 n-d-705657-21 devstack@placement-api.service[94541]: DEBUG placement.requestlog [req-d2eddce2-42d9-4615-979b-77ecd82d8914 req-01178579-210e-4ceb-b7b4-ac6c29bac351 None None] Starting request: 10.222.0.48 "PUT /placement/allocations/c57d8734-effd-4e53-9342-26044d93a6a1" {{(pid=94541) __call__ /opt/stack/placement/placement/requestlog.py:55}}
Jul 27 19:57:46.291891 n-d-705657-21 devstack@placement-api.service[94541]: DEBUG placement.handlers.allocation [req-d2eddce2-42d9-4615-979b-77ecd82d8914 req-01178579-210e-4ceb-b7b4-ac6c29bac351 service placement] Successfully wrote allocations [, , ] {{(pid=94541) _create_allocations /opt/stack/placement/placement/handlers/allocation.py:435}}
Jul 27 19:57:46.292574 n-d-705657-21 devstack@placement-api.service[94541]: INFO placement.requestlog [req-d2eddce2-42d9-4615-979b-77ecd82d8914 req-01178579-210e-4ceb-b7b4-ac6c29bac351 service placement] 10.222.0.48 "PUT /placement/allocations/c57d8734-effd-4e53-9342-26044d93a6a1" status: 204 len: 0 microversion: 1.35
Jul 27 19:57:46.292994 n-d-705657-21 devstack@placement-api.service[94541]: [pid: 94541|app: 0|req: 434/867] 10.222.0.48 () {64 vars in 1434 bytes} [Tue Jul 27 19:57:46 2021] PUT /placement/allocations/c57d8734-effd-4e53-9342-26044d93a6a1 => generated 0 bytes in 99 msecs (HTTP/1.1 204) 5 headers in 199 bytes (1 switches on core 0)
Jul 27 19:57:47.927971 n-d-705657-21 devstack@placement-api.service[94542]: DEBUG placement.requestlog [req-1ba4257c-a081-44fd-9a77-16ada08cc2bf req-c874840c-747b-412c-a9e5-561ff2bab93f None None] Starting request: 10.222.0.48 "GET /placement/allocation_candidates?limit=1000&resources=DISK_GB%3A1%2CMEMORY_MB%3A1024%2CVCPU%3A1&root_required=%21COMPUTE_STATUS_DISABLED" {{(pid=94542) __call__ /opt/stack/placement/placement/requestlog.py:55}}
Jul 27 19:57:48.024593 n-d-705657-21 devstack@placement-api.service[94542]: DEBUG placement.objects.research_context [req-1ba4257c-a081-44fd-9a77-16ada08cc2bf req-c874840c-747b-412c-a9e5-561ff2bab93f service placement] getting providers with 1 DISK_GB {{(pid=94542) __init__ /opt/stack/placement/placement/objects/research_context.py:126}}
Jul 27 19:57:48.037399 n-d-705657-21 devstack@placement-api.service[94542]: DEBUG placement.objects.research_context [req-1ba4257c-a081-44fd-9a77-16ada08cc2bf req-c874840c-747b-412c-a9e5-561ff2bab93f service placement] getting providers with 1024 MEMORY_MB {{(pid=94542) __init__ /opt/stack/placement/placement/objects/research_context.py:126}}
Jul 27 19:57:48.049409 n-d-705657-21 devstack@placement-api.service[94542]: DEBUG placement.objects.research_context [req-1ba4257c-a081-44fd-9a77-16ada08cc2bf req-c874840c-747b-412c-a9e5-561ff2bab93f service placement] getting providers with 1 VCPU {{(pid=94542) __init__ /opt/stack/placement/placement/objects/research_context.py:126}}
Jul 27 19:57:48.065661 n-d-705657-21 devstack@placement-api.service[94542]: DEBUG placement.objects.research_context [req-1ba4257c-a081-44fd-9a77-16ada08cc2bf req-c874840c-747b-412c-a9e5-561ff2bab93f service placement] found 2 providers with available 1 DISK_GB {{(pid=94542) get_provider_ids_matching /opt/stack/placement/placement/objects/research_context.py:549}}
Jul 27 19:57:48.065943 n-d-705657-21 devstack@placement-api.service[94542]: DEBUG placement.objects.research_context [req-1ba4257c-a081-44fd-9a77-16ada08cc2bf req-c874840c-747b-412c-a9e5-561ff2bab93f service placement] found 2 providers with available 1024 MEMORY_MB {{(pid=94542) get_provider_ids_matching /opt/stack/placement/placement/objects/research_context.py:549}}
Jul 27 19:57:48.066216 n-d-705657-21 devstack@placement-api.service[94542]: DEBUG placement.objects.research_context [req-1ba4257c-a081-44fd-9a77-16ada08cc2bf req-c874840c-747b-412c-a9e5-561ff2bab93f service placement] found 2 providers after filtering by previous result {{(pid=94542) get_provider_ids_matching /opt/stack/placement/placement/objects/research_context.py:580}}
Jul 27 19:57:48.066470 n-d-705657-21 devstack@placement-api.service[94542]: DEBUG placement.objects.research_context [req-1ba4257c-a081-44fd-9a77-16ada08cc2bf req-c874840c-747b-412c-a9e5-561ff2bab93f service placement] found 2 providers with available 1 VCPU {{(pid=94542) get_provider_ids_matching /opt/stack/placement/placement/objects/research_context.py:549}}
Jul 27 19:57:48.066856 n-d-705657-21 devstack@placement-api.service[94542]: DEBUG placement.objects.research_context [req-1ba4257c-a081-44fd-9a77-16ada08cc2bf req-c874840c-747b-412c-a9e5-561ff2bab93f service placement] found 2 providers after filtering by previous result {{(pid=94542) get_provider_ids_matching /opt/stack/placement/placement/objects/research_context.py:580}}
Jul 27 19:57:48.087634 n-d-705657-21 devstack@placement-api.service[94542]: DEBUG placement.objects.allocation_candidate [req-1ba4257c-a081-44fd-9a77-16ada08cc2bf req-c874840c-747b-412c-a9e5-561ff2bab93f service placement] RequestGroup(use_same_provider=False, resources={DISK_GB:1, MEMORY_MB:1024, VCPU:1}, traits=[], aggregates=[]) (suffix '') returned 2 matches {{(pid=94542) _get_by_requests /opt/stack/placement/placement/objects/allocation_candidate.py:145}}
Jul 27 19:57:48.088756 n-d-705657-21 devstack@placement-api.service[94542]: DEBUG placement.objects.allocation_candidate [req-1ba4257c-a081-44fd-9a77-16ada08cc2bf req-c874840c-747b-412c-a9e5-561ff2bab93f service placement] Merging candidates yields 2 allocation requests and 2 provider summaries {{(pid=94542) _merge_candidates /opt/stack/placement/placement/objects/allocation_candidate.py:783}}
Jul 27 19:57:48.089663 n-d-705657-21 devstack@placement-api.service[94542]: INFO placement.requestlog [req-1ba4257c-a081-44fd-9a77-16ada08cc2bf req-c874840c-747b-412c-a9e5-561ff2bab93f service placement] 10.222.0.48 "GET /placement/allocation_candidates?limit=1000&resources=DISK_GB%3A1%2CMEMORY_MB%3A1024%2CVCPU%3A1&root_required=%21COMPUTE_STATUS_DISABLED" status: 200 len: 1309 microversion: 1.35
