Jul 07 22:22:14.328908 n-d-695189-12 devstack@c-api.service[100729]: INFO cinder.api.openstack.wsgi [None req-77aaabdc-ae3b-4f4b-bcfd-9c3194f742a8 tempest-LiveAutoBlockMigrationV225Test-671473215 tempest-LiveAutoBlockMigrationV225Test-671473215-project] GET http://10.222.0.106/volume/v3/8b3920bd46f840a8b2f27f6f00c65e1e/volumes/432d5ed4-67c9-472a-9b6c-91e134d2a245
Jul 07 22:22:14.329618 n-d-695189-12 devstack@c-api.service[100729]: DEBUG cinder.api.openstack.wsgi [None req-77aaabdc-ae3b-4f4b-bcfd-9c3194f742a8 tempest-LiveAutoBlockMigrationV225Test-671473215 tempest-LiveAutoBlockMigrationV225Test-671473215-project] Empty body provided in request {{(pid=100729) get_body /opt/stack/cinder/cinder/api/openstack/wsgi.py:713}}
Jul 07 22:22:14.330466 n-d-695189-12 devstack@c-api.service[100729]: /usr/local/lib/python3.8/dist-packages/webob/acceptparse.py:1047: DeprecationWarning: The behavior of AcceptValidHeader.best_match is currently being maintained for backward compatibility, but it will be deprecated in the future, as it does not conform to the RFC.
Jul 07 22:22:14.330466 n-d-695189-12 devstack@c-api.service[100729]: warnings.warn(
Jul 07 22:22:14.331022 n-d-695189-12 devstack@c-api.service[100729]: DEBUG cinder.api.openstack.wsgi [None req-77aaabdc-ae3b-4f4b-bcfd-9c3194f742a8 tempest-LiveAutoBlockMigrationV225Test-671473215 tempest-LiveAutoBlockMigrationV225Test-671473215-project] Calling method 'show' {{(pid=100729) _process_stack /opt/stack/cinder/cinder/api/openstack/wsgi.py:866}}
Jul 07 22:22:14.386653 n-d-695189-12 devstack@c-api.service[100729]: /usr/local/lib/python3.8/dist-packages/oslo_context/context.py:105: DeprecationWarning: Policy enforcement is depending on the value of is_admin. This key is deprecated. Please update your policy file to use the standard policy values.
Jul 07 22:22:14.386653 n-d-695189-12 devstack@c-api.service[100729]: warnings.warn('Policy enforcement is depending on the value of '
Jul 07 22:22:14.389563 n-d-695189-12 devstack@c-api.service[100730]: /usr/local/lib/python3.8/dist-packages/oslo_context/context.py:105: DeprecationWarning: Policy enforcement is depending on the value of is_admin. This key is deprecated. Please update your policy file to use the standard policy values.
Jul 07 22:22:14.389563 n-d-695189-12 devstack@c-api.service[100730]: warnings.warn('Policy enforcement is depending on the value of '
Jul 07 22:22:14.404207 n-d-695189-12 devstack@c-api.service[100730]: INFO cinder.volume.api [None req-e46f7db3-ed4a-41f1-a349-01889cca296b tempest-LiveMigrationTest-319221219 tempest-LiveMigrationTest-319221219-project] Volume info retrieved successfully.
Jul 07 22:22:14.426311 n-d-695189-12 devstack@c-api.service[100729]: INFO cinder.volume.api [None req-77aaabdc-ae3b-4f4b-bcfd-9c3194f742a8 tempest-LiveAutoBlockMigrationV225Test-671473215 tempest-LiveAutoBlockMigrationV225Test-671473215-project] Volume info retrieved successfully.
Jul 07 22:22:14.435619 n-d-695189-12 devstack@c-api.service[100730]: INFO cinder.api.openstack.wsgi [None req-e46f7db3-ed4a-41f1-a349-01889cca296b tempest-LiveMigrationTest-319221219 tempest-LiveMigrationTest-319221219-project] http://10.222.0.106/volume/v3/fac59a6d8435470289d2ce7e691d538c/volumes/1d44672b-dfb5-4e99-8aac-f7f215a1f44a returned with HTTP 200
Jul 07 22:22:14.436961 n-d-695189-12 devstack@c-api.service[100730]: [pid: 100730|app: 0|req: 55/112] 10.222.0.106 () {58 vars in 1330 bytes} [Wed Jul 7 22:22:14 2021] GET /volume/v3/fac59a6d8435470289d2ce7e691d538c/volumes/1d44672b-dfb5-4e99-8aac-f7f215a1f44a => generated 916 bytes in 418 msecs (HTTP/1.1 200) 7 headers in 285 bytes (1 switches on core 0)
Jul 07 22:22:14.481426 n-d-695189-12 devstack@c-api.service[100729]: INFO cinder.api.openstack.wsgi [None req-77aaabdc-ae3b-4f4b-bcfd-9c3194f742a8 tempest-LiveAutoBlockMigrationV225Test-671473215 tempest-LiveAutoBlockMigrationV225Test-671473215-project] http://10.222.0.106/volume/v3/8b3920bd46f840a8b2f27f6f00c65e1e/volumes/432d5ed4-67c9-472a-9b6c-91e134d2a245 returned with HTTP 200
Jul 07 22:22:14.486991 n-d-695189-12 devstack@c-api.service[100729]: [pid: 100729|app: 0|req: 58/113] 10.222.0.106 () {58 vars in 1330 bytes} [Wed Jul 7 22:22:14 2021] GET /volume/v3/8b3920bd46f840a8b2f27f6f00c65e1e/volumes/432d5ed4-67c9-472a-9b6c-91e134d2a245 => generated 974 bytes in 162 msecs (HTTP/1.1 200) 7 headers in 285 bytes (2 switches on core 0)
Jul 07 22:22:15.453049 n-d-695189-12 devstack@c-api.service[100730]: INFO cinder.api.openstack.wsgi [None req-5c9c4ddb-7e7e-453a-a585-2bf19c2424c5 tempest-LiveMigrationTest-319221219 tempest-LiveMigrationTest-319221219-project] GET http://10.222.0.106/volume/v3/fac59a6d8435470289d2ce7e691d538c/volumes/1d44672b-dfb5-4e99-8aac-f7f215a1f44a
Jul 07 22:22:15.454114 n-d-695189-12 devstack@c-api.service[100730]: DEBUG cinder.api.openstack.wsgi [None req-5c9c4ddb-7e7e-453a-a585-2bf19c2424c5 tempest-LiveMigrationTest-319221219 tempest-LiveMigrationTest-319221219-project] Empty body provided in request {{(pid=100730) get_body /opt/stack/cinder/cinder/api/openstack/wsgi.py:713}}
Jul 07 22:22:15.454454 n-d-695189-12 devstack@c-api.service[100730]: /usr/local/lib/python3.8/dist-packages/webob/acceptparse.py:1047: DeprecationWarning: The behavior of AcceptValidHeader.best_match is currently being maintained for backward compatibility, but it will be deprecated in the future, as it does not conform to the RFC.
Jul 07 22:22:15.454454 n-d-695189-12 devstack@c-api.service[100730]: warnings.warn(
Jul 07 22:22:15.455656 n-d-695189-12 devstack@c-api.service[100730]: DEBUG cinder.api.openstack.wsgi [None req-5c9c4ddb-7e7e-453a-a585-2bf19c2424c5 tempest-LiveMigrationTest-319221219 tempest-LiveMigrationTest-319221219-project] Calling method 'show' {{(pid=100730) _process_stack /opt/stack/cinder/cinder/api/openstack/wsgi.py:866}}
Jul 07 22:22:15.478010 n-d-695189-12 devstack@c-api.service[100730]: /usr/local/lib/python3.8/dist-packages/oslo_context/context.py:105: DeprecationWarning: Policy enforcement is depending on the value of is_admin. This key is deprecated. Please update your policy file to use the standard policy values.
Jul 07 22:22:15.478010 n-d-695189-12 devstack@c-api.service[100730]: warnings.warn('Policy enforcement is depending on the value of '
Jul 07 22:22:15.498113 n-d-695189-12 devstack@c-api.service[100729]: INFO cinder.api.openstack.wsgi [None req-03637702-dc85-4f65-893e-d708401d1b8c tempest-LiveAutoBlockMigrationV225Test-671473215 tempest-LiveAutoBlockMigrationV225Test-671473215-project] GET http://10.222.0.106/volume/v3/8b3920bd46f840a8b2f27f6f00c65e1e/volumes/432d5ed4-67c9-472a-9b6c-91e134d2a245
Jul 07 22:22:15.499953 n-d-695189-12 devstack@c-api.service[100729]: DEBUG cinder.api.openstack.wsgi [None req-03637702-dc85-4f65-893e-d708401d1b8c tempest-LiveAutoBlockMigrationV225Test-671473215 tempest-LiveAutoBlockMigrationV225Test-671473215-project] Empty body provided in request {{(pid=100729) get_body /opt/stack/cinder/cinder/api/openstack/wsgi.py:713}}
Jul 07 22:22:15.500089 n-d-695189-12 devstack@c-api.service[100730]: INFO cinder.volume.api [None req-5c9c4ddb-7e7e-453a-a585-2bf19c2424c5 tempest-LiveMigrationTest-319221219 tempest-LiveMigrationTest-319221219-project] Volume info retrieved successfully.
Jul 07 22:22:15.501106 n-d-695189-12 devstack@c-api.service[100729]: /usr/local/lib/python3.8/dist-packages/webob/acceptparse.py:1047: DeprecationWarning: The behavior of AcceptValidHeader.best_match is currently being maintained for backward compatibility, but it will be deprecated in the future, as it does not conform to the RFC.
Jul 07 22:22:15.501106 n-d-695189-12 devstack@c-api.service[100729]: warnings.warn(
Jul 07 22:22:15.505252 n-d-695189-12 devstack@c-api.service[100729]: DEBUG cinder.api.openstack.wsgi [None req-03637702-dc85-4f65-893e-d708401d1b8c tempest-LiveAutoBlockMigrationV225Test-671473215 tempest-LiveAutoBlockMigrationV225Test-671473215-project] Calling method 'show' {{(pid=100729) _process_stack /opt/stack/cinder/cinder/api/openstack/wsgi.py:866}}
Jul 07 22:22:15.528804 n-d-695189-12 devstack@c-api.service[100730]: INFO cinder.api.openstack.wsgi [None req-5c9c4ddb-7e7e-453a-a585-2bf19c2424c5 tempest-LiveMigrationTest-319221219 tempest-LiveMigrationTest-319221219-project] http://10.222.0.106/volume/v3/fac59a6d8435470289d2ce7e691d538c/volumes/1d44672b-dfb5-4e99-8aac-f7f215a1f44a returned with HTTP 200
Jul 07 22:22:15.530228 n-d-695189-12 devstack@c-api.service[100730]: [pid: 100730|app: 0|req: 56/114] 10.222.0.106 () {58 vars in 1330 bytes} [Wed Jul 7 22:22:15 2021] GET /volume/v3/fac59a6d8435470289d2ce7e691d538c/volumes/1d44672b-dfb5-4e99-8aac-f7f215a1f44a => generated 916 bytes in 81 msecs (HTTP/1.1 200) 7 headers in 285 bytes (1 switches on core 0)
Jul 07 22:22:15.548324 n-d-695189-12 devstack@c-api.service[100729]: /usr/local/lib/python3.8/dist-packages/oslo_context/context.py:105: DeprecationWarning: Policy enforcement is depending on the value of is_admin. This key is deprecated. Please update your policy file to use the standard policy values.
Jul 07 22:22:15.548324 n-d-695189-12 devstack@c-api.service[100729]: warnings.warn('Policy enforcement is depending on the value of '
Jul 07 22:22:15.567100 n-d-695189-12 devstack@c-api.service[100729]: INFO cinder.volume.api [None req-03637702-dc85-4f65-893e-d708401d1b8c tempest-LiveAutoBlockMigrationV225Test-671473215 tempest-LiveAutoBlockMigrationV225Test-671473215-project] Volume info retrieved successfully.
Jul 07 22:22:15.607325 n-d-695189-12 devstack@c-api.service[100729]: INFO cinder.api.openstack.wsgi [None req-03637702-dc85-4f65-893e-d708401d1b8c tempest-LiveAutoBlockMigrationV225Test-671473215 tempest-LiveAutoBlockMigrationV225Test-671473215-project] http://10.222.0.106/volume/v3/8b3920bd46f840a8b2f27f6f00c65e1e/volumes/432d5ed4-67c9-472a-9b6c-91e134d2a245 returned with HTTP 200
Jul 07 22:22:15.608715 n-d-695189-12 devstack@c-api.service[100729]: [pid: 100729|app: 0|req: 59/115] 10.222.0.106 () {58 vars in 1330 bytes} [Wed Jul 7 22:22:15 2021] GET /volume/v3/8b3920bd46f840a8b2f27f6f00c65e1e/volumes/432d5ed4-67c9-472a-9b6c-91e134d2a245 => generated 974 bytes in 114 msecs (HTTP/1.1 200) 7 headers in 285 bytes (1 switches on core 0)
Jul 07 22:22:16.545064 n-d-695189-12 devstack@c-api.service[100730]: INFO cinder.api.openstack.wsgi [None req-c0c075d3-f518-4c60-b788-dc36982df069 tempest-LiveMigrationTest-319221219 tempest-LiveMigrationTest-319221219-project] GET http://10.222.0.106/volume/v3/fac59a6d8435470289d2ce7e691d538c/volumes/1d44672b-dfb5-4e99-8aac-f7f215a1f44a
Jul 07 22:22:16.545613 n-d-695189-12 devstack@c-api.service[100730]: DEBUG cinder.api.openstack.wsgi [None req-c0c075d3-f518-4c60-b788-dc36982df069 tempest-LiveMigrationTest-319221219 tempest-LiveMigrationTest-319221219-project] Empty body provided in request {{(pid=100730) get_body /opt/stack/cinder/cinder/api/openstack/wsgi.py:713}}
Jul 07 22:22:16.545750 n-d-695189-12 devstack@c-api.service[100730]: /usr/local/lib/python3.8/dist-packages/webob/acceptparse.py:1047: DeprecationWarning: The behavior of AcceptValidHeader.best_match is currently being maintained for backward compatibility, but it will be deprecated in the future, as it does not conform to the RFC.
Jul 07 22:22:16.545750 n-d-695189-12 devstack@c-api.service[100730]: warnings.warn(
Jul 07 22:22:16.546436 n-d-695189-12 devstack@c-api.service[100730]: DEBUG cinder.api.openstack.wsgi [None req-c0c075d3-f518-4c60-b788-dc36982df069 tempest-LiveMigrationTest-319221219 tempest-LiveMigrationTest-319221219-project] Calling method 'show' {{(pid=100730) _process_stack /opt/stack/cinder/cinder/api/openstack/wsgi.py:866}}
Jul 07 22:22:16.570379 n-d-695189-12 devstack@c-api.service[100730]: /usr/local/lib/python3.8/dist-packages/oslo_context/context.py:105: DeprecationWarning: Policy enforcement is depending on the value of is_admin. This key is deprecated. Please update your policy file to use the standard policy values.
Jul 07 22:22:16.570379 n-d-695189-12 devstack@c-api.service[100730]: warnings.warn('Policy enforcement is depending on the value of '
Jul 07 22:22:16.591492 n-d-695189-12 devstack@c-api.service[100730]: INFO cinder.volume.api [None req-c0c075d3-f518-4c60-b788-dc36982df069 tempest-LiveMigrationTest-319221219 tempest-LiveMigrationTest-319221219-project] Volume info retrieved successfully.
Jul 07 22:22:16.623274 n-d-695189-12 devstack@c-api.service[100729]: INFO cinder.api.openstack.wsgi [None req-ad992813-792c-43b7-8e0d-8528a6fbd7f2 tempest-LiveAutoBlockMigrationV225Test-671473215 tempest-LiveAutoBlockMigrationV225Test-671473215-project] GET http://10.222.0.106/volume/v3/8b3920bd46f840a8b2f27f6f00c65e1e/volumes/432d5ed4-67c9-472a-9b6c-91e134d2a245
Jul 07 22:22:16.623717 n-d-695189-12 devstack@c-api.service[100729]: DEBUG cinder.api.openstack.wsgi [None req-ad992813-792c-43b7-8e0d-8528a6fbd7f2 tempest-LiveAutoBlockMigrationV225Test-671473215 tempest-LiveAutoBlockMigrationV225Test-671473215-project] Empty body provided in request {{(pid=100729) get_body /opt/stack/cinder/cinder/api/openstack/wsgi.py:713}}
Jul 07 22:22:16.623887 n-d-695189-12 devstack@c-api.service[100729]: /usr/local/lib/python3.8/dist-packages/webob/acceptparse.py:1047: DeprecationWarning: The behavior of AcceptValidHeader.best_match is currently being maintained for backward compatibility, but it will be deprecated in the future, as it does not conform to the RFC.
Jul 07 22:22:16.623887 n-d-695189-12 devstack@c-api.service[100729]: warnings.warn(
Jul 07 22:22:16.624200 n-d-695189-12 devstack@c-api.service[100729]: DEBUG cinder.api.openstack.wsgi [None req-ad992813-792c-43b7-8e0d-8528a6fbd7f2 tempest-LiveAutoBlockMigrationV225Test-671473215 tempest-LiveAutoBlockMigrationV225Test-671473215-project] Calling method 'show' {{(pid=100729) _process_stack /opt/stack/cinder/cinder/api/openstack/wsgi.py:866}}
Jul 07 22:22:16.643113 n-d-695189-12 devstack@c-api.service[100730]: INFO cinder.api.openstack.wsgi [None req-c0c075d3-f518-4c60-b788-dc36982df069 tempest-LiveMigrationTest-319221219 tempest-LiveMigrationTest-319221219-project] http://10.222.0.106/volume/v3/fac59a6d8435470289d2ce7e691d538c/volumes/1d44672b-dfb5-4e99-8aac-f7f215a1f44a returned with HTTP 200
Jul 07 22:22:16.652319 n-d-695189-12 devstack@c-api.service[100729]: /usr/local/lib/python3.8/dist-packages/oslo_context/context.py:105: DeprecationWarning: Policy enforcement is depending on the value of is_admin. This key is deprecated. Please update your policy file to use the standard policy values.
Jul 07 22:22:16.652319 n-d-695189-12 devstack@c-api.service[100729]: warnings.warn('Policy enforcement is depending on the value of '
Jul 07 22:22:16.657582 n-d-695189-12 devstack@c-api.service[100730]: [pid: 100730|app: 0|req: 57/116] 10.222.0.106 () {58 vars in 1330 bytes} [Wed Jul 7 22:22:16 2021] GET /volume/v3/fac59a6d8435470289d2ce7e691d538c/volumes/1d44672b-dfb5-4e99-8aac-f7f215a1f44a => generated 916 bytes in 116 msecs (HTTP/1.1 200) 7 headers in 285 bytes (1 switches on core 0)
Jul 07 22:22:16.715577 n-d-695189-12 devstack@c-api.service[100729]: INFO cinder.volume.api [None req-ad992813-792c-43b7-8e0d-8528a6fbd7f2 tempest-LiveAutoBlockMigrationV225Test-671473215 tempest-LiveAutoBlockMigrationV225Test-671473215-project] Volume info retrieved successfully.
Jul 07 22:22:16.759665 n-d-695189-12 devstack@c-api.service[100729]: INFO cinder.api.openstack.wsgi [None req-ad992813-792c-43b7-8e0d-8528a6fbd7f2 tempest-LiveAutoBlockMigrationV225Test-671473215 tempest-LiveAutoBlockMigrationV225Test-671473215-project] http://10.222.0.106/volume/v3/8b3920bd46f840a8b2f27f6f00c65e1e/volumes/432d5ed4-67c9-472a-9b6c-91e134d2a245 returned with HTTP 200
Jul 07 22:22:16.777508 n-d-695189-12 devstack@c-api.service[100729]: [pid: 100729|app: 0|req: 60/117] 10.222.0.106 () {58 vars in 1330 bytes} [Wed Jul 7 22:22:16 2021] GET /volume/v3/8b3920bd46f840a8b2f27f6f00c65e1e/volumes/432d5ed4-67c9-472a-9b6c-91e134d2a245 => generated 977 bytes in 157 msecs (HTTP/1.1 200) 7 headers in 285 bytes (2 switches on core 0)
Jul 07 22:22:17.663108 n-d-695189-12 devstack@c-api.service[100730]: INFO cinder.api.openstack.wsgi [None req-42cecbc0-f400-437b-a389-b67fa9b072f0 tempest-LiveMigrationTest-319221219 tempest-LiveMigrationTest-319221219-project] GET http://10.222.0.106/volume/v3/fac59a6d8435470289d2ce7e691d538c/volumes/1d44672b-dfb5-4e99-8aac-f7f215a1f44a
Jul 07 22:22:17.663705 n-d-695189-12 devstack@c-api.service[100730]: DEBUG cinder.api.openstack.wsgi [None req-42cecbc0-f400-437b-a389-b67fa9b072f0 tempest-LiveMigrationTest-319221219 tempest-LiveMigrationTest-319221219-project] Empty body provided in request {{(pid=100730) get_body /opt/stack/cinder/cinder/api/openstack/wsgi.py:713}}
Jul 07 22:22:17.663933 n-d-695189-12 devstack@c-api.service[100730]: /usr/local/lib/python3.8/dist-packages/webob/acceptparse.py:1047: DeprecationWarning: The behavior of AcceptValidHeader.best_match is currently being maintained for backward compatibility, but it will be deprecated in the future, as it does not conform to the RFC.
Jul 07 22:22:17.663933 n-d-695189-12 devstack@c-api.service[100730]: warnings.warn(
Jul 07 22:22:17.664290 n-d-695189-12 devstack@c-api.service[100730]: DEBUG cinder.api.openstack.wsgi [None req-42cecbc0-f400-437b-a389-b67fa9b072f0 tempest-LiveMigrationTest-319221219 tempest-LiveMigrationTest-319221219-project] Calling method 'show' {{(pid=100730) _process_stack /opt/stack/cinder/cinder/api/openstack/wsgi.py:866}}
Jul 07 22:22:17.708868 n-d-695189-12 devstack@c-api.service[100730]: /usr/local/lib/python3.8/dist-packages/oslo_context/context.py:105: DeprecationWarning: Policy enforcement is depending on the value of is_admin. This key is deprecated. Please update your policy file to use the standard policy values.
Jul 07 22:22:17.708868 n-d-695189-12 devstack@c-api.service[100730]: warnings.warn('Policy enforcement is depending on the value of '
Jul 07 22:22:17.731147 n-d-695189-12 devstack@c-api.service[100730]: INFO cinder.volume.api [None req-42cecbc0-f400-437b-a389-b67fa9b072f0 tempest-LiveMigrationTest-319221219 tempest-LiveMigrationTest-319221219-project] Volume info retrieved successfully.
Jul 07 22:22:17.758865 n-d-695189-12 devstack@c-api.service[100730]: INFO cinder.api.openstack.wsgi [None req-42cecbc0-f400-437b-a389-b67fa9b072f0 tempest-LiveMigrationTest-319221219 tempest-LiveMigrationTest-319221219-project] http://10.222.0.106/volume/v3/fac59a6d8435470289d2ce7e691d538c/volumes/1d44672b-dfb5-4e99-8aac-f7f215a1f44a returned with HTTP 200
Jul 07 22:22:17.759662 n-d-695189-12 devstack@c-api.service[100730]: [pid: 100730|app: 0|req: 58/118] 10.222.0.106 () {58 vars in 1330 bytes} [Wed Jul 7 22:22:17 2021] GET /volume/v3/fac59a6d8435470289d2ce7e691d538c/volumes/1d44672b-dfb5-4e99-8aac-f7f215a1f44a => generated 916 bytes in 100 msecs (HTTP/1.1 200) 7 headers in 285 bytes (1 switches on core 0)
Jul 07 22:22:17.789012 n-d-695189-12 devstack@c-api.service[100729]: INFO cinder.api.openstack.wsgi [None req-0d327f52-3230-41ea-95c8-37f33e23e095 tempest-LiveAutoBlockMigrationV225Test-671473215 tempest-LiveAutoBlockMigrationV225Test-671473215-project] GET http://10.222.0.106/volume/v3/8b3920bd46f840a8b2f27f6f00c65e1e/volumes/432d5ed4-67c9-472a-9b6c-91e134d2a245
Jul 07 22:22:17.790016 n-d-695189-12 devstack@c-api.service[100729]: DEBUG cinder.api.openstack.wsgi [None req-0d327f52-3230-41ea-95c8-37f33e23e095 tempest-LiveAutoBlockMigrationV225Test-671473215 tempest-LiveAutoBlockMigrationV225Test-671473215-project] Empty body provided in request {{(pid=100729) get_body /opt/stack/cinder/cinder/api/openstack/wsgi.py:713}}
Jul 07 22:22:17.790334 n-d-695189-12 devstack@c-api.service[100729]: /usr/local/lib/python3.8/dist-packages/webob/acceptparse.py:1047: DeprecationWarning: The behavior of AcceptValidHeader.best_match is currently being maintained for backward compatibility, but it will be deprecated in the future, as it does not conform to the RFC.
Jul 07 22:22:17.790334 n-d-695189-12 devstack@c-api.service[100729]: warnings.warn(
Jul 07 22:22:17.790901 n-d-695189-12 devstack@c-api.service[100729]: DEBUG cinder.api.openstack.wsgi [None req-0d327f52-3230-41ea-95c8-37f33e23e095 tempest-LiveAutoBlockMigrationV225Test-671473215 tempest-LiveAutoBlockMigrationV225Test-671473215-project] Calling method 'show' {{(pid=100729) _process_stack /opt/stack/cinder/cinder/api/openstack/wsgi.py:866}}
Jul 07 22:22:17.814055 n-d-695189-12 devstack@c-api.service[100729]: /usr/local/lib/python3.8/dist-packages/oslo_context/context.py:105: DeprecationWarning: Policy enforcement is depending on the value of is_admin. This key is deprecated. Please update your policy file to use the standard policy values.
Jul 07 22:22:17.814055 n-d-695189-12 devstack@c-api.service[100729]: warnings.warn('Policy enforcement is depending on the value of '
Jul 07 22:22:17.834021 n-d-695189-12 devstack@c-api.service[100729]: INFO cinder.volume.api [None req-0d327f52-3230-41ea-95c8-37f33e23e095 tempest-LiveAutoBlockMigrationV225Test-671473215 tempest-LiveAutoBlockMigrationV225Test-671473215-project] Volume info retrieved successfully.
Jul 07 22:22:17.867750 n-d-695189-12 devstack@c-api.service[100729]: INFO cinder.api.openstack.wsgi [None req-0d327f52-3230-41ea-95c8-37f33e23e095 tempest-LiveAutoBlockMigrationV225Test-671473215 tempest-LiveAutoBlockMigrationV225Test-671473215-project] http://10.222.0.106/volume/v3/8b3920bd46f840a8b2f27f6f00c65e1e/volumes/432d5ed4-67c9-472a-9b6c-91e134d2a245 returned with HTTP 200
Jul 07 22:22:17.873346 n-d-695189-12 devstack@c-api.service[100729]: [pid: 100729|app: 0|req: 61/119] 10.222.0.106 () {58 vars in 1330 bytes} [Wed Jul 7 22:22:17 2021] GET /volume/v3/8b3920bd46f840a8b2f27f6f00c65e1e/volumes/432d5ed4-67c9-472a-9b6c-91e134d2a245 => generated 977 bytes in 89 msecs (HTTP/1.1 200) 7 headers in 285 bytes (1 switches on core 0)
Jul 07 22:22:18.774158 n-d-695189-12 devstack@c-api.service[100730]: INFO cinder.api.openstack.wsgi [None req-298a53f5-6c18-4739-b1c7-d5a4d571afc6 tempest-LiveMigrationTest-319221219 tempest-LiveMigrationTest-319221219-project] GET http://10.222.0.106/volume/v3/fac59a6d8435470289d2ce7e691d538c/volumes/1d44672b-dfb5-4e99-8aac-f7f215a1f44a
Jul 07 22:22:18.775491 n-d-695189-12 devstack@c-api.service[100730]: DEBUG cinder.api.openstack.wsgi [None req-298a53f5-6c18-4739-b1c7-d5a4d571afc6 tempest-LiveMigrationTest-319221219 tempest-LiveMigrationTest-319221219-project] Empty body provided in request {{(pid=100730) get_body /opt/stack/cinder/cinder/api/openstack/wsgi.py:713}}
Jul 07 22:22:18.775881 n-d-695189-12 devstack@c-api.service[100730]: /usr/local/lib/python3.8/dist-packages/webob/acceptparse.py:1047: DeprecationWarning: The behavior of AcceptValidHeader.best_match is currently being maintained for backward compatibility, but it will be deprecated in the future, as it does not conform to the RFC.
Jul 07 22:22:18.775881 n-d-695189-12 devstack@c-api.service[100730]: warnings.warn(
Jul 07 22:22:18.776463 n-d-695189-12 devstack@c-api.service[100730]: DEBUG cinder.api.openstack.wsgi [None req-298a53f5-6c18-4739-b1c7-d5a4d571afc6 tempest-LiveMigrationTest-319221219 tempest-LiveMigrationTest-319221219-project] Calling method 'show' {{(pid=100730) _process_stack /opt/stack/cinder/cinder/api/openstack/wsgi.py:866}}
Jul 07 22:22:18.790855 n-d-695189-12 devstack@c-api.service[100730]: /usr/local/lib/python3.8/dist-packages/oslo_context/context.py:105: DeprecationWarning: Policy enforcement is depending on the value of is_admin. This key is deprecated. Please update your policy file to use the standard policy values.
Jul 07 22:22:18.790855 n-d-695189-12 devstack@c-api.service[100730]: warnings.warn('Policy enforcement is depending on the value of '
Jul 07 22:22:18.799714 n-d-695189-12 devstack@c-api.service[100730]: INFO cinder.volume.api [None req-298a53f5-6c18-4739-b1c7-d5a4d571afc6 tempest-LiveMigrationTest-319221219 tempest-LiveMigrationTest-319221219-project] Volume info retrieved successfully.
Jul 07 22:22:18.816023 n-d-695189-12 devstack@c-api.service[100730]: INFO cinder.api.openstack.wsgi [None req-298a53f5-6c18-4739-b1c7-d5a4d571afc6 tempest-LiveMigrationTest-319221219 tempest-LiveMigrationTest-319221219-project] http://10.222.0.106/volume/v3/fac59a6d8435470289d2ce7e691d538c/volumes/1d44672b-dfb5-4e99-8aac-f7f215a1f44a returned with HTTP 200
Jul 07 22:22:18.817451 n-d-695189-12 devstack@c-api.service[100730]: [pid: 100730|app: 0|req: 59/120] 10.222.0.106 () {58 vars in 1330 bytes} [Wed Jul 7 22:22:18 2021] GET /volume/v3/fac59a6d8435470289d2ce7e691d538c/volumes/1d44672b-dfb5-4e99-8aac-f7f215a1f44a => generated 916 bytes in 47 msecs (HTTP/1.1 200) 7 headers in 285 bytes (1 switches on core 0)
Jul 07 22:22:18.887868 n-d-695189-12 devstack@c-api.service[100729]: INFO cinder.api.openstack.wsgi [None req-d486f519-79f2-4827-861b-51be7ba99604 tempest-LiveAutoBlockMigrationV225Test-671473215 tempest-LiveAutoBlockMigrationV225Test-671473215-project] GET http://10.222.0.106/volume/v3/8b3920bd46f840a8b2f27f6f00c65e1e/volumes/432d5ed4-67c9-472a-9b6c-91e134d2a245
Jul 07 22:22:18.889260 n-d-695189-12 devstack@c-api.service[100729]: DEBUG cinder.api.openstack.wsgi [None req-d486f519-79f2-4827-861b-51be7ba99604 tempest-LiveAutoBlockMigrationV225Test-671473215 tempest-LiveAutoBlockMigrationV225Test-671473215-project] Empty body provided in request {{(pid=100729) get_body /opt/stack/cinder/cinder/api/openstack/wsgi.py:713}}
Jul 07 22:22:18.889625 n-d-695189-12 devstack@c-api.service[100729]: /usr/local/lib/python3.8/dist-packages/webob/acceptparse.py:1047: DeprecationWarning: The behavior of AcceptValidHeader.best_match is currently being maintained for backward compatibility, but it will be deprecated in the future, as it does not conform to the RFC.
Jul 07 22:22:18.889625 n-d-695189-12 devstack@c-api.service[100729]: warnings.warn(
Jul 07 22:22:18.890399 n-d-695189-12 devstack@c-api.service[100729]: DEBUG cinder.api.openstack.wsgi [None req-d486f519-79f2-4827-861b-51be7ba99604 tempest-LiveAutoBlockMigrationV225Test-671473215 tempest-LiveAutoBlockMigrationV225Test-671473215-project] Calling method 'show' {{(pid=100729) _process_stack /opt/stack/cinder/cinder/api/openstack/wsgi.py:866}}
Jul 07 22:22:18.910729 n-d-695189-12 devstack@c-api.service[100729]: /usr/local/lib/python3.8/dist-packages/oslo_context/context.py:105: DeprecationWarning: Policy enforcement is depending on the value of is_admin. This key is deprecated. Please update your policy file to use the standard policy values.
Jul 07 22:22:18.910729 n-d-695189-12 devstack@c-api.service[100729]: warnings.warn('Policy enforcement is depending on the value of '
Jul 07 22:22:18.940056 n-d-695189-12 devstack@c-api.service[100729]: INFO cinder.volume.api [None req-d486f519-79f2-4827-861b-51be7ba99604 tempest-LiveAutoBlockMigrationV225Test-671473215 tempest-LiveAutoBlockMigrationV225Test-671473215-project] Volume info retrieved successfully.
Jul 07 22:22:18.988292 n-d-695189-12 devstack@c-api.service[100729]: INFO cinder.api.openstack.wsgi [None req-d486f519-79f2-4827-861b-51be7ba99604 tempest-LiveAutoBlockMigrationV225Test-671473215 tempest-LiveAutoBlockMigrationV225Test-671473215-project] http://10.222.0.106/volume/v3/8b3920bd46f840a8b2f27f6f00c65e1e/volumes/432d5ed4-67c9-472a-9b6c-91e134d2a245 returned with HTTP 200
Jul 07 22:22:19.000500 n-d-695189-12 devstack@c-api.service[100729]: [pid: 100729|app: 0|req: 62/121] 10.222.0.106 () {58 vars in 1330 bytes} [Wed Jul 7 22:22:18 2021] GET /volume/v3/8b3920bd46f840a8b2f27f6f00c65e1e/volumes/432d5ed4-67c9-472a-9b6c-91e134d2a245 => generated 977 bytes in 114 msecs (HTTP/1.1 200) 7 headers in 285 bytes (1 switches on core 0)
Jul 07 22:22:19.833833 n-d-695189-12 devstack@c-api.service[100730]: INFO cinder.api.openstack.wsgi [None req-b5c7ff82-3d91-4fc4-aaff-8128ef47a1c0 tempest-LiveMigrationTest-319221219 tempest-LiveMigrationTest-319221219-project] GET http://10.222.0.106/volume/v3/fac59a6d8435470289d2ce7e691d538c/volumes/1d44672b-dfb5-4e99-8aac-f7f215a1f44a
Jul 07 22:22:19.833833 n-d-695189-12 devstack@c-api.service[100730]: DEBUG cinder.api.openstack.wsgi [None req-b5c7ff82-3d91-4fc4-aaff-8128ef47a1c0 tempest-LiveMigrationTest-319221219 tempest-LiveMigrationTest-319221219-project] Empty body provided in request {{(pid=100730) get_body /opt/stack/cinder/cinder/api/openstack/wsgi.py:713}}
Jul 07 22:22:19.834621 n-d-695189-12 devstack@c-api.service[100730]: /usr/local/lib/python3.8/dist-packages/webob/acceptparse.py:1047: DeprecationWarning: The behavior of AcceptValidHeader.best_match is currently being maintained for backward compatibility, but it will be deprecated in the future, as it does not conform to the RFC.
Jul 07 22:22:19.834621 n-d-695189-12 devstack@c-api.service[100730]: warnings.warn(
Jul 07 22:22:19.834831 n-d-695189-12 devstack@c-api.service[100730]: DEBUG cinder.api.openstack.wsgi [None req-b5c7ff82-3d91-4fc4-aaff-8128ef47a1c0 tempest-LiveMigrationTest-319221219 tempest-LiveMigrationTest-319221219-project] Calling method 'show' {{(pid=100730) _process_stack /opt/stack/cinder/cinder/api/openstack/wsgi.py:866}}
Jul 07 22:22:19.868267 n-d-695189-12 devstack@c-api.service[100730]: /usr/local/lib/python3.8/dist-packages/oslo_context/context.py:105: DeprecationWarning: Policy enforcement is depending on the value of is_admin. This key is deprecated. Please update your policy file to use the standard policy values.
Jul 07 22:22:19.868267 n-d-695189-12 devstack@c-api.service[100730]: warnings.warn('Policy enforcement is depending on the value of '
Jul 07 22:22:19.900907 n-d-695189-12 devstack@c-api.service[100730]: INFO cinder.volume.api [None req-b5c7ff82-3d91-4fc4-aaff-8128ef47a1c0 tempest-LiveMigrationTest-319221219 tempest-LiveMigrationTest-319221219-project] Volume info retrieved successfully.
Jul 07 22:22:19.937338 n-d-695189-12 devstack@c-api.service[100730]: INFO cinder.api.openstack.wsgi [None req-b5c7ff82-3d91-4fc4-aaff-8128ef47a1c0 tempest-LiveMigrationTest-319221219 tempest-LiveMigrationTest-319221219-project] http://10.222.0.106/volume/v3/fac59a6d8435470289d2ce7e691d538c/volumes/1d44672b-dfb5-4e99-8aac-f7f215a1f44a returned with HTTP 200
Jul 07 22:22:19.943096 n-d-695189-12 devstack@c-api.service[100730]: [pid: 100730|app: 0|req: 60/122] 10.222.0.106 () {58 vars in 1330 bytes} [Wed Jul 7 22:22:19 2021] GET /volume/v3/fac59a6d8435470289d2ce7e691d538c/volumes/1d44672b-dfb5-4e99-8aac-f7f215a1f44a => generated 916 bytes in 116 msecs (HTTP/1.1 200) 7 headers in 285 bytes (1 switches on core 0)
Jul 07 22:22:20.012159 n-d-695189-12 devstack@c-api.service[100729]: INFO cinder.api.openstack.wsgi [None req-ee9c9abb-bfa5-401e-a9f3-6d68ac302707 tempest-LiveAutoBlockMigrationV225Test-671473215 tempest-LiveAutoBlockMigrationV225Test-671473215-project] GET http://10.222.0.106/volume/v3/8b3920bd46f840a8b2f27f6f00c65e1e/volumes/432d5ed4-67c9-472a-9b6c-91e134d2a245
Jul 07 22:22:20.012752 n-d-695189-12 devstack@c-api.service[100729]: DEBUG cinder.api.openstack.wsgi [None req-ee9c9abb-bfa5-401e-a9f3-6d68ac302707 tempest-LiveAutoBlockMigrationV225Test-671473215 tempest-LiveAutoBlockMigrationV225Test-671473215-project] Empty body provided in request {{(pid=100729) get_body /opt/stack/cinder/cinder/api/openstack/wsgi.py:713}}
Jul 07 22:22:20.012857 n-d-695189-12 devstack@c-api.service[100729]: /usr/local/lib/python3.8/dist-packages/webob/acceptparse.py:1047: DeprecationWarning: The behavior of AcceptValidHeader.best_match is currently being maintained for backward compatibility, but it will be deprecated in the future, as it does not conform to the RFC.
Jul 07 22:22:20.012857 n-d-695189-12 devstack@c-api.service[100729]: warnings.warn(
Jul 07 22:22:20.018658 n-d-695189-12 devstack@c-api.service[100729]: DEBUG cinder.api.openstack.wsgi [None req-ee9c9abb-bfa5-401e-a9f3-6d68ac302707 tempest-LiveAutoBlockMigrationV225Test-671473215 tempest-LiveAutoBlockMigrationV225Test-671473215-project] Calling method 'show' {{(pid=100729) _process_stack /opt/stack/cinder/cinder/api/openstack/wsgi.py:866}}
Jul 07 22:22:20.057880 n-d-695189-12 devstack@c-api.service[100729]: /usr/local/lib/python3.8/dist-packages/oslo_context/context.py:105: DeprecationWarning: Policy enforcement is depending on the value of is_admin. This key is deprecated. Please update your policy file to use the standard policy values.
Jul 07 22:22:20.057880 n-d-695189-12 devstack@c-api.service[100729]: warnings.warn('Policy enforcement is depending on the value of '
Jul 07 22:22:20.071175 n-d-695189-12 devstack@c-api.service[100729]: INFO cinder.volume.api [None req-ee9c9abb-bfa5-401e-a9f3-6d68ac302707 tempest-LiveAutoBlockMigrationV225Test-671473215 tempest-LiveAutoBlockMigrationV225Test-671473215-project] Volume info retrieved successfully.
Jul 07 22:22:20.122067 n-d-695189-12 devstack@c-api.service[100729]: INFO cinder.api.openstack.wsgi [None req-ee9c9abb-bfa5-401e-a9f3-6d68ac302707 tempest-LiveAutoBlockMigrationV225Test-671473215 tempest-LiveAutoBlockMigrationV225Test-671473215-project] http://10.222.0.106/volume/v3/8b3920bd46f840a8b2f27f6f00c65e1e/volumes/432d5ed4-67c9-472a-9b6c-91e134d2a245 returned with HTTP 200
Jul 07 22:22:20.124164 n-d-695189-12 devstack@c-api.service[100729]: [pid: 100729|app: 0|req: 63/123] 10.222.0.106 () {58 vars in 1330 bytes} [Wed Jul 7 22:22:20 2021] GET /volume/v3/8b3920bd46f840a8b2f27f6f00c65e1e/volumes/432d5ed4-67c9-472a-9b6c-91e134d2a245 => generated 977 bytes in 116 msecs (HTTP/1.1 200) 7 headers in 285 bytes (1 switches on core 0)
Jul 07 22:22:20.956714 n-d-695189-12 devstack@c-api.service[100730]: INFO cinder.api.openstack.wsgi [None req-c42b0b49-5db6-4686-8bba-3339635f9a2f tempest-LiveMigrationTest-319221219 tempest-LiveMigrationTest-319221219-project] GET http://10.222.0.106/volume/v3/fac59a6d8435470289d2ce7e691d538c/volumes/1d44672b-dfb5-4e99-8aac-f7f215a1f44a
Jul 07 22:22:20.957639 n-d-695189-12 devstack@c-api.service[100730]: DEBUG cinder.api.openstack.wsgi [None req-c42b0b49-5db6-4686-8bba-3339635f9a2f tempest-LiveMigrationTest-319221219 tempest-LiveMigrationTest-319221219-project] Empty body provided in request {{(pid=100730) get_body /opt/stack/cinder/cinder/api/openstack/wsgi.py:713}}
Jul 07 22:22:20.957815 n-d-695189-12 devstack@c-api.service[100730]: /usr/local/lib/python3.8/dist-packages/webob/acceptparse.py:1047: DeprecationWarning: The behavior of AcceptValidHeader.best_match is currently being maintained for backward compatibility, but it will be deprecated in the future, as it does not conform to the RFC.
Jul 07 22:22:20.957815 n-d-695189-12 devstack@c-api.service[100730]: warnings.warn(
Jul 07 22:22:20.958390 n-d-695189-12 devstack@c-api.service[100730]: DEBUG cinder.api.openstack.wsgi [None req-c42b0b49-5db6-4686-8bba-3339635f9a2f tempest-LiveMigrationTest-319221219 tempest-LiveMigrationTest-319221219-project] Calling method 'show' {{(pid=100730) _process_stack /opt/stack/cinder/cinder/api/openstack/wsgi.py:866}}
Jul 07 22:22:20.981692 n-d-695189-12 devstack@c-api.service[100730]: /usr/local/lib/python3.8/dist-packages/oslo_context/context.py:105: DeprecationWarning: Policy enforcement is depending on the value of is_admin. This key is deprecated. Please update your policy file to use the standard policy values.
Jul 07 22:22:20.981692 n-d-695189-12 devstack@c-api.service[100730]: warnings.warn('Policy enforcement is depending on the value of '
Jul 07 22:22:20.993178 n-d-695189-12 devstack@c-api.service[100730]: INFO cinder.volume.api [None req-c42b0b49-5db6-4686-8bba-3339635f9a2f tempest-LiveMigrationTest-319221219 tempest-LiveMigrationTest-319221219-project] Volume info retrieved successfully.
Jul 07 22:22:21.009376 n-d-695189-12 devstack@c-api.service[100730]: INFO cinder.api.openstack.wsgi [None req-c42b0b49-5db6-4686-8bba-3339635f9a2f tempest-LiveMigrationTest-319221219 tempest-LiveMigrationTest-319221219-project] http://10.222.0.106/volume/v3/fac59a6d8435470289d2ce7e691d538c/volumes/1d44672b-dfb5-4e99-8aac-f7f215a1f44a returned with HTTP 200
Jul 07 22:22:21.010857 n-d-695189-12 devstack@c-api.service[100730]: [pid: 100730|app: 0|req: 61/124] 10.222.0.106 () {58 vars in 1330 bytes} [Wed Jul 7 22:22:20 2021] GET /volume/v3/fac59a6d8435470289d2ce7e691d538c/volumes/1d44672b-dfb5-4e99-8aac-f7f215a1f44a => generated 916 bytes in 58 msecs (HTTP/1.1 200) 7 headers in 285 bytes (1 switches on core 0)
Jul 07 22:22:21.141013 n-d-695189-12 devstack@c-api.service[100729]: INFO cinder.api.openstack.wsgi [None req-37cf1fd4-ec2f-4be8-8f6f-71662fbf2479 tempest-LiveAutoBlockMigrationV225Test-671473215 tempest-LiveAutoBlockMigrationV225Test-671473215-project] GET http://10.222.0.106/volume/v3/8b3920bd46f840a8b2f27f6f00c65e1e/volumes/432d5ed4-67c9-472a-9b6c-91e134d2a245
Jul 07 22:22:21.141874 n-d-695189-12 devstack@c-api.service[100729]: DEBUG cinder.api.openstack.wsgi [None req-37cf1fd4-ec2f-4be8-8f6f-71662fbf2479 tempest-LiveAutoBlockMigrationV225Test-671473215 tempest-LiveAutoBlockMigrationV225Test-671473215-project] Empty body provided in request {{(pid=100729) get_body /opt/stack/cinder/cinder/api/openstack/wsgi.py:713}}
Jul 07 22:22:21.141874 n-d-695189-12 devstack@c-api.service[100729]: /usr/local/lib/python3.8/dist-packages/webob/acceptparse.py:1047: DeprecationWarning: The behavior of AcceptValidHeader.best_match is currently being maintained for backward compatibility, but it will be deprecated in the future, as it does not conform to the RFC.
Jul 07 22:22:21.141874 n-d-695189-12 devstack@c-api.service[100729]: warnings.warn(
Jul 07 22:22:21.141874 n-d-695189-12 devstack@c-api.service[100729]: DEBUG cinder.api.openstack.wsgi [None req-37cf1fd4-ec2f-4be8-8f6f-71662fbf2479 tempest-LiveAutoBlockMigrationV225Test-671473215 tempest-LiveAutoBlockMigrationV225Test-671473215-project] Calling method 'show' {{(pid=100729) _process_stack /opt/stack/cinder/cinder/api/openstack/wsgi.py:866}}
Jul 07 22:22:21.182659 n-d-695189-12 devstack@c-api.service[100729]: /usr/local/lib/python3.8/dist-packages/oslo_context/context.py:105: DeprecationWarning: Policy enforcement is depending on the value of is_admin. This key is deprecated. Please update your policy file to use the standard policy values.
Jul 07 22:22:21.182659 n-d-695189-12 devstack@c-api.service[100729]: warnings.warn('Policy enforcement is depending on the value of '
Jul 07 22:22:21.207218 n-d-695189-12 devstack@c-api.service[100729]: INFO cinder.volume.api [None req-37cf1fd4-ec2f-4be8-8f6f-71662fbf2479 tempest-LiveAutoBlockMigrationV225Test-671473215 tempest-LiveAutoBlockMigrationV225Test-671473215-project] Volume info retrieved successfully.
Jul 07 22:22:21.286040 n-d-695189-12 devstack@c-api.service[100729]: INFO cinder.api.openstack.wsgi [None req-37cf1fd4-ec2f-4be8-8f6f-71662fbf2479 tempest-LiveAutoBlockMigrationV225Test-671473215 tempest-LiveAutoBlockMigrationV225Test-671473215-project] http://10.222.0.106/volume/v3/8b3920bd46f840a8b2f27f6f00c65e1e/volumes/432d5ed4-67c9-472a-9b6c-91e134d2a245 returned with HTTP 200
Jul 07 22:22:21.286885 n-d-695189-12 devstack@c-api.service[100729]: [pid: 100729|app: 0|req: 64/125] 10.222.0.106 () {58 vars in 1330 bytes} [Wed Jul 7 22:22:21 2021] GET /volume/v3/8b3920bd46f840a8b2f27f6f00c65e1e/volumes/432d5ed4-67c9-472a-9b6c-91e134d2a245 => generated 977 bytes in 150 msecs (HTTP/1.1 200) 7 headers in 285 bytes (1 switches on core 0)
Jul 07 22:22:22.030372 n-d-695189-12 devstack@c-api.service[100730]: INFO cinder.api.openstack.wsgi [None req-23670056-1a10-46bb-8f6b-39a1ae822abb tempest-LiveMigrationTest-319221219 tempest-LiveMigrationTest-319221219-project] GET http://10.222.0.106/volume/v3/fac59a6d8435470289d2ce7e691d538c/volumes/1d44672b-dfb5-4e99-8aac-f7f215a1f44a
Jul 07 22:22:22.033348 n-d-695189-12 devstack@c-api.service[100730]: DEBUG cinder.api.openstack.wsgi [None req-23670056-1a10-46bb-8f6b-39a1ae822abb tempest-LiveMigrationTest-319221219 tempest-LiveMigrationTest-319221219-project] Empty body provided in request {{(pid=100730) get_body /opt/stack/cinder/cinder/api/openstack/wsgi.py:713}}
Jul 07 22:22:22.033933 n-d-695189-12 devstack@c-api.service[100730]: /usr/local/lib/python3.8/dist-packages/webob/acceptparse.py:1047: DeprecationWarning: The behavior of AcceptValidHeader.best_match is currently being maintained for backward compatibility, but it will be deprecated in the future, as it does not conform to the RFC.
Jul 07 22:22:22.033933 n-d-695189-12 devstack@c-api.service[100730]: warnings.warn(
Jul 07 22:22:22.034610 n-d-695189-12 devstack@c-api.service[100730]: DEBUG cinder.api.openstack.wsgi [None req-23670056-1a10-46bb-8f6b-39a1ae822abb tempest-LiveMigrationTest-319221219 tempest-LiveMigrationTest-319221219-project] Calling method 'show' {{(pid=100730) _process_stack /opt/stack/cinder/cinder/api/openstack/wsgi.py:866}}
Jul 07 22:22:22.081462 n-d-695189-12 devstack@c-api.service[100730]: /usr/local/lib/python3.8/dist-packages/oslo_context/context.py:105: DeprecationWarning: Policy enforcement is depending on the value of is_admin. This key is deprecated. Please update your policy file to use the standard policy values.
Jul 07 22:22:22.081462 n-d-695189-12 devstack@c-api.service[100730]: warnings.warn('Policy enforcement is depending on the value of '
Jul 07 22:22:22.098743 n-d-695189-12 devstack@c-api.service[100730]: INFO cinder.volume.api [None req-23670056-1a10-46bb-8f6b-39a1ae822abb tempest-LiveMigrationTest-319221219 tempest-LiveMigrationTest-319221219-project] Volume info retrieved successfully.
Jul 07 22:22:22.140230 n-d-695189-12 devstack@c-api.service[100730]: INFO cinder.api.openstack.wsgi [None req-23670056-1a10-46bb-8f6b-39a1ae822abb tempest-LiveMigrationTest-319221219 tempest-LiveMigrationTest-319221219-project] http://10.222.0.106/volume/v3/fac59a6d8435470289d2ce7e691d538c/volumes/1d44672b-dfb5-4e99-8aac-f7f215a1f44a returned with HTTP 200
Jul 07 22:22:22.147379 n-d-695189-12 devstack@c-api.service[100730]: [pid: 100730|app: 0|req: 62/126] 10.222.0.106 () {58 vars in 1330 bytes} [Wed Jul 7 22:22:22 2021] GET /volume/v3/fac59a6d8435470289d2ce7e691d538c/volumes/1d44672b-dfb5-4e99-8aac-f7f215a1f44a => generated 916 bytes in 125 msecs (HTTP/1.1 200) 7 headers in 285 bytes (1 switches on core 0)
Jul 07 22:22:22.301917 n-d-695189-12 devstack@c-api.service[100729]: INFO cinder.api.openstack.wsgi [None req-632275f5-4fdf-4370-a393-e0e95f4e7ed8 tempest-LiveAutoBlockMigrationV225Test-671473215 tempest-LiveAutoBlockMigrationV225Test-671473215-project] GET http://10.222.0.106/volume/v3/8b3920bd46f840a8b2f27f6f00c65e1e/volumes/432d5ed4-67c9-472a-9b6c-91e134d2a245
Jul 07 22:22:22.302472 n-d-695189-12 devstack@c-api.service[100729]: DEBUG cinder.api.openstack.wsgi [None req-632275f5-4fdf-4370-a393-e0e95f4e7ed8 tempest-LiveAutoBlockMigrationV225Test-671473215 tempest-LiveAutoBlockMigrationV225Test-671473215-project] Empty body provided in request {{(pid=100729) get_body /opt/stack/cinder/cinder/api/openstack/wsgi.py:713}}
Jul 07 22:22:22.302592 n-d-695189-12 devstack@c-api.service[100729]: /usr/local/lib/python3.8/dist-packages/webob/acceptparse.py:1047: DeprecationWarning: The behavior of AcceptValidHeader.best_match is currently being maintained for backward compatibility, but it will be deprecated in the future, as it does not conform to the RFC.
Jul 07 22:22:22.302592 n-d-695189-12 devstack@c-api.service[100729]: warnings.warn(
Jul 07 22:22:22.302844 n-d-695189-12 devstack@c-api.service[100729]: DEBUG cinder.api.openstack.wsgi [None req-632275f5-4fdf-4370-a393-e0e95f4e7ed8 tempest-LiveAutoBlockMigrationV225Test-671473215 tempest-LiveAutoBlockMigrationV225Test-671473215-project] Calling method 'show' {{(pid=100729) _process_stack /opt/stack/cinder/cinder/api/openstack/wsgi.py:866}}
Jul 07 22:22:22.334764 n-d-695189-12 devstack@c-api.service[100729]: /usr/local/lib/python3.8/dist-packages/oslo_context/context.py:105: DeprecationWarning: Policy enforcement is depending on the value of is_admin. This key is deprecated. Please update your policy file to use the standard policy values.
Jul 07 22:22:22.334764 n-d-695189-12 devstack@c-api.service[100729]: warnings.warn('Policy enforcement is depending on the value of '
Jul 07 22:22:22.364491 n-d-695189-12 devstack@c-api.service[100729]: INFO cinder.volume.api [None req-632275f5-4fdf-4370-a393-e0e95f4e7ed8 tempest-LiveAutoBlockMigrationV225Test-671473215 tempest-LiveAutoBlockMigrationV225Test-671473215-project] Volume info retrieved successfully.
Jul 07 22:22:22.397786 n-d-695189-12 devstack@c-api.service[100729]: INFO cinder.api.openstack.wsgi [None req-632275f5-4fdf-4370-a393-e0e95f4e7ed8 tempest-LiveAutoBlockMigrationV225Test-671473215 tempest-LiveAutoBlockMigrationV225Test-671473215-project] http://10.222.0.106/volume/v3/8b3920bd46f840a8b2f27f6f00c65e1e/volumes/432d5ed4-67c9-472a-9b6c-91e134d2a245 returned with HTTP 200
Jul 07 22:22:22.403112 n-d-695189-12 devstack@c-api.service[100729]: [pid: 100729|app: 0|req: 65/127] 10.222.0.106 () {58 vars in 1330 bytes} [Wed Jul 7 22:22:22 2021] GET /volume/v3/8b3920bd46f840a8b2f27f6f00c65e1e/volumes/432d5ed4-67c9-472a-9b6c-91e134d2a245 => generated 1365 bytes in 105 msecs (HTTP/1.1 200) 7 headers in 286 bytes (1 switches on core 0)
Jul 07 22:22:23.162570 n-d-695189-12 devstack@c-api.service[100730]: INFO cinder.api.openstack.wsgi [None req-8109914d-98ba-49dc-9bfd-1cb77e96316e tempest-LiveMigrationTest-319221219 tempest-LiveMigrationTest-319221219-project] GET http://10.222.0.106/volume/v3/fac59a6d8435470289d2ce7e691d538c/volumes/1d44672b-dfb5-4e99-8aac-f7f215a1f44a
Jul 07 22:22:23.163722 n-d-695189-12 devstack@c-api.service[100730]: DEBUG cinder.api.openstack.wsgi [None req-8109914d-98ba-49dc-9bfd-1cb77e96316e tempest-LiveMigrationTest-319221219 tempest-LiveMigrationTest-319221219-project] Empty body provided in request {{(pid=100730) get_body /opt/stack/cinder/cinder/api/openstack/wsgi.py:713}}
Jul 07 22:22:23.164109 n-d-695189-12 devstack@c-api.service[100730]: /usr/local/lib/python3.8/dist-packages/webob/acceptparse.py:1047: DeprecationWarning: The behavior of AcceptValidHeader.best_match is currently being maintained for backward compatibility, but it will be deprecated in the future, as it does not conform to the RFC.
Jul 07 22:22:23.164109 n-d-695189-12 devstack@c-api.service[100730]: warnings.warn(
Jul 07 22:22:23.164735 n-d-695189-12 devstack@c-api.service[100730]: DEBUG cinder.api.openstack.wsgi [None req-8109914d-98ba-49dc-9bfd-1cb77e96316e tempest-LiveMigrationTest-319221219 tempest-LiveMigrationTest-319221219-project] Calling method 'show' {{(pid=100730) _process_stack /opt/stack/cinder/cinder/api/openstack/wsgi.py:866}}
Jul 07 22:22:23.195484 n-d-695189-12 devstack@c-api.service[100730]: /usr/local/lib/python3.8/dist-packages/oslo_context/context.py:105: DeprecationWarning: Policy enforcement is depending on the value of is_admin. This key is deprecated. Please update your policy file to use the standard policy values.
Jul 07 22:22:23.195484 n-d-695189-12 devstack@c-api.service[100730]: warnings.warn('Policy enforcement is depending on the value of '
Jul 07 22:22:23.232715 n-d-695189-12 devstack@c-api.service[100730]: INFO cinder.volume.api [None req-8109914d-98ba-49dc-9bfd-1cb77e96316e tempest-LiveMigrationTest-319221219 tempest-LiveMigrationTest-319221219-project] Volume info retrieved successfully.
Jul 07 22:22:23.293667 n-d-695189-12 devstack@c-api.service[100730]: INFO cinder.api.openstack.wsgi [None req-8109914d-98ba-49dc-9bfd-1cb77e96316e tempest-LiveMigrationTest-319221219 tempest-LiveMigrationTest-319221219-project] http://10.222.0.106/volume/v3/fac59a6d8435470289d2ce7e691d538c/volumes/1d44672b-dfb5-4e99-8aac-f7f215a1f44a returned with HTTP 200
Jul 07 22:22:23.300627 n-d-695189-12 devstack@c-api.service[100730]: [pid: 100730|app: 0|req: 63/128] 10.222.0.106 () {58 vars in 1330 bytes} [Wed Jul 7 22:22:23 2021] GET /volume/v3/fac59a6d8435470289d2ce7e691d538c/volumes/1d44672b-dfb5-4e99-8aac-f7f215a1f44a => generated 916 bytes in 141 msecs (HTTP/1.1 200) 7 headers in 285 bytes (1 switches on core 0)
Jul 07 22:22:24.262753 n-d-695189-12 devstack@c-api.service[100729]: INFO cinder.api.openstack.wsgi [req-72b75f0a-d2b6-419f-acfd-fcf882ba642e req-8711412d-1598-4b86-b839-702ac411afc1 tempest-LiveAutoBlockMigrationV225Test-671473215 tempest-LiveAutoBlockMigrationV225Test-671473215-project] GET http://10.222.0.106/volume/v3/8b3920bd46f840a8b2f27f6f00c65e1e/volumes/432d5ed4-67c9-472a-9b6c-91e134d2a245
Jul 07 22:22:24.263351 n-d-695189-12 devstack@c-api.service[100729]: DEBUG cinder.api.openstack.wsgi [req-72b75f0a-d2b6-419f-acfd-fcf882ba642e req-8711412d-1598-4b86-b839-702ac411afc1 tempest-LiveAutoBlockMigrationV225Test-671473215 tempest-LiveAutoBlockMigrationV225Test-671473215-project] Empty body provided in request {{(pid=100729) get_body /opt/stack/cinder/cinder/api/openstack/wsgi.py:713}}
Jul 07 22:22:24.263444 n-d-695189-12 devstack@c-api.service[100729]: /usr/local/lib/python3.8/dist-packages/webob/acceptparse.py:1047: DeprecationWarning: The behavior of AcceptValidHeader.best_match is currently being maintained for backward compatibility, but it will be deprecated in the future, as it does not conform to the RFC.
Jul 07 22:22:24.263444 n-d-695189-12 devstack@c-api.service[100729]: warnings.warn(
Jul 07 22:22:24.275726 n-d-695189-12 devstack@c-api.service[100729]: DEBUG cinder.api.openstack.wsgi [req-72b75f0a-d2b6-419f-acfd-fcf882ba642e req-8711412d-1598-4b86-b839-702ac411afc1 tempest-LiveAutoBlockMigrationV225Test-671473215 tempest-LiveAutoBlockMigrationV225Test-671473215-project] Calling method 'show' {{(pid=100729) _process_stack /opt/stack/cinder/cinder/api/openstack/wsgi.py:866}}
Jul 07 22:22:24.297763 n-d-695189-12 devstack@c-api.service[100729]: /usr/local/lib/python3.8/dist-packages/oslo_context/context.py:105: DeprecationWarning: Policy enforcement is depending on the value of is_admin. This key is deprecated. Please update your policy file to use the standard policy values.
Jul 07 22:22:24.297763 n-d-695189-12 devstack@c-api.service[100729]: warnings.warn('Policy enforcement is depending on the value of '
