Jun 10 01:13:18.254884 n-d-694802-11 devstack@placement-api.service[92943]: DEBUG placement.objects.research_context [req-30916b8b-da66-4689-9091-8454d1695ade req-b923e673-31ee-4d9d-b3eb-8ede7a52a9db service placement] getting providers with 1 DISK_GB {{(pid=92943) __init__ /opt/stack/placement/placement/objects/research_context.py:126}}
Jun 10 01:13:18.269366 n-d-694802-11 devstack@placement-api.service[92943]: DEBUG placement.objects.research_context [req-30916b8b-da66-4689-9091-8454d1695ade req-b923e673-31ee-4d9d-b3eb-8ede7a52a9db service placement] getting providers with 1024 MEMORY_MB {{(pid=92943) __init__ /opt/stack/placement/placement/objects/research_context.py:126}}
Jun 10 01:13:18.288414 n-d-694802-11 devstack@placement-api.service[92943]: DEBUG placement.objects.research_context [req-30916b8b-da66-4689-9091-8454d1695ade req-b923e673-31ee-4d9d-b3eb-8ede7a52a9db service placement] getting providers with 1 VCPU {{(pid=92943) __init__ /opt/stack/placement/placement/objects/research_context.py:126}}
Jun 10 01:13:18.295606 n-d-694802-11 devstack@placement-api.service[92943]: DEBUG placement.objects.research_context [req-30916b8b-da66-4689-9091-8454d1695ade req-b923e673-31ee-4d9d-b3eb-8ede7a52a9db service placement] found 2 providers with available 1 DISK_GB {{(pid=92943) get_provider_ids_matching /opt/stack/placement/placement/objects/research_context.py:549}}
Jun 10 01:13:18.295796 n-d-694802-11 devstack@placement-api.service[92943]: DEBUG placement.objects.research_context [req-30916b8b-da66-4689-9091-8454d1695ade req-b923e673-31ee-4d9d-b3eb-8ede7a52a9db service placement] found 2 providers with available 1024 MEMORY_MB {{(pid=92943) get_provider_ids_matching /opt/stack/placement/placement/objects/research_context.py:549}}
Jun 10 01:13:18.296113 n-d-694802-11 devstack@placement-api.service[92943]: DEBUG placement.objects.research_context [req-30916b8b-da66-4689-9091-8454d1695ade req-b923e673-31ee-4d9d-b3eb-8ede7a52a9db service placement] found 2 providers after filtering by previous result {{(pid=92943) get_provider_ids_matching /opt/stack/placement/placement/objects/research_context.py:580}}
Jun 10 01:13:18.296444 n-d-694802-11 devstack@placement-api.service[92943]: DEBUG placement.objects.research_context [req-30916b8b-da66-4689-9091-8454d1695ade req-b923e673-31ee-4d9d-b3eb-8ede7a52a9db service placement] found 2 providers with available 1 VCPU {{(pid=92943) get_provider_ids_matching /opt/stack/placement/placement/objects/research_context.py:549}}
Jun 10 01:13:18.296785 n-d-694802-11 devstack@placement-api.service[92943]: DEBUG placement.objects.research_context [req-30916b8b-da66-4689-9091-8454d1695ade req-b923e673-31ee-4d9d-b3eb-8ede7a52a9db service placement] found 2 providers after filtering by previous result {{(pid=92943) get_provider_ids_matching /opt/stack/placement/placement/objects/research_context.py:580}}
Jun 10 01:13:18.321519 n-d-694802-11 devstack@placement-api.service[92943]: DEBUG placement.objects.allocation_candidate [req-30916b8b-da66-4689-9091-8454d1695ade req-b923e673-31ee-4d9d-b3eb-8ede7a52a9db service placement] RequestGroup(use_same_provider=False, resources={DISK_GB:1, MEMORY_MB:1024, VCPU:1}, traits=[], aggregates=[]) (suffix '') returned 2 matches {{(pid=92943) _get_by_requests /opt/stack/placement/placement/objects/allocation_candidate.py:145}}
Jun 10 01:13:18.321898 n-d-694802-11 devstack@placement-api.service[92943]: DEBUG placement.objects.allocation_candidate [req-30916b8b-da66-4689-9091-8454d1695ade req-b923e673-31ee-4d9d-b3eb-8ede7a52a9db service placement] Merging candidates yields 2 allocation requests and 2 provider summaries {{(pid=92943) _merge_candidates /opt/stack/placement/placement/objects/allocation_candidate.py:783}}
Jun 10 01:13:18.323411 n-d-694802-11 devstack@placement-api.service[92943]: INFO placement.requestlog [req-30916b8b-da66-4689-9091-8454d1695ade req-b923e673-31ee-4d9d-b3eb-8ede7a52a9db service placement] 10.222.0.64 "GET /placement/allocation_candidates?limit=1000&resources=DISK_GB%3A1%2CMEMORY_MB%3A1024%2CVCPU%3A1&root_required=%21COMPUTE_STATUS_DISABLED" status: 200 len: 1309 microversion: 1.35
Jun 10 01:13:18.324298 n-d-694802-11 devstack@placement-api.service[92943]: [pid: 92943|app: 0|req: 392/785] 10.222.0.64 () {60 vars in 1506 bytes} [Thu Jun 10 01:13:18 2021] GET /placement/allocation_candidates?limit=1000&resources=DISK_GB%3A1%2CMEMORY_MB%3A1024%2CVCPU%3A1&root_required=%21COMPUTE_STATUS_DISABLED => generated 1309 bytes in 232 msecs (HTTP/1.1 200) 8 headers in 297 bytes (1 switches on core 0)
Jun 10 01:13:18.420860 n-d-694802-11 devstack@placement-api.service[92942]: DEBUG placement.requestlog [req-30916b8b-da66-4689-9091-8454d1695ade req-d7223aad-34e2-4870-ace7-c84bbb686ead None None] Starting request: 10.222.0.64 "GET /placement/allocations/97ac924a-ee1a-40ed-8511-ae96b3638b02" {{(pid=92942) __call__ /opt/stack/placement/placement/requestlog.py:55}}
Jun 10 01:13:18.444964 n-d-694802-11 devstack@placement-api.service[92942]: INFO placement.requestlog [req-30916b8b-da66-4689-9091-8454d1695ade req-d7223aad-34e2-4870-ace7-c84bbb686ead service placement] 10.222.0.64 "GET /placement/allocations/97ac924a-ee1a-40ed-8511-ae96b3638b02" status: 200 len: 19 microversion: 1.28
Jun 10 01:13:18.445205 n-d-694802-11 devstack@placement-api.service[92942]: [pid: 92942|app: 0|req: 394/786] 10.222.0.64 () {60 vars in 1380 bytes} [Thu Jun 10 01:13:18 2021] GET /placement/allocations/97ac924a-ee1a-40ed-8511-ae96b3638b02 => generated 19 bytes in 25 msecs (HTTP/1.1 200) 8 headers in 295 bytes (1 switches on core 0)
Jun 10 01:13:18.450962 n-d-694802-11 devstack@placement-api.service[92943]: DEBUG placement.requestlog [req-30916b8b-da66-4689-9091-8454d1695ade req-9b14f9a0-0acc-4410-bf5f-ad4e9da90fc6 None None] Starting request: 10.222.0.64 "PUT /placement/allocations/97ac924a-ee1a-40ed-8511-ae96b3638b02" {{(pid=92943) __call__ /opt/stack/placement/placement/requestlog.py:55}}
Jun 10 01:13:18.535831 n-d-694802-11 devstack@placement-api.service[92943]: DEBUG placement.handlers.allocation [req-30916b8b-da66-4689-9091-8454d1695ade req-9b14f9a0-0acc-4410-bf5f-ad4e9da90fc6 service placement] Successfully wrote allocations [, , ] {{(pid=92943) _create_allocations /opt/stack/placement/placement/handlers/allocation.py:435}}
Jun 10 01:13:18.536636 n-d-694802-11 devstack@placement-api.service[92943]: INFO placement.requestlog [req-30916b8b-da66-4689-9091-8454d1695ade req-9b14f9a0-0acc-4410-bf5f-ad4e9da90fc6 service placement] 10.222.0.64 "PUT /placement/allocations/97ac924a-ee1a-40ed-8511-ae96b3638b02" status: 204 len: 0 microversion: 1.35
Jun 10 01:13:18.537592 n-d-694802-11 devstack@placement-api.service[92943]: [pid: 92943|app: 0|req: 393/787] 10.222.0.64 () {64 vars in 1433 bytes} [Thu Jun 10 01:13:18 2021] PUT /placement/allocations/97ac924a-ee1a-40ed-8511-ae96b3638b02 => generated 0 bytes in 87 msecs (HTTP/1.1 204) 5 headers in 199 bytes (1 switches on core 0)
Jun 10 01:13:19.177537 n-d-694802-11 devstack@placement-api.service[92942]: DEBUG placement.requestlog [req-30916b8b-da66-4689-9091-8454d1695ade req-6a100427-8d6b-46e9-81fe-114e01934cb3 None None] Starting request: 10.222.0.63 "GET /placement/allocations/97ac924a-ee1a-40ed-8511-ae96b3638b02" {{(pid=92942) __call__ /opt/stack/placement/placement/requestlog.py:55}}
Jun 10 01:13:19.253211 n-d-694802-11 devstack@placement-api.service[92942]: INFO placement.requestlog [req-30916b8b-da66-4689-9091-8454d1695ade req-6a100427-8d6b-46e9-81fe-114e01934cb3 service placement] 10.222.0.63 "GET /placement/allocations/97ac924a-ee1a-40ed-8511-ae96b3638b02" status: 200 len: 260 microversion: 1.28
Jun 10 01:13:19.253880 n-d-694802-11 devstack@placement-api.service[92942]: [pid: 92942|app: 0|req: 395/788] 10.222.0.63 () {60 vars in 1378 bytes} [Thu Jun 10 01:13:19 2021] GET /placement/allocations/97ac924a-ee1a-40ed-8511-ae96b3638b02 => generated 260 bytes in 77 msecs (HTTP/1.1 200) 8 headers in 296 bytes (1 switches on core 0)
Jun 10 01:13:23.455079 n-d-694802-11 devstack@placement-api.service[92943]: DEBUG placement.requestlog [req-59b79c57-b33f-463e-9828-9a9e2aa9848a req-c8ec58aa-ddc3-4437-a1ea-c60046e2363d None None] Starting request: 10.222.0.64 "GET /placement/allocation_candidates?limit=1000&resources=DISK_GB%3A1%2CMEMORY_MB%3A1024%2CVCPU%3A1&root_required=%21COMPUTE_STATUS_DISABLED" {{(pid=92943) __call__ /opt/stack/placement/placement/requestlog.py:55}}
Jun 10 01:13:23.507595 n-d-694802-11 devstack@placement-api.service[92943]: DEBUG placement.objects.research_context [req-59b79c57-b33f-463e-9828-9a9e2aa9848a req-c8ec58aa-ddc3-4437-a1ea-c60046e2363d service placement] getting providers with 1 DISK_GB {{(pid=92943) __init__ /opt/stack/placement/placement/objects/research_context.py:126}}
Jun 10 01:13:23.523042 n-d-694802-11 devstack@placement-api.service[92943]: DEBUG placement.objects.research_context [req-59b79c57-b33f-463e-9828-9a9e2aa9848a req-c8ec58aa-ddc3-4437-a1ea-c60046e2363d service placement] getting providers with 1024 MEMORY_MB {{(pid=92943) __init__ /opt/stack/placement/placement/objects/research_context.py:126}}
Jun 10 01:13:23.538378 n-d-694802-11 devstack@placement-api.service[92943]: DEBUG placement.objects.research_context [req-59b79c57-b33f-463e-9828-9a9e2aa9848a req-c8ec58aa-ddc3-4437-a1ea-c60046e2363d service placement] getting providers with 1 VCPU {{(pid=92943) __init__ /opt/stack/placement/placement/objects/research_context.py:126}}
Jun 10 01:13:23.548406 n-d-694802-11 devstack@placement-api.service[92943]: DEBUG placement.objects.research_context [req-59b79c57-b33f-463e-9828-9a9e2aa9848a req-c8ec58aa-ddc3-4437-a1ea-c60046e2363d service placement] found 2 providers with available 1 DISK_GB {{(pid=92943) get_provider_ids_matching /opt/stack/placement/placement/objects/research_context.py:549}}
Jun 10 01:13:23.548910 n-d-694802-11 devstack@placement-api.service[92943]: DEBUG placement.objects.research_context [req-59b79c57-b33f-463e-9828-9a9e2aa9848a req-c8ec58aa-ddc3-4437-a1ea-c60046e2363d service placement] found 2 providers with available 1024 MEMORY_MB {{(pid=92943) get_provider_ids_matching /opt/stack/placement/placement/objects/research_context.py:549}}
Jun 10 01:13:23.549369 n-d-694802-11 devstack@placement-api.service[92943]: DEBUG placement.objects.research_context [req-59b79c57-b33f-463e-9828-9a9e2aa9848a req-c8ec58aa-ddc3-4437-a1ea-c60046e2363d service placement] found 2 providers after filtering by previous result {{(pid=92943) get_provider_ids_matching /opt/stack/placement/placement/objects/research_context.py:580}}
Jun 10 01:13:23.549793 n-d-694802-11 devstack@placement-api.service[92943]: DEBUG placement.objects.research_context [req-59b79c57-b33f-463e-9828-9a9e2aa9848a req-c8ec58aa-ddc3-4437-a1ea-c60046e2363d service placement] found 2 providers with available 1 VCPU {{(pid=92943) get_provider_ids_matching /opt/stack/placement/placement/objects/research_context.py:549}}
Jun 10 01:13:23.550212 n-d-694802-11 devstack@placement-api.service[92943]: DEBUG placement.objects.research_context [req-59b79c57-b33f-463e-9828-9a9e2aa9848a req-c8ec58aa-ddc3-4437-a1ea-c60046e2363d service placement] found 2 providers after filtering by previous result {{(pid=92943) get_provider_ids_matching /opt/stack/placement/placement/objects/research_context.py:580}}
Jun 10 01:13:23.575081 n-d-694802-11 devstack@placement-api.service[92943]: DEBUG placement.objects.allocation_candidate [req-59b79c57-b33f-463e-9828-9a9e2aa9848a req-c8ec58aa-ddc3-4437-a1ea-c60046e2363d service placement] RequestGroup(use_same_provider=False, resources={DISK_GB:1, MEMORY_MB:1024, VCPU:1}, traits=[], aggregates=[]) (suffix '') returned 2 matches {{(pid=92943) _get_by_requests /opt/stack/placement/placement/objects/allocation_candidate.py:145}}
Jun 10 01:13:23.575764 n-d-694802-11 devstack@placement-api.service[92943]: DEBUG placement.objects.allocation_candidate [req-59b79c57-b33f-463e-9828-9a9e2aa9848a req-c8ec58aa-ddc3-4437-a1ea-c60046e2363d service placement] Merging candidates yields 2 allocation requests and 2 provider summaries {{(pid=92943) _merge_candidates /opt/stack/placement/placement/objects/allocation_candidate.py:783}}
Jun 10 01:13:23.577471 n-d-694802-11 devstack@placement-api.service[92943]: INFO placement.requestlog [req-59b79c57-b33f-463e-9828-9a9e2aa9848a req-c8ec58aa-ddc3-4437-a1ea-c60046e2363d service placement] 10.222.0.64 "GET /placement/allocation_candidates?limit=1000&resources=DISK_GB%3A1%2CMEMORY_MB%3A1024%2CVCPU%3A1&root_required=%21COMPUTE_STATUS_DISABLED" status: 200 len: 1309 microversion: 1.35
Jun 10 01:13:23.583103 n-d-694802-11 devstack@placement-api.service[92943]: [pid: 92943|app: 0|req: 394/789] 10.222.0.64 () {60 vars in 1506 bytes} [Thu Jun 10 01:13:23 2021] GET /placement/allocation_candidates?limit=1000&resources=DISK_GB%3A1%2CMEMORY_MB%3A1024%2CVCPU%3A1&root_required=%21COMPUTE_STATUS_DISABLED => generated 1309 bytes in 128 msecs (HTTP/1.1 200) 8 headers in 297 bytes (1 switches on core 0)
Jun 10 01:13:23.686004 n-d-694802-11 devstack@placement-api.service[92942]: DEBUG placement.requestlog [req-59b79c57-b33f-463e-9828-9a9e2aa9848a req-0efe6298-ea70-4460-a8c6-c8e3b9c90f40 None None] Starting request: 10.222.0.64 "GET /placement/allocations/71845322-1832-45da-a62f-a082296e5791" {{(pid=92942) __call__ /opt/stack/placement/placement/requestlog.py:55}}
Jun 10 01:13:23.710007 n-d-694802-11 devstack@placement-api.service[92942]: INFO placement.requestlog [req-59b79c57-b33f-463e-9828-9a9e2aa9848a req-0efe6298-ea70-4460-a8c6-c8e3b9c90f40 service placement] 10.222.0.64 "GET /placement/allocations/71845322-1832-45da-a62f-a082296e5791" status: 200 len: 19 microversion: 1.28
Jun 10 01:13:23.710594 n-d-694802-11 devstack@placement-api.service[92942]: [pid: 92942|app: 0|req: 396/790] 10.222.0.64 () {60 vars in 1380 bytes} [Thu Jun 10 01:13:23 2021] GET /placement/allocations/71845322-1832-45da-a62f-a082296e5791 => generated 19 bytes in 25 msecs (HTTP/1.1 200) 8 headers in 295 bytes (1 switches on core 0)
Jun 10 01:13:23.716482 n-d-694802-11 devstack@placement-api.service[92943]: DEBUG placement.requestlog [req-59b79c57-b33f-463e-9828-9a9e2aa9848a req-019a46ce-8d9a-4b5e-bd3b-76429d856852 None None] Starting request: 10.222.0.64 "PUT /placement/allocations/71845322-1832-45da-a62f-a082296e5791" {{(pid=92943) __call__ /opt/stack/placement/placement/requestlog.py:55}}
Jun 10 01:13:23.797587 n-d-694802-11 devstack@placement-api.service[92943]: DEBUG placement.handlers.allocation [req-59b79c57-b33f-463e-9828-9a9e2aa9848a req-019a46ce-8d9a-4b5e-bd3b-76429d856852 service placement] Successfully wrote allocations [, , ] {{(pid=92943) _create_allocations /opt/stack/placement/placement/handlers/allocation.py:435}}
Jun 10 01:13:23.798597 n-d-694802-11 devstack@placement-api.service[92943]: INFO placement.requestlog [req-59b79c57-b33f-463e-9828-9a9e2aa9848a req-019a46ce-8d9a-4b5e-bd3b-76429d856852 service placement] 10.222.0.64 "PUT /placement/allocations/71845322-1832-45da-a62f-a082296e5791" status: 204 len: 0 microversion: 1.35
Jun 10 01:13:23.799104 n-d-694802-11 devstack@placement-api.service[92943]: [pid: 92943|app: 0|req: 395/791] 10.222.0.64 () {64 vars in 1433 bytes} [Thu Jun 10 01:13:23 2021] PUT /placement/allocations/71845322-1832-45da-a62f-a082296e5791 => generated 0 bytes in 83 msecs (HTTP/1.1 204) 5 headers in 199 bytes (1 switches on core 0)
Jun 10 01:13:24.319896 n-d-694802-11 devstack@placement-api.service[92942]: DEBUG placement.requestlog [req-59b79c57-b33f-463e-9828-9a9e2aa9848a req-a4b1299a-e859-4e5d-bf25-bc388416e7cb None None] Starting request: 10.222.0.61 "GET /placement/allocations/71845322-1832-45da-a62f-a082296e5791" {{(pid=92942) __call__ /opt/stack/placement/placement/requestlog.py:55}}
Jun 10 01:13:24.336530 n-d-694802-11 devstack@placement-api.service[92942]: INFO placement.requestlog [req-59b79c57-b33f-463e-9828-9a9e2aa9848a req-a4b1299a-e859-4e5d-bf25-bc388416e7cb service placement] 10.222.0.61 "GET /placement/allocations/71845322-1832-45da-a62f-a082296e5791" status: 200 len: 260 microversion: 1.28
Jun 10 01:13:24.337260 n-d-694802-11 devstack@placement-api.service[92942]: [pid: 92942|app: 0|req: 397/792] 10.222.0.61 () {60 vars in 1378 bytes} [Thu Jun 10 01:13:24 2021] GET /placement/allocations/71845322-1832-45da-a62f-a082296e5791 => generated 260 bytes in 18 msecs (HTTP/1.1 200) 8 headers in 296 bytes (1 switches on core 0)
Jun 10 01:13:26.760162 n-d-694802-11 devstack@placement-api.service[92943]: DEBUG placement.requestlog [req-7b52a8b7-9b1e-4930-b392-4217de24ee92 req-546df023-100c-4a76-b4d7-2fcc19532886 None None] Starting request: 10.222.0.61 "GET /placement/allocations/fa2125a1-7a5b-4a6d-a865-7f10e084b8c2" {{(pid=92943) __call__ /opt/stack/placement/placement/requestlog.py:55}}
Jun 10 01:13:26.785212 n-d-694802-11 devstack@placement-api.service[92943]: INFO placement.requestlog [req-7b52a8b7-9b1e-4930-b392-4217de24ee92 req-546df023-100c-4a76-b4d7-2fcc19532886 service placement] 10.222.0.61 "GET /placement/allocations/fa2125a1-7a5b-4a6d-a865-7f10e084b8c2" status: 200 len: 260 microversion: 1.28
Jun 10 01:13:26.787398 n-d-694802-11 devstack@placement-api.service[92943]: [pid: 92943|app: 0|req: 396/793] 10.222.0.61 () {60 vars in 1378 bytes} [Thu Jun 10 01:13:26 2021] GET /placement/allocations/fa2125a1-7a5b-4a6d-a865-7f10e084b8c2 => generated 260 bytes in 26 msecs (HTTP/1.1 200) 8 headers in 296 bytes (1 switches on core 0)
Jun 10 01:13:26.794753 n-d-694802-11 devstack@placement-api.service[92942]: DEBUG placement.requestlog [req-7b52a8b7-9b1e-4930-b392-4217de24ee92 req-b4b9664d-3d4a-4d94-b699-49bf9079c474 None None] Starting request: 10.222.0.61 "PUT /placement/allocations/fa2125a1-7a5b-4a6d-a865-7f10e084b8c2" {{(pid=92942) __call__ /opt/stack/placement/placement/requestlog.py:55}}
Jun 10 01:13:26.877957 n-d-694802-11 devstack@placement-api.service[92942]: DEBUG placement.handlers.allocation [req-7b52a8b7-9b1e-4930-b392-4217de24ee92 req-b4b9664d-3d4a-4d94-b699-49bf9079c474 service placement] Successfully wrote allocations [, , ] {{(pid=92942) _create_allocations /opt/stack/placement/placement/handlers/allocation.py:435}}
Jun 10 01:13:26.879193 n-d-694802-11 devstack@placement-api.service[92942]: INFO placement.requestlog [req-7b52a8b7-9b1e-4930-b392-4217de24ee92 req-b4b9664d-3d4a-4d94-b699-49bf9079c474 service placement] 10.222.0.61 "PUT /placement/allocations/fa2125a1-7a5b-4a6d-a865-7f10e084b8c2" status: 204 len: 0 microversion: 1.28
Jun 10 01:13:26.880030 n-d-694802-11 devstack@placement-api.service[92942]: [pid: 92942|app: 0|req: 398/794] 10.222.0.61 () {64 vars in 1431 bytes} [Thu Jun 10 01:13:26 2021] PUT /placement/allocations/fa2125a1-7a5b-4a6d-a865-7f10e084b8c2 => generated 0 bytes in 85 msecs (HTTP/1.1 204) 5 headers in 199 bytes (1 switches on core 0)
Jun 10 01:13:29.648298 n-d-694802-11 devstack@placement-api.service[92943]: DEBUG placement.requestlog [req-41499e18-97cd-43db-9778-d615115ab3c2 req-117ad2ea-a589-424f-9541-a40980df6686 None None] Starting request: 10.222.0.63 "GET /placement/allocations/3125012e-1e37-45e7-9862-96c6061cf45f" {{(pid=92943) __call__ /opt/stack/placement/placement/requestlog.py:55}}
Jun 10 01:13:29.666132 n-d-694802-11 devstack@placement-api.service[92943]: INFO placement.requestlog [req-41499e18-97cd-43db-9778-d615115ab3c2 req-117ad2ea-a589-424f-9541-a40980df6686 service placement] 10.222.0.63 "GET /placement/allocations/3125012e-1e37-45e7-9862-96c6061cf45f" status: 200 len: 260 microversion: 1.28
Jun 10 01:13:29.667259 n-d-694802-11 devstack@placement-api.service[92943]: [pid: 92943|app: 0|req: 397/795] 10.222.0.63 () {60 vars in 1378 bytes} [Thu Jun 10 01:13:29 2021] GET /placement/allocations/3125012e-1e37-45e7-9862-96c6061cf45f => generated 260 bytes in 19 msecs (HTTP/1.1 200) 8 headers in 296 bytes (2 switches on core 0)
Jun 10 01:13:29.675978 n-d-694802-11 devstack@placement-api.service[92942]: DEBUG placement.requestlog [req-41499e18-97cd-43db-9778-d615115ab3c2 req-605d6947-229e-4c98-bbcd-e0a8b20a5b73 None None] Starting request: 10.222.0.63 "PUT /placement/allocations/3125012e-1e37-45e7-9862-96c6061cf45f" {{(pid=92942) __call__ /opt/stack/placement/placement/requestlog.py:55}}
Jun 10 01:13:29.739295 n-d-694802-11 devstack@placement-api.service[92942]: DEBUG placement.handlers.allocation [req-41499e18-97cd-43db-9778-d615115ab3c2 req-605d6947-229e-4c98-bbcd-e0a8b20a5b73 service placement] Successfully wrote allocations [, , ] {{(pid=92942) _create_allocations /opt/stack/placement/placement/handlers/allocation.py:435}}
Jun 10 01:13:29.740181 n-d-694802-11 devstack@placement-api.service[92942]: INFO placement.requestlog [req-41499e18-97cd-43db-9778-d615115ab3c2 req-605d6947-229e-4c98-bbcd-e0a8b20a5b73 service placement] 10.222.0.63 "PUT /placement/allocations/3125012e-1e37-45e7-9862-96c6061cf45f" status: 204 len: 0 microversion: 1.28
Jun 10 01:13:29.741710 n-d-694802-11 devstack@placement-api.service[92942]: [pid: 92942|app: 0|req: 399/796] 10.222.0.63 () {64 vars in 1431 bytes} [Thu Jun 10 01:13:29 2021] PUT /placement/allocations/3125012e-1e37-45e7-9862-96c6061cf45f => generated 0 bytes in 66 msecs (HTTP/1.1 204) 5 headers in 199 bytes (2 switches on core 0)
Jun 10 01:13:41.651978 n-d-694802-11 devstack@placement-api.service[92943]: DEBUG placement.requestlog [req-19d4a15e-4f93-4b25-b753-78f1e8c22d78 req-177ac632-a23f-4666-9073-f6e7f849eb20 None None] Starting request: 10.222.0.63 "GET /placement/resource_providers/d24da23f-b989-4ef0-b1e0-8d4826803e66/allocations" {{(pid=92943) __call__ /opt/stack/placement/placement/requestlog.py:55}}
Jun 10 01:13:41.835238 n-d-694802-11 devstack@placement-api.service[92943]: INFO placement.requestlog [req-19d4a15e-4f93-4b25-b753-78f1e8c22d78 req-177ac632-a23f-4666-9073-f6e7f849eb20 service placement] 10.222.0.63 "GET /placement/resource_providers/d24da23f-b989-4ef0-b1e0-8d4826803e66/allocations" status: 200 len: 444 microversion: 1.0
Jun 10 01:13:41.836093 n-d-694802-11 devstack@placement-api.service[92943]: [pid: 92943|app: 0|req: 398/797] 10.222.0.63 () {58 vars in 1391 bytes} [Thu Jun 10 01:13:41 2021] GET /placement/resource_providers/d24da23f-b989-4ef0-b1e0-8d4826803e66/allocations => generated 444 bytes in 184 msecs (HTTP/1.1 200) 6 headers in 224 bytes (1 switches on core 0)
Jun 10 01:13:41.882484 n-d-694802-11 devstack@placement-api.service[92942]: DEBUG placement.requestlog [req-19d4a15e-4f93-4b25-b753-78f1e8c22d78 req-30fec19a-e97b-46f5-a8fa-ffc8873c3c84 None None] Starting request: 10.222.0.63 "GET /placement/resource_providers?in_tree=d24da23f-b989-4ef0-b1e0-8d4826803e66" {{(pid=92942) __call__ /opt/stack/placement/placement/requestlog.py:55}}
Jun 10 01:13:41.910968 n-d-694802-11 devstack@placement-api.service[92942]: INFO placement.requestlog [req-19d4a15e-4f93-4b25-b753-78f1e8c22d78 req-30fec19a-e97b-46f5-a8fa-ffc8873c3c84 service placement] 10.222.0.63 "GET /placement/resource_providers?in_tree=d24da23f-b989-4ef0-b1e0-8d4826803e66" status: 200 len: 865 microversion: 1.14
Jun 10 01:13:41.911516 n-d-694802-11 devstack@placement-api.service[92942]: [pid: 92942|app: 0|req: 400/798] 10.222.0.63 () {60 vars in 1377 bytes} [Thu Jun 10 01:13:41 2021] GET /placement/resource_providers?in_tree=d24da23f-b989-4ef0-b1e0-8d4826803e66 => generated 865 bytes in 30 msecs (HTTP/1.1 200) 6 headers in 225 bytes (1 switches on core 0)
Jun 10 01:13:41.918854 n-d-694802-11 devstack@placement-api.service[92943]: DEBUG placement.requestlog [req-19d4a15e-4f93-4b25-b753-78f1e8c22d78 req-236d80d8-7c8e-491b-b4b6-ba5d0c4f8c93 None None] Starting request: 10.222.0.63 "GET /placement/resource_providers/d24da23f-b989-4ef0-b1e0-8d4826803e66/inventories" {{(pid=92943) __call__ /opt/stack/placement/placement/requestlog.py:55}}
Jun 10 01:13:41.962222 n-d-694802-11 devstack@placement-api.service[92943]: INFO placement.requestlog [req-19d4a15e-4f93-4b25-b753-78f1e8c22d78 req-236d80d8-7c8e-491b-b4b6-ba5d0c4f8c93 service placement] 10.222.0.63 "GET /placement/resource_providers/d24da23f-b989-4ef0-b1e0-8d4826803e66/inventories" status: 200 len: 399 microversion: 1.0
Jun 10 01:13:41.963076 n-d-694802-11 devstack@placement-api.service[92943]: [pid: 92943|app: 0|req: 399/799] 10.222.0.63 () {58 vars in 1391 bytes} [Thu Jun 10 01:13:41 2021] GET /placement/resource_providers/d24da23f-b989-4ef0-b1e0-8d4826803e66/inventories => generated 399 bytes in 44 msecs (HTTP/1.1 200) 6 headers in 224 bytes (2 switches on core 0)
Jun 10 01:13:41.970931 n-d-694802-11 devstack@placement-api.service[92942]: DEBUG placement.requestlog [req-19d4a15e-4f93-4b25-b753-78f1e8c22d78 req-a326915d-8a02-40ad-8de5-c2842a775ac1 None None] Starting request: 10.222.0.63 "GET /placement/resource_providers/d24da23f-b989-4ef0-b1e0-8d4826803e66/aggregates" {{(pid=92942) __call__ /opt/stack/placement/placement/requestlog.py:55}}
Jun 10 01:13:41.988501 n-d-694802-11 devstack@placement-api.service[92942]: INFO placement.requestlog [req-19d4a15e-4f93-4b25-b753-78f1e8c22d78 req-a326915d-8a02-40ad-8de5-c2842a775ac1 service placement] 10.222.0.63 "GET /placement/resource_providers/d24da23f-b989-4ef0-b1e0-8d4826803e66/aggregates" status: 200 len: 55 microversion: 1.19
Jun 10 01:13:41.989257 n-d-694802-11 devstack@placement-api.service[92942]: [pid: 92942|app: 0|req: 401/800] 10.222.0.63 () {60 vars in 1432 bytes} [Thu Jun 10 01:13:41 2021] GET /placement/resource_providers/d24da23f-b989-4ef0-b1e0-8d4826803e66/aggregates => generated 55 bytes in 18 msecs (HTTP/1.1 200) 8 headers in 295 bytes (1 switches on core 0)
Jun 10 01:13:41.997908 n-d-694802-11 devstack@placement-api.service[92943]: DEBUG placement.requestlog [req-19d4a15e-4f93-4b25-b753-78f1e8c22d78 req-2565910d-d8c6-488c-8b1d-3f7cd7e4194c None None] Starting request: 10.222.0.63 "GET /placement/resource_providers/d24da23f-b989-4ef0-b1e0-8d4826803e66/traits" {{(pid=92943) __call__ /opt/stack/placement/placement/requestlog.py:55}}
Jun 10 01:13:42.029776 n-d-694802-11 devstack@placement-api.service[92943]: INFO placement.requestlog [req-19d4a15e-4f93-4b25-b753-78f1e8c22d78 req-2565910d-d8c6-488c-8b1d-3f7cd7e4194c service placement] 10.222.0.63 "GET /placement/resource_providers/d24da23f-b989-4ef0-b1e0-8d4826803e66/traits" status: 200 len: 213 microversion: 1.6
Jun 10 01:13:42.031177 n-d-694802-11 devstack@placement-api.service[92943]: [pid: 92943|app: 0|req: 400/801] 10.222.0.63 () {60 vars in 1419 bytes} [Thu Jun 10 01:13:41 2021] GET /placement/resource_providers/d24da23f-b989-4ef0-b1e0-8d4826803e66/traits => generated 213 bytes in 34 msecs (HTTP/1.1 200) 6 headers in 224 bytes (2 switches on core 0)
Jun 10 01:13:43.137466 n-d-694802-11 devstack@placement-api.service[92942]: DEBUG placement.requestlog [req-f4f534fa-5e21-40e7-b0a8-fa2df68a0420 req-57d7d6a7-6cf5-4dae-a582-a82daeb9e22b None None] Starting request: 10.222.0.61 "GET /placement/resource_providers/dea52b83-e274-4c1f-8c0f-7473181a2e54/allocations" {{(pid=92942) __call__ /opt/stack/placement/placement/requestlog.py:55}}
Jun 10 01:13:43.252165 n-d-694802-11 devstack@placement-api.service[92942]: INFO placement.requestlog [req-f4f534fa-5e21-40e7-b0a8-fa2df68a0420 req-57d7d6a7-6cf5-4dae-a582-a82daeb9e22b service placement] 10.222.0.61 "GET /placement/resource_providers/dea52b83-e274-4c1f-8c0f-7473181a2e54/allocations" status: 200 len: 559 microversion: 1.0
Jun 10 01:13:43.252844 n-d-694802-11 devstack@placement-api.service[92942]: [pid: 92942|app: 0|req: 402/802] 10.222.0.61 () {58 vars in 1391 bytes} [Thu Jun 10 01:13:43 2021] GET /placement/resource_providers/dea52b83-e274-4c1f-8c0f-7473181a2e54/allocations => generated 559 bytes in 116 msecs (HTTP/1.1 200) 6 headers in 224 bytes (1 switches on core 0)
Jun 10 01:13:43.318504 n-d-694802-11 devstack@placement-api.service[92943]: DEBUG placement.requestlog [req-f4f534fa-5e21-40e7-b0a8-fa2df68a0420 req-9ca24bb0-9e1f-4a0d-a823-887ca73f4297 None None] Starting request: 10.222.0.61 "GET /placement/resource_providers?in_tree=dea52b83-e274-4c1f-8c0f-7473181a2e54" {{(pid=92943) __call__ /opt/stack/placement/placement/requestlog.py:55}}
Jun 10 01:13:43.324728 n-d-694802-11 devstack@placement-api.service[92942]: DEBUG placement.requestlog [req-71dd8728-1fbb-4cb3-be9e-ce342c544e7c req-dd93fc3f-4d58-4e64-859b-236868119c71 None None] Starting request: 10.222.0.64 "GET /placement/allocation_candidates?limit=1000&resources=DISK_GB%3A1%2CMEMORY_MB%3A1024%2CVCPU%3A1&root_required=%21COMPUTE_STATUS_DISABLED" {{(pid=92942) __call__ /opt/stack/placement/placement/requestlog.py:55}}
Jun 10 01:13:43.374126 n-d-694802-11 devstack@placement-api.service[92943]: INFO placement.requestlog [req-f4f534fa-5e21-40e7-b0a8-fa2df68a0420 req-9ca24bb0-9e1f-4a0d-a823-887ca73f4297 service placement] 10.222.0.61 "GET /placement/resource_providers?in_tree=dea52b83-e274-4c1f-8c0f-7473181a2e54" status: 200 len: 865 microversion: 1.14
Jun 10 01:13:43.374639 n-d-694802-11 devstack@placement-api.service[92943]: [pid: 92943|app: 0|req: 401/803] 10.222.0.61 () {60 vars in 1377 bytes} [Thu Jun 10 01:13:43 2021] GET /placement/resource_providers?in_tree=dea52b83-e274-4c1f-8c0f-7473181a2e54 => generated 865 bytes in 56 msecs (HTTP/1.1 200) 6 headers in 225 bytes (1 switches on core 0)
Jun 10 01:13:43.383196 n-d-694802-11 devstack@placement-api.service[92943]: DEBUG placement.requestlog [req-f4f534fa-5e21-40e7-b0a8-fa2df68a0420 req-7f40facc-2e59-4116-83d8-e3967f8e6b60 None None] Starting request: 10.222.0.61 "GET /placement/resource_providers/dea52b83-e274-4c1f-8c0f-7473181a2e54/inventories" {{(pid=92943) __call__ /opt/stack/placement/placement/requestlog.py:55}}
Jun 10 01:13:43.443575 n-d-694802-11 devstack@placement-api.service[92942]: DEBUG placement.objects.research_context [req-71dd8728-1fbb-4cb3-be9e-ce342c544e7c req-dd93fc3f-4d58-4e64-859b-236868119c71 service placement] getting providers with 1 DISK_GB {{(pid=92942) __init__ /opt/stack/placement/placement/objects/research_context.py:126}}
Jun 10 01:13:43.452972 n-d-694802-11 devstack@placement-api.service[92943]: INFO placement.requestlog [req-f4f534fa-5e21-40e7-b0a8-fa2df68a0420 req-7f40facc-2e59-4116-83d8-e3967f8e6b60 service placement] 10.222.0.61 "GET /placement/resource_providers/dea52b83-e274-4c1f-8c0f-7473181a2e54/inventories" status: 200 len: 399 microversion: 1.0
Jun 10 01:13:43.457277 n-d-694802-11 devstack@placement-api.service[92943]: [pid: 92943|app: 0|req: 402/804] 10.222.0.61 () {58 vars in 1391 bytes} [Thu Jun 10 01:13:43 2021] GET /placement/resource_providers/dea52b83-e274-4c1f-8c0f-7473181a2e54/inventories => generated 399 bytes in 75 msecs (HTTP/1.1 200) 6 headers in 224 bytes (2 switches on core 0)
Jun 10 01:13:43.464281 n-d-694802-11 devstack@placement-api.service[92942]: DEBUG placement.objects.research_context [req-71dd8728-1fbb-4cb3-be9e-ce342c544e7c req-dd93fc3f-4d58-4e64-859b-236868119c71 service placement] getting providers with 1024 MEMORY_MB {{(pid=92942) __init__ /opt/stack/placement/placement/objects/research_context.py:126}}
Jun 10 01:13:43.465856 n-d-694802-11 devstack@placement-api.service[92943]: DEBUG placement.requestlog [req-f4f534fa-5e21-40e7-b0a8-fa2df68a0420 req-6909c867-13ed-4d29-9d36-462ac533b599 None None] Starting request: 10.222.0.61 "GET /placement/resource_providers/dea52b83-e274-4c1f-8c0f-7473181a2e54/aggregates" {{(pid=92943) __call__ /opt/stack/placement/placement/requestlog.py:55}}
Jun 10 01:13:43.494028 n-d-694802-11 devstack@placement-api.service[92942]: DEBUG placement.objects.research_context [req-71dd8728-1fbb-4cb3-be9e-ce342c544e7c req-dd93fc3f-4d58-4e64-859b-236868119c71 service placement] getting providers with 1 VCPU {{(pid=92942) __init__ /opt/stack/placement/placement/objects/research_context.py:126}}
Jun 10 01:13:43.522620 n-d-694802-11 devstack@placement-api.service[92943]: INFO placement.requestlog [req-f4f534fa-5e21-40e7-b0a8-fa2df68a0420 req-6909c867-13ed-4d29-9d36-462ac533b599 service placement] 10.222.0.61 "GET /placement/resource_providers/dea52b83-e274-4c1f-8c0f-7473181a2e54/aggregates" status: 200 len: 55 microversion: 1.19
Jun 10 01:13:43.524586 n-d-694802-11 devstack@placement-api.service[92943]: [pid: 92943|app: 0|req: 403/805] 10.222.0.61 () {60 vars in 1432 bytes} [Thu Jun 10 01:13:43 2021] GET /placement/resource_providers/dea52b83-e274-4c1f-8c0f-7473181a2e54/aggregates => generated 55 bytes in 59 msecs (HTTP/1.1 200) 8 headers in 295 bytes (1 switches on core 0)
Jun 10 01:13:43.527451 n-d-694802-11 devstack@placement-api.service[92942]: DEBUG placement.objects.research_context [req-71dd8728-1fbb-4cb3-be9e-ce342c544e7c req-dd93fc3f-4d58-4e64-859b-236868119c71 service placement] found 2 providers with available 1 DISK_GB {{(pid=92942) get_provider_ids_matching /opt/stack/placement/placement/objects/research_context.py:549}}
Jun 10 01:13:43.527902 n-d-694802-11 devstack@placement-api.service[92942]: DEBUG placement.objects.research_context [req-71dd8728-1fbb-4cb3-be9e-ce342c544e7c req-dd93fc3f-4d58-4e64-859b-236868119c71 service placement] found 2 providers with available 1024 MEMORY_MB {{(pid=92942) get_provider_ids_matching /opt/stack/placement/placement/objects/research_context.py:549}}
Jun 10 01:13:43.528351 n-d-694802-11 devstack@placement-api.service[92942]: DEBUG placement.objects.research_context [req-71dd8728-1fbb-4cb3-be9e-ce342c544e7c req-dd93fc3f-4d58-4e64-859b-236868119c71 service placement] found 2 providers after filtering by previous result {{(pid=92942) get_provider_ids_matching /opt/stack/placement/placement/objects/research_context.py:580}}
Jun 10 01:13:43.528793 n-d-694802-11 devstack@placement-api.service[92942]: DEBUG placement.objects.research_context [req-71dd8728-1fbb-4cb3-be9e-ce342c544e7c req-dd93fc3f-4d58-4e64-859b-236868119c71 service placement] found 2 providers with available 1 VCPU {{(pid=92942) get_provider_ids_matching /opt/stack/placement/placement/objects/research_context.py:549}}
Jun 10 01:13:43.529324 n-d-694802-11 devstack@placement-api.service[92942]: DEBUG placement.objects.research_context [req-71dd8728-1fbb-4cb3-be9e-ce342c544e7c req-dd93fc3f-4d58-4e64-859b-236868119c71 service placement] found 2 providers after filtering by previous result {{(pid=92942) get_provider_ids_matching /opt/stack/placement/placement/objects/research_context.py:580}}
Jun 10 01:13:43.532529 n-d-694802-11 devstack@placement-api.service[92943]: DEBUG placement.requestlog [req-f4f534fa-5e21-40e7-b0a8-fa2df68a0420 req-a6c14ef5-a1ce-40b7-8b99-1458bbd4b4ba None None] Starting request: 10.222.0.61 "GET /placement/resource_providers/dea52b83-e274-4c1f-8c0f-7473181a2e54/traits" {{(pid=92943) __call__ /opt/stack/placement/placement/requestlog.py:55}}
Jun 10 01:13:43.610541 n-d-694802-11 devstack@placement-api.service[92942]: DEBUG placement.objects.allocation_candidate [req-71dd8728-1fbb-4cb3-be9e-ce342c544e7c req-dd93fc3f-4d58-4e64-859b-236868119c71 service placement] RequestGroup(use_same_provider=False, resources={DISK_GB:1, MEMORY_MB:1024, VCPU:1}, traits=[], aggregates=[]) (suffix '') returned 2 matches {{(pid=92942) _get_by_requests /opt/stack/placement/placement/objects/allocation_candidate.py:145}}
Jun 10 01:13:43.615952 n-d-694802-11 devstack@placement-api.service[92942]: DEBUG placement.objects.allocation_candidate [req-71dd8728-1fbb-4cb3-be9e-ce342c544e7c req-dd93fc3f-4d58-4e64-859b-236868119c71 service placement] Merging candidates yields 2 allocation requests and 2 provider summaries {{(pid=92942) _merge_candidates /opt/stack/placement/placement/objects/allocation_candidate.py:783}}
Jun 10 01:13:43.617703 n-d-694802-11 devstack@placement-api.service[92942]: INFO placement.requestlog [req-71dd8728-1fbb-4cb3-be9e-ce342c544e7c req-dd93fc3f-4d58-4e64-859b-236868119c71 service placement] 10.222.0.64 "GET /placement/allocation_candidates?limit=1000&resources=DISK_GB%3A1%2CMEMORY_MB%3A1024%2CVCPU%3A1&root_required=%21COMPUTE_STATUS_DISABLED" status: 200 len: 1309 microversion: 1.35
Jun 10 01:13:43.618639 n-d-694802-11 devstack@placement-api.service[92942]: [pid: 92942|app: 0|req: 403/806] 10.222.0.64 () {60 vars in 1506 bytes} [Thu Jun 10 01:13:43 2021] GET /placement/allocation_candidates?limit=1000&resources=DISK_GB%3A1%2CMEMORY_MB%3A1024%2CVCPU%3A1&root_required=%21COMPUTE_STATUS_DISABLED => generated 1309 bytes in 294 msecs (HTTP/1.1 200) 8 headers in 297 bytes (2 switches on core 0)
Jun 10 01:13:43.636603 n-d-694802-11 devstack@placement-api.service[92943]: INFO placement.requestlog [req-f4f534fa-5e21-40e7-b0a8-fa2df68a0420 req-a6c14ef5-a1ce-40b7-8b99-1458bbd4b4ba service placement] 10.222.0.61 "GET /placement/resource_providers/dea52b83-e274-4c1f-8c0f-7473181a2e54/traits" status: 200 len: 213 microversion: 1.6
Jun 10 01:13:43.639646 n-d-694802-11 devstack@placement-api.service[92943]: [pid: 92943|app: 0|req: 404/807] 10.222.0.61 () {60 vars in 1419 bytes} [Thu Jun 10 01:13:43 2021] GET /placement/resource_providers/dea52b83-e274-4c1f-8c0f-7473181a2e54/traits => generated 213 bytes in 105 msecs (HTTP/1.1 200) 6 headers in 224 bytes (1 switches on core 0)
Jun 10 01:13:43.719723 n-d-694802-11 devstack@placement-api.service[92942]: DEBUG placement.requestlog [req-71dd8728-1fbb-4cb3-be9e-ce342c544e7c req-1819ffd5-decc-49c7-b67f-7db0cd914449 None None] Starting request: 10.222.0.64 "GET /placement/allocations/14158a03-34e5-4822-8587-c8828ac4cf4d" {{(pid=92942) __call__ /opt/stack/placement/placement/requestlog.py:55}}
Jun 10 01:13:43.741651 n-d-694802-11 devstack@placement-api.service[92942]: INFO placement.requestlog [req-71dd8728-1fbb-4cb3-be9e-ce342c544e7c req-1819ffd5-decc-49c7-b67f-7db0cd914449 service placement] 10.222.0.64 "GET /placement/allocations/14158a03-34e5-4822-8587-c8828ac4cf4d" status: 200 len: 19 microversion: 1.28
Jun 10 01:13:43.743345 n-d-694802-11 devstack@placement-api.service[92942]: [pid: 92942|app: 0|req: 404/808] 10.222.0.64 () {60 vars in 1380 bytes} [Thu Jun 10 01:13:43 2021] GET /placement/allocations/14158a03-34e5-4822-8587-c8828ac4cf4d => generated 19 bytes in 24 msecs (HTTP/1.1 200) 8 headers in 295 bytes (2 switches on core 0)
Jun 10 01:13:43.748104 n-d-694802-11 devstack@placement-api.service[92943]: DEBUG placement.requestlog [req-71dd8728-1fbb-4cb3-be9e-ce342c544e7c req-20ce815f-b43b-45bd-95ee-e079505a73be None None] Starting request: 10.222.0.64 "PUT /placement/allocations/14158a03-34e5-4822-8587-c8828ac4cf4d" {{(pid=92943) __call__ /opt/stack/placement/placement/requestlog.py:55}}
Jun 10 01:13:43.853793 n-d-694802-11 devstack@placement-api.service[92943]: DEBUG placement.handlers.allocation [req-71dd8728-1fbb-4cb3-be9e-ce342c544e7c req-20ce815f-b43b-45bd-95ee-e079505a73be service placement] Successfully wrote allocations [, , ] {{(pid=92943) _create_allocations /opt/stack/placement/placement/handlers/allocation.py:435}}
Jun 10 01:13:43.854565 n-d-694802-11 devstack@placement-api.service[92943]: INFO placement.requestlog [req-71dd8728-1fbb-4cb3-be9e-ce342c544e7c req-20ce815f-b43b-45bd-95ee-e079505a73be service placement] 10.222.0.64 "PUT /placement/allocations/14158a03-34e5-4822-8587-c8828ac4cf4d" status: 204 len: 0 microversion: 1.35
Jun 10 01:13:43.855076 n-d-694802-11 devstack@placement-api.service[92943]: [pid: 92943|app: 0|req: 405/809] 10.222.0.64 () {64 vars in 1433 bytes} [Thu Jun 10 01:13:43 2021] PUT /placement/allocations/14158a03-34e5-4822-8587-c8828ac4cf4d => generated 0 bytes in 107 msecs (HTTP/1.1 204) 5 headers in 199 bytes (1 switches on core 0)
Jun 10 01:13:44.221175 n-d-694802-11 devstack@placement-api.service[92942]: DEBUG placement.requestlog [req-71dd8728-1fbb-4cb3-be9e-ce342c544e7c req-2bcb073d-a60e-40c9-9a7e-f32d8e1fa39a None None] Starting request: 10.222.0.63 "GET /placement/allocations/14158a03-34e5-4822-8587-c8828ac4cf4d" {{(pid=92942) __call__ /opt/stack/placement/placement/requestlog.py:55}}
Jun 10 01:13:44.239750 n-d-694802-11 devstack@placement-api.service[92942]: INFO placement.requestlog [req-71dd8728-1fbb-4cb3-be9e-ce342c544e7c req-2bcb073d-a60e-40c9-9a7e-f32d8e1fa39a service placement] 10.222.0.63 "GET /placement/allocations/14158a03-34e5-4822-8587-c8828ac4cf4d" status: 200 len: 260 microversion: 1.28
Jun 10 01:13:44.240420 n-d-694802-11 devstack@placement-api.service[92942]: [pid: 92942|app: 0|req: 405/810] 10.222.0.63 () {60 vars in 1378 bytes} [Thu Jun 10 01:13:44 2021] GET /placement/allocations/14158a03-34e5-4822-8587-c8828ac4cf4d => generated 260 bytes in 19 msecs (HTTP/1.1 200) 8 headers in 296 bytes (1 switches on core 0)
Jun 10 01:13:49.361961 n-d-694802-11 devstack@placement-api.service[92943]: DEBUG placement.requestlog [req-ed88c868-cdaf-423f-b8e8-3856a6a580ac req-2d02a7dd-3b97-406b-abe2-d94bec518085 None None] Starting request: 10.222.0.63 "GET /placement/allocations/97ac924a-ee1a-40ed-8511-ae96b3638b02" {{(pid=92943) __call__ /opt/stack/placement/placement/requestlog.py:55}}
Jun 10 01:13:49.396475 n-d-694802-11 devstack@placement-api.service[92943]: INFO placement.requestlog [req-ed88c868-cdaf-423f-b8e8-3856a6a580ac req-2d02a7dd-3b97-406b-abe2-d94bec518085 service placement] 10.222.0.63 "GET /placement/allocations/97ac924a-ee1a-40ed-8511-ae96b3638b02" status: 200 len: 260 microversion: 1.28
Jun 10 01:13:49.397601 n-d-694802-11 devstack@placement-api.service[92943]: [pid: 92943|app: 0|req: 406/811] 10.222.0.63 () {60 vars in 1378 bytes} [Thu Jun 10 01:13:49 2021] GET /placement/allocations/97ac924a-ee1a-40ed-8511-ae96b3638b02 => generated 260 bytes in 35 msecs (HTTP/1.1 200) 8 headers in 296 bytes (1 switches on core 0)
Jun 10 01:13:49.404527 n-d-694802-11 devstack@placement-api.service[92942]: DEBUG placement.requestlog [req-ed88c868-cdaf-423f-b8e8-3856a6a580ac req-7c4d741f-85fd-4a7d-a4ae-810f1e419cea None None] Starting request: 10.222.0.63 "PUT /placement/allocations/97ac924a-ee1a-40ed-8511-ae96b3638b02" {{(pid=92942) __call__ /opt/stack/placement/placement/requestlog.py:55}}
Jun 10 01:13:49.461859 n-d-694802-11 devstack@placement-api.service[92942]: DEBUG placement.handlers.allocation [req-ed88c868-cdaf-423f-b8e8-3856a6a580ac req-7c4d741f-85fd-4a7d-a4ae-810f1e419cea service placement] Successfully wrote allocations [, , ] {{(pid=92942) _create_allocations /opt/stack/placement/placement/handlers/allocation.py:435}}
Jun 10 01:13:49.462382 n-d-694802-11 devstack@placement-api.service[92942]: INFO placement.requestlog [req-ed88c868-cdaf-423f-b8e8-3856a6a580ac req-7c4d741f-85fd-4a7d-a4ae-810f1e419cea service placement] 10.222.0.63 "PUT /placement/allocations/97ac924a-ee1a-40ed-8511-ae96b3638b02" status: 204 len: 0 microversion: 1.28
Jun 10 01:13:49.462676 n-d-694802-11 devstack@placement-api.service[92942]: [pid: 92942|app: 0|req: 406/812] 10.222.0.63 () {64 vars in 1431 bytes} [Thu Jun 10 01:13:49 2021] PUT /placement/allocations/97ac924a-ee1a-40ed-8511-ae96b3638b02 => generated 0 bytes in 58 msecs (HTTP/1.1 204) 5 headers in 199 bytes (1 switches on core 0)
Jun 10 01:14:25.204692 n-d-694802-11 devstack@placement-api.service[92943]: DEBUG placement.requestlog [req-0c1171df-d723-4e0d-8945-ac142d5b98b6 req-fd7d69ad-681d-4dc0-a888-a14fbc1eb1db None None] Starting request: 10.222.0.61 "GET /placement/allocations/71845322-1832-45da-a62f-a082296e5791" {{(pid=92943) __call__ /opt/stack/placement/placement/requestlog.py:55}}
Jun 10 01:14:25.229650 n-d-694802-11 devstack@placement-api.service[92943]: INFO placement.requestlog [req-0c1171df-d723-4e0d-8945-ac142d5b98b6 req-fd7d69ad-681d-4dc0-a888-a14fbc1eb1db service placement] 10.222.0.61 "GET /placement/allocations/71845322-1832-45da-a62f-a082296e5791" status: 200 len: 260 microversion: 1.28
Jun 10 01:14:25.231333 n-d-694802-11 devstack@placement-api.service[92943]: [pid: 92943|app: 0|req: 407/813] 10.222.0.61 () {60 vars in 1378 bytes} [Thu Jun 10 01:14:25 2021] GET /placement/allocations/71845322-1832-45da-a62f-a082296e5791 => generated 260 bytes in 27 msecs (HTTP/1.1 200) 8 headers in 296 bytes (1 switches on core 0)
Jun 10 01:14:25.239211 n-d-694802-11 devstack@placement-api.service[92942]: DEBUG placement.requestlog [req-0c1171df-d723-4e0d-8945-ac142d5b98b6 req-c682e733-5add-4df3-8e0e-d734cad2c174 None None] Starting request: 10.222.0.61 "PUT /placement/allocations/71845322-1832-45da-a62f-a082296e5791" {{(pid=92942) __call__ /opt/stack/placement/placement/requestlog.py:55}}
Jun 10 01:14:25.361208 n-d-694802-11 devstack@placement-api.service[92942]: DEBUG placement.handlers.allocation [req-0c1171df-d723-4e0d-8945-ac142d5b98b6 req-c682e733-5add-4df3-8e0e-d734cad2c174 service placement] Successfully wrote allocations [, , ] {{(pid=92942) _create_allocations /opt/stack/placement/placement/handlers/allocation.py:435}}
Jun 10 01:14:25.361817 n-d-694802-11 devstack@placement-api.service[92942]: INFO placement.requestlog [req-0c1171df-d723-4e0d-8945-ac142d5b98b6 req-c682e733-5add-4df3-8e0e-d734cad2c174 service placement] 10.222.0.61 "PUT /placement/allocations/71845322-1832-45da-a62f-a082296e5791" status: 204 len: 0 microversion: 1.28
Jun 10 01:14:25.362113 n-d-694802-11 devstack@placement-api.service[92942]: [pid: 92942|app: 0|req: 407/814] 10.222.0.61 () {64 vars in 1431 bytes} [Thu Jun 10 01:14:25 2021] PUT /placement/allocations/71845322-1832-45da-a62f-a082296e5791 => generated 0 bytes in 123 msecs (HTTP/1.1 204) 5 headers in 199 bytes (1 switches on core 0)
Jun 10 01:14:42.025008 n-d-694802-11 devstack@placement-api.service[92943]: DEBUG placement.requestlog [req-8c7b842e-386d-4156-aa86-71d438189f8a req-1877f556-95dc-4d44-b1fb-52a850eb0d76 None None] Starting request: 10.222.0.61 "GET /placement/resource_providers/dea52b83-e274-4c1f-8c0f-7473181a2e54/allocations" {{(pid=92943) __call__ /opt/stack/placement/placement/requestlog.py:55}}
Jun 10 01:14:42.051867 n-d-694802-11 devstack@placement-api.service[92943]: INFO placement.requestlog [req-8c7b842e-386d-4156-aa86-71d438189f8a req-1877f556-95dc-4d44-b1fb-52a850eb0d76 service placement] 10.222.0.61 "GET /placement/resource_providers/dea52b83-e274-4c1f-8c0f-7473181a2e54/allocations" status: 200 len: 458 microversion: 1.0
Jun 10 01:14:42.054306 n-d-694802-11 devstack@placement-api.service[92943]: [pid: 92943|app: 0|req: 408/815] 10.222.0.61 () {58 vars in 1391 bytes} [Thu Jun 10 01:14:42 2021] GET /placement/resource_providers/dea52b83-e274-4c1f-8c0f-7473181a2e54/allocations => generated 458 bytes in 29 msecs (HTTP/1.1 200) 6 headers in 224 bytes (1 switches on core 0)
Jun 10 01:14:42.265827 n-d-694802-11 devstack@placement-api.service[92942]: DEBUG placement.requestlog [req-643c0c9f-8212-49c4-82ea-0f2a363a3f5b req-e4b61a89-6575-48af-b7ac-e329fd44850d None None] Starting request: 10.222.0.63 "GET /placement/allocations/14158a03-34e5-4822-8587-c8828ac4cf4d" {{(pid=92942) __call__ /opt/stack/placement/placement/requestlog.py:55}}
Jun 10 01:14:42.288428 n-d-694802-11 devstack@placement-api.service[92942]: INFO placement.requestlog [req-643c0c9f-8212-49c4-82ea-0f2a363a3f5b req-e4b61a89-6575-48af-b7ac-e329fd44850d service placement] 10.222.0.63 "GET /placement/allocations/14158a03-34e5-4822-8587-c8828ac4cf4d" status: 200 len: 260 microversion: 1.28
Jun 10 01:14:42.291636 n-d-694802-11 devstack@placement-api.service[92942]: [pid: 92942|app: 0|req: 408/816] 10.222.0.63 () {60 vars in 1378 bytes} [Thu Jun 10 01:14:42 2021] GET /placement/allocations/14158a03-34e5-4822-8587-c8828ac4cf4d => generated 260 bytes in 26 msecs (HTTP/1.1 200) 8 headers in 296 bytes (1 switches on core 0)
Jun 10 01:14:42.299128 n-d-694802-11 devstack@placement-api.service[92943]: DEBUG placement.requestlog [req-643c0c9f-8212-49c4-82ea-0f2a363a3f5b req-f23d6f72-c9fc-48e2-b053-d1afad584939 None None] Starting request: 10.222.0.63 "PUT /placement/allocations/14158a03-34e5-4822-8587-c8828ac4cf4d" {{(pid=92943) __call__ /opt/stack/placement/placement/requestlog.py:55}}
Jun 10 01:14:42.381939 n-d-694802-11 devstack@placement-api.service[92943]: DEBUG placement.handlers.allocation [req-643c0c9f-8212-49c4-82ea-0f2a363a3f5b req-f23d6f72-c9fc-48e2-b053-d1afad584939 service placement] Successfully wrote allocations [, , ] {{(pid=92943) _create_allocations /opt/stack/placement/placement/handlers/allocation.py:435}}
Jun 10 01:14:42.383259 n-d-694802-11 devstack@placement-api.service[92943]: INFO placement.requestlog [req-643c0c9f-8212-49c4-82ea-0f2a363a3f5b req-f23d6f72-c9fc-48e2-b053-d1afad584939 service placement] 10.222.0.63 "PUT /placement/allocations/14158a03-34e5-4822-8587-c8828ac4cf4d" status: 204 len: 0 microversion: 1.28
Jun 10 01:14:42.383870 n-d-694802-11 devstack@placement-api.service[92943]: [pid: 92943|app: 0|req: 409/817] 10.222.0.63 () {64 vars in 1431 bytes} [Thu Jun 10 01:14:42 2021] PUT /placement/allocations/14158a03-34e5-4822-8587-c8828ac4cf4d => generated 0 bytes in 85 msecs (HTTP/1.1 204) 5 headers in 199 bytes (1 switches on core 0)
Jun 10 01:14:46.138310 n-d-694802-11 devstack@placement-api.service[92942]: DEBUG placement.requestlog [req-9930d2ea-cf84-4c58-95d3-08c2beb2084b req-6d22a657-7788-4aec-ae0b-b2b31502d6db None None] Starting request: 10.222.0.63 "GET /placement/resource_providers/d24da23f-b989-4ef0-b1e0-8d4826803e66/allocations" {{(pid=92942) __call__ /opt/stack/placement/placement/requestlog.py:55}}
Jun 10 01:14:46.168561 n-d-694802-11 devstack@placement-api.service[92942]: INFO placement.requestlog [req-9930d2ea-cf84-4c58-95d3-08c2beb2084b req-6d22a657-7788-4aec-ae0b-b2b31502d6db service placement] 10.222.0.63 "GET /placement/resource_providers/d24da23f-b989-4ef0-b1e0-8d4826803e66/allocations" status: 200 len: 343 microversion: 1.0
Jun 10 01:14:46.169364 n-d-694802-11 devstack@placement-api.service[92942]: [pid: 92942|app: 0|req: 409/818] 10.222.0.63 () {58 vars in 1391 bytes} [Thu Jun 10 01:14:46 2021] GET /placement/resource_providers/d24da23f-b989-4ef0-b1e0-8d4826803e66/allocations => generated 343 bytes in 31 msecs (HTTP/1.1 200) 6 headers in 224 bytes (1 switches on core 0)
Jun 10 01:14:59.181649 n-d-694802-11 devstack@placement-api.service[92943]: DEBUG placement.requestlog [req-736b0159-03f4-4e4a-a82e-2461e9651b50 req-f21c9704-dc51-40b1-86ac-a68e4504368a None None] Starting request: 10.222.0.61 "GET /placement/allocations/d2516304-e6f9-43ca-b586-89ebcd03aed0" {{(pid=92943) __call__ /opt/stack/placement/placement/requestlog.py:55}}
