Jun 10 00:59:29.728123 n-d-694802-11 devstack@placement-api.service[92943]: INFO placement.requestlog [req-e6fd4188-eb0d-43c6-879c-1fece7ccea4f req-07ee6506-b435-4fa7-8eae-5c795028d3d2 service placement] 10.222.0.64 "PUT /placement/allocations/d3a0ae67-7959-40c2-b460-ae4dfa7f95aa" status: 204 len: 0 microversion: 1.35
Jun 10 00:59:29.728390 n-d-694802-11 devstack@placement-api.service[92943]: [pid: 92943|app: 0|req: 125/251] 10.222.0.64 () {64 vars in 1433 bytes} [Thu Jun 10 00:59:29 2021] PUT /placement/allocations/d3a0ae67-7959-40c2-b460-ae4dfa7f95aa => generated 0 bytes in 101 msecs (HTTP/1.1 204) 5 headers in 199 bytes (2 switches on core 0)
Jun 10 00:59:30.004225 n-d-694802-11 devstack@placement-api.service[92942]: DEBUG placement.requestlog [req-a42ebc3b-a25a-4625-974e-74fff1c30750 req-8c7888eb-dab3-4403-8fdc-ab9ac63cd010 None None] Starting request: 10.222.0.61 "GET /placement/allocations/a931036d-a54d-4e8e-8d03-94f8840982df" {{(pid=92942) __call__ /opt/stack/placement/placement/requestlog.py:55}}
Jun 10 00:59:30.031273 n-d-694802-11 devstack@placement-api.service[92942]: INFO placement.requestlog [req-a42ebc3b-a25a-4625-974e-74fff1c30750 req-8c7888eb-dab3-4403-8fdc-ab9ac63cd010 service placement] 10.222.0.61 "GET /placement/allocations/a931036d-a54d-4e8e-8d03-94f8840982df" status: 200 len: 259 microversion: 1.28
Jun 10 00:59:30.032787 n-d-694802-11 devstack@placement-api.service[92942]: [pid: 92942|app: 0|req: 127/252] 10.222.0.61 () {60 vars in 1378 bytes} [Thu Jun 10 00:59:30 2021] GET /placement/allocations/a931036d-a54d-4e8e-8d03-94f8840982df => generated 259 bytes in 28 msecs (HTTP/1.1 200) 8 headers in 296 bytes (1 switches on core 0)
Jun 10 00:59:30.340904 n-d-694802-11 devstack@placement-api.service[92943]: DEBUG placement.requestlog [req-e6fd4188-eb0d-43c6-879c-1fece7ccea4f req-b0ef1d92-94e8-41e0-9219-2dc102a9c27b None None] Starting request: 10.222.0.63 "GET /placement/allocations/d3a0ae67-7959-40c2-b460-ae4dfa7f95aa" {{(pid=92943) __call__ /opt/stack/placement/placement/requestlog.py:55}}
Jun 10 00:59:30.367516 n-d-694802-11 devstack@placement-api.service[92943]: INFO placement.requestlog [req-e6fd4188-eb0d-43c6-879c-1fece7ccea4f req-b0ef1d92-94e8-41e0-9219-2dc102a9c27b service placement] 10.222.0.63 "GET /placement/allocations/d3a0ae67-7959-40c2-b460-ae4dfa7f95aa" status: 200 len: 259 microversion: 1.28
Jun 10 00:59:30.368210 n-d-694802-11 devstack@placement-api.service[92943]: [pid: 92943|app: 0|req: 126/253] 10.222.0.63 () {60 vars in 1378 bytes} [Thu Jun 10 00:59:30 2021] GET /placement/allocations/d3a0ae67-7959-40c2-b460-ae4dfa7f95aa => generated 259 bytes in 28 msecs (HTTP/1.1 200) 8 headers in 296 bytes (1 switches on core 0)
Jun 10 00:59:30.714950 n-d-694802-11 devstack@placement-api.service[92942]: DEBUG placement.requestlog [req-2987e410-0a4c-4cd7-8093-7bf4bc207f87 req-5c70c5de-5543-43bf-b022-8ac4ec8586f2 None None] Starting request: 10.222.0.61 "GET /placement/resource_providers/dea52b83-e274-4c1f-8c0f-7473181a2e54/allocations" {{(pid=92942) __call__ /opt/stack/placement/placement/requestlog.py:55}}
Jun 10 00:59:30.749405 n-d-694802-11 devstack@placement-api.service[92942]: INFO placement.requestlog [req-2987e410-0a4c-4cd7-8093-7bf4bc207f87 req-5c70c5de-5543-43bf-b022-8ac4ec8586f2 service placement] 10.222.0.61 "GET /placement/resource_providers/dea52b83-e274-4c1f-8c0f-7473181a2e54/allocations" status: 200 len: 860 microversion: 1.0
Jun 10 00:59:30.749911 n-d-694802-11 devstack@placement-api.service[92942]: [pid: 92942|app: 0|req: 128/254] 10.222.0.61 () {58 vars in 1391 bytes} [Thu Jun 10 00:59:30 2021] GET /placement/resource_providers/dea52b83-e274-4c1f-8c0f-7473181a2e54/allocations => generated 860 bytes in 35 msecs (HTTP/1.1 200) 6 headers in 224 bytes (1 switches on core 0)
Jun 10 00:59:31.761575 n-d-694802-11 devstack@placement-api.service[92943]: DEBUG placement.requestlog [req-15bbe2aa-b849-40e5-b816-9b010a78c1e7 req-5399dbdf-4dfb-4076-8dec-63da5819fdbd None None] Starting request: 10.222.0.63 "GET /placement/allocations/6c7aaff5-96b4-44ea-8517-571d26719ea2" {{(pid=92943) __call__ /opt/stack/placement/placement/requestlog.py:55}}
Jun 10 00:59:31.790637 n-d-694802-11 devstack@placement-api.service[92943]: INFO placement.requestlog [req-15bbe2aa-b849-40e5-b816-9b010a78c1e7 req-5399dbdf-4dfb-4076-8dec-63da5819fdbd service placement] 10.222.0.63 "GET /placement/allocations/6c7aaff5-96b4-44ea-8517-571d26719ea2" status: 200 len: 259 microversion: 1.28
Jun 10 00:59:31.790892 n-d-694802-11 devstack@placement-api.service[92943]: [pid: 92943|app: 0|req: 127/255] 10.222.0.63 () {60 vars in 1378 bytes} [Thu Jun 10 00:59:31 2021] GET /placement/allocations/6c7aaff5-96b4-44ea-8517-571d26719ea2 => generated 259 bytes in 30 msecs (HTTP/1.1 200) 8 headers in 296 bytes (1 switches on core 0)
Jun 10 00:59:31.800496 n-d-694802-11 devstack@placement-api.service[92942]: DEBUG placement.requestlog [req-15bbe2aa-b849-40e5-b816-9b010a78c1e7 req-328822f0-4a7c-495b-a9ed-a5b523dccdc1 None None] Starting request: 10.222.0.63 "PUT /placement/allocations/6c7aaff5-96b4-44ea-8517-571d26719ea2" {{(pid=92942) __call__ /opt/stack/placement/placement/requestlog.py:55}}
Jun 10 00:59:31.902222 n-d-694802-11 devstack@placement-api.service[92942]: DEBUG placement.handlers.allocation [req-15bbe2aa-b849-40e5-b816-9b010a78c1e7 req-328822f0-4a7c-495b-a9ed-a5b523dccdc1 service placement] Successfully wrote allocations [, , ] {{(pid=92942) _create_allocations /opt/stack/placement/placement/handlers/allocation.py:435}}
Jun 10 00:59:31.903235 n-d-694802-11 devstack@placement-api.service[92942]: INFO placement.requestlog [req-15bbe2aa-b849-40e5-b816-9b010a78c1e7 req-328822f0-4a7c-495b-a9ed-a5b523dccdc1 service placement] 10.222.0.63 "PUT /placement/allocations/6c7aaff5-96b4-44ea-8517-571d26719ea2" status: 204 len: 0 microversion: 1.28
Jun 10 00:59:31.904008 n-d-694802-11 devstack@placement-api.service[92942]: [pid: 92942|app: 0|req: 129/256] 10.222.0.63 () {64 vars in 1431 bytes} [Thu Jun 10 00:59:31 2021] PUT /placement/allocations/6c7aaff5-96b4-44ea-8517-571d26719ea2 => generated 0 bytes in 104 msecs (HTTP/1.1 204) 5 headers in 199 bytes (1 switches on core 0)
Jun 10 00:59:34.828826 n-d-694802-11 devstack@placement-api.service[92943]: DEBUG placement.requestlog [req-509526b9-9c6d-4ef2-9e49-e34b3237c3b1 req-a3e4c49d-7ba2-4ebb-957c-d27201762163 None None] Starting request: 10.222.0.63 "GET /placement/resource_providers/d24da23f-b989-4ef0-b1e0-8d4826803e66/allocations" {{(pid=92943) __call__ /opt/stack/placement/placement/requestlog.py:55}}
Jun 10 00:59:34.855014 n-d-694802-11 devstack@placement-api.service[92943]: INFO placement.requestlog [req-509526b9-9c6d-4ef2-9e49-e34b3237c3b1 req-a3e4c49d-7ba2-4ebb-957c-d27201762163 service placement] 10.222.0.63 "GET /placement/resource_providers/d24da23f-b989-4ef0-b1e0-8d4826803e66/allocations" status: 200 len: 746 microversion: 1.0
Jun 10 00:59:34.855773 n-d-694802-11 devstack@placement-api.service[92943]: [pid: 92943|app: 0|req: 128/257] 10.222.0.63 () {58 vars in 1391 bytes} [Thu Jun 10 00:59:34 2021] GET /placement/resource_providers/d24da23f-b989-4ef0-b1e0-8d4826803e66/allocations => generated 746 bytes in 27 msecs (HTTP/1.1 200) 6 headers in 224 bytes (1 switches on core 0)
Jun 10 00:59:34.960203 n-d-694802-11 devstack@placement-api.service[92942]: DEBUG placement.requestlog [req-b3a8771c-e37c-44f8-9f1a-6ab23365ce31 req-3acbf557-7619-4c89-953b-fb580e4331c9 None None] Starting request: 10.222.0.61 "GET /placement/resource_providers/dea52b83-e274-4c1f-8c0f-7473181a2e54/allocations" {{(pid=92942) __call__ /opt/stack/placement/placement/requestlog.py:55}}
Jun 10 00:59:34.990310 n-d-694802-11 devstack@placement-api.service[92942]: INFO placement.requestlog [req-b3a8771c-e37c-44f8-9f1a-6ab23365ce31 req-3acbf557-7619-4c89-953b-fb580e4331c9 service placement] 10.222.0.61 "GET /placement/resource_providers/dea52b83-e274-4c1f-8c0f-7473181a2e54/allocations" status: 200 len: 860 microversion: 1.0
Jun 10 00:59:34.990847 n-d-694802-11 devstack@placement-api.service[92942]: [pid: 92942|app: 0|req: 130/258] 10.222.0.61 () {58 vars in 1391 bytes} [Thu Jun 10 00:59:34 2021] GET /placement/resource_providers/dea52b83-e274-4c1f-8c0f-7473181a2e54/allocations => generated 860 bytes in 31 msecs (HTTP/1.1 200) 6 headers in 224 bytes (1 switches on core 0)
Jun 10 00:59:35.398046 n-d-694802-11 devstack@placement-api.service[92943]: DEBUG placement.requestlog [req-b3a8771c-e37c-44f8-9f1a-6ab23365ce31 req-09f47e09-a3c8-4cf5-bf05-9e35adb5442e None None] Starting request: 10.222.0.61 "GET /placement/allocations/27d8ec5a-bd44-4ede-92c9-ac2d2040a3bb" {{(pid=92943) __call__ /opt/stack/placement/placement/requestlog.py:55}}
Jun 10 00:59:35.425793 n-d-694802-11 devstack@placement-api.service[92943]: INFO placement.requestlog [req-b3a8771c-e37c-44f8-9f1a-6ab23365ce31 req-09f47e09-a3c8-4cf5-bf05-9e35adb5442e service placement] 10.222.0.61 "GET /placement/allocations/27d8ec5a-bd44-4ede-92c9-ac2d2040a3bb" status: 200 len: 259 microversion: 1.28
Jun 10 00:59:35.426680 n-d-694802-11 devstack@placement-api.service[92943]: [pid: 92943|app: 0|req: 129/259] 10.222.0.61 () {60 vars in 1378 bytes} [Thu Jun 10 00:59:35 2021] GET /placement/allocations/27d8ec5a-bd44-4ede-92c9-ac2d2040a3bb => generated 259 bytes in 29 msecs (HTTP/1.1 200) 8 headers in 296 bytes (1 switches on core 0)
Jun 10 00:59:35.434456 n-d-694802-11 devstack@placement-api.service[92942]: DEBUG placement.requestlog [req-b3a8771c-e37c-44f8-9f1a-6ab23365ce31 req-98ea6191-5afb-4e36-9668-cf08ec91b695 None None] Starting request: 10.222.0.61 "PUT /placement/allocations/27d8ec5a-bd44-4ede-92c9-ac2d2040a3bb" {{(pid=92942) __call__ /opt/stack/placement/placement/requestlog.py:55}}
Jun 10 00:59:35.499537 n-d-694802-11 devstack@placement-api.service[92942]: DEBUG placement.handlers.allocation [req-b3a8771c-e37c-44f8-9f1a-6ab23365ce31 req-98ea6191-5afb-4e36-9668-cf08ec91b695 service placement] Successfully wrote allocations [, , ] {{(pid=92942) _create_allocations /opt/stack/placement/placement/handlers/allocation.py:435}}
Jun 10 00:59:35.500044 n-d-694802-11 devstack@placement-api.service[92942]: INFO placement.requestlog [req-b3a8771c-e37c-44f8-9f1a-6ab23365ce31 req-98ea6191-5afb-4e36-9668-cf08ec91b695 service placement] 10.222.0.61 "PUT /placement/allocations/27d8ec5a-bd44-4ede-92c9-ac2d2040a3bb" status: 204 len: 0 microversion: 1.28
Jun 10 00:59:35.500517 n-d-694802-11 devstack@placement-api.service[92942]: [pid: 92942|app: 0|req: 131/260] 10.222.0.61 () {64 vars in 1431 bytes} [Thu Jun 10 00:59:35 2021] PUT /placement/allocations/27d8ec5a-bd44-4ede-92c9-ac2d2040a3bb => generated 0 bytes in 66 msecs (HTTP/1.1 204) 5 headers in 199 bytes (2 switches on core 0)
Jun 10 00:59:37.011679 n-d-694802-11 devstack@placement-api.service[92943]: DEBUG placement.requestlog [None req-37b09021-4af9-4df0-a6d3-cc62b9469195 None None] Starting request: 10.222.0.64 "GET /placement/" {{(pid=92943) __call__ /opt/stack/placement/placement/requestlog.py:55}}
Jun 10 00:59:37.013628 n-d-694802-11 devstack@placement-api.service[92943]: INFO placement.requestlog [None req-37b09021-4af9-4df0-a6d3-cc62b9469195 None None] 10.222.0.64 "GET /placement/" status: 200 len: 136 microversion: 1.0
Jun 10 00:59:37.014131 n-d-694802-11 devstack@placement-api.service[92943]: [pid: 92943|app: 0|req: 130/261] 10.222.0.64 () {54 vars in 915 bytes} [Thu Jun 10 00:59:37 2021] GET /placement => generated 136 bytes in 3 msecs (HTTP/1.1 200) 6 headers in 224 bytes (1 switches on core 0)
Jun 10 00:59:37.025140 n-d-694802-11 devstack@placement-api.service[92942]: DEBUG placement.requestlog [req-caa5f71a-9693-4588-b700-3a398c6b0368 req-a5c7352e-f0d7-4541-b7c1-d31309d93498 None None] Starting request: 10.222.0.64 "GET /placement/allocations/1c1c6348-3e8f-42d7-bad2-a7a9850fe210" {{(pid=92942) __call__ /opt/stack/placement/placement/requestlog.py:55}}
Jun 10 00:59:37.116132 n-d-694802-11 devstack@placement-api.service[92942]: INFO placement.requestlog [req-caa5f71a-9693-4588-b700-3a398c6b0368 req-a5c7352e-f0d7-4541-b7c1-d31309d93498 service placement] 10.222.0.64 "GET /placement/allocations/1c1c6348-3e8f-42d7-bad2-a7a9850fe210" status: 200 len: 259 microversion: 1.28
Jun 10 00:59:37.116879 n-d-694802-11 devstack@placement-api.service[92942]: [pid: 92942|app: 0|req: 132/262] 10.222.0.64 () {60 vars in 1380 bytes} [Thu Jun 10 00:59:37 2021] GET /placement/allocations/1c1c6348-3e8f-42d7-bad2-a7a9850fe210 => generated 259 bytes in 94 msecs (HTTP/1.1 200) 8 headers in 296 bytes (1 switches on core 0)
Jun 10 00:59:37.122319 n-d-694802-11 devstack@placement-api.service[92943]: DEBUG placement.requestlog [req-caa5f71a-9693-4588-b700-3a398c6b0368 req-5268986f-e34e-47ff-b2fd-931afe4199e7 None None] Starting request: 10.222.0.64 "GET /placement/allocations/1c1c6348-3e8f-42d7-bad2-a7a9850fe210" {{(pid=92943) __call__ /opt/stack/placement/placement/requestlog.py:55}}
Jun 10 00:59:37.138797 n-d-694802-11 devstack@placement-api.service[92943]: INFO placement.requestlog [req-caa5f71a-9693-4588-b700-3a398c6b0368 req-5268986f-e34e-47ff-b2fd-931afe4199e7 service placement] 10.222.0.64 "GET /placement/allocations/1c1c6348-3e8f-42d7-bad2-a7a9850fe210" status: 200 len: 259 microversion: 1.28
Jun 10 00:59:37.139298 n-d-694802-11 devstack@placement-api.service[92943]: [pid: 92943|app: 0|req: 131/263] 10.222.0.64 () {60 vars in 1380 bytes} [Thu Jun 10 00:59:37 2021] GET /placement/allocations/1c1c6348-3e8f-42d7-bad2-a7a9850fe210 => generated 259 bytes in 17 msecs (HTTP/1.1 200) 8 headers in 296 bytes (1 switches on core 0)
Jun 10 00:59:37.145714 n-d-694802-11 devstack@placement-api.service[92942]: DEBUG placement.requestlog [req-caa5f71a-9693-4588-b700-3a398c6b0368 req-8c79f028-9750-4e8d-aeca-77babacdb1fd None None] Starting request: 10.222.0.64 "GET /placement/allocations/6f503a66-d2aa-449d-97fe-1b010528ce18" {{(pid=92942) __call__ /opt/stack/placement/placement/requestlog.py:55}}
Jun 10 00:59:37.157059 n-d-694802-11 devstack@placement-api.service[92942]: INFO placement.requestlog [req-caa5f71a-9693-4588-b700-3a398c6b0368 req-8c79f028-9750-4e8d-aeca-77babacdb1fd service placement] 10.222.0.64 "GET /placement/allocations/6f503a66-d2aa-449d-97fe-1b010528ce18" status: 200 len: 19 microversion: 1.28
Jun 10 00:59:37.159950 n-d-694802-11 devstack@placement-api.service[92942]: [pid: 92942|app: 0|req: 133/264] 10.222.0.64 () {60 vars in 1380 bytes} [Thu Jun 10 00:59:37 2021] GET /placement/allocations/6f503a66-d2aa-449d-97fe-1b010528ce18 => generated 19 bytes in 14 msecs (HTTP/1.1 200) 8 headers in 295 bytes (2 switches on core 0)
Jun 10 00:59:37.163334 n-d-694802-11 devstack@placement-api.service[92943]: DEBUG placement.requestlog [req-caa5f71a-9693-4588-b700-3a398c6b0368 req-16aa8624-5a75-40c8-bf9f-4dd39ff006b6 None None] Starting request: 10.222.0.64 "POST /placement/allocations" {{(pid=92943) __call__ /opt/stack/placement/placement/requestlog.py:55}}
Jun 10 00:59:37.244772 n-d-694802-11 devstack@placement-api.service[92943]: DEBUG placement.handlers.allocation [req-caa5f71a-9693-4588-b700-3a398c6b0368 req-16aa8624-5a75-40c8-bf9f-4dd39ff006b6 service placement] Successfully wrote allocations [, , , , , ] {{(pid=92943) _create_allocations /opt/stack/placement/placement/handlers/allocation.py:524}}
Jun 10 00:59:37.245690 n-d-694802-11 devstack@placement-api.service[92943]: INFO placement.requestlog [req-caa5f71a-9693-4588-b700-3a398c6b0368 req-16aa8624-5a75-40c8-bf9f-4dd39ff006b6 service placement] 10.222.0.64 "POST /placement/allocations" status: 204 len: 0 microversion: 1.28
Jun 10 00:59:37.247074 n-d-694802-11 devstack@placement-api.service[92943]: [pid: 92943|app: 0|req: 132/265] 10.222.0.64 () {64 vars in 1323 bytes} [Thu Jun 10 00:59:37 2021] POST /placement/allocations => generated 0 bytes in 83 msecs (HTTP/1.1 204) 5 headers in 199 bytes (2 switches on core 0)
Jun 10 00:59:37.268401 n-d-694802-11 devstack@placement-api.service[92942]: DEBUG placement.requestlog [req-caa5f71a-9693-4588-b700-3a398c6b0368 req-621fdbd2-112c-409f-8196-371640e286f2 None None] Starting request: 10.222.0.64 "GET /placement/allocation_candidates?limit=1000&resources=DISK_GB%3A1%2CMEMORY_MB%3A512%2CVCPU%3A1&root_required=%21COMPUTE_STATUS_DISABLED" {{(pid=92942) __call__ /opt/stack/placement/placement/requestlog.py:55}}
Jun 10 00:59:37.301473 n-d-694802-11 devstack@placement-api.service[92942]: DEBUG placement.objects.research_context [req-caa5f71a-9693-4588-b700-3a398c6b0368 req-621fdbd2-112c-409f-8196-371640e286f2 service placement] getting providers with 1 DISK_GB {{(pid=92942) __init__ /opt/stack/placement/placement/objects/research_context.py:126}}
Jun 10 00:59:37.307540 n-d-694802-11 devstack@placement-api.service[92942]: DEBUG placement.objects.research_context [req-caa5f71a-9693-4588-b700-3a398c6b0368 req-621fdbd2-112c-409f-8196-371640e286f2 service placement] getting providers with 512 MEMORY_MB {{(pid=92942) __init__ /opt/stack/placement/placement/objects/research_context.py:126}}
Jun 10 00:59:37.313960 n-d-694802-11 devstack@placement-api.service[92942]: DEBUG placement.objects.research_context [req-caa5f71a-9693-4588-b700-3a398c6b0368 req-621fdbd2-112c-409f-8196-371640e286f2 service placement] getting providers with 1 VCPU {{(pid=92942) __init__ /opt/stack/placement/placement/objects/research_context.py:126}}
Jun 10 00:59:37.321241 n-d-694802-11 devstack@placement-api.service[92942]: DEBUG placement.objects.research_context [req-caa5f71a-9693-4588-b700-3a398c6b0368 req-621fdbd2-112c-409f-8196-371640e286f2 service placement] found 2 providers with available 1 DISK_GB {{(pid=92942) get_provider_ids_matching /opt/stack/placement/placement/objects/research_context.py:549}}
Jun 10 00:59:37.321523 n-d-694802-11 devstack@placement-api.service[92942]: DEBUG placement.objects.research_context [req-caa5f71a-9693-4588-b700-3a398c6b0368 req-621fdbd2-112c-409f-8196-371640e286f2 service placement] found 2 providers with available 512 MEMORY_MB {{(pid=92942) get_provider_ids_matching /opt/stack/placement/placement/objects/research_context.py:549}}
Jun 10 00:59:37.321814 n-d-694802-11 devstack@placement-api.service[92942]: DEBUG placement.objects.research_context [req-caa5f71a-9693-4588-b700-3a398c6b0368 req-621fdbd2-112c-409f-8196-371640e286f2 service placement] found 2 providers after filtering by previous result {{(pid=92942) get_provider_ids_matching /opt/stack/placement/placement/objects/research_context.py:580}}
Jun 10 00:59:37.322068 n-d-694802-11 devstack@placement-api.service[92942]: DEBUG placement.objects.research_context [req-caa5f71a-9693-4588-b700-3a398c6b0368 req-621fdbd2-112c-409f-8196-371640e286f2 service placement] found 2 providers with available 1 VCPU {{(pid=92942) get_provider_ids_matching /opt/stack/placement/placement/objects/research_context.py:549}}
Jun 10 00:59:37.322352 n-d-694802-11 devstack@placement-api.service[92942]: DEBUG placement.objects.research_context [req-caa5f71a-9693-4588-b700-3a398c6b0368 req-621fdbd2-112c-409f-8196-371640e286f2 service placement] found 2 providers after filtering by previous result {{(pid=92942) get_provider_ids_matching /opt/stack/placement/placement/objects/research_context.py:580}}
Jun 10 00:59:37.334372 n-d-694802-11 devstack@placement-api.service[92942]: DEBUG placement.objects.allocation_candidate [req-caa5f71a-9693-4588-b700-3a398c6b0368 req-621fdbd2-112c-409f-8196-371640e286f2 service placement] RequestGroup(use_same_provider=False, resources={DISK_GB:1, MEMORY_MB:512, VCPU:1}, traits=[], aggregates=[]) (suffix '') returned 2 matches {{(pid=92942) _get_by_requests /opt/stack/placement/placement/objects/allocation_candidate.py:145}}
Jun 10 00:59:37.334779 n-d-694802-11 devstack@placement-api.service[92942]: DEBUG placement.objects.allocation_candidate [req-caa5f71a-9693-4588-b700-3a398c6b0368 req-621fdbd2-112c-409f-8196-371640e286f2 service placement] Merging candidates yields 2 allocation requests and 2 provider summaries {{(pid=92942) _merge_candidates /opt/stack/placement/placement/objects/allocation_candidate.py:783}}
Jun 10 00:59:37.336380 n-d-694802-11 devstack@placement-api.service[92942]: INFO placement.requestlog [req-caa5f71a-9693-4588-b700-3a398c6b0368 req-621fdbd2-112c-409f-8196-371640e286f2 service placement] 10.222.0.64 "GET /placement/allocation_candidates?limit=1000&resources=DISK_GB%3A1%2CMEMORY_MB%3A512%2CVCPU%3A1&root_required=%21COMPUTE_STATUS_DISABLED" status: 200 len: 1307 microversion: 1.35
Jun 10 00:59:37.336893 n-d-694802-11 devstack@placement-api.service[92942]: [pid: 92942|app: 0|req: 134/266] 10.222.0.64 () {60 vars in 1504 bytes} [Thu Jun 10 00:59:37 2021] GET /placement/allocation_candidates?limit=1000&resources=DISK_GB%3A1%2CMEMORY_MB%3A512%2CVCPU%3A1&root_required=%21COMPUTE_STATUS_DISABLED => generated 1307 bytes in 69 msecs (HTTP/1.1 200) 8 headers in 297 bytes (1 switches on core 0)
Jun 10 00:59:37.390073 n-d-694802-11 devstack@placement-api.service[92943]: DEBUG placement.requestlog [req-caa5f71a-9693-4588-b700-3a398c6b0368 req-f9e5f200-58bc-482c-91c1-a42adda29b8a None None] Starting request: 10.222.0.64 "GET /placement/allocations/1c1c6348-3e8f-42d7-bad2-a7a9850fe210" {{(pid=92943) __call__ /opt/stack/placement/placement/requestlog.py:55}}
Jun 10 00:59:37.395569 n-d-694802-11 devstack@placement-api.service[92943]: INFO placement.requestlog [req-caa5f71a-9693-4588-b700-3a398c6b0368 req-f9e5f200-58bc-482c-91c1-a42adda29b8a service placement] 10.222.0.64 "GET /placement/allocations/1c1c6348-3e8f-42d7-bad2-a7a9850fe210" status: 200 len: 19 microversion: 1.28
Jun 10 00:59:37.396078 n-d-694802-11 devstack@placement-api.service[92943]: [pid: 92943|app: 0|req: 133/267] 10.222.0.64 () {60 vars in 1380 bytes} [Thu Jun 10 00:59:37 2021] GET /placement/allocations/1c1c6348-3e8f-42d7-bad2-a7a9850fe210 => generated 19 bytes in 12 msecs (HTTP/1.1 200) 8 headers in 295 bytes (1 switches on core 0)
Jun 10 00:59:37.402463 n-d-694802-11 devstack@placement-api.service[92942]: DEBUG placement.requestlog [req-caa5f71a-9693-4588-b700-3a398c6b0368 req-a9eb6eb7-79bd-49d3-bb13-2ebdc2ea95f0 None None] Starting request: 10.222.0.64 "PUT /placement/allocations/1c1c6348-3e8f-42d7-bad2-a7a9850fe210" {{(pid=92942) __call__ /opt/stack/placement/placement/requestlog.py:55}}
Jun 10 00:59:37.455661 n-d-694802-11 devstack@placement-api.service[92942]: DEBUG placement.handlers.allocation [req-caa5f71a-9693-4588-b700-3a398c6b0368 req-a9eb6eb7-79bd-49d3-bb13-2ebdc2ea95f0 service placement] Successfully wrote allocations [, , ] {{(pid=92942) _create_allocations /opt/stack/placement/placement/handlers/allocation.py:435}}
Jun 10 00:59:37.456194 n-d-694802-11 devstack@placement-api.service[92942]: INFO placement.requestlog [req-caa5f71a-9693-4588-b700-3a398c6b0368 req-a9eb6eb7-79bd-49d3-bb13-2ebdc2ea95f0 service placement] 10.222.0.64 "PUT /placement/allocations/1c1c6348-3e8f-42d7-bad2-a7a9850fe210" status: 204 len: 0 microversion: 1.35
Jun 10 00:59:37.456442 n-d-694802-11 devstack@placement-api.service[92942]: [pid: 92942|app: 0|req: 135/268] 10.222.0.64 () {64 vars in 1433 bytes} [Thu Jun 10 00:59:37 2021] PUT /placement/allocations/1c1c6348-3e8f-42d7-bad2-a7a9850fe210 => generated 0 bytes in 54 msecs (HTTP/1.1 204) 5 headers in 199 bytes (1 switches on core 0)
Jun 10 00:59:37.652370 n-d-694802-11 devstack@placement-api.service[92943]: DEBUG placement.requestlog [req-caa5f71a-9693-4588-b700-3a398c6b0368 req-c3582df1-c1ac-4e8a-9e36-f281bfbb8b50 None None] Starting request: 10.222.0.61 "GET /placement/allocations/1c1c6348-3e8f-42d7-bad2-a7a9850fe210" {{(pid=92943) __call__ /opt/stack/placement/placement/requestlog.py:55}}
Jun 10 00:59:37.669185 n-d-694802-11 devstack@placement-api.service[92943]: INFO placement.requestlog [req-caa5f71a-9693-4588-b700-3a398c6b0368 req-c3582df1-c1ac-4e8a-9e36-f281bfbb8b50 service placement] 10.222.0.61 "GET /placement/allocations/1c1c6348-3e8f-42d7-bad2-a7a9850fe210" status: 200 len: 258 microversion: 1.28
Jun 10 00:59:37.669425 n-d-694802-11 devstack@placement-api.service[92943]: [pid: 92943|app: 0|req: 134/269] 10.222.0.61 () {60 vars in 1378 bytes} [Thu Jun 10 00:59:37 2021] GET /placement/allocations/1c1c6348-3e8f-42d7-bad2-a7a9850fe210 => generated 258 bytes in 17 msecs (HTTP/1.1 200) 8 headers in 296 bytes (1 switches on core 0)
Jun 10 00:59:44.601802 n-d-694802-11 devstack@placement-api.service[92942]: DEBUG placement.requestlog [req-1e3e9abb-f2ef-474e-8799-4a68efc2733c req-9bfe8ea4-2138-4d13-ae25-e349d63fc9e4 None None] Starting request: 10.222.0.63 "GET /placement/allocations/2fdc5b31-f248-4fdb-9c8e-cdceefdb5280" {{(pid=92942) __call__ /opt/stack/placement/placement/requestlog.py:55}}
Jun 10 00:59:44.619290 n-d-694802-11 devstack@placement-api.service[92942]: INFO placement.requestlog [req-1e3e9abb-f2ef-474e-8799-4a68efc2733c req-9bfe8ea4-2138-4d13-ae25-e349d63fc9e4 service placement] 10.222.0.63 "GET /placement/allocations/2fdc5b31-f248-4fdb-9c8e-cdceefdb5280" status: 200 len: 259 microversion: 1.28
Jun 10 00:59:44.620087 n-d-694802-11 devstack@placement-api.service[92942]: [pid: 92942|app: 0|req: 136/270] 10.222.0.63 () {60 vars in 1378 bytes} [Thu Jun 10 00:59:44 2021] GET /placement/allocations/2fdc5b31-f248-4fdb-9c8e-cdceefdb5280 => generated 259 bytes in 18 msecs (HTTP/1.1 200) 8 headers in 296 bytes (1 switches on core 0)
Jun 10 00:59:44.627679 n-d-694802-11 devstack@placement-api.service[92943]: DEBUG placement.requestlog [req-1e3e9abb-f2ef-474e-8799-4a68efc2733c req-f57a4ddd-dcb3-4d33-81bd-c1e445a722fb None None] Starting request: 10.222.0.63 "PUT /placement/allocations/2fdc5b31-f248-4fdb-9c8e-cdceefdb5280" {{(pid=92943) __call__ /opt/stack/placement/placement/requestlog.py:55}}
Jun 10 00:59:44.679812 n-d-694802-11 devstack@placement-api.service[92943]: DEBUG placement.handlers.allocation [req-1e3e9abb-f2ef-474e-8799-4a68efc2733c req-f57a4ddd-dcb3-4d33-81bd-c1e445a722fb service placement] Successfully wrote allocations [, , ] {{(pid=92943) _create_allocations /opt/stack/placement/placement/handlers/allocation.py:435}}
Jun 10 00:59:44.680332 n-d-694802-11 devstack@placement-api.service[92943]: INFO placement.requestlog [req-1e3e9abb-f2ef-474e-8799-4a68efc2733c req-f57a4ddd-dcb3-4d33-81bd-c1e445a722fb service placement] 10.222.0.63 "PUT /placement/allocations/2fdc5b31-f248-4fdb-9c8e-cdceefdb5280" status: 204 len: 0 microversion: 1.28
Jun 10 00:59:44.680663 n-d-694802-11 devstack@placement-api.service[92943]: [pid: 92943|app: 0|req: 135/271] 10.222.0.63 () {64 vars in 1431 bytes} [Thu Jun 10 00:59:44 2021] PUT /placement/allocations/2fdc5b31-f248-4fdb-9c8e-cdceefdb5280 => generated 0 bytes in 53 msecs (HTTP/1.1 204) 5 headers in 199 bytes (2 switches on core 0)
Jun 10 00:59:50.880553 n-d-694802-11 devstack@placement-api.service[92942]: DEBUG placement.requestlog [req-169f3873-02b7-4ed0-9492-8fdfa25c9987 req-8283ad5a-04d4-425e-b1b8-1b8b401c1cba None None] Starting request: 10.222.0.63 "GET /placement/allocations/a2a629e1-e30c-441e-9ba1-3c5fff65c552" {{(pid=92942) __call__ /opt/stack/placement/placement/requestlog.py:55}}
Jun 10 00:59:50.911378 n-d-694802-11 devstack@placement-api.service[92942]: INFO placement.requestlog [req-169f3873-02b7-4ed0-9492-8fdfa25c9987 req-8283ad5a-04d4-425e-b1b8-1b8b401c1cba service placement] 10.222.0.63 "GET /placement/allocations/a2a629e1-e30c-441e-9ba1-3c5fff65c552" status: 200 len: 259 microversion: 1.28
Jun 10 00:59:50.911952 n-d-694802-11 devstack@placement-api.service[92942]: [pid: 92942|app: 0|req: 137/272] 10.222.0.63 () {60 vars in 1378 bytes} [Thu Jun 10 00:59:50 2021] GET /placement/allocations/a2a629e1-e30c-441e-9ba1-3c5fff65c552 => generated 259 bytes in 31 msecs (HTTP/1.1 200) 8 headers in 296 bytes (1 switches on core 0)
Jun 10 00:59:50.919740 n-d-694802-11 devstack@placement-api.service[92943]: DEBUG placement.requestlog [req-169f3873-02b7-4ed0-9492-8fdfa25c9987 req-a3a3c149-4ec2-49f5-a484-f44060747610 None None] Starting request: 10.222.0.63 "PUT /placement/allocations/a2a629e1-e30c-441e-9ba1-3c5fff65c552" {{(pid=92943) __call__ /opt/stack/placement/placement/requestlog.py:55}}
Jun 10 00:59:51.021240 n-d-694802-11 devstack@placement-api.service[92943]: DEBUG placement.handlers.allocation [req-169f3873-02b7-4ed0-9492-8fdfa25c9987 req-a3a3c149-4ec2-49f5-a484-f44060747610 service placement] Successfully wrote allocations [, , ] {{(pid=92943) _create_allocations /opt/stack/placement/placement/handlers/allocation.py:435}}
Jun 10 00:59:51.022821 n-d-694802-11 devstack@placement-api.service[92943]: INFO placement.requestlog [req-169f3873-02b7-4ed0-9492-8fdfa25c9987 req-a3a3c149-4ec2-49f5-a484-f44060747610 service placement] 10.222.0.63 "PUT /placement/allocations/a2a629e1-e30c-441e-9ba1-3c5fff65c552" status: 204 len: 0 microversion: 1.28
Jun 10 00:59:51.023990 n-d-694802-11 devstack@placement-api.service[92943]: [pid: 92943|app: 0|req: 136/273] 10.222.0.63 () {64 vars in 1431 bytes} [Thu Jun 10 00:59:50 2021] PUT /placement/allocations/a2a629e1-e30c-441e-9ba1-3c5fff65c552 => generated 0 bytes in 105 msecs (HTTP/1.1 204) 5 headers in 199 bytes (1 switches on core 0)
Jun 10 00:59:59.154612 n-d-694802-11 devstack@placement-api.service[92942]: DEBUG placement.requestlog [req-caa5f71a-9693-4588-b700-3a398c6b0368 req-b854d6eb-6824-434a-8836-def107f17d96 None None] Starting request: 10.222.0.61 "GET /placement/allocations/1c1c6348-3e8f-42d7-bad2-a7a9850fe210" {{(pid=92942) __call__ /opt/stack/placement/placement/requestlog.py:55}}
Jun 10 00:59:59.173664 n-d-694802-11 devstack@placement-api.service[92942]: INFO placement.requestlog [req-caa5f71a-9693-4588-b700-3a398c6b0368 req-b854d6eb-6824-434a-8836-def107f17d96 service placement] 10.222.0.61 "GET /placement/allocations/1c1c6348-3e8f-42d7-bad2-a7a9850fe210" status: 200 len: 258 microversion: 1.28
Jun 10 00:59:59.174193 n-d-694802-11 devstack@placement-api.service[92942]: [pid: 92942|app: 0|req: 138/274] 10.222.0.61 () {60 vars in 1378 bytes} [Thu Jun 10 00:59:59 2021] GET /placement/allocations/1c1c6348-3e8f-42d7-bad2-a7a9850fe210 => generated 258 bytes in 20 msecs (HTTP/1.1 200) 8 headers in 296 bytes (1 switches on core 0)
Jun 10 01:00:06.566518 n-d-694802-11 devstack@placement-api.service[92943]: DEBUG placement.requestlog [req-28efebfc-ab89-4614-80da-5f4ab8d99f57 req-588800ef-fbaa-4ea4-81c3-1f30cca850b2 None None] Starting request: 10.222.0.64 "GET /placement/allocation_candidates?limit=1000&resources=DISK_GB%3A1%2CMEMORY_MB%3A1024%2CVCPU%3A1&root_required=%21COMPUTE_STATUS_DISABLED" {{(pid=92943) __call__ /opt/stack/placement/placement/requestlog.py:55}}
Jun 10 01:00:06.643868 n-d-694802-11 devstack@placement-api.service[92943]: DEBUG placement.objects.research_context [req-28efebfc-ab89-4614-80da-5f4ab8d99f57 req-588800ef-fbaa-4ea4-81c3-1f30cca850b2 service placement] getting providers with 1 DISK_GB {{(pid=92943) __init__ /opt/stack/placement/placement/objects/research_context.py:126}}
Jun 10 01:00:06.653144 n-d-694802-11 devstack@placement-api.service[92943]: DEBUG placement.objects.research_context [req-28efebfc-ab89-4614-80da-5f4ab8d99f57 req-588800ef-fbaa-4ea4-81c3-1f30cca850b2 service placement] getting providers with 1024 MEMORY_MB {{(pid=92943) __init__ /opt/stack/placement/placement/objects/research_context.py:126}}
Jun 10 01:00:06.660994 n-d-694802-11 devstack@placement-api.service[92943]: DEBUG placement.objects.research_context [req-28efebfc-ab89-4614-80da-5f4ab8d99f57 req-588800ef-fbaa-4ea4-81c3-1f30cca850b2 service placement] getting providers with 1 VCPU {{(pid=92943) __init__ /opt/stack/placement/placement/objects/research_context.py:126}}
Jun 10 01:00:06.669598 n-d-694802-11 devstack@placement-api.service[92943]: DEBUG placement.objects.research_context [req-28efebfc-ab89-4614-80da-5f4ab8d99f57 req-588800ef-fbaa-4ea4-81c3-1f30cca850b2 service placement] found 2 providers with available 1 DISK_GB {{(pid=92943) get_provider_ids_matching /opt/stack/placement/placement/objects/research_context.py:549}}
Jun 10 01:00:06.670051 n-d-694802-11 devstack@placement-api.service[92943]: DEBUG placement.objects.research_context [req-28efebfc-ab89-4614-80da-5f4ab8d99f57 req-588800ef-fbaa-4ea4-81c3-1f30cca850b2 service placement] found 2 providers with available 1024 MEMORY_MB {{(pid=92943) get_provider_ids_matching /opt/stack/placement/placement/objects/research_context.py:549}}
Jun 10 01:00:06.670715 n-d-694802-11 devstack@placement-api.service[92943]: DEBUG placement.objects.research_context [req-28efebfc-ab89-4614-80da-5f4ab8d99f57 req-588800ef-fbaa-4ea4-81c3-1f30cca850b2 service placement] found 2 providers after filtering by previous result {{(pid=92943) get_provider_ids_matching /opt/stack/placement/placement/objects/research_context.py:580}}
Jun 10 01:00:06.670958 n-d-694802-11 devstack@placement-api.service[92943]: DEBUG placement.objects.research_context [req-28efebfc-ab89-4614-80da-5f4ab8d99f57 req-588800ef-fbaa-4ea4-81c3-1f30cca850b2 service placement] found 2 providers with available 1 VCPU {{(pid=92943) get_provider_ids_matching /opt/stack/placement/placement/objects/research_context.py:549}}
Jun 10 01:00:06.672149 n-d-694802-11 devstack@placement-api.service[92943]: DEBUG placement.objects.research_context [req-28efebfc-ab89-4614-80da-5f4ab8d99f57 req-588800ef-fbaa-4ea4-81c3-1f30cca850b2 service placement] found 2 providers after filtering by previous result {{(pid=92943) get_provider_ids_matching /opt/stack/placement/placement/objects/research_context.py:580}}
Jun 10 01:00:06.687224 n-d-694802-11 devstack@placement-api.service[92943]: DEBUG placement.objects.allocation_candidate [req-28efebfc-ab89-4614-80da-5f4ab8d99f57 req-588800ef-fbaa-4ea4-81c3-1f30cca850b2 service placement] RequestGroup(use_same_provider=False, resources={DISK_GB:1, MEMORY_MB:1024, VCPU:1}, traits=[], aggregates=[]) (suffix '') returned 2 matches {{(pid=92943) _get_by_requests /opt/stack/placement/placement/objects/allocation_candidate.py:145}}
Jun 10 01:00:06.688086 n-d-694802-11 devstack@placement-api.service[92943]: DEBUG placement.objects.allocation_candidate [req-28efebfc-ab89-4614-80da-5f4ab8d99f57 req-588800ef-fbaa-4ea4-81c3-1f30cca850b2 service placement] Merging candidates yields 2 allocation requests and 2 provider summaries {{(pid=92943) _merge_candidates /opt/stack/placement/placement/objects/allocation_candidate.py:783}}
Jun 10 01:00:06.689724 n-d-694802-11 devstack@placement-api.service[92943]: INFO placement.requestlog [req-28efebfc-ab89-4614-80da-5f4ab8d99f57 req-588800ef-fbaa-4ea4-81c3-1f30cca850b2 service placement] 10.222.0.64 "GET /placement/allocation_candidates?limit=1000&resources=DISK_GB%3A1%2CMEMORY_MB%3A1024%2CVCPU%3A1&root_required=%21COMPUTE_STATUS_DISABLED" status: 200 len: 1309 microversion: 1.35
Jun 10 01:00:06.695289 n-d-694802-11 devstack@placement-api.service[92943]: [pid: 92943|app: 0|req: 137/275] 10.222.0.64 () {60 vars in 1506 bytes} [Thu Jun 10 01:00:06 2021] GET /placement/allocation_candidates?limit=1000&resources=DISK_GB%3A1%2CMEMORY_MB%3A1024%2CVCPU%3A1&root_required=%21COMPUTE_STATUS_DISABLED => generated 1309 bytes in 129 msecs (HTTP/1.1 200) 8 headers in 297 bytes (1 switches on core 0)
Jun 10 01:00:06.761695 n-d-694802-11 devstack@placement-api.service[92942]: DEBUG placement.requestlog [req-28efebfc-ab89-4614-80da-5f4ab8d99f57 req-c049334e-2766-415c-aadc-c98c4a1114eb None None] Starting request: 10.222.0.64 "GET /placement/allocations/3fc1d241-ef91-4621-9277-d98b2aed7543" {{(pid=92942) __call__ /opt/stack/placement/placement/requestlog.py:55}}
Jun 10 01:00:06.786512 n-d-694802-11 devstack@placement-api.service[92942]: INFO placement.requestlog [req-28efebfc-ab89-4614-80da-5f4ab8d99f57 req-c049334e-2766-415c-aadc-c98c4a1114eb service placement] 10.222.0.64 "GET /placement/allocations/3fc1d241-ef91-4621-9277-d98b2aed7543" status: 200 len: 19 microversion: 1.28
Jun 10 01:00:06.787115 n-d-694802-11 devstack@placement-api.service[92942]: [pid: 92942|app: 0|req: 139/276] 10.222.0.64 () {60 vars in 1380 bytes} [Thu Jun 10 01:00:06 2021] GET /placement/allocations/3fc1d241-ef91-4621-9277-d98b2aed7543 => generated 19 bytes in 25 msecs (HTTP/1.1 200) 8 headers in 295 bytes (1 switches on core 0)
Jun 10 01:00:06.792695 n-d-694802-11 devstack@placement-api.service[92943]: DEBUG placement.requestlog [req-28efebfc-ab89-4614-80da-5f4ab8d99f57 req-224f6180-57ae-44ae-8150-b872fa1ac8f3 None None] Starting request: 10.222.0.64 "PUT /placement/allocations/3fc1d241-ef91-4621-9277-d98b2aed7543" {{(pid=92943) __call__ /opt/stack/placement/placement/requestlog.py:55}}
Jun 10 01:00:06.930764 n-d-694802-11 devstack@placement-api.service[92943]: DEBUG placement.handlers.allocation [req-28efebfc-ab89-4614-80da-5f4ab8d99f57 req-224f6180-57ae-44ae-8150-b872fa1ac8f3 service placement] Successfully wrote allocations [, , ] {{(pid=92943) _create_allocations /opt/stack/placement/placement/handlers/allocation.py:435}}
Jun 10 01:00:06.931332 n-d-694802-11 devstack@placement-api.service[92943]: INFO placement.requestlog [req-28efebfc-ab89-4614-80da-5f4ab8d99f57 req-224f6180-57ae-44ae-8150-b872fa1ac8f3 service placement] 10.222.0.64 "PUT /placement/allocations/3fc1d241-ef91-4621-9277-d98b2aed7543" status: 204 len: 0 microversion: 1.35
Jun 10 01:00:06.931748 n-d-694802-11 devstack@placement-api.service[92943]: [pid: 92943|app: 0|req: 138/277] 10.222.0.64 () {64 vars in 1433 bytes} [Thu Jun 10 01:00:06 2021] PUT /placement/allocations/3fc1d241-ef91-4621-9277-d98b2aed7543 => generated 0 bytes in 139 msecs (HTTP/1.1 204) 5 headers in 199 bytes (1 switches on core 0)
Jun 10 01:00:07.638565 n-d-694802-11 devstack@placement-api.service[92942]: DEBUG placement.requestlog [req-28efebfc-ab89-4614-80da-5f4ab8d99f57 req-b1795d6e-08ee-46ad-8de6-8c56cf942e64 None None] Starting request: 10.222.0.63 "GET /placement/allocations/3fc1d241-ef91-4621-9277-d98b2aed7543" {{(pid=92942) __call__ /opt/stack/placement/placement/requestlog.py:55}}
Jun 10 01:00:07.673828 n-d-694802-11 devstack@placement-api.service[92942]: INFO placement.requestlog [req-28efebfc-ab89-4614-80da-5f4ab8d99f57 req-b1795d6e-08ee-46ad-8de6-8c56cf942e64 service placement] 10.222.0.63 "GET /placement/allocations/3fc1d241-ef91-4621-9277-d98b2aed7543" status: 200 len: 259 microversion: 1.28
Jun 10 01:00:07.677291 n-d-694802-11 devstack@placement-api.service[92942]: [pid: 92942|app: 0|req: 140/278] 10.222.0.63 () {60 vars in 1378 bytes} [Thu Jun 10 01:00:07 2021] GET /placement/allocations/3fc1d241-ef91-4621-9277-d98b2aed7543 => generated 259 bytes in 39 msecs (HTTP/1.1 200) 8 headers in 296 bytes (1 switches on core 0)
Jun 10 01:00:08.256155 n-d-694802-11 devstack@placement-api.service[92943]: DEBUG placement.requestlog [req-71a1b26b-52c4-409b-9e58-89ccf4a4187b req-6d85ca8d-e2d3-4221-870b-50f3ee0fcf48 None None] Starting request: 10.222.0.61 "GET /placement/allocations/6f503a66-d2aa-449d-97fe-1b010528ce18" {{(pid=92943) __call__ /opt/stack/placement/placement/requestlog.py:55}}
Jun 10 01:00:08.276273 n-d-694802-11 devstack@placement-api.service[92943]: INFO placement.requestlog [req-71a1b26b-52c4-409b-9e58-89ccf4a4187b req-6d85ca8d-e2d3-4221-870b-50f3ee0fcf48 service placement] 10.222.0.61 "GET /placement/allocations/6f503a66-d2aa-449d-97fe-1b010528ce18" status: 200 len: 259 microversion: 1.28
Jun 10 01:00:08.277027 n-d-694802-11 devstack@placement-api.service[92943]: [pid: 92943|app: 0|req: 139/279] 10.222.0.61 () {60 vars in 1378 bytes} [Thu Jun 10 01:00:08 2021] GET /placement/allocations/6f503a66-d2aa-449d-97fe-1b010528ce18 => generated 259 bytes in 21 msecs (HTTP/1.1 200) 8 headers in 296 bytes (1 switches on core 0)
Jun 10 01:00:08.290507 n-d-694802-11 devstack@placement-api.service[92942]: DEBUG placement.requestlog [req-71a1b26b-52c4-409b-9e58-89ccf4a4187b req-3aed127c-ca99-47da-89dc-0e39d70f785e None None] Starting request: 10.222.0.61 "GET /placement/allocations/6f503a66-d2aa-449d-97fe-1b010528ce18" {{(pid=92942) __call__ /opt/stack/placement/placement/requestlog.py:55}}
Jun 10 01:00:08.308034 n-d-694802-11 devstack@placement-api.service[92942]: INFO placement.requestlog [req-71a1b26b-52c4-409b-9e58-89ccf4a4187b req-3aed127c-ca99-47da-89dc-0e39d70f785e service placement] 10.222.0.61 "GET /placement/allocations/6f503a66-d2aa-449d-97fe-1b010528ce18" status: 200 len: 259 microversion: 1.28
Jun 10 01:00:08.308398 n-d-694802-11 devstack@placement-api.service[92942]: [pid: 92942|app: 0|req: 141/280] 10.222.0.61 () {60 vars in 1378 bytes} [Thu Jun 10 01:00:08 2021] GET /placement/allocations/6f503a66-d2aa-449d-97fe-1b010528ce18 => generated 259 bytes in 18 msecs (HTTP/1.1 200) 8 headers in 296 bytes (1 switches on core 0)
Jun 10 01:00:08.316338 n-d-694802-11 devstack@placement-api.service[92943]: DEBUG placement.requestlog [req-71a1b26b-52c4-409b-9e58-89ccf4a4187b req-2c372f9c-b516-4c21-a4a7-fe0afb6a8f8f None None] Starting request: 10.222.0.61 "GET /placement/allocations/1c1c6348-3e8f-42d7-bad2-a7a9850fe210" {{(pid=92943) __call__ /opt/stack/placement/placement/requestlog.py:55}}
Jun 10 01:00:08.335244 n-d-694802-11 devstack@placement-api.service[92943]: INFO placement.requestlog [req-71a1b26b-52c4-409b-9e58-89ccf4a4187b req-2c372f9c-b516-4c21-a4a7-fe0afb6a8f8f service placement] 10.222.0.61 "GET /placement/allocations/1c1c6348-3e8f-42d7-bad2-a7a9850fe210" status: 200 len: 258 microversion: 1.28
Jun 10 01:00:08.335479 n-d-694802-11 devstack@placement-api.service[92943]: [pid: 92943|app: 0|req: 140/281] 10.222.0.61 () {60 vars in 1378 bytes} [Thu Jun 10 01:00:08 2021] GET /placement/allocations/1c1c6348-3e8f-42d7-bad2-a7a9850fe210 => generated 258 bytes in 19 msecs (HTTP/1.1 200) 8 headers in 296 bytes (2 switches on core 0)
Jun 10 01:00:08.344698 n-d-694802-11 devstack@placement-api.service[92942]: DEBUG placement.requestlog [req-71a1b26b-52c4-409b-9e58-89ccf4a4187b req-5c2c5a5f-543d-4c12-93b4-e5510da1bb4d None None] Starting request: 10.222.0.61 "POST /placement/allocations" {{(pid=92942) __call__ /opt/stack/placement/placement/requestlog.py:55}}
Jun 10 01:00:08.447408 n-d-694802-11 devstack@placement-api.service[92942]: DEBUG placement.handlers.allocation [req-71a1b26b-52c4-409b-9e58-89ccf4a4187b req-5c2c5a5f-543d-4c12-93b4-e5510da1bb4d service placement] Successfully wrote allocations [, , , , , ] {{(pid=92942) _create_allocations /opt/stack/placement/placement/handlers/allocation.py:524}}
Jun 10 01:00:08.448247 n-d-694802-11 devstack@placement-api.service[92942]: INFO placement.requestlog [req-71a1b26b-52c4-409b-9e58-89ccf4a4187b req-5c2c5a5f-543d-4c12-93b4-e5510da1bb4d service placement] 10.222.0.61 "POST /placement/allocations" status: 204 len: 0 microversion: 1.28
Jun 10 01:00:08.448849 n-d-694802-11 devstack@placement-api.service[92942]: [pid: 92942|app: 0|req: 142/282] 10.222.0.61 () {64 vars in 1321 bytes} [Thu Jun 10 01:00:08 2021] POST /placement/allocations => generated 0 bytes in 104 msecs (HTTP/1.1 204) 5 headers in 199 bytes (2 switches on core 0)
Jun 10 01:00:12.340647 n-d-694802-11 devstack@placement-api.service[92943]: DEBUG placement.requestlog [req-ff1d3d6a-56db-4f8a-974b-916e05d91300 req-8cd477cd-8589-4bda-bb39-1cb762dc7ea1 None None] Starting request: 10.222.0.61 "GET /placement/allocations/4d0d44c1-c72c-4327-a45c-acdcb230628a" {{(pid=92943) __call__ /opt/stack/placement/placement/requestlog.py:55}}
Jun 10 01:00:12.363962 n-d-694802-11 devstack@placement-api.service[92942]: DEBUG placement.requestlog [req-524639be-5826-4583-8065-74e43cce5329 req-675ff92f-8eb9-4c95-9718-858c04ddeb36 None None] Starting request: 10.222.0.64 "GET /placement/allocation_candidates?limit=1000&resources=MEMORY_MB%3A1024%2CVCPU%3A1&root_required=%21COMPUTE_STATUS_DISABLED" {{(pid=92942) __call__ /opt/stack/placement/placement/requestlog.py:55}}
Jun 10 01:00:12.390743 n-d-694802-11 devstack@placement-api.service[92943]: INFO placement.requestlog [req-ff1d3d6a-56db-4f8a-974b-916e05d91300 req-8cd477cd-8589-4bda-bb39-1cb762dc7ea1 service placement] 10.222.0.61 "GET /placement/allocations/4d0d44c1-c72c-4327-a45c-acdcb230628a" status: 200 len: 259 microversion: 1.28
Jun 10 01:00:12.391304 n-d-694802-11 devstack@placement-api.service[92943]: [pid: 92943|app: 0|req: 141/283] 10.222.0.61 () {60 vars in 1378 bytes} [Thu Jun 10 01:00:12 2021] GET /placement/allocations/4d0d44c1-c72c-4327-a45c-acdcb230628a => generated 259 bytes in 51 msecs (HTTP/1.1 200) 8 headers in 296 bytes (1 switches on core 0)
Jun 10 01:00:12.411241 n-d-694802-11 devstack@placement-api.service[92943]: DEBUG placement.requestlog [req-ff1d3d6a-56db-4f8a-974b-916e05d91300 req-817fd8ac-edd1-4b11-a861-063836991861 None None] Starting request: 10.222.0.61 "PUT /placement/allocations/4d0d44c1-c72c-4327-a45c-acdcb230628a" {{(pid=92943) __call__ /opt/stack/placement/placement/requestlog.py:55}}
Jun 10 01:00:12.449761 n-d-694802-11 devstack@placement-api.service[92942]: DEBUG placement.objects.research_context [req-524639be-5826-4583-8065-74e43cce5329 req-675ff92f-8eb9-4c95-9718-858c04ddeb36 service placement] getting providers with 1024 MEMORY_MB {{(pid=92942) __init__ /opt/stack/placement/placement/objects/research_context.py:126}}
Jun 10 01:00:12.469431 n-d-694802-11 devstack@placement-api.service[92942]: DEBUG placement.objects.research_context [req-524639be-5826-4583-8065-74e43cce5329 req-675ff92f-8eb9-4c95-9718-858c04ddeb36 service placement] getting providers with 1 VCPU {{(pid=92942) __init__ /opt/stack/placement/placement/objects/research_context.py:126}}
Jun 10 01:00:12.482394 n-d-694802-11 devstack@placement-api.service[92942]: DEBUG placement.objects.research_context [req-524639be-5826-4583-8065-74e43cce5329 req-675ff92f-8eb9-4c95-9718-858c04ddeb36 service placement] found 2 providers with available 1024 MEMORY_MB {{(pid=92942) get_provider_ids_matching /opt/stack/placement/placement/objects/research_context.py:549}}
Jun 10 01:00:12.482947 n-d-694802-11 devstack@placement-api.service[92942]: DEBUG placement.objects.research_context [req-524639be-5826-4583-8065-74e43cce5329 req-675ff92f-8eb9-4c95-9718-858c04ddeb36 service placement] found 2 providers with available 1 VCPU {{(pid=92942) get_provider_ids_matching /opt/stack/placement/placement/objects/research_context.py:549}}
Jun 10 01:00:12.483431 n-d-694802-11 devstack@placement-api.service[92942]: DEBUG placement.objects.research_context [req-524639be-5826-4583-8065-74e43cce5329 req-675ff92f-8eb9-4c95-9718-858c04ddeb36 service placement] found 2 providers after filtering by previous result {{(pid=92942) get_provider_ids_matching /opt/stack/placement/placement/objects/research_context.py:580}}
Jun 10 01:00:12.510380 n-d-694802-11 devstack@placement-api.service[92943]: DEBUG placement.handlers.allocation [req-ff1d3d6a-56db-4f8a-974b-916e05d91300 req-817fd8ac-edd1-4b11-a861-063836991861 service placement] Successfully wrote allocations [, , ] {{(pid=92943) _create_allocations /opt/stack/placement/placement/handlers/allocation.py:435}}
Jun 10 01:00:12.510964 n-d-694802-11 devstack@placement-api.service[92942]: DEBUG placement.objects.allocation_candidate [req-524639be-5826-4583-8065-74e43cce5329 req-675ff92f-8eb9-4c95-9718-858c04ddeb36 service placement] RequestGroup(use_same_provider=False, resources={MEMORY_MB:1024, VCPU:1}, traits=[], aggregates=[]) (suffix '') returned 2 matches {{(pid=92942) _get_by_requests /opt/stack/placement/placement/objects/allocation_candidate.py:145}}
Jun 10 01:00:12.511341 n-d-694802-11 devstack@placement-api.service[92943]: INFO placement.requestlog [req-ff1d3d6a-56db-4f8a-974b-916e05d91300 req-817fd8ac-edd1-4b11-a861-063836991861 service placement] 10.222.0.61 "PUT /placement/allocations/4d0d44c1-c72c-4327-a45c-acdcb230628a" status: 204 len: 0 microversion: 1.28
Jun 10 01:00:12.511720 n-d-694802-11 devstack@placement-api.service[92943]: [pid: 92943|app: 0|req: 142/284] 10.222.0.61 () {64 vars in 1431 bytes} [Thu Jun 10 01:00:12 2021] PUT /placement/allocations/4d0d44c1-c72c-4327-a45c-acdcb230628a => generated 0 bytes in 101 msecs (HTTP/1.1 204) 5 headers in 199 bytes (1 switches on core 0)
Jun 10 01:00:12.512311 n-d-694802-11 devstack@placement-api.service[92942]: DEBUG placement.objects.allocation_candidate [req-524639be-5826-4583-8065-74e43cce5329 req-675ff92f-8eb9-4c95-9718-858c04ddeb36 service placement] Merging candidates yields 2 allocation requests and 2 provider summaries {{(pid=92942) _merge_candidates /opt/stack/placement/placement/objects/allocation_candidate.py:783}}
Jun 10 01:00:12.515668 n-d-694802-11 devstack@placement-api.service[92942]: INFO placement.requestlog [req-524639be-5826-4583-8065-74e43cce5329 req-675ff92f-8eb9-4c95-9718-858c04ddeb36 service placement] 10.222.0.64 "GET /placement/allocation_candidates?limit=1000&resources=MEMORY_MB%3A1024%2CVCPU%3A1&root_required=%21COMPUTE_STATUS_DISABLED" status: 200 len: 1281 microversion: 1.35
Jun 10 01:00:12.526838 n-d-694802-11 devstack@placement-api.service[92942]: [pid: 92942|app: 0|req: 143/285] 10.222.0.64 () {60 vars in 1478 bytes} [Thu Jun 10 01:00:12 2021] GET /placement/allocation_candidates?limit=1000&resources=MEMORY_MB%3A1024%2CVCPU%3A1&root_required=%21COMPUTE_STATUS_DISABLED => generated 1281 bytes in 163 msecs (HTTP/1.1 200) 8 headers in 297 bytes (2 switches on core 0)
Jun 10 01:00:12.592570 n-d-694802-11 devstack@placement-api.service[92943]: DEBUG placement.requestlog [req-524639be-5826-4583-8065-74e43cce5329 req-12f11124-6f7a-4caa-8d44-e2426c34083b None None] Starting request: 10.222.0.64 "GET /placement/allocations/14967cbc-0ff2-4d92-ab0d-e6b64c092e01" {{(pid=92943) __call__ /opt/stack/placement/placement/requestlog.py:55}}
Jun 10 01:00:12.610351 n-d-694802-11 devstack@placement-api.service[92943]: INFO placement.requestlog [req-524639be-5826-4583-8065-74e43cce5329 req-12f11124-6f7a-4caa-8d44-e2426c34083b service placement] 10.222.0.64 "GET /placement/allocations/14967cbc-0ff2-4d92-ab0d-e6b64c092e01" status: 200 len: 19 microversion: 1.28
