Aug 30 12:57:25.230054 n-d-688802-6 devstack@placement-api.service[96214]: INFO placement.requestlog [req-a34a54c7-5ebd-4ed3-a7f7-78473d5ade50 req-fbeaeb44-d1a7-4f80-a017-674807154d32 service placement] 10.222.0.37 "GET /placement/allocations/6a967c5e-a886-4593-8eab-8dd2c9f8fd3c" status: 200 len: 259 microversion: 1.28
Aug 30 12:57:25.237549 n-d-688802-6 devstack@placement-api.service[96215]: DEBUG placement.requestlog [req-a34a54c7-5ebd-4ed3-a7f7-78473d5ade50 req-3baa8499-3f14-47ef-a6da-f458f45cbf90 None None] Starting request: 10.222.0.37 "GET /placement/allocations/6a967c5e-a886-4593-8eab-8dd2c9f8fd3c" {{(pid=96215) __call__ /opt/stack/placement/placement/requestlog.py:55}}
Aug 30 12:57:25.245214 n-d-688802-6 devstack@placement-api.service[96214]: [pid: 96214|app: 0|req: 127/253] 10.222.0.37 () {60 vars in 1381 bytes} [Mon Aug 30 12:57:25 2021] GET /placement/allocations/6a967c5e-a886-4593-8eab-8dd2c9f8fd3c => generated 259 bytes in 174 msecs (HTTP/1.1 200) 8 headers in 296 bytes (1 switches on core 0)
Aug 30 12:57:25.256073 n-d-688802-6 devstack@placement-api.service[96215]: INFO placement.requestlog [req-a34a54c7-5ebd-4ed3-a7f7-78473d5ade50 req-3baa8499-3f14-47ef-a6da-f458f45cbf90 service placement] 10.222.0.37 "GET /placement/allocations/6a967c5e-a886-4593-8eab-8dd2c9f8fd3c" status: 200 len: 259 microversion: 1.28
Aug 30 12:57:25.264924 n-d-688802-6 devstack@placement-api.service[96214]: DEBUG placement.requestlog [req-a34a54c7-5ebd-4ed3-a7f7-78473d5ade50 req-e7f7864d-2d6e-48c2-ab42-02007d14439d None None] Starting request: 10.222.0.37 "GET /placement/allocations/ed2e3d81-445d-40a0-b020-c3f04b3b3ef9" {{(pid=96214) __call__ /opt/stack/placement/placement/requestlog.py:55}}
Aug 30 12:57:25.286986 n-d-688802-6 devstack@placement-api.service[96215]: [pid: 96215|app: 0|req: 127/254] 10.222.0.37 () {60 vars in 1381 bytes} [Mon Aug 30 12:57:25 2021] GET /placement/allocations/6a967c5e-a886-4593-8eab-8dd2c9f8fd3c => generated 259 bytes in 50 msecs (HTTP/1.1 200) 8 headers in 296 bytes (2 switches on core 0)
Aug 30 12:57:25.291896 n-d-688802-6 devstack@placement-api.service[96214]: INFO placement.requestlog [req-a34a54c7-5ebd-4ed3-a7f7-78473d5ade50 req-e7f7864d-2d6e-48c2-ab42-02007d14439d service placement] 10.222.0.37 "GET /placement/allocations/ed2e3d81-445d-40a0-b020-c3f04b3b3ef9" status: 200 len: 19 microversion: 1.28
Aug 30 12:57:25.299946 n-d-688802-6 devstack@placement-api.service[96215]: DEBUG placement.requestlog [req-a34a54c7-5ebd-4ed3-a7f7-78473d5ade50 req-2955461c-4fd2-43c2-ac62-bcb102b2f33b None None] Starting request: 10.222.0.37 "POST /placement/allocations" {{(pid=96215) __call__ /opt/stack/placement/placement/requestlog.py:55}}
Aug 30 12:57:25.305599 n-d-688802-6 devstack@placement-api.service[96214]: [pid: 96214|app: 0|req: 128/255] 10.222.0.37 () {60 vars in 1381 bytes} [Mon Aug 30 12:57:25 2021] GET /placement/allocations/ed2e3d81-445d-40a0-b020-c3f04b3b3ef9 => generated 19 bytes in 39 msecs (HTTP/1.1 200) 8 headers in 295 bytes (2 switches on core 0)
Aug 30 12:57:25.418790 n-d-688802-6 devstack@placement-api.service[96215]: DEBUG placement.handlers.allocation [req-a34a54c7-5ebd-4ed3-a7f7-78473d5ade50 req-2955461c-4fd2-43c2-ac62-bcb102b2f33b service placement] Successfully wrote allocations [, , , , , ] {{(pid=96215) _create_allocations /opt/stack/placement/placement/handlers/allocation.py:555}}
Aug 30 12:57:25.419652 n-d-688802-6 devstack@placement-api.service[96215]: INFO placement.requestlog [req-a34a54c7-5ebd-4ed3-a7f7-78473d5ade50 req-2955461c-4fd2-43c2-ac62-bcb102b2f33b service placement] 10.222.0.37 "POST /placement/allocations" status: 204 len: 0 microversion: 1.28
Aug 30 12:57:25.420139 n-d-688802-6 devstack@placement-api.service[96215]: [pid: 96215|app: 0|req: 128/256] 10.222.0.37 () {64 vars in 1324 bytes} [Mon Aug 30 12:57:25 2021] POST /placement/allocations => generated 0 bytes in 121 msecs (HTTP/1.1 204) 5 headers in 199 bytes (1 switches on core 0)
Aug 30 12:57:25.453207 n-d-688802-6 devstack@placement-api.service[96214]: DEBUG placement.requestlog [req-a34a54c7-5ebd-4ed3-a7f7-78473d5ade50 req-9ad23d91-5e8c-4933-aeba-4e3f0dbcb290 None None] Starting request: 10.222.0.37 "GET /placement/allocation_candidates?limit=1000&resources=DISK_GB%3A1%2CMEMORY_MB%3A512%2CVCPU%3A1&root_required=%21COMPUTE_STATUS_DISABLED" {{(pid=96214) __call__ /opt/stack/placement/placement/requestlog.py:55}}
Aug 30 12:57:25.495611 n-d-688802-6 devstack@placement-api.service[96214]: DEBUG placement.objects.research_context [req-a34a54c7-5ebd-4ed3-a7f7-78473d5ade50 req-9ad23d91-5e8c-4933-aeba-4e3f0dbcb290 service placement] getting providers with 1 DISK_GB {{(pid=96214) __init__ /opt/stack/placement/placement/objects/research_context.py:126}}
Aug 30 12:57:25.506919 n-d-688802-6 devstack@placement-api.service[96214]: DEBUG placement.objects.research_context [req-a34a54c7-5ebd-4ed3-a7f7-78473d5ade50 req-9ad23d91-5e8c-4933-aeba-4e3f0dbcb290 service placement] getting providers with 512 MEMORY_MB {{(pid=96214) __init__ /opt/stack/placement/placement/objects/research_context.py:126}}
Aug 30 12:57:25.513421 n-d-688802-6 devstack@placement-api.service[96214]: DEBUG placement.objects.research_context [req-a34a54c7-5ebd-4ed3-a7f7-78473d5ade50 req-9ad23d91-5e8c-4933-aeba-4e3f0dbcb290 service placement] getting providers with 1 VCPU {{(pid=96214) __init__ /opt/stack/placement/placement/objects/research_context.py:126}}
Aug 30 12:57:25.532553 n-d-688802-6 devstack@placement-api.service[96214]: DEBUG placement.objects.research_context [req-a34a54c7-5ebd-4ed3-a7f7-78473d5ade50 req-9ad23d91-5e8c-4933-aeba-4e3f0dbcb290 service placement] found 2 providers with available 1 DISK_GB {{(pid=96214) get_provider_ids_matching /opt/stack/placement/placement/objects/research_context.py:549}}
Aug 30 12:57:25.532832 n-d-688802-6 devstack@placement-api.service[96214]: DEBUG placement.objects.research_context [req-a34a54c7-5ebd-4ed3-a7f7-78473d5ade50 req-9ad23d91-5e8c-4933-aeba-4e3f0dbcb290 service placement] found 2 providers with available 512 MEMORY_MB {{(pid=96214) get_provider_ids_matching /opt/stack/placement/placement/objects/research_context.py:549}}
Aug 30 12:57:25.533106 n-d-688802-6 devstack@placement-api.service[96214]: DEBUG placement.objects.research_context [req-a34a54c7-5ebd-4ed3-a7f7-78473d5ade50 req-9ad23d91-5e8c-4933-aeba-4e3f0dbcb290 service placement] found 2 providers after filtering by previous result {{(pid=96214) get_provider_ids_matching /opt/stack/placement/placement/objects/research_context.py:580}}
Aug 30 12:57:25.533363 n-d-688802-6 devstack@placement-api.service[96214]: DEBUG placement.objects.research_context [req-a34a54c7-5ebd-4ed3-a7f7-78473d5ade50 req-9ad23d91-5e8c-4933-aeba-4e3f0dbcb290 service placement] found 2 providers with available 1 VCPU {{(pid=96214) get_provider_ids_matching /opt/stack/placement/placement/objects/research_context.py:549}}
Aug 30 12:57:25.533625 n-d-688802-6 devstack@placement-api.service[96214]: DEBUG placement.objects.research_context [req-a34a54c7-5ebd-4ed3-a7f7-78473d5ade50 req-9ad23d91-5e8c-4933-aeba-4e3f0dbcb290 service placement] found 2 providers after filtering by previous result {{(pid=96214) get_provider_ids_matching /opt/stack/placement/placement/objects/research_context.py:580}}
Aug 30 12:57:25.549123 n-d-688802-6 devstack@placement-api.service[96214]: DEBUG placement.objects.allocation_candidate [req-a34a54c7-5ebd-4ed3-a7f7-78473d5ade50 req-9ad23d91-5e8c-4933-aeba-4e3f0dbcb290 service placement] RequestGroup(use_same_provider=False, resources={DISK_GB:1, MEMORY_MB:512, VCPU:1}, traits=[], aggregates=[]) (suffix '') returned 2 matches {{(pid=96214) _get_by_requests /opt/stack/placement/placement/objects/allocation_candidate.py:145}}
Aug 30 12:57:25.549498 n-d-688802-6 devstack@placement-api.service[96214]: DEBUG placement.objects.allocation_candidate [req-a34a54c7-5ebd-4ed3-a7f7-78473d5ade50 req-9ad23d91-5e8c-4933-aeba-4e3f0dbcb290 service placement] Merging candidates yields 2 allocation requests and 2 provider summaries {{(pid=96214) _merge_candidates /opt/stack/placement/placement/objects/allocation_candidate.py:783}}
Aug 30 12:57:25.551107 n-d-688802-6 devstack@placement-api.service[96214]: INFO placement.requestlog [req-a34a54c7-5ebd-4ed3-a7f7-78473d5ade50 req-9ad23d91-5e8c-4933-aeba-4e3f0dbcb290 service placement] 10.222.0.37 "GET /placement/allocation_candidates?limit=1000&resources=DISK_GB%3A1%2CMEMORY_MB%3A512%2CVCPU%3A1&root_required=%21COMPUTE_STATUS_DISABLED" status: 200 len: 1307 microversion: 1.35
Aug 30 12:57:25.551691 n-d-688802-6 devstack@placement-api.service[96214]: [pid: 96214|app: 0|req: 129/257] 10.222.0.37 () {60 vars in 1505 bytes} [Mon Aug 30 12:57:25 2021] GET /placement/allocation_candidates?limit=1000&resources=DISK_GB%3A1%2CMEMORY_MB%3A512%2CVCPU%3A1&root_required=%21COMPUTE_STATUS_DISABLED => generated 1307 bytes in 99 msecs (HTTP/1.1 200) 8 headers in 297 bytes (1 switches on core 0)
Aug 30 12:57:25.620100 n-d-688802-6 devstack@placement-api.service[96215]: DEBUG placement.requestlog [req-a34a54c7-5ebd-4ed3-a7f7-78473d5ade50 req-b6f1ff56-7263-4d6d-808f-4dd4eacedbd2 None None] Starting request: 10.222.0.37 "GET /placement/allocations/6a967c5e-a886-4593-8eab-8dd2c9f8fd3c" {{(pid=96215) __call__ /opt/stack/placement/placement/requestlog.py:55}}
Aug 30 12:57:25.639259 n-d-688802-6 devstack@placement-api.service[96215]: INFO placement.requestlog [req-a34a54c7-5ebd-4ed3-a7f7-78473d5ade50 req-b6f1ff56-7263-4d6d-808f-4dd4eacedbd2 service placement] 10.222.0.37 "GET /placement/allocations/6a967c5e-a886-4593-8eab-8dd2c9f8fd3c" status: 200 len: 19 microversion: 1.28
Aug 30 12:57:25.639682 n-d-688802-6 devstack@placement-api.service[96215]: [pid: 96215|app: 0|req: 129/258] 10.222.0.37 () {60 vars in 1381 bytes} [Mon Aug 30 12:57:25 2021] GET /placement/allocations/6a967c5e-a886-4593-8eab-8dd2c9f8fd3c => generated 19 bytes in 20 msecs (HTTP/1.1 200) 8 headers in 295 bytes (1 switches on core 0)
Aug 30 12:57:25.650528 n-d-688802-6 devstack@placement-api.service[96214]: DEBUG placement.requestlog [req-a34a54c7-5ebd-4ed3-a7f7-78473d5ade50 req-d13fc517-10a4-4450-91d9-0f94b4d1cbe0 None None] Starting request: 10.222.0.37 "PUT /placement/allocations/6a967c5e-a886-4593-8eab-8dd2c9f8fd3c" {{(pid=96214) __call__ /opt/stack/placement/placement/requestlog.py:55}}
Aug 30 12:57:25.694938 n-d-688802-6 devstack@placement-api.service[96214]: DEBUG placement.handlers.allocation [req-a34a54c7-5ebd-4ed3-a7f7-78473d5ade50 req-d13fc517-10a4-4450-91d9-0f94b4d1cbe0 service placement] Successfully wrote allocations [, , ] {{(pid=96214) _create_allocations /opt/stack/placement/placement/handlers/allocation.py:461}}
Aug 30 12:57:25.701750 n-d-688802-6 devstack@placement-api.service[96214]: INFO placement.requestlog [req-a34a54c7-5ebd-4ed3-a7f7-78473d5ade50 req-d13fc517-10a4-4450-91d9-0f94b4d1cbe0 service placement] 10.222.0.37 "PUT /placement/allocations/6a967c5e-a886-4593-8eab-8dd2c9f8fd3c" status: 204 len: 0 microversion: 1.35
Aug 30 12:57:25.711631 n-d-688802-6 devstack@placement-api.service[96214]: [pid: 96214|app: 0|req: 130/259] 10.222.0.37 () {64 vars in 1434 bytes} [Mon Aug 30 12:57:25 2021] PUT /placement/allocations/6a967c5e-a886-4593-8eab-8dd2c9f8fd3c => generated 0 bytes in 53 msecs (HTTP/1.1 204) 5 headers in 199 bytes (1 switches on core 0)
Aug 30 12:57:25.886190 n-d-688802-6 devstack@placement-api.service[96215]: DEBUG placement.requestlog [req-a34a54c7-5ebd-4ed3-a7f7-78473d5ade50 req-72f0adde-d115-4521-b842-ca5fd88bf628 None None] Starting request: 10.222.0.35 "GET /placement/allocations/6a967c5e-a886-4593-8eab-8dd2c9f8fd3c" {{(pid=96215) __call__ /opt/stack/placement/placement/requestlog.py:55}}
Aug 30 12:57:25.907815 n-d-688802-6 devstack@placement-api.service[96215]: INFO placement.requestlog [req-a34a54c7-5ebd-4ed3-a7f7-78473d5ade50 req-72f0adde-d115-4521-b842-ca5fd88bf628 service placement] 10.222.0.35 "GET /placement/allocations/6a967c5e-a886-4593-8eab-8dd2c9f8fd3c" status: 200 len: 258 microversion: 1.28
Aug 30 12:57:25.908459 n-d-688802-6 devstack@placement-api.service[96215]: [pid: 96215|app: 0|req: 130/260] 10.222.0.35 () {60 vars in 1378 bytes} [Mon Aug 30 12:57:25 2021] GET /placement/allocations/6a967c5e-a886-4593-8eab-8dd2c9f8fd3c => generated 258 bytes in 22 msecs (HTTP/1.1 200) 8 headers in 296 bytes (1 switches on core 0)
Aug 30 12:57:30.890589 n-d-688802-6 devstack@placement-api.service[96214]: DEBUG placement.requestlog [req-7197ab9f-a784-4aa4-9241-05e0d3edaefc req-a6cbe1f9-d5c8-47b0-a327-142ed3100145 None None] Starting request: 10.222.0.37 "GET /placement/allocation_candidates?limit=1000&resources=DISK_GB%3A1%2CMEMORY_MB%3A1024%2CVCPU%3A1&root_required=%21COMPUTE_STATUS_DISABLED" {{(pid=96214) __call__ /opt/stack/placement/placement/requestlog.py:55}}
Aug 30 12:57:30.950585 n-d-688802-6 devstack@placement-api.service[96214]: DEBUG placement.objects.research_context [req-7197ab9f-a784-4aa4-9241-05e0d3edaefc req-a6cbe1f9-d5c8-47b0-a327-142ed3100145 service placement] getting providers with 1 DISK_GB {{(pid=96214) __init__ /opt/stack/placement/placement/objects/research_context.py:126}}
Aug 30 12:57:30.963938 n-d-688802-6 devstack@placement-api.service[96214]: DEBUG placement.objects.research_context [req-7197ab9f-a784-4aa4-9241-05e0d3edaefc req-a6cbe1f9-d5c8-47b0-a327-142ed3100145 service placement] getting providers with 1024 MEMORY_MB {{(pid=96214) __init__ /opt/stack/placement/placement/objects/research_context.py:126}}
Aug 30 12:57:30.976271 n-d-688802-6 devstack@placement-api.service[96214]: DEBUG placement.objects.research_context [req-7197ab9f-a784-4aa4-9241-05e0d3edaefc req-a6cbe1f9-d5c8-47b0-a327-142ed3100145 service placement] getting providers with 1 VCPU {{(pid=96214) __init__ /opt/stack/placement/placement/objects/research_context.py:126}}
Aug 30 12:57:30.995047 n-d-688802-6 devstack@placement-api.service[96214]: DEBUG placement.objects.research_context [req-7197ab9f-a784-4aa4-9241-05e0d3edaefc req-a6cbe1f9-d5c8-47b0-a327-142ed3100145 service placement] found 2 providers with available 1 DISK_GB {{(pid=96214) get_provider_ids_matching /opt/stack/placement/placement/objects/research_context.py:549}}
Aug 30 12:57:30.995432 n-d-688802-6 devstack@placement-api.service[96214]: DEBUG placement.objects.research_context [req-7197ab9f-a784-4aa4-9241-05e0d3edaefc req-a6cbe1f9-d5c8-47b0-a327-142ed3100145 service placement] found 2 providers with available 1024 MEMORY_MB {{(pid=96214) get_provider_ids_matching /opt/stack/placement/placement/objects/research_context.py:549}}
Aug 30 12:57:30.997727 n-d-688802-6 devstack@placement-api.service[96214]: DEBUG placement.objects.research_context [req-7197ab9f-a784-4aa4-9241-05e0d3edaefc req-a6cbe1f9-d5c8-47b0-a327-142ed3100145 service placement] found 2 providers after filtering by previous result {{(pid=96214) get_provider_ids_matching /opt/stack/placement/placement/objects/research_context.py:580}}
Aug 30 12:57:30.998085 n-d-688802-6 devstack@placement-api.service[96214]: DEBUG placement.objects.research_context [req-7197ab9f-a784-4aa4-9241-05e0d3edaefc req-a6cbe1f9-d5c8-47b0-a327-142ed3100145 service placement] found 2 providers with available 1 VCPU {{(pid=96214) get_provider_ids_matching /opt/stack/placement/placement/objects/research_context.py:549}}
Aug 30 12:57:30.998430 n-d-688802-6 devstack@placement-api.service[96214]: DEBUG placement.objects.research_context [req-7197ab9f-a784-4aa4-9241-05e0d3edaefc req-a6cbe1f9-d5c8-47b0-a327-142ed3100145 service placement] found 2 providers after filtering by previous result {{(pid=96214) get_provider_ids_matching /opt/stack/placement/placement/objects/research_context.py:580}}
Aug 30 12:57:31.023139 n-d-688802-6 devstack@placement-api.service[96214]: DEBUG placement.objects.allocation_candidate [req-7197ab9f-a784-4aa4-9241-05e0d3edaefc req-a6cbe1f9-d5c8-47b0-a327-142ed3100145 service placement] RequestGroup(use_same_provider=False, resources={DISK_GB:1, MEMORY_MB:1024, VCPU:1}, traits=[], aggregates=[]) (suffix '') returned 2 matches {{(pid=96214) _get_by_requests /opt/stack/placement/placement/objects/allocation_candidate.py:145}}
Aug 30 12:57:31.023623 n-d-688802-6 devstack@placement-api.service[96214]: DEBUG placement.objects.allocation_candidate [req-7197ab9f-a784-4aa4-9241-05e0d3edaefc req-a6cbe1f9-d5c8-47b0-a327-142ed3100145 service placement] Merging candidates yields 2 allocation requests and 2 provider summaries {{(pid=96214) _merge_candidates /opt/stack/placement/placement/objects/allocation_candidate.py:783}}
Aug 30 12:57:31.027971 n-d-688802-6 devstack@placement-api.service[96214]: INFO placement.requestlog [req-7197ab9f-a784-4aa4-9241-05e0d3edaefc req-a6cbe1f9-d5c8-47b0-a327-142ed3100145 service placement] 10.222.0.37 "GET /placement/allocation_candidates?limit=1000&resources=DISK_GB%3A1%2CMEMORY_MB%3A1024%2CVCPU%3A1&root_required=%21COMPUTE_STATUS_DISABLED" status: 200 len: 1309 microversion: 1.35
Aug 30 12:57:31.028571 n-d-688802-6 devstack@placement-api.service[96214]: [pid: 96214|app: 0|req: 131/261] 10.222.0.37 () {60 vars in 1507 bytes} [Mon Aug 30 12:57:30 2021] GET /placement/allocation_candidates?limit=1000&resources=DISK_GB%3A1%2CMEMORY_MB%3A1024%2CVCPU%3A1&root_required=%21COMPUTE_STATUS_DISABLED => generated 1309 bytes in 138 msecs (HTTP/1.1 200) 8 headers in 297 bytes (1 switches on core 0)
Aug 30 12:57:31.163288 n-d-688802-6 devstack@placement-api.service[96215]: DEBUG placement.requestlog [req-7197ab9f-a784-4aa4-9241-05e0d3edaefc req-89ec1c16-ac2c-4f1b-a839-34092f355266 None None] Starting request: 10.222.0.37 "GET /placement/allocations/3e4d5e20-68c8-469a-a6ac-0787745afcdf" {{(pid=96215) __call__ /opt/stack/placement/placement/requestlog.py:55}}
Aug 30 12:57:31.181092 n-d-688802-6 devstack@placement-api.service[96215]: INFO placement.requestlog [req-7197ab9f-a784-4aa4-9241-05e0d3edaefc req-89ec1c16-ac2c-4f1b-a839-34092f355266 service placement] 10.222.0.37 "GET /placement/allocations/3e4d5e20-68c8-469a-a6ac-0787745afcdf" status: 200 len: 19 microversion: 1.28
Aug 30 12:57:31.183012 n-d-688802-6 devstack@placement-api.service[96214]: DEBUG placement.requestlog [req-6f624975-fbc2-4d56-a0c7-b33d43884689 req-ca637291-afe5-43e7-9ec3-e03779cfac7e None None] Starting request: 10.222.0.37 "GET /placement/allocation_candidates?resources=DISK_GB%3A1%2CMEMORY_MB%3A1024%2CVCPU%3A1&root_required=%21COMPUTE_STATUS_DISABLED" {{(pid=96214) __call__ /opt/stack/placement/placement/requestlog.py:55}}
Aug 30 12:57:31.186703 n-d-688802-6 devstack@placement-api.service[96215]: [pid: 96215|app: 0|req: 131/262] 10.222.0.37 () {60 vars in 1381 bytes} [Mon Aug 30 12:57:31 2021] GET /placement/allocations/3e4d5e20-68c8-469a-a6ac-0787745afcdf => generated 19 bytes in 23 msecs (HTTP/1.1 200) 8 headers in 295 bytes (1 switches on core 0)
Aug 30 12:57:31.187343 n-d-688802-6 devstack@placement-api.service[96215]: DEBUG placement.requestlog [req-7197ab9f-a784-4aa4-9241-05e0d3edaefc req-e1a00895-a84a-4bd3-b198-bb3879fd3622 None None] Starting request: 10.222.0.37 "PUT /placement/allocations/3e4d5e20-68c8-469a-a6ac-0787745afcdf" {{(pid=96215) __call__ /opt/stack/placement/placement/requestlog.py:55}}
Aug 30 12:57:31.234021 n-d-688802-6 devstack@placement-api.service[96214]: DEBUG placement.objects.research_context [req-6f624975-fbc2-4d56-a0c7-b33d43884689 req-ca637291-afe5-43e7-9ec3-e03779cfac7e service placement] getting providers with 1 DISK_GB {{(pid=96214) __init__ /opt/stack/placement/placement/objects/research_context.py:126}}
Aug 30 12:57:31.242390 n-d-688802-6 devstack@placement-api.service[96214]: DEBUG placement.objects.research_context [req-6f624975-fbc2-4d56-a0c7-b33d43884689 req-ca637291-afe5-43e7-9ec3-e03779cfac7e service placement] getting providers with 1024 MEMORY_MB {{(pid=96214) __init__ /opt/stack/placement/placement/objects/research_context.py:126}}
Aug 30 12:57:31.262279 n-d-688802-6 devstack@placement-api.service[96214]: DEBUG placement.objects.research_context [req-6f624975-fbc2-4d56-a0c7-b33d43884689 req-ca637291-afe5-43e7-9ec3-e03779cfac7e service placement] getting providers with 1 VCPU {{(pid=96214) __init__ /opt/stack/placement/placement/objects/research_context.py:126}}
Aug 30 12:57:31.278275 n-d-688802-6 devstack@placement-api.service[96214]: DEBUG placement.objects.research_context [req-6f624975-fbc2-4d56-a0c7-b33d43884689 req-ca637291-afe5-43e7-9ec3-e03779cfac7e service placement] found 2 providers with available 1 DISK_GB {{(pid=96214) get_provider_ids_matching /opt/stack/placement/placement/objects/research_context.py:549}}
Aug 30 12:57:31.279827 n-d-688802-6 devstack@placement-api.service[96214]: DEBUG placement.objects.research_context [req-6f624975-fbc2-4d56-a0c7-b33d43884689 req-ca637291-afe5-43e7-9ec3-e03779cfac7e service placement] found 2 providers with available 1024 MEMORY_MB {{(pid=96214) get_provider_ids_matching /opt/stack/placement/placement/objects/research_context.py:549}}
Aug 30 12:57:31.280724 n-d-688802-6 devstack@placement-api.service[96214]: DEBUG placement.objects.research_context [req-6f624975-fbc2-4d56-a0c7-b33d43884689 req-ca637291-afe5-43e7-9ec3-e03779cfac7e service placement] found 2 providers after filtering by previous result {{(pid=96214) get_provider_ids_matching /opt/stack/placement/placement/objects/research_context.py:580}}
Aug 30 12:57:31.281534 n-d-688802-6 devstack@placement-api.service[96214]: DEBUG placement.objects.research_context [req-6f624975-fbc2-4d56-a0c7-b33d43884689 req-ca637291-afe5-43e7-9ec3-e03779cfac7e service placement] found 2 providers with available 1 VCPU {{(pid=96214) get_provider_ids_matching /opt/stack/placement/placement/objects/research_context.py:549}}
Aug 30 12:57:31.283048 n-d-688802-6 devstack@placement-api.service[96214]: DEBUG placement.objects.research_context [req-6f624975-fbc2-4d56-a0c7-b33d43884689 req-ca637291-afe5-43e7-9ec3-e03779cfac7e service placement] found 2 providers after filtering by previous result {{(pid=96214) get_provider_ids_matching /opt/stack/placement/placement/objects/research_context.py:580}}
Aug 30 12:57:31.319827 n-d-688802-6 devstack@placement-api.service[96214]: DEBUG placement.objects.allocation_candidate [req-6f624975-fbc2-4d56-a0c7-b33d43884689 req-ca637291-afe5-43e7-9ec3-e03779cfac7e service placement] RequestGroup(use_same_provider=False, resources={DISK_GB:1, MEMORY_MB:1024, VCPU:1}, traits=[], aggregates=[]) (suffix '') returned 2 matches {{(pid=96214) _get_by_requests /opt/stack/placement/placement/objects/allocation_candidate.py:145}}
Aug 30 12:57:31.320953 n-d-688802-6 devstack@placement-api.service[96214]: DEBUG placement.objects.allocation_candidate [req-6f624975-fbc2-4d56-a0c7-b33d43884689 req-ca637291-afe5-43e7-9ec3-e03779cfac7e service placement] Merging candidates yields 2 allocation requests and 2 provider summaries {{(pid=96214) _merge_candidates /opt/stack/placement/placement/objects/allocation_candidate.py:783}}
Aug 30 12:57:31.325835 n-d-688802-6 devstack@placement-api.service[96214]: INFO placement.requestlog [req-6f624975-fbc2-4d56-a0c7-b33d43884689 req-ca637291-afe5-43e7-9ec3-e03779cfac7e service placement] 10.222.0.37 "GET /placement/allocation_candidates?resources=DISK_GB%3A1%2CMEMORY_MB%3A1024%2CVCPU%3A1&root_required=%21COMPUTE_STATUS_DISABLED" status: 200 len: 1309 microversion: 1.35
Aug 30 12:57:31.339215 n-d-688802-6 devstack@placement-api.service[96214]: [pid: 96214|app: 0|req: 132/263] 10.222.0.37 () {60 vars in 1485 bytes} [Mon Aug 30 12:57:31 2021] GET /placement/allocation_candidates?resources=DISK_GB%3A1%2CMEMORY_MB%3A1024%2CVCPU%3A1&root_required=%21COMPUTE_STATUS_DISABLED => generated 1309 bytes in 157 msecs (HTTP/1.1 200) 8 headers in 297 bytes (2 switches on core 0)
Aug 30 12:57:31.365211 n-d-688802-6 devstack@placement-api.service[96215]: DEBUG placement.handlers.allocation [req-7197ab9f-a784-4aa4-9241-05e0d3edaefc req-e1a00895-a84a-4bd3-b198-bb3879fd3622 service placement] Successfully wrote allocations [, , ] {{(pid=96215) _create_allocations /opt/stack/placement/placement/handlers/allocation.py:461}}
Aug 30 12:57:31.376911 n-d-688802-6 devstack@placement-api.service[96215]: INFO placement.requestlog [req-7197ab9f-a784-4aa4-9241-05e0d3edaefc req-e1a00895-a84a-4bd3-b198-bb3879fd3622 service placement] 10.222.0.37 "PUT /placement/allocations/3e4d5e20-68c8-469a-a6ac-0787745afcdf" status: 204 len: 0 microversion: 1.35
Aug 30 12:57:31.383072 n-d-688802-6 devstack@placement-api.service[96215]: [pid: 96215|app: 0|req: 132/264] 10.222.0.37 () {64 vars in 1434 bytes} [Mon Aug 30 12:57:31 2021] PUT /placement/allocations/3e4d5e20-68c8-469a-a6ac-0787745afcdf => generated 0 bytes in 190 msecs (HTTP/1.1 204) 5 headers in 199 bytes (1 switches on core 0)
Aug 30 12:57:31.506087 n-d-688802-6 devstack@placement-api.service[96214]: DEBUG placement.requestlog [req-6f624975-fbc2-4d56-a0c7-b33d43884689 req-42bfa22f-efe7-4a26-990a-738d7d0f3d84 None None] Starting request: 10.222.0.37 "GET /placement/allocations/f58dc066-a627-40ac-a310-fb8b8f57f2ed" {{(pid=96214) __call__ /opt/stack/placement/placement/requestlog.py:55}}
Aug 30 12:57:31.522649 n-d-688802-6 devstack@placement-api.service[96214]: INFO placement.requestlog [req-6f624975-fbc2-4d56-a0c7-b33d43884689 req-42bfa22f-efe7-4a26-990a-738d7d0f3d84 service placement] 10.222.0.37 "GET /placement/allocations/f58dc066-a627-40ac-a310-fb8b8f57f2ed" status: 200 len: 19 microversion: 1.28
Aug 30 12:57:31.524250 n-d-688802-6 devstack@placement-api.service[96214]: [pid: 96214|app: 0|req: 133/265] 10.222.0.37 () {60 vars in 1381 bytes} [Mon Aug 30 12:57:31 2021] GET /placement/allocations/f58dc066-a627-40ac-a310-fb8b8f57f2ed => generated 19 bytes in 18 msecs (HTTP/1.1 200) 8 headers in 295 bytes (1 switches on core 0)
Aug 30 12:57:31.531130 n-d-688802-6 devstack@placement-api.service[96215]: DEBUG placement.requestlog [req-6f624975-fbc2-4d56-a0c7-b33d43884689 req-fec3dc28-92ab-4b60-95ac-7e1553c1f846 None None] Starting request: 10.222.0.37 "PUT /placement/allocations/f58dc066-a627-40ac-a310-fb8b8f57f2ed" {{(pid=96215) __call__ /opt/stack/placement/placement/requestlog.py:55}}
Aug 30 12:57:31.581174 n-d-688802-6 devstack@placement-api.service[96215]: DEBUG placement.handlers.allocation [req-6f624975-fbc2-4d56-a0c7-b33d43884689 req-fec3dc28-92ab-4b60-95ac-7e1553c1f846 service placement] Successfully wrote allocations [, , ] {{(pid=96215) _create_allocations /opt/stack/placement/placement/handlers/allocation.py:461}}
Aug 30 12:57:31.586259 n-d-688802-6 devstack@placement-api.service[96215]: INFO placement.requestlog [req-6f624975-fbc2-4d56-a0c7-b33d43884689 req-fec3dc28-92ab-4b60-95ac-7e1553c1f846 service placement] 10.222.0.37 "PUT /placement/allocations/f58dc066-a627-40ac-a310-fb8b8f57f2ed" status: 204 len: 0 microversion: 1.35
Aug 30 12:57:31.586801 n-d-688802-6 devstack@placement-api.service[96215]: [pid: 96215|app: 0|req: 133/266] 10.222.0.37 () {64 vars in 1434 bytes} [Mon Aug 30 12:57:31 2021] PUT /placement/allocations/f58dc066-a627-40ac-a310-fb8b8f57f2ed => generated 0 bytes in 57 msecs (HTTP/1.1 204) 5 headers in 199 bytes (1 switches on core 0)
Aug 30 12:57:31.954924 n-d-688802-6 devstack@placement-api.service[96214]: DEBUG placement.requestlog [req-7197ab9f-a784-4aa4-9241-05e0d3edaefc req-ae75a702-a5bc-4f8a-b828-07f98429ad2e None None] Starting request: 10.222.0.35 "GET /placement/allocations/3e4d5e20-68c8-469a-a6ac-0787745afcdf" {{(pid=96214) __call__ /opt/stack/placement/placement/requestlog.py:55}}
Aug 30 12:57:31.971976 n-d-688802-6 devstack@placement-api.service[96214]: INFO placement.requestlog [req-7197ab9f-a784-4aa4-9241-05e0d3edaefc req-ae75a702-a5bc-4f8a-b828-07f98429ad2e service placement] 10.222.0.35 "GET /placement/allocations/3e4d5e20-68c8-469a-a6ac-0787745afcdf" status: 200 len: 259 microversion: 1.28
Aug 30 12:57:31.972557 n-d-688802-6 devstack@placement-api.service[96214]: [pid: 96214|app: 0|req: 134/267] 10.222.0.35 () {60 vars in 1378 bytes} [Mon Aug 30 12:57:31 2021] GET /placement/allocations/3e4d5e20-68c8-469a-a6ac-0787745afcdf => generated 259 bytes in 18 msecs (HTTP/1.1 200) 8 headers in 296 bytes (2 switches on core 0)
Aug 30 12:57:31.997847 n-d-688802-6 devstack@placement-api.service[96215]: DEBUG placement.requestlog [req-6f624975-fbc2-4d56-a0c7-b33d43884689 req-1bd0c62f-2bd5-411c-9003-d966f7c688e4 None None] Starting request: 10.222.0.35 "GET /placement/allocations/f58dc066-a627-40ac-a310-fb8b8f57f2ed" {{(pid=96215) __call__ /opt/stack/placement/placement/requestlog.py:55}}
Aug 30 12:57:32.046936 n-d-688802-6 devstack@placement-api.service[96215]: INFO placement.requestlog [req-6f624975-fbc2-4d56-a0c7-b33d43884689 req-1bd0c62f-2bd5-411c-9003-d966f7c688e4 service placement] 10.222.0.35 "GET /placement/allocations/f58dc066-a627-40ac-a310-fb8b8f57f2ed" status: 200 len: 259 microversion: 1.28
Aug 30 12:57:32.049845 n-d-688802-6 devstack@placement-api.service[96215]: [pid: 96215|app: 0|req: 134/268] 10.222.0.35 () {60 vars in 1378 bytes} [Mon Aug 30 12:57:31 2021] GET /placement/allocations/f58dc066-a627-40ac-a310-fb8b8f57f2ed => generated 259 bytes in 52 msecs (HTTP/1.1 200) 8 headers in 296 bytes (1 switches on core 0)
Aug 30 12:57:33.161339 n-d-688802-6 devstack@placement-api.service[96214]: DEBUG placement.requestlog [req-be6d3e4b-0f82-4dfa-ae85-7b8945c260a9 req-ef0ab559-228d-4480-8419-99bc691c7371 None None] Starting request: 10.222.0.16 "GET /placement/resource_providers/c60738ee-be95-4f08-9c0c-7392edcd2d86/allocations" {{(pid=96214) __call__ /opt/stack/placement/placement/requestlog.py:55}}
Aug 30 12:57:33.336631 n-d-688802-6 devstack@placement-api.service[96214]: INFO placement.requestlog [req-be6d3e4b-0f82-4dfa-ae85-7b8945c260a9 req-ef0ab559-228d-4480-8419-99bc691c7371 service placement] 10.222.0.16 "GET /placement/resource_providers/c60738ee-be95-4f08-9c0c-7392edcd2d86/allocations" status: 200 len: 861 microversion: 1.0
Aug 30 12:57:33.337449 n-d-688802-6 devstack@placement-api.service[96214]: [pid: 96214|app: 0|req: 135/269] 10.222.0.16 () {58 vars in 1391 bytes} [Mon Aug 30 12:57:33 2021] GET /placement/resource_providers/c60738ee-be95-4f08-9c0c-7392edcd2d86/allocations => generated 861 bytes in 176 msecs (HTTP/1.1 200) 6 headers in 224 bytes (1 switches on core 0)
Aug 30 12:57:33.396217 n-d-688802-6 devstack@placement-api.service[96215]: DEBUG placement.requestlog [req-be6d3e4b-0f82-4dfa-ae85-7b8945c260a9 req-2daa07fd-1102-4864-9728-f60c1df1c35e None None] Starting request: 10.222.0.16 "GET /placement/resource_providers?in_tree=c60738ee-be95-4f08-9c0c-7392edcd2d86" {{(pid=96215) __call__ /opt/stack/placement/placement/requestlog.py:55}}
Aug 30 12:57:33.432401 n-d-688802-6 devstack@placement-api.service[96215]: INFO placement.requestlog [req-be6d3e4b-0f82-4dfa-ae85-7b8945c260a9 req-2daa07fd-1102-4864-9728-f60c1df1c35e service placement] 10.222.0.16 "GET /placement/resource_providers?in_tree=c60738ee-be95-4f08-9c0c-7392edcd2d86" status: 200 len: 863 microversion: 1.14
Aug 30 12:57:33.432648 n-d-688802-6 devstack@placement-api.service[96215]: [pid: 96215|app: 0|req: 135/270] 10.222.0.16 () {60 vars in 1377 bytes} [Mon Aug 30 12:57:33 2021] GET /placement/resource_providers?in_tree=c60738ee-be95-4f08-9c0c-7392edcd2d86 => generated 863 bytes in 37 msecs (HTTP/1.1 200) 6 headers in 225 bytes (1 switches on core 0)
Aug 30 12:57:33.442411 n-d-688802-6 devstack@placement-api.service[96214]: DEBUG placement.requestlog [req-be6d3e4b-0f82-4dfa-ae85-7b8945c260a9 req-3673e130-4c4d-4435-9970-54bb174a0d91 None None] Starting request: 10.222.0.16 "GET /placement/resource_providers/c60738ee-be95-4f08-9c0c-7392edcd2d86/inventories" {{(pid=96214) __call__ /opt/stack/placement/placement/requestlog.py:55}}
Aug 30 12:57:33.479144 n-d-688802-6 devstack@placement-api.service[96214]: INFO placement.requestlog [req-be6d3e4b-0f82-4dfa-ae85-7b8945c260a9 req-3673e130-4c4d-4435-9970-54bb174a0d91 service placement] 10.222.0.16 "GET /placement/resource_providers/c60738ee-be95-4f08-9c0c-7392edcd2d86/inventories" status: 200 len: 398 microversion: 1.0
Aug 30 12:57:33.479511 n-d-688802-6 devstack@placement-api.service[96214]: [pid: 96214|app: 0|req: 136/271] 10.222.0.16 () {58 vars in 1391 bytes} [Mon Aug 30 12:57:33 2021] GET /placement/resource_providers/c60738ee-be95-4f08-9c0c-7392edcd2d86/inventories => generated 398 bytes in 37 msecs (HTTP/1.1 200) 6 headers in 224 bytes (2 switches on core 0)
Aug 30 12:57:33.493746 n-d-688802-6 devstack@placement-api.service[96215]: DEBUG placement.requestlog [req-be6d3e4b-0f82-4dfa-ae85-7b8945c260a9 req-6812043e-a355-480d-8a07-dc098e2e68b9 None None] Starting request: 10.222.0.16 "GET /placement/resource_providers/c60738ee-be95-4f08-9c0c-7392edcd2d86/aggregates" {{(pid=96215) __call__ /opt/stack/placement/placement/requestlog.py:55}}
Aug 30 12:57:33.515963 n-d-688802-6 devstack@placement-api.service[96215]: INFO placement.requestlog [req-be6d3e4b-0f82-4dfa-ae85-7b8945c260a9 req-6812043e-a355-480d-8a07-dc098e2e68b9 service placement] 10.222.0.16 "GET /placement/resource_providers/c60738ee-be95-4f08-9c0c-7392edcd2d86/aggregates" status: 200 len: 54 microversion: 1.19
Aug 30 12:57:33.517107 n-d-688802-6 devstack@placement-api.service[96215]: [pid: 96215|app: 0|req: 136/272] 10.222.0.16 () {60 vars in 1432 bytes} [Mon Aug 30 12:57:33 2021] GET /placement/resource_providers/c60738ee-be95-4f08-9c0c-7392edcd2d86/aggregates => generated 54 bytes in 23 msecs (HTTP/1.1 200) 8 headers in 295 bytes (1 switches on core 0)
Aug 30 12:57:33.526687 n-d-688802-6 devstack@placement-api.service[96214]: DEBUG placement.requestlog [req-be6d3e4b-0f82-4dfa-ae85-7b8945c260a9 req-597ceb8b-ee53-4c01-a8c3-b591959fd3d7 None None] Starting request: 10.222.0.16 "GET /placement/resource_providers/c60738ee-be95-4f08-9c0c-7392edcd2d86/traits" {{(pid=96214) __call__ /opt/stack/placement/placement/requestlog.py:55}}
Aug 30 12:57:33.586955 n-d-688802-6 devstack@placement-api.service[96214]: INFO placement.requestlog [req-be6d3e4b-0f82-4dfa-ae85-7b8945c260a9 req-597ceb8b-ee53-4c01-a8c3-b591959fd3d7 service placement] 10.222.0.16 "GET /placement/resource_providers/c60738ee-be95-4f08-9c0c-7392edcd2d86/traits" status: 200 len: 212 microversion: 1.6
Aug 30 12:57:33.590284 n-d-688802-6 devstack@placement-api.service[96214]: [pid: 96214|app: 0|req: 137/273] 10.222.0.16 () {60 vars in 1419 bytes} [Mon Aug 30 12:57:33 2021] GET /placement/resource_providers/c60738ee-be95-4f08-9c0c-7392edcd2d86/traits => generated 212 bytes in 64 msecs (HTTP/1.1 200) 6 headers in 224 bytes (1 switches on core 0)
Aug 30 12:57:34.529517 n-d-688802-6 devstack@placement-api.service[96215]: DEBUG placement.requestlog [req-d90ff1d4-f0ff-4e82-9f41-08ec24541283 req-b18449ec-cf52-494e-bdf6-c5c31b893569 None None] Starting request: 10.222.0.35 "GET /placement/resource_providers/0b9fc0f4-54e9-4d96-ad0c-313f48945c2e/allocations" {{(pid=96215) __call__ /opt/stack/placement/placement/requestlog.py:55}}
Aug 30 12:57:34.598423 n-d-688802-6 devstack@placement-api.service[96215]: INFO placement.requestlog [req-d90ff1d4-f0ff-4e82-9f41-08ec24541283 req-b18449ec-cf52-494e-bdf6-c5c31b893569 service placement] 10.222.0.35 "GET /placement/resource_providers/0b9fc0f4-54e9-4d96-ad0c-313f48945c2e/allocations" status: 200 len: 1162 microversion: 1.0
Aug 30 12:57:34.599015 n-d-688802-6 devstack@placement-api.service[96215]: [pid: 96215|app: 0|req: 137/274] 10.222.0.35 () {58 vars in 1391 bytes} [Mon Aug 30 12:57:34 2021] GET /placement/resource_providers/0b9fc0f4-54e9-4d96-ad0c-313f48945c2e/allocations => generated 1162 bytes in 70 msecs (HTTP/1.1 200) 6 headers in 225 bytes (1 switches on core 0)
Aug 30 12:57:38.410170 n-d-688802-6 devstack@placement-api.service[96214]: DEBUG placement.requestlog [req-0580b6ab-e4f6-4bc2-8a4f-6d34efe81468 req-1ceb4195-c72b-4bd3-a503-209a9c8ee092 None None] Starting request: 10.222.0.16 "DELETE /placement/allocations/d787377e-e60e-4c18-bc1e-b68be2d92d80" {{(pid=96214) __call__ /opt/stack/placement/placement/requestlog.py:55}}
Aug 30 12:57:38.488380 n-d-688802-6 devstack@placement-api.service[96214]: DEBUG placement.handlers.allocation [req-0580b6ab-e4f6-4bc2-8a4f-6d34efe81468 req-1ceb4195-c72b-4bd3-a503-209a9c8ee092 service placement] Successfully deleted allocations [, , ] {{(pid=96214) delete_allocations /opt/stack/placement/placement/handlers/allocation.py:603}}
Aug 30 12:57:38.490802 n-d-688802-6 devstack@placement-api.service[96214]: INFO placement.requestlog [req-0580b6ab-e4f6-4bc2-8a4f-6d34efe81468 req-1ceb4195-c72b-4bd3-a503-209a9c8ee092 service placement] 10.222.0.16 "DELETE /placement/allocations/d787377e-e60e-4c18-bc1e-b68be2d92d80" status: 204 len: 0 microversion: 1.0
Aug 30 12:57:38.491642 n-d-688802-6 devstack@placement-api.service[96214]: [pid: 96214|app: 0|req: 138/275] 10.222.0.16 () {60 vars in 1356 bytes} [Mon Aug 30 12:57:38 2021] DELETE /placement/allocations/d787377e-e60e-4c18-bc1e-b68be2d92d80 => generated 0 bytes in 82 msecs (HTTP/1.1 204) 5 headers in 198 bytes (1 switches on core 0)
Aug 30 12:57:42.561396 n-d-688802-6 devstack@placement-api.service[96215]: DEBUG placement.requestlog [None req-6f4c5e09-37ea-4a7d-8712-70f8fe79af96 None None] Starting request: 10.222.0.37 "GET /placement/" {{(pid=96215) __call__ /opt/stack/placement/placement/requestlog.py:55}}
Aug 30 12:57:42.563404 n-d-688802-6 devstack@placement-api.service[96215]: INFO placement.requestlog [None req-6f4c5e09-37ea-4a7d-8712-70f8fe79af96 None None] 10.222.0.37 "GET /placement/" status: 200 len: 136 microversion: 1.0
Aug 30 12:57:42.563823 n-d-688802-6 devstack@placement-api.service[96215]: [pid: 96215|app: 0|req: 138/276] 10.222.0.37 () {54 vars in 916 bytes} [Mon Aug 30 12:57:42 2021] GET /placement => generated 136 bytes in 3 msecs (HTTP/1.1 200) 6 headers in 224 bytes (1 switches on core 0)
Aug 30 12:57:42.573154 n-d-688802-6 devstack@placement-api.service[96214]: DEBUG placement.requestlog [req-23c2bd97-ecf3-4ab5-a930-fce035d6feb6 req-5651e6d8-1d5f-4979-a711-7e903868de1b None None] Starting request: 10.222.0.37 "GET /placement/allocations/39137c03-4377-4cd2-8222-ef2003c7dada" {{(pid=96214) __call__ /opt/stack/placement/placement/requestlog.py:55}}
Aug 30 12:57:42.718290 n-d-688802-6 devstack@placement-api.service[96214]: INFO placement.requestlog [req-23c2bd97-ecf3-4ab5-a930-fce035d6feb6 req-5651e6d8-1d5f-4979-a711-7e903868de1b service placement] 10.222.0.37 "GET /placement/allocations/39137c03-4377-4cd2-8222-ef2003c7dada" status: 200 len: 259 microversion: 1.28
Aug 30 12:57:42.720355 n-d-688802-6 devstack@placement-api.service[96214]: [pid: 96214|app: 0|req: 139/277] 10.222.0.37 () {60 vars in 1381 bytes} [Mon Aug 30 12:57:42 2021] GET /placement/allocations/39137c03-4377-4cd2-8222-ef2003c7dada => generated 259 bytes in 147 msecs (HTTP/1.1 200) 8 headers in 296 bytes (1 switches on core 0)
Aug 30 12:57:42.729127 n-d-688802-6 devstack@placement-api.service[96215]: DEBUG placement.requestlog [req-23c2bd97-ecf3-4ab5-a930-fce035d6feb6 req-3d75cbac-282a-4cf0-9274-f1b8c8dc44c3 None None] Starting request: 10.222.0.37 "GET /placement/allocations/39137c03-4377-4cd2-8222-ef2003c7dada" {{(pid=96215) __call__ /opt/stack/placement/placement/requestlog.py:55}}
Aug 30 12:57:42.756672 n-d-688802-6 devstack@placement-api.service[96215]: INFO placement.requestlog [req-23c2bd97-ecf3-4ab5-a930-fce035d6feb6 req-3d75cbac-282a-4cf0-9274-f1b8c8dc44c3 service placement] 10.222.0.37 "GET /placement/allocations/39137c03-4377-4cd2-8222-ef2003c7dada" status: 200 len: 259 microversion: 1.28
Aug 30 12:57:42.758588 n-d-688802-6 devstack@placement-api.service[96215]: [pid: 96215|app: 0|req: 139/278] 10.222.0.37 () {60 vars in 1381 bytes} [Mon Aug 30 12:57:42 2021] GET /placement/allocations/39137c03-4377-4cd2-8222-ef2003c7dada => generated 259 bytes in 30 msecs (HTTP/1.1 200) 8 headers in 296 bytes (1 switches on core 0)
Aug 30 12:57:42.767615 n-d-688802-6 devstack@placement-api.service[96214]: DEBUG placement.requestlog [req-23c2bd97-ecf3-4ab5-a930-fce035d6feb6 req-56c5bef2-ee86-4cc5-98b9-84947be7501e None None] Starting request: 10.222.0.37 "GET /placement/allocations/d9619978-1ec3-4c76-b39f-125373d0a0cc" {{(pid=96214) __call__ /opt/stack/placement/placement/requestlog.py:55}}
Aug 30 12:57:42.812723 n-d-688802-6 devstack@placement-api.service[96214]: INFO placement.requestlog [req-23c2bd97-ecf3-4ab5-a930-fce035d6feb6 req-56c5bef2-ee86-4cc5-98b9-84947be7501e service placement] 10.222.0.37 "GET /placement/allocations/d9619978-1ec3-4c76-b39f-125373d0a0cc" status: 200 len: 19 microversion: 1.28
Aug 30 12:57:42.818292 n-d-688802-6 devstack@placement-api.service[96214]: [pid: 96214|app: 0|req: 140/279] 10.222.0.37 () {60 vars in 1381 bytes} [Mon Aug 30 12:57:42 2021] GET /placement/allocations/d9619978-1ec3-4c76-b39f-125373d0a0cc => generated 19 bytes in 51 msecs (HTTP/1.1 200) 8 headers in 295 bytes (1 switches on core 0)
Aug 30 12:57:42.824913 n-d-688802-6 devstack@placement-api.service[96215]: DEBUG placement.requestlog [req-23c2bd97-ecf3-4ab5-a930-fce035d6feb6 req-9be39f58-3389-4dac-ae79-00ac8f343d1e None None] Starting request: 10.222.0.37 "POST /placement/allocations" {{(pid=96215) __call__ /opt/stack/placement/placement/requestlog.py:55}}
Aug 30 12:57:42.974058 n-d-688802-6 devstack@placement-api.service[96215]: DEBUG placement.handlers.allocation [req-23c2bd97-ecf3-4ab5-a930-fce035d6feb6 req-9be39f58-3389-4dac-ae79-00ac8f343d1e service placement] Successfully wrote allocations [, , , , , ] {{(pid=96215) _create_allocations /opt/stack/placement/placement/handlers/allocation.py:555}}
Aug 30 12:57:42.975267 n-d-688802-6 devstack@placement-api.service[96215]: INFO placement.requestlog [req-23c2bd97-ecf3-4ab5-a930-fce035d6feb6 req-9be39f58-3389-4dac-ae79-00ac8f343d1e service placement] 10.222.0.37 "POST /placement/allocations" status: 204 len: 0 microversion: 1.28
Aug 30 12:57:42.985799 n-d-688802-6 devstack@placement-api.service[96215]: [pid: 96215|app: 0|req: 140/280] 10.222.0.37 () {64 vars in 1324 bytes} [Mon Aug 30 12:57:42 2021] POST /placement/allocations => generated 0 bytes in 151 msecs (HTTP/1.1 204) 5 headers in 199 bytes (1 switches on core 0)
Aug 30 12:57:43.013777 n-d-688802-6 devstack@placement-api.service[96214]: DEBUG placement.requestlog [req-23c2bd97-ecf3-4ab5-a930-fce035d6feb6 req-237fe941-5ad4-417b-894f-2c48ccd7e1ef None None] Starting request: 10.222.0.37 "GET /placement/allocations/39137c03-4377-4cd2-8222-ef2003c7dada" {{(pid=96214) __call__ /opt/stack/placement/placement/requestlog.py:55}}
Aug 30 12:57:43.037291 n-d-688802-6 devstack@placement-api.service[96214]: INFO placement.requestlog [req-23c2bd97-ecf3-4ab5-a930-fce035d6feb6 req-237fe941-5ad4-417b-894f-2c48ccd7e1ef service placement] 10.222.0.37 "GET /placement/allocations/39137c03-4377-4cd2-8222-ef2003c7dada" status: 200 len: 19 microversion: 1.28
Aug 30 12:57:43.042320 n-d-688802-6 devstack@placement-api.service[96214]: [pid: 96214|app: 0|req: 141/281] 10.222.0.37 () {60 vars in 1381 bytes} [Mon Aug 30 12:57:43 2021] GET /placement/allocations/39137c03-4377-4cd2-8222-ef2003c7dada => generated 19 bytes in 28 msecs (HTTP/1.1 200) 8 headers in 295 bytes (1 switches on core 0)
Aug 30 12:57:43.045342 n-d-688802-6 devstack@placement-api.service[96215]: DEBUG placement.requestlog [req-23c2bd97-ecf3-4ab5-a930-fce035d6feb6 req-5b514009-af98-46a6-8df1-d051fac19b17 None None] Starting request: 10.222.0.37 "PUT /placement/allocations/39137c03-4377-4cd2-8222-ef2003c7dada" {{(pid=96215) __call__ /opt/stack/placement/placement/requestlog.py:55}}
Aug 30 12:57:43.112691 n-d-688802-6 devstack@placement-api.service[96215]: DEBUG placement.handlers.allocation [req-23c2bd97-ecf3-4ab5-a930-fce035d6feb6 req-5b514009-af98-46a6-8df1-d051fac19b17 service placement] Successfully wrote allocations [, , ] {{(pid=96215) _create_allocations /opt/stack/placement/placement/handlers/allocation.py:461}}
Aug 30 12:57:43.135266 n-d-688802-6 devstack@placement-api.service[96215]: INFO placement.requestlog [req-23c2bd97-ecf3-4ab5-a930-fce035d6feb6 req-5b514009-af98-46a6-8df1-d051fac19b17 service placement] 10.222.0.37 "PUT /placement/allocations/39137c03-4377-4cd2-8222-ef2003c7dada" status: 204 len: 0 microversion: 1.28
Aug 30 12:57:43.135713 n-d-688802-6 devstack@placement-api.service[96215]: [pid: 96215|app: 0|req: 141/282] 10.222.0.37 () {64 vars in 1434 bytes} [Mon Aug 30 12:57:43 2021] PUT /placement/allocations/39137c03-4377-4cd2-8222-ef2003c7dada => generated 0 bytes in 90 msecs (HTTP/1.1 204) 5 headers in 199 bytes (2 switches on core 0)
Aug 30 12:57:43.315653 n-d-688802-6 devstack@placement-api.service[96214]: DEBUG placement.requestlog [req-23c2bd97-ecf3-4ab5-a930-fce035d6feb6 req-a7047ef0-2859-4fcc-ab8c-d96812492fa2 None None] Starting request: 10.222.0.16 "GET /placement/allocations/39137c03-4377-4cd2-8222-ef2003c7dada" {{(pid=96214) __call__ /opt/stack/placement/placement/requestlog.py:55}}
Aug 30 12:57:43.337196 n-d-688802-6 devstack@placement-api.service[96214]: INFO placement.requestlog [req-23c2bd97-ecf3-4ab5-a930-fce035d6feb6 req-a7047ef0-2859-4fcc-ab8c-d96812492fa2 service placement] 10.222.0.16 "GET /placement/allocations/39137c03-4377-4cd2-8222-ef2003c7dada" status: 200 len: 259 microversion: 1.28
Aug 30 12:57:43.339772 n-d-688802-6 devstack@placement-api.service[96214]: [pid: 96214|app: 0|req: 142/283] 10.222.0.16 () {60 vars in 1378 bytes} [Mon Aug 30 12:57:43 2021] GET /placement/allocations/39137c03-4377-4cd2-8222-ef2003c7dada => generated 259 bytes in 24 msecs (HTTP/1.1 200) 8 headers in 296 bytes (1 switches on core 0)
Aug 30 12:57:44.302284 n-d-688802-6 devstack@placement-api.service[96215]: DEBUG placement.requestlog [req-4748b9e1-b89c-4d23-8aef-e73f2db22a56 req-bcdab3a6-3152-415f-937b-d15fb6063c80 None None] Starting request: 10.222.0.16 "GET /placement/resource_providers/c60738ee-be95-4f08-9c0c-7392edcd2d86/allocations" {{(pid=96215) __call__ /opt/stack/placement/placement/requestlog.py:55}}
Aug 30 12:57:44.345942 n-d-688802-6 devstack@placement-api.service[96215]: INFO placement.requestlog [req-4748b9e1-b89c-4d23-8aef-e73f2db22a56 req-bcdab3a6-3152-415f-937b-d15fb6063c80 service placement] 10.222.0.16 "GET /placement/resource_providers/c60738ee-be95-4f08-9c0c-7392edcd2d86/allocations" status: 200 len: 861 microversion: 1.0
Aug 30 12:57:44.348480 n-d-688802-6 devstack@placement-api.service[96215]: [pid: 96215|app: 0|req: 142/284] 10.222.0.16 () {58 vars in 1391 bytes} [Mon Aug 30 12:57:44 2021] GET /placement/resource_providers/c60738ee-be95-4f08-9c0c-7392edcd2d86/allocations => generated 861 bytes in 46 msecs (HTTP/1.1 200) 6 headers in 224 bytes (1 switches on core 0)
Aug 30 12:57:44.727352 n-d-688802-6 devstack@placement-api.service[96214]: DEBUG placement.requestlog [req-4748b9e1-b89c-4d23-8aef-e73f2db22a56 req-acda28bc-a4e2-48c8-97fe-f7f54bd57153 None None] Starting request: 10.222.0.16 "GET /placement/allocations/4d6757fc-604c-461d-a34e-820c1dc717a4" {{(pid=96214) __call__ /opt/stack/placement/placement/requestlog.py:55}}
Aug 30 12:57:44.750389 n-d-688802-6 devstack@placement-api.service[96214]: INFO placement.requestlog [req-4748b9e1-b89c-4d23-8aef-e73f2db22a56 req-acda28bc-a4e2-48c8-97fe-f7f54bd57153 service placement] 10.222.0.16 "GET /placement/allocations/4d6757fc-604c-461d-a34e-820c1dc717a4" status: 200 len: 259 microversion: 1.28
Aug 30 12:57:44.750691 n-d-688802-6 devstack@placement-api.service[96214]: [pid: 96214|app: 0|req: 143/285] 10.222.0.16 () {60 vars in 1378 bytes} [Mon Aug 30 12:57:44 2021] GET /placement/allocations/4d6757fc-604c-461d-a34e-820c1dc717a4 => generated 259 bytes in 24 msecs (HTTP/1.1 200) 8 headers in 296 bytes (1 switches on core 0)
Aug 30 12:57:44.765913 n-d-688802-6 devstack@placement-api.service[96215]: DEBUG placement.requestlog [req-4748b9e1-b89c-4d23-8aef-e73f2db22a56 req-6e5e8797-846d-4eb5-a5ad-202bed35e3b7 None None] Starting request: 10.222.0.16 "PUT /placement/allocations/4d6757fc-604c-461d-a34e-820c1dc717a4" {{(pid=96215) __call__ /opt/stack/placement/placement/requestlog.py:55}}
Aug 30 12:57:44.889859 n-d-688802-6 devstack@placement-api.service[96215]: DEBUG placement.handlers.allocation [req-4748b9e1-b89c-4d23-8aef-e73f2db22a56 req-6e5e8797-846d-4eb5-a5ad-202bed35e3b7 service placement] Successfully wrote allocations [, , ] {{(pid=96215) _create_allocations /opt/stack/placement/placement/handlers/allocation.py:461}}
Aug 30 12:57:44.902253 n-d-688802-6 devstack@placement-api.service[96215]: INFO placement.requestlog [req-4748b9e1-b89c-4d23-8aef-e73f2db22a56 req-6e5e8797-846d-4eb5-a5ad-202bed35e3b7 service placement] 10.222.0.16 "PUT /placement/allocations/4d6757fc-604c-461d-a34e-820c1dc717a4" status: 204 len: 0 microversion: 1.28
Aug 30 12:57:44.902965 n-d-688802-6 devstack@placement-api.service[96215]: [pid: 96215|app: 0|req: 143/286] 10.222.0.16 () {64 vars in 1431 bytes} [Mon Aug 30 12:57:44 2021] PUT /placement/allocations/4d6757fc-604c-461d-a34e-820c1dc717a4 => generated 0 bytes in 137 msecs (HTTP/1.1 204) 5 headers in 199 bytes (1 switches on core 0)
Aug 30 12:57:50.893160 n-d-688802-6 devstack@placement-api.service[96214]: DEBUG placement.requestlog [req-3e98a6a4-b8d7-4b48-a4b0-9f600eacb0ce req-89cbcd52-06a0-4224-b8a0-93ad9f1a4966 None None] Starting request: 10.222.0.37 "GET /placement/allocation_candidates?limit=1000&resources=DISK_GB%3A1%2CMEMORY_MB%3A1024%2CVCPU%3A1&root_required=%21COMPUTE_STATUS_DISABLED" {{(pid=96214) __call__ /opt/stack/placement/placement/requestlog.py:55}}
Aug 30 12:57:50.935687 n-d-688802-6 devstack@placement-api.service[96214]: DEBUG placement.objects.research_context [req-3e98a6a4-b8d7-4b48-a4b0-9f600eacb0ce req-89cbcd52-06a0-4224-b8a0-93ad9f1a4966 service placement] getting providers with 1 DISK_GB {{(pid=96214) __init__ /opt/stack/placement/placement/objects/research_context.py:126}}
Aug 30 12:57:50.947936 n-d-688802-6 devstack@placement-api.service[96214]: DEBUG placement.objects.research_context [req-3e98a6a4-b8d7-4b48-a4b0-9f600eacb0ce req-89cbcd52-06a0-4224-b8a0-93ad9f1a4966 service placement] getting providers with 1024 MEMORY_MB {{(pid=96214) __init__ /opt/stack/placement/placement/objects/research_context.py:126}}
