Aug 30 12:55:25.760361 n-d-688802-6 devstack@placement-api.service[96215]: DEBUG placement.objects.research_context [req-6e573268-ab14-4ee9-a370-8f583717893e req-78f87ca7-3158-4a3e-b794-b96a9f30477b service placement] found 2 providers with available 1024 MEMORY_MB {{(pid=96215) get_provider_ids_matching /opt/stack/placement/placement/objects/research_context.py:549}}
Aug 30 12:55:25.761881 n-d-688802-6 devstack@placement-api.service[96215]: DEBUG placement.objects.research_context [req-6e573268-ab14-4ee9-a370-8f583717893e req-78f87ca7-3158-4a3e-b794-b96a9f30477b service placement] found 2 providers after filtering by previous result {{(pid=96215) get_provider_ids_matching /opt/stack/placement/placement/objects/research_context.py:580}}
Aug 30 12:55:25.762453 n-d-688802-6 devstack@placement-api.service[96215]: DEBUG placement.objects.research_context [req-6e573268-ab14-4ee9-a370-8f583717893e req-78f87ca7-3158-4a3e-b794-b96a9f30477b service placement] found 2 providers with available 1 VCPU {{(pid=96215) get_provider_ids_matching /opt/stack/placement/placement/objects/research_context.py:549}}
Aug 30 12:55:25.762863 n-d-688802-6 devstack@placement-api.service[96215]: DEBUG placement.objects.research_context [req-6e573268-ab14-4ee9-a370-8f583717893e req-78f87ca7-3158-4a3e-b794-b96a9f30477b service placement] found 2 providers after filtering by previous result {{(pid=96215) get_provider_ids_matching /opt/stack/placement/placement/objects/research_context.py:580}}
Aug 30 12:55:25.793501 n-d-688802-6 devstack@placement-api.service[96215]: DEBUG placement.objects.allocation_candidate [req-6e573268-ab14-4ee9-a370-8f583717893e req-78f87ca7-3158-4a3e-b794-b96a9f30477b service placement] RequestGroup(use_same_provider=False, resources={DISK_GB:1, MEMORY_MB:1024, VCPU:1}, traits=[], aggregates=[]) (suffix '') returned 2 matches {{(pid=96215) _get_by_requests /opt/stack/placement/placement/objects/allocation_candidate.py:145}}
Aug 30 12:55:25.794015 n-d-688802-6 devstack@placement-api.service[96215]: DEBUG placement.objects.allocation_candidate [req-6e573268-ab14-4ee9-a370-8f583717893e req-78f87ca7-3158-4a3e-b794-b96a9f30477b service placement] Merging candidates yields 2 allocation requests and 2 provider summaries {{(pid=96215) _merge_candidates /opt/stack/placement/placement/objects/allocation_candidate.py:783}}
Aug 30 12:55:25.797695 n-d-688802-6 devstack@placement-api.service[96215]: INFO placement.requestlog [req-6e573268-ab14-4ee9-a370-8f583717893e req-78f87ca7-3158-4a3e-b794-b96a9f30477b service placement] 10.222.0.37 "GET /placement/allocation_candidates?limit=1000&resources=DISK_GB%3A1%2CMEMORY_MB%3A1024%2CVCPU%3A1&root_required=%21COMPUTE_STATUS_DISABLED" status: 200 len: 1309 microversion: 1.35
Aug 30 12:55:25.798272 n-d-688802-6 devstack@placement-api.service[96215]: [pid: 96215|app: 0|req: 49/98] 10.222.0.37 () {60 vars in 1507 bytes} [Mon Aug 30 12:55:25 2021] GET /placement/allocation_candidates?limit=1000&resources=DISK_GB%3A1%2CMEMORY_MB%3A1024%2CVCPU%3A1&root_required=%21COMPUTE_STATUS_DISABLED => generated 1309 bytes in 137 msecs (HTTP/1.1 200) 8 headers in 297 bytes (1 switches on core 0)
Aug 30 12:55:25.883783 n-d-688802-6 devstack@placement-api.service[96214]: DEBUG placement.requestlog [req-6e573268-ab14-4ee9-a370-8f583717893e req-69492edf-a939-4fa8-aa8a-1304eafc8bd2 None None] Starting request: 10.222.0.37 "GET /placement/allocations/2fc709e3-3884-458d-903e-631e43ea4117" {{(pid=96214) __call__ /opt/stack/placement/placement/requestlog.py:55}}
Aug 30 12:55:25.901009 n-d-688802-6 devstack@placement-api.service[96214]: INFO placement.requestlog [req-6e573268-ab14-4ee9-a370-8f583717893e req-69492edf-a939-4fa8-aa8a-1304eafc8bd2 service placement] 10.222.0.37 "GET /placement/allocations/2fc709e3-3884-458d-903e-631e43ea4117" status: 200 len: 19 microversion: 1.28
Aug 30 12:55:25.903915 n-d-688802-6 devstack@placement-api.service[96214]: [pid: 96214|app: 0|req: 50/99] 10.222.0.37 () {60 vars in 1381 bytes} [Mon Aug 30 12:55:25 2021] GET /placement/allocations/2fc709e3-3884-458d-903e-631e43ea4117 => generated 19 bytes in 19 msecs (HTTP/1.1 200) 8 headers in 295 bytes (1 switches on core 0)
Aug 30 12:55:25.908459 n-d-688802-6 devstack@placement-api.service[96215]: DEBUG placement.requestlog [req-6e573268-ab14-4ee9-a370-8f583717893e req-dad20231-cb9a-4a94-8ed4-ae2d70392287 None None] Starting request: 10.222.0.37 "PUT /placement/allocations/2fc709e3-3884-458d-903e-631e43ea4117" {{(pid=96215) __call__ /opt/stack/placement/placement/requestlog.py:55}}
Aug 30 12:55:25.982138 n-d-688802-6 devstack@placement-api.service[96215]: DEBUG placement.handlers.allocation [req-6e573268-ab14-4ee9-a370-8f583717893e req-dad20231-cb9a-4a94-8ed4-ae2d70392287 service placement] Successfully wrote allocations [, , ] {{(pid=96215) _create_allocations /opt/stack/placement/placement/handlers/allocation.py:461}}
Aug 30 12:55:25.990008 n-d-688802-6 devstack@placement-api.service[96215]: INFO placement.requestlog [req-6e573268-ab14-4ee9-a370-8f583717893e req-dad20231-cb9a-4a94-8ed4-ae2d70392287 service placement] 10.222.0.37 "PUT /placement/allocations/2fc709e3-3884-458d-903e-631e43ea4117" status: 204 len: 0 microversion: 1.35
Aug 30 12:55:25.991271 n-d-688802-6 devstack@placement-api.service[96215]: [pid: 96215|app: 0|req: 50/100] 10.222.0.37 () {64 vars in 1434 bytes} [Mon Aug 30 12:55:25 2021] PUT /placement/allocations/2fc709e3-3884-458d-903e-631e43ea4117 => generated 0 bytes in 83 msecs (HTTP/1.1 204) 5 headers in 199 bytes (1 switches on core 0)
Aug 30 12:55:26.306029 n-d-688802-6 devstack@placement-api.service[96214]: DEBUG placement.requestlog [req-6e573268-ab14-4ee9-a370-8f583717893e req-400bfa0a-1be0-4877-adce-ddf61d79fa13 None None] Starting request: 10.222.0.35 "GET /placement/allocations/2fc709e3-3884-458d-903e-631e43ea4117" {{(pid=96214) __call__ /opt/stack/placement/placement/requestlog.py:55}}
Aug 30 12:55:26.327829 n-d-688802-6 devstack@placement-api.service[96214]: INFO placement.requestlog [req-6e573268-ab14-4ee9-a370-8f583717893e req-400bfa0a-1be0-4877-adce-ddf61d79fa13 service placement] 10.222.0.35 "GET /placement/allocations/2fc709e3-3884-458d-903e-631e43ea4117" status: 200 len: 258 microversion: 1.28
Aug 30 12:55:26.328961 n-d-688802-6 devstack@placement-api.service[96214]: [pid: 96214|app: 0|req: 51/101] 10.222.0.35 () {60 vars in 1378 bytes} [Mon Aug 30 12:55:26 2021] GET /placement/allocations/2fc709e3-3884-458d-903e-631e43ea4117 => generated 258 bytes in 23 msecs (HTTP/1.1 200) 8 headers in 296 bytes (1 switches on core 0)
Aug 30 12:55:28.158068 n-d-688802-6 devstack@placement-api.service[96215]: DEBUG placement.requestlog [req-9d357681-0de1-43a7-8f73-999e2dd322ee req-7584ee25-4303-4960-b781-6da0654b6af4 None None] Starting request: 10.222.0.37 "GET /placement/allocation_candidates?limit=1000&resources=DISK_GB%3A1%2CMEMORY_MB%3A1024%2CVCPU%3A1&root_required=%21COMPUTE_STATUS_DISABLED" {{(pid=96215) __call__ /opt/stack/placement/placement/requestlog.py:55}}
Aug 30 12:55:28.208382 n-d-688802-6 devstack@placement-api.service[96215]: DEBUG placement.objects.research_context [req-9d357681-0de1-43a7-8f73-999e2dd322ee req-7584ee25-4303-4960-b781-6da0654b6af4 service placement] getting providers with 1 DISK_GB {{(pid=96215) __init__ /opt/stack/placement/placement/objects/research_context.py:126}}
Aug 30 12:55:28.217056 n-d-688802-6 devstack@placement-api.service[96215]: DEBUG placement.objects.research_context [req-9d357681-0de1-43a7-8f73-999e2dd322ee req-7584ee25-4303-4960-b781-6da0654b6af4 service placement] getting providers with 1024 MEMORY_MB {{(pid=96215) __init__ /opt/stack/placement/placement/objects/research_context.py:126}}
Aug 30 12:55:28.242667 n-d-688802-6 devstack@placement-api.service[96215]: DEBUG placement.objects.research_context [req-9d357681-0de1-43a7-8f73-999e2dd322ee req-7584ee25-4303-4960-b781-6da0654b6af4 service placement] getting providers with 1 VCPU {{(pid=96215) __init__ /opt/stack/placement/placement/objects/research_context.py:126}}
Aug 30 12:55:28.252603 n-d-688802-6 devstack@placement-api.service[96215]: DEBUG placement.objects.research_context [req-9d357681-0de1-43a7-8f73-999e2dd322ee req-7584ee25-4303-4960-b781-6da0654b6af4 service placement] found 2 providers with available 1 DISK_GB {{(pid=96215) get_provider_ids_matching /opt/stack/placement/placement/objects/research_context.py:549}}
Aug 30 12:55:28.253107 n-d-688802-6 devstack@placement-api.service[96215]: DEBUG placement.objects.research_context [req-9d357681-0de1-43a7-8f73-999e2dd322ee req-7584ee25-4303-4960-b781-6da0654b6af4 service placement] found 2 providers with available 1024 MEMORY_MB {{(pid=96215) get_provider_ids_matching /opt/stack/placement/placement/objects/research_context.py:549}}
Aug 30 12:55:28.253533 n-d-688802-6 devstack@placement-api.service[96215]: DEBUG placement.objects.research_context [req-9d357681-0de1-43a7-8f73-999e2dd322ee req-7584ee25-4303-4960-b781-6da0654b6af4 service placement] found 2 providers after filtering by previous result {{(pid=96215) get_provider_ids_matching /opt/stack/placement/placement/objects/research_context.py:580}}
Aug 30 12:55:28.253973 n-d-688802-6 devstack@placement-api.service[96215]: DEBUG placement.objects.research_context [req-9d357681-0de1-43a7-8f73-999e2dd322ee req-7584ee25-4303-4960-b781-6da0654b6af4 service placement] found 2 providers with available 1 VCPU {{(pid=96215) get_provider_ids_matching /opt/stack/placement/placement/objects/research_context.py:549}}
Aug 30 12:55:28.254384 n-d-688802-6 devstack@placement-api.service[96215]: DEBUG placement.objects.research_context [req-9d357681-0de1-43a7-8f73-999e2dd322ee req-7584ee25-4303-4960-b781-6da0654b6af4 service placement] found 2 providers after filtering by previous result {{(pid=96215) get_provider_ids_matching /opt/stack/placement/placement/objects/research_context.py:580}}
Aug 30 12:55:28.270587 n-d-688802-6 devstack@placement-api.service[96215]: DEBUG placement.objects.allocation_candidate [req-9d357681-0de1-43a7-8f73-999e2dd322ee req-7584ee25-4303-4960-b781-6da0654b6af4 service placement] RequestGroup(use_same_provider=False, resources={DISK_GB:1, MEMORY_MB:1024, VCPU:1}, traits=[], aggregates=[]) (suffix '') returned 2 matches {{(pid=96215) _get_by_requests /opt/stack/placement/placement/objects/allocation_candidate.py:145}}
Aug 30 12:55:28.271580 n-d-688802-6 devstack@placement-api.service[96215]: DEBUG placement.objects.allocation_candidate [req-9d357681-0de1-43a7-8f73-999e2dd322ee req-7584ee25-4303-4960-b781-6da0654b6af4 service placement] Merging candidates yields 2 allocation requests and 2 provider summaries {{(pid=96215) _merge_candidates /opt/stack/placement/placement/objects/allocation_candidate.py:783}}
Aug 30 12:55:28.275325 n-d-688802-6 devstack@placement-api.service[96215]: INFO placement.requestlog [req-9d357681-0de1-43a7-8f73-999e2dd322ee req-7584ee25-4303-4960-b781-6da0654b6af4 service placement] 10.222.0.37 "GET /placement/allocation_candidates?limit=1000&resources=DISK_GB%3A1%2CMEMORY_MB%3A1024%2CVCPU%3A1&root_required=%21COMPUTE_STATUS_DISABLED" status: 200 len: 1309 microversion: 1.35
Aug 30 12:55:28.275992 n-d-688802-6 devstack@placement-api.service[96215]: [pid: 96215|app: 0|req: 51/102] 10.222.0.37 () {60 vars in 1507 bytes} [Mon Aug 30 12:55:28 2021] GET /placement/allocation_candidates?limit=1000&resources=DISK_GB%3A1%2CMEMORY_MB%3A1024%2CVCPU%3A1&root_required=%21COMPUTE_STATUS_DISABLED => generated 1309 bytes in 118 msecs (HTTP/1.1 200) 8 headers in 297 bytes (1 switches on core 0)
Aug 30 12:55:28.336189 n-d-688802-6 devstack@placement-api.service[96214]: DEBUG placement.requestlog [req-9d357681-0de1-43a7-8f73-999e2dd322ee req-2f56803d-7ea7-4eb5-a217-65890f5f8b38 None None] Starting request: 10.222.0.37 "GET /placement/allocations/da9fffd1-e682-48b8-bda4-76d79566de29" {{(pid=96214) __call__ /opt/stack/placement/placement/requestlog.py:55}}
Aug 30 12:55:28.367224 n-d-688802-6 devstack@placement-api.service[96214]: INFO placement.requestlog [req-9d357681-0de1-43a7-8f73-999e2dd322ee req-2f56803d-7ea7-4eb5-a217-65890f5f8b38 service placement] 10.222.0.37 "GET /placement/allocations/da9fffd1-e682-48b8-bda4-76d79566de29" status: 200 len: 19 microversion: 1.28
Aug 30 12:55:28.367746 n-d-688802-6 devstack@placement-api.service[96214]: [pid: 96214|app: 0|req: 52/103] 10.222.0.37 () {60 vars in 1381 bytes} [Mon Aug 30 12:55:28 2021] GET /placement/allocations/da9fffd1-e682-48b8-bda4-76d79566de29 => generated 19 bytes in 34 msecs (HTTP/1.1 200) 8 headers in 295 bytes (1 switches on core 0)
Aug 30 12:55:28.375766 n-d-688802-6 devstack@placement-api.service[96215]: DEBUG placement.requestlog [req-9d357681-0de1-43a7-8f73-999e2dd322ee req-20b80fb8-5b9a-4c23-bba6-8fd65d593ef2 None None] Starting request: 10.222.0.37 "PUT /placement/allocations/da9fffd1-e682-48b8-bda4-76d79566de29" {{(pid=96215) __call__ /opt/stack/placement/placement/requestlog.py:55}}
Aug 30 12:55:28.447015 n-d-688802-6 devstack@placement-api.service[96215]: DEBUG placement.handlers.allocation [req-9d357681-0de1-43a7-8f73-999e2dd322ee req-20b80fb8-5b9a-4c23-bba6-8fd65d593ef2 service placement] Successfully wrote allocations [, , ] {{(pid=96215) _create_allocations /opt/stack/placement/placement/handlers/allocation.py:461}}
Aug 30 12:55:28.458849 n-d-688802-6 devstack@placement-api.service[96215]: INFO placement.requestlog [req-9d357681-0de1-43a7-8f73-999e2dd322ee req-20b80fb8-5b9a-4c23-bba6-8fd65d593ef2 service placement] 10.222.0.37 "PUT /placement/allocations/da9fffd1-e682-48b8-bda4-76d79566de29" status: 204 len: 0 microversion: 1.35
Aug 30 12:55:28.459294 n-d-688802-6 devstack@placement-api.service[96215]: [pid: 96215|app: 0|req: 52/104] 10.222.0.37 () {64 vars in 1434 bytes} [Mon Aug 30 12:55:28 2021] PUT /placement/allocations/da9fffd1-e682-48b8-bda4-76d79566de29 => generated 0 bytes in 84 msecs (HTTP/1.1 204) 5 headers in 199 bytes (2 switches on core 0)
Aug 30 12:55:28.932373 n-d-688802-6 devstack@placement-api.service[96214]: DEBUG placement.requestlog [req-9d357681-0de1-43a7-8f73-999e2dd322ee req-4fb69a03-abdb-44e7-a1b1-16bd1d6f7bad None None] Starting request: 10.222.0.16 "GET /placement/allocations/da9fffd1-e682-48b8-bda4-76d79566de29" {{(pid=96214) __call__ /opt/stack/placement/placement/requestlog.py:55}}
Aug 30 12:55:28.956265 n-d-688802-6 devstack@placement-api.service[96214]: INFO placement.requestlog [req-9d357681-0de1-43a7-8f73-999e2dd322ee req-4fb69a03-abdb-44e7-a1b1-16bd1d6f7bad service placement] 10.222.0.16 "GET /placement/allocations/da9fffd1-e682-48b8-bda4-76d79566de29" status: 200 len: 259 microversion: 1.28
Aug 30 12:55:28.957151 n-d-688802-6 devstack@placement-api.service[96214]: [pid: 96214|app: 0|req: 53/105] 10.222.0.16 () {60 vars in 1378 bytes} [Mon Aug 30 12:55:28 2021] GET /placement/allocations/da9fffd1-e682-48b8-bda4-76d79566de29 => generated 259 bytes in 25 msecs (HTTP/1.1 200) 8 headers in 296 bytes (1 switches on core 0)
Aug 30 12:55:30.582863 n-d-688802-6 devstack@placement-api.service[96215]: DEBUG placement.requestlog [req-1538dc4f-66f7-4f67-84d7-293aaec7907a req-8fffc4a6-4cd9-4f33-9849-97d77610e8f8 None None] Starting request: 10.222.0.16 "GET /placement/resource_providers/c60738ee-be95-4f08-9c0c-7392edcd2d86/allocations" {{(pid=96215) __call__ /opt/stack/placement/placement/requestlog.py:55}}
Aug 30 12:55:30.625851 n-d-688802-6 devstack@placement-api.service[96215]: INFO placement.requestlog [req-1538dc4f-66f7-4f67-84d7-293aaec7907a req-8fffc4a6-4cd9-4f33-9849-97d77610e8f8 service placement] 10.222.0.16 "GET /placement/resource_providers/c60738ee-be95-4f08-9c0c-7392edcd2d86/allocations" status: 200 len: 356 microversion: 1.0
Aug 30 12:55:30.627854 n-d-688802-6 devstack@placement-api.service[96215]: [pid: 96215|app: 0|req: 53/106] 10.222.0.16 () {58 vars in 1391 bytes} [Mon Aug 30 12:55:30 2021] GET /placement/resource_providers/c60738ee-be95-4f08-9c0c-7392edcd2d86/allocations => generated 356 bytes in 45 msecs (HTTP/1.1 200) 6 headers in 224 bytes (1 switches on core 0)
Aug 30 12:55:31.620182 n-d-688802-6 devstack@placement-api.service[96214]: DEBUG placement.requestlog [req-0354417b-3112-4b72-ac36-555156f3a0ea req-fb64a60c-6bb8-426d-b767-f0de63944dd4 None None] Starting request: 10.222.0.35 "GET /placement/resource_providers/0b9fc0f4-54e9-4d96-ad0c-313f48945c2e/allocations" {{(pid=96214) __call__ /opt/stack/placement/placement/requestlog.py:55}}
Aug 30 12:55:31.666943 n-d-688802-6 devstack@placement-api.service[96214]: INFO placement.requestlog [req-0354417b-3112-4b72-ac36-555156f3a0ea req-fb64a60c-6bb8-426d-b767-f0de63944dd4 service placement] 10.222.0.35 "GET /placement/resource_providers/0b9fc0f4-54e9-4d96-ad0c-313f48945c2e/allocations" status: 200 len: 355 microversion: 1.0
Aug 30 12:55:31.669388 n-d-688802-6 devstack@placement-api.service[96214]: [pid: 96214|app: 0|req: 54/107] 10.222.0.35 () {58 vars in 1391 bytes} [Mon Aug 30 12:55:31 2021] GET /placement/resource_providers/0b9fc0f4-54e9-4d96-ad0c-313f48945c2e/allocations => generated 355 bytes in 49 msecs (HTTP/1.1 200) 6 headers in 224 bytes (1 switches on core 0)
Aug 30 12:55:34.962602 n-d-688802-6 devstack@placement-api.service[96215]: DEBUG placement.requestlog [None req-f28253ba-0d04-4775-a5ff-d280af20d979 None None] Starting request: 10.222.0.37 "GET /placement/" {{(pid=96215) __call__ /opt/stack/placement/placement/requestlog.py:55}}
Aug 30 12:55:34.963779 n-d-688802-6 devstack@placement-api.service[96215]: INFO placement.requestlog [None req-f28253ba-0d04-4775-a5ff-d280af20d979 None None] 10.222.0.37 "GET /placement/" status: 200 len: 136 microversion: 1.0
Aug 30 12:55:34.964262 n-d-688802-6 devstack@placement-api.service[96215]: [pid: 96215|app: 0|req: 54/108] 10.222.0.37 () {54 vars in 916 bytes} [Mon Aug 30 12:55:34 2021] GET /placement => generated 136 bytes in 2 msecs (HTTP/1.1 200) 6 headers in 224 bytes (1 switches on core 0)
Aug 30 12:55:34.973601 n-d-688802-6 devstack@placement-api.service[96214]: DEBUG placement.requestlog [req-6250c404-c217-458a-b74d-1371c3a33ffa req-043e5504-3ba2-4cca-86a2-b77c566bb5d6 None None] Starting request: 10.222.0.37 "GET /placement/allocations/76a66d54-8929-4875-b670-6d921e8f9167" {{(pid=96214) __call__ /opt/stack/placement/placement/requestlog.py:55}}
Aug 30 12:55:35.086140 n-d-688802-6 devstack@placement-api.service[96214]: INFO placement.requestlog [req-6250c404-c217-458a-b74d-1371c3a33ffa req-043e5504-3ba2-4cca-86a2-b77c566bb5d6 service placement] 10.222.0.37 "GET /placement/allocations/76a66d54-8929-4875-b670-6d921e8f9167" status: 200 len: 258 microversion: 1.28
Aug 30 12:55:35.087480 n-d-688802-6 devstack@placement-api.service[96214]: [pid: 96214|app: 0|req: 55/109] 10.222.0.37 () {60 vars in 1381 bytes} [Mon Aug 30 12:55:34 2021] GET /placement/allocations/76a66d54-8929-4875-b670-6d921e8f9167 => generated 258 bytes in 114 msecs (HTTP/1.1 200) 8 headers in 296 bytes (1 switches on core 0)
Aug 30 12:55:35.096887 n-d-688802-6 devstack@placement-api.service[96215]: DEBUG placement.requestlog [req-6250c404-c217-458a-b74d-1371c3a33ffa req-4201d68b-32f3-4d96-8b61-2cce6628e765 None None] Starting request: 10.222.0.37 "GET /placement/allocations/76a66d54-8929-4875-b670-6d921e8f9167" {{(pid=96215) __call__ /opt/stack/placement/placement/requestlog.py:55}}
Aug 30 12:55:35.115656 n-d-688802-6 devstack@placement-api.service[96215]: INFO placement.requestlog [req-6250c404-c217-458a-b74d-1371c3a33ffa req-4201d68b-32f3-4d96-8b61-2cce6628e765 service placement] 10.222.0.37 "GET /placement/allocations/76a66d54-8929-4875-b670-6d921e8f9167" status: 200 len: 258 microversion: 1.28
Aug 30 12:55:35.124060 n-d-688802-6 devstack@placement-api.service[96215]: [pid: 96215|app: 0|req: 55/110] 10.222.0.37 () {60 vars in 1381 bytes} [Mon Aug 30 12:55:35 2021] GET /placement/allocations/76a66d54-8929-4875-b670-6d921e8f9167 => generated 258 bytes in 27 msecs (HTTP/1.1 200) 8 headers in 296 bytes (1 switches on core 0)
Aug 30 12:55:35.126580 n-d-688802-6 devstack@placement-api.service[96214]: DEBUG placement.requestlog [req-6250c404-c217-458a-b74d-1371c3a33ffa req-769836ac-9a6d-4ea6-8a99-86c752402770 None None] Starting request: 10.222.0.37 "GET /placement/allocations/9ab43f79-f997-4272-aeb8-19644e327455" {{(pid=96214) __call__ /opt/stack/placement/placement/requestlog.py:55}}
Aug 30 12:55:35.153410 n-d-688802-6 devstack@placement-api.service[96214]: INFO placement.requestlog [req-6250c404-c217-458a-b74d-1371c3a33ffa req-769836ac-9a6d-4ea6-8a99-86c752402770 service placement] 10.222.0.37 "GET /placement/allocations/9ab43f79-f997-4272-aeb8-19644e327455" status: 200 len: 19 microversion: 1.28
Aug 30 12:55:35.161142 n-d-688802-6 devstack@placement-api.service[96215]: DEBUG placement.requestlog [req-6250c404-c217-458a-b74d-1371c3a33ffa req-a60f2af2-3793-4660-96e7-d12373ebe8da None None] Starting request: 10.222.0.37 "POST /placement/allocations" {{(pid=96215) __call__ /opt/stack/placement/placement/requestlog.py:55}}
Aug 30 12:55:35.171238 n-d-688802-6 devstack@placement-api.service[96214]: [pid: 96214|app: 0|req: 56/111] 10.222.0.37 () {60 vars in 1381 bytes} [Mon Aug 30 12:55:35 2021] GET /placement/allocations/9ab43f79-f997-4272-aeb8-19644e327455 => generated 19 bytes in 45 msecs (HTTP/1.1 200) 8 headers in 295 bytes (1 switches on core 0)
Aug 30 12:55:35.295927 n-d-688802-6 devstack@placement-api.service[96215]: DEBUG placement.handlers.allocation [req-6250c404-c217-458a-b74d-1371c3a33ffa req-a60f2af2-3793-4660-96e7-d12373ebe8da service placement] Successfully wrote allocations [, , , , , ] {{(pid=96215) _create_allocations /opt/stack/placement/placement/handlers/allocation.py:555}}
Aug 30 12:55:35.296691 n-d-688802-6 devstack@placement-api.service[96215]: INFO placement.requestlog [req-6250c404-c217-458a-b74d-1371c3a33ffa req-a60f2af2-3793-4660-96e7-d12373ebe8da service placement] 10.222.0.37 "POST /placement/allocations" status: 204 len: 0 microversion: 1.28
Aug 30 12:55:35.298537 n-d-688802-6 devstack@placement-api.service[96215]: [pid: 96215|app: 0|req: 56/112] 10.222.0.37 () {64 vars in 1324 bytes} [Mon Aug 30 12:55:35 2021] POST /placement/allocations => generated 0 bytes in 138 msecs (HTTP/1.1 204) 5 headers in 199 bytes (2 switches on core 0)
Aug 30 12:55:35.353902 n-d-688802-6 devstack@placement-api.service[96214]: DEBUG placement.requestlog [req-6250c404-c217-458a-b74d-1371c3a33ffa req-99ea21ec-0786-4c77-9474-fb0e1f8da820 None None] Starting request: 10.222.0.37 "GET /placement/allocations/76a66d54-8929-4875-b670-6d921e8f9167" {{(pid=96214) __call__ /opt/stack/placement/placement/requestlog.py:55}}
Aug 30 12:55:35.576473 n-d-688802-6 devstack@placement-api.service[96214]: INFO placement.requestlog [req-6250c404-c217-458a-b74d-1371c3a33ffa req-99ea21ec-0786-4c77-9474-fb0e1f8da820 service placement] 10.222.0.37 "GET /placement/allocations/76a66d54-8929-4875-b670-6d921e8f9167" status: 200 len: 19 microversion: 1.28
Aug 30 12:55:35.583111 n-d-688802-6 devstack@placement-api.service[96215]: DEBUG placement.requestlog [req-6250c404-c217-458a-b74d-1371c3a33ffa req-334326fd-d511-4f36-a97d-e24141c705b2 None None] Starting request: 10.222.0.37 "PUT /placement/allocations/76a66d54-8929-4875-b670-6d921e8f9167" {{(pid=96215) __call__ /opt/stack/placement/placement/requestlog.py:55}}
Aug 30 12:55:35.594222 n-d-688802-6 devstack@placement-api.service[96214]: [pid: 96214|app: 0|req: 57/113] 10.222.0.37 () {60 vars in 1381 bytes} [Mon Aug 30 12:55:35 2021] GET /placement/allocations/76a66d54-8929-4875-b670-6d921e8f9167 => generated 19 bytes in 240 msecs (HTTP/1.1 200) 8 headers in 295 bytes (1 switches on core 0)
Aug 30 12:55:35.629638 n-d-688802-6 devstack@placement-api.service[96215]: DEBUG placement.handlers.allocation [req-6250c404-c217-458a-b74d-1371c3a33ffa req-334326fd-d511-4f36-a97d-e24141c705b2 service placement] Successfully wrote allocations [, , ] {{(pid=96215) _create_allocations /opt/stack/placement/placement/handlers/allocation.py:461}}
Aug 30 12:55:35.639410 n-d-688802-6 devstack@placement-api.service[96215]: INFO placement.requestlog [req-6250c404-c217-458a-b74d-1371c3a33ffa req-334326fd-d511-4f36-a97d-e24141c705b2 service placement] 10.222.0.37 "PUT /placement/allocations/76a66d54-8929-4875-b670-6d921e8f9167" status: 204 len: 0 microversion: 1.28
Aug 30 12:55:35.653061 n-d-688802-6 devstack@placement-api.service[96215]: [pid: 96215|app: 0|req: 57/114] 10.222.0.37 () {64 vars in 1434 bytes} [Mon Aug 30 12:55:35 2021] PUT /placement/allocations/76a66d54-8929-4875-b670-6d921e8f9167 => generated 0 bytes in 58 msecs (HTTP/1.1 204) 5 headers in 199 bytes (2 switches on core 0)
Aug 30 12:55:35.826068 n-d-688802-6 devstack@placement-api.service[96214]: DEBUG placement.requestlog [req-0a13be3b-534d-4a46-86a3-f575c294b36f req-c21528f0-71c4-4f61-8cc5-9b68562daca6 None None] Starting request: 10.222.0.37 "GET /placement/allocation_candidates?limit=1000&resources=DISK_GB%3A1%2CMEMORY_MB%3A1024%2CVCPU%3A1&root_required=%21COMPUTE_STATUS_DISABLED" {{(pid=96214) __call__ /opt/stack/placement/placement/requestlog.py:55}}
Aug 30 12:55:35.893600 n-d-688802-6 devstack@placement-api.service[96214]: DEBUG placement.objects.research_context [req-0a13be3b-534d-4a46-86a3-f575c294b36f req-c21528f0-71c4-4f61-8cc5-9b68562daca6 service placement] getting providers with 1 DISK_GB {{(pid=96214) __init__ /opt/stack/placement/placement/objects/research_context.py:126}}
Aug 30 12:55:35.908222 n-d-688802-6 devstack@placement-api.service[96215]: DEBUG placement.requestlog [req-6250c404-c217-458a-b74d-1371c3a33ffa req-5c2e801f-7c33-4fe8-811b-3e2d149d7e81 None None] Starting request: 10.222.0.16 "GET /placement/allocations/76a66d54-8929-4875-b670-6d921e8f9167" {{(pid=96215) __call__ /opt/stack/placement/placement/requestlog.py:55}}
Aug 30 12:55:35.920933 n-d-688802-6 devstack@placement-api.service[96214]: DEBUG placement.objects.research_context [req-0a13be3b-534d-4a46-86a3-f575c294b36f req-c21528f0-71c4-4f61-8cc5-9b68562daca6 service placement] getting providers with 1024 MEMORY_MB {{(pid=96214) __init__ /opt/stack/placement/placement/objects/research_context.py:126}}
Aug 30 12:55:35.928248 n-d-688802-6 devstack@placement-api.service[96215]: INFO placement.requestlog [req-6250c404-c217-458a-b74d-1371c3a33ffa req-5c2e801f-7c33-4fe8-811b-3e2d149d7e81 service placement] 10.222.0.16 "GET /placement/allocations/76a66d54-8929-4875-b670-6d921e8f9167" status: 200 len: 259 microversion: 1.28
Aug 30 12:55:35.929370 n-d-688802-6 devstack@placement-api.service[96215]: [pid: 96215|app: 0|req: 58/115] 10.222.0.16 () {60 vars in 1378 bytes} [Mon Aug 30 12:55:35 2021] GET /placement/allocations/76a66d54-8929-4875-b670-6d921e8f9167 => generated 259 bytes in 21 msecs (HTTP/1.1 200) 8 headers in 296 bytes (2 switches on core 0)
Aug 30 12:55:35.934660 n-d-688802-6 devstack@placement-api.service[96214]: DEBUG placement.objects.research_context [req-0a13be3b-534d-4a46-86a3-f575c294b36f req-c21528f0-71c4-4f61-8cc5-9b68562daca6 service placement] getting providers with 1 VCPU {{(pid=96214) __init__ /opt/stack/placement/placement/objects/research_context.py:126}}
Aug 30 12:55:35.954471 n-d-688802-6 devstack@placement-api.service[96214]: DEBUG placement.objects.research_context [req-0a13be3b-534d-4a46-86a3-f575c294b36f req-c21528f0-71c4-4f61-8cc5-9b68562daca6 service placement] found 2 providers with available 1 DISK_GB {{(pid=96214) get_provider_ids_matching /opt/stack/placement/placement/objects/research_context.py:549}}
Aug 30 12:55:35.956926 n-d-688802-6 devstack@placement-api.service[96214]: DEBUG placement.objects.research_context [req-0a13be3b-534d-4a46-86a3-f575c294b36f req-c21528f0-71c4-4f61-8cc5-9b68562daca6 service placement] found 2 providers with available 1024 MEMORY_MB {{(pid=96214) get_provider_ids_matching /opt/stack/placement/placement/objects/research_context.py:549}}
Aug 30 12:55:35.957287 n-d-688802-6 devstack@placement-api.service[96214]: DEBUG placement.objects.research_context [req-0a13be3b-534d-4a46-86a3-f575c294b36f req-c21528f0-71c4-4f61-8cc5-9b68562daca6 service placement] found 2 providers after filtering by previous result {{(pid=96214) get_provider_ids_matching /opt/stack/placement/placement/objects/research_context.py:580}}
Aug 30 12:55:35.957800 n-d-688802-6 devstack@placement-api.service[96214]: DEBUG placement.objects.research_context [req-0a13be3b-534d-4a46-86a3-f575c294b36f req-c21528f0-71c4-4f61-8cc5-9b68562daca6 service placement] found 2 providers with available 1 VCPU {{(pid=96214) get_provider_ids_matching /opt/stack/placement/placement/objects/research_context.py:549}}
Aug 30 12:55:35.958278 n-d-688802-6 devstack@placement-api.service[96214]: DEBUG placement.objects.research_context [req-0a13be3b-534d-4a46-86a3-f575c294b36f req-c21528f0-71c4-4f61-8cc5-9b68562daca6 service placement] found 2 providers after filtering by previous result {{(pid=96214) get_provider_ids_matching /opt/stack/placement/placement/objects/research_context.py:580}}
Aug 30 12:55:35.983508 n-d-688802-6 devstack@placement-api.service[96214]: DEBUG placement.objects.allocation_candidate [req-0a13be3b-534d-4a46-86a3-f575c294b36f req-c21528f0-71c4-4f61-8cc5-9b68562daca6 service placement] RequestGroup(use_same_provider=False, resources={DISK_GB:1, MEMORY_MB:1024, VCPU:1}, traits=[], aggregates=[]) (suffix '') returned 2 matches {{(pid=96214) _get_by_requests /opt/stack/placement/placement/objects/allocation_candidate.py:145}}
Aug 30 12:55:35.985073 n-d-688802-6 devstack@placement-api.service[96214]: DEBUG placement.objects.allocation_candidate [req-0a13be3b-534d-4a46-86a3-f575c294b36f req-c21528f0-71c4-4f61-8cc5-9b68562daca6 service placement] Merging candidates yields 2 allocation requests and 2 provider summaries {{(pid=96214) _merge_candidates /opt/stack/placement/placement/objects/allocation_candidate.py:783}}
Aug 30 12:55:35.987323 n-d-688802-6 devstack@placement-api.service[96214]: INFO placement.requestlog [req-0a13be3b-534d-4a46-86a3-f575c294b36f req-c21528f0-71c4-4f61-8cc5-9b68562daca6 service placement] 10.222.0.37 "GET /placement/allocation_candidates?limit=1000&resources=DISK_GB%3A1%2CMEMORY_MB%3A1024%2CVCPU%3A1&root_required=%21COMPUTE_STATUS_DISABLED" status: 200 len: 1309 microversion: 1.35
Aug 30 12:55:35.987792 n-d-688802-6 devstack@placement-api.service[96214]: [pid: 96214|app: 0|req: 58/116] 10.222.0.37 () {60 vars in 1507 bytes} [Mon Aug 30 12:55:35 2021] GET /placement/allocation_candidates?limit=1000&resources=DISK_GB%3A1%2CMEMORY_MB%3A1024%2CVCPU%3A1&root_required=%21COMPUTE_STATUS_DISABLED => generated 1309 bytes in 162 msecs (HTTP/1.1 200) 8 headers in 297 bytes (1 switches on core 0)
Aug 30 12:55:36.056120 n-d-688802-6 devstack@placement-api.service[96215]: DEBUG placement.requestlog [req-0a13be3b-534d-4a46-86a3-f575c294b36f req-e8c6590a-ab21-4e20-bf79-661acb405aed None None] Starting request: 10.222.0.37 "GET /placement/allocations/817786d4-ea30-4b24-aedf-7cffd93b74bf" {{(pid=96215) __call__ /opt/stack/placement/placement/requestlog.py:55}}
Aug 30 12:55:36.071211 n-d-688802-6 devstack@placement-api.service[96215]: INFO placement.requestlog [req-0a13be3b-534d-4a46-86a3-f575c294b36f req-e8c6590a-ab21-4e20-bf79-661acb405aed service placement] 10.222.0.37 "GET /placement/allocations/817786d4-ea30-4b24-aedf-7cffd93b74bf" status: 200 len: 19 microversion: 1.28
Aug 30 12:55:36.076375 n-d-688802-6 devstack@placement-api.service[96215]: [pid: 96215|app: 0|req: 59/117] 10.222.0.37 () {60 vars in 1381 bytes} [Mon Aug 30 12:55:36 2021] GET /placement/allocations/817786d4-ea30-4b24-aedf-7cffd93b74bf => generated 19 bytes in 20 msecs (HTTP/1.1 200) 8 headers in 295 bytes (1 switches on core 0)
Aug 30 12:55:36.078932 n-d-688802-6 devstack@placement-api.service[96214]: DEBUG placement.requestlog [req-0a13be3b-534d-4a46-86a3-f575c294b36f req-137b1b6c-4bd8-4b1d-8db7-a31113530509 None None] Starting request: 10.222.0.37 "PUT /placement/allocations/817786d4-ea30-4b24-aedf-7cffd93b74bf" {{(pid=96214) __call__ /opt/stack/placement/placement/requestlog.py:55}}
Aug 30 12:55:36.149688 n-d-688802-6 devstack@placement-api.service[96214]: DEBUG placement.handlers.allocation [req-0a13be3b-534d-4a46-86a3-f575c294b36f req-137b1b6c-4bd8-4b1d-8db7-a31113530509 service placement] Successfully wrote allocations [, , ] {{(pid=96214) _create_allocations /opt/stack/placement/placement/handlers/allocation.py:461}}
Aug 30 12:55:36.160304 n-d-688802-6 devstack@placement-api.service[96214]: INFO placement.requestlog [req-0a13be3b-534d-4a46-86a3-f575c294b36f req-137b1b6c-4bd8-4b1d-8db7-a31113530509 service placement] 10.222.0.37 "PUT /placement/allocations/817786d4-ea30-4b24-aedf-7cffd93b74bf" status: 204 len: 0 microversion: 1.35
Aug 30 12:55:36.166097 n-d-688802-6 devstack@placement-api.service[96214]: [pid: 96214|app: 0|req: 59/118] 10.222.0.37 () {64 vars in 1434 bytes} [Mon Aug 30 12:55:36 2021] PUT /placement/allocations/817786d4-ea30-4b24-aedf-7cffd93b74bf => generated 0 bytes in 82 msecs (HTTP/1.1 204) 5 headers in 199 bytes (2 switches on core 0)
Aug 30 12:55:36.690472 n-d-688802-6 devstack@placement-api.service[96215]: DEBUG placement.requestlog [req-0a13be3b-534d-4a46-86a3-f575c294b36f req-88f605e2-ecb6-448f-a12a-e7958fba6887 None None] Starting request: 10.222.0.35 "GET /placement/allocations/817786d4-ea30-4b24-aedf-7cffd93b74bf" {{(pid=96215) __call__ /opt/stack/placement/placement/requestlog.py:55}}
Aug 30 12:55:36.721257 n-d-688802-6 devstack@placement-api.service[96215]: INFO placement.requestlog [req-0a13be3b-534d-4a46-86a3-f575c294b36f req-88f605e2-ecb6-448f-a12a-e7958fba6887 service placement] 10.222.0.35 "GET /placement/allocations/817786d4-ea30-4b24-aedf-7cffd93b74bf" status: 200 len: 258 microversion: 1.28
Aug 30 12:55:36.723110 n-d-688802-6 devstack@placement-api.service[96215]: [pid: 96215|app: 0|req: 60/119] 10.222.0.35 () {60 vars in 1378 bytes} [Mon Aug 30 12:55:36 2021] GET /placement/allocations/817786d4-ea30-4b24-aedf-7cffd93b74bf => generated 258 bytes in 33 msecs (HTTP/1.1 200) 8 headers in 296 bytes (1 switches on core 0)
Aug 30 12:55:39.419160 n-d-688802-6 devstack@placement-api.service[96214]: DEBUG placement.requestlog [req-0d7bea22-1e6c-45b7-a53e-056eb8b0b30d req-fc50ef56-acc1-4bbc-b2ff-15b2b8822d75 None None] Starting request: 10.222.0.37 "GET /placement/allocation_candidates?limit=1000&resources=DISK_GB%3A1%2CMEMORY_MB%3A1024%2CVCPU%3A1&root_required=%21COMPUTE_STATUS_DISABLED" {{(pid=96214) __call__ /opt/stack/placement/placement/requestlog.py:55}}
Aug 30 12:55:39.456726 n-d-688802-6 devstack@placement-api.service[96214]: DEBUG placement.objects.research_context [req-0d7bea22-1e6c-45b7-a53e-056eb8b0b30d req-fc50ef56-acc1-4bbc-b2ff-15b2b8822d75 service placement] getting providers with 1 DISK_GB {{(pid=96214) __init__ /opt/stack/placement/placement/objects/research_context.py:126}}
Aug 30 12:55:39.466248 n-d-688802-6 devstack@placement-api.service[96214]: DEBUG placement.objects.research_context [req-0d7bea22-1e6c-45b7-a53e-056eb8b0b30d req-fc50ef56-acc1-4bbc-b2ff-15b2b8822d75 service placement] getting providers with 1024 MEMORY_MB {{(pid=96214) __init__ /opt/stack/placement/placement/objects/research_context.py:126}}
Aug 30 12:55:39.474514 n-d-688802-6 devstack@placement-api.service[96214]: DEBUG placement.objects.research_context [req-0d7bea22-1e6c-45b7-a53e-056eb8b0b30d req-fc50ef56-acc1-4bbc-b2ff-15b2b8822d75 service placement] getting providers with 1 VCPU {{(pid=96214) __init__ /opt/stack/placement/placement/objects/research_context.py:126}}
Aug 30 12:55:39.480753 n-d-688802-6 devstack@placement-api.service[96214]: DEBUG placement.objects.research_context [req-0d7bea22-1e6c-45b7-a53e-056eb8b0b30d req-fc50ef56-acc1-4bbc-b2ff-15b2b8822d75 service placement] found 2 providers with available 1 DISK_GB {{(pid=96214) get_provider_ids_matching /opt/stack/placement/placement/objects/research_context.py:549}}
Aug 30 12:55:39.481027 n-d-688802-6 devstack@placement-api.service[96214]: DEBUG placement.objects.research_context [req-0d7bea22-1e6c-45b7-a53e-056eb8b0b30d req-fc50ef56-acc1-4bbc-b2ff-15b2b8822d75 service placement] found 2 providers with available 1024 MEMORY_MB {{(pid=96214) get_provider_ids_matching /opt/stack/placement/placement/objects/research_context.py:549}}
Aug 30 12:55:39.481479 n-d-688802-6 devstack@placement-api.service[96214]: DEBUG placement.objects.research_context [req-0d7bea22-1e6c-45b7-a53e-056eb8b0b30d req-fc50ef56-acc1-4bbc-b2ff-15b2b8822d75 service placement] found 2 providers after filtering by previous result {{(pid=96214) get_provider_ids_matching /opt/stack/placement/placement/objects/research_context.py:580}}
Aug 30 12:55:39.481974 n-d-688802-6 devstack@placement-api.service[96214]: DEBUG placement.objects.research_context [req-0d7bea22-1e6c-45b7-a53e-056eb8b0b30d req-fc50ef56-acc1-4bbc-b2ff-15b2b8822d75 service placement] found 2 providers with available 1 VCPU {{(pid=96214) get_provider_ids_matching /opt/stack/placement/placement/objects/research_context.py:549}}
Aug 30 12:55:39.482383 n-d-688802-6 devstack@placement-api.service[96214]: DEBUG placement.objects.research_context [req-0d7bea22-1e6c-45b7-a53e-056eb8b0b30d req-fc50ef56-acc1-4bbc-b2ff-15b2b8822d75 service placement] found 2 providers after filtering by previous result {{(pid=96214) get_provider_ids_matching /opt/stack/placement/placement/objects/research_context.py:580}}
Aug 30 12:55:39.494745 n-d-688802-6 devstack@placement-api.service[96214]: DEBUG placement.objects.allocation_candidate [req-0d7bea22-1e6c-45b7-a53e-056eb8b0b30d req-fc50ef56-acc1-4bbc-b2ff-15b2b8822d75 service placement] RequestGroup(use_same_provider=False, resources={DISK_GB:1, MEMORY_MB:1024, VCPU:1}, traits=[], aggregates=[]) (suffix '') returned 2 matches {{(pid=96214) _get_by_requests /opt/stack/placement/placement/objects/allocation_candidate.py:145}}
Aug 30 12:55:39.495347 n-d-688802-6 devstack@placement-api.service[96214]: DEBUG placement.objects.allocation_candidate [req-0d7bea22-1e6c-45b7-a53e-056eb8b0b30d req-fc50ef56-acc1-4bbc-b2ff-15b2b8822d75 service placement] Merging candidates yields 2 allocation requests and 2 provider summaries {{(pid=96214) _merge_candidates /opt/stack/placement/placement/objects/allocation_candidate.py:783}}
Aug 30 12:55:39.497105 n-d-688802-6 devstack@placement-api.service[96214]: INFO placement.requestlog [req-0d7bea22-1e6c-45b7-a53e-056eb8b0b30d req-fc50ef56-acc1-4bbc-b2ff-15b2b8822d75 service placement] 10.222.0.37 "GET /placement/allocation_candidates?limit=1000&resources=DISK_GB%3A1%2CMEMORY_MB%3A1024%2CVCPU%3A1&root_required=%21COMPUTE_STATUS_DISABLED" status: 200 len: 1309 microversion: 1.35
Aug 30 12:55:39.497706 n-d-688802-6 devstack@placement-api.service[96214]: [pid: 96214|app: 0|req: 60/120] 10.222.0.37 () {60 vars in 1507 bytes} [Mon Aug 30 12:55:39 2021] GET /placement/allocation_candidates?limit=1000&resources=DISK_GB%3A1%2CMEMORY_MB%3A1024%2CVCPU%3A1&root_required=%21COMPUTE_STATUS_DISABLED => generated 1309 bytes in 79 msecs (HTTP/1.1 200) 8 headers in 297 bytes (1 switches on core 0)
Aug 30 12:55:39.588453 n-d-688802-6 devstack@placement-api.service[96215]: DEBUG placement.requestlog [req-0d7bea22-1e6c-45b7-a53e-056eb8b0b30d req-ad42629a-a1e0-4696-87a0-8259cfc093ea None None] Starting request: 10.222.0.37 "GET /placement/allocations/7f29ecdd-b1ee-4b48-947c-b6bdab8cb5f7" {{(pid=96215) __call__ /opt/stack/placement/placement/requestlog.py:55}}
Aug 30 12:55:39.606043 n-d-688802-6 devstack@placement-api.service[96215]: INFO placement.requestlog [req-0d7bea22-1e6c-45b7-a53e-056eb8b0b30d req-ad42629a-a1e0-4696-87a0-8259cfc093ea service placement] 10.222.0.37 "GET /placement/allocations/7f29ecdd-b1ee-4b48-947c-b6bdab8cb5f7" status: 200 len: 19 microversion: 1.28
Aug 30 12:55:39.606572 n-d-688802-6 devstack@placement-api.service[96215]: [pid: 96215|app: 0|req: 61/121] 10.222.0.37 () {60 vars in 1381 bytes} [Mon Aug 30 12:55:39 2021] GET /placement/allocations/7f29ecdd-b1ee-4b48-947c-b6bdab8cb5f7 => generated 19 bytes in 18 msecs (HTTP/1.1 200) 8 headers in 295 bytes (1 switches on core 0)
Aug 30 12:55:39.613274 n-d-688802-6 devstack@placement-api.service[96214]: DEBUG placement.requestlog [req-0d7bea22-1e6c-45b7-a53e-056eb8b0b30d req-ce948181-ed09-4fb9-bb88-eb050bd38fb8 None None] Starting request: 10.222.0.37 "PUT /placement/allocations/7f29ecdd-b1ee-4b48-947c-b6bdab8cb5f7" {{(pid=96214) __call__ /opt/stack/placement/placement/requestlog.py:55}}
Aug 30 12:55:39.702823 n-d-688802-6 devstack@placement-api.service[96214]: DEBUG placement.handlers.allocation [req-0d7bea22-1e6c-45b7-a53e-056eb8b0b30d req-ce948181-ed09-4fb9-bb88-eb050bd38fb8 service placement] Successfully wrote allocations [, , ] {{(pid=96214) _create_allocations /opt/stack/placement/placement/handlers/allocation.py:461}}
Aug 30 12:55:39.712604 n-d-688802-6 devstack@placement-api.service[96214]: INFO placement.requestlog [req-0d7bea22-1e6c-45b7-a53e-056eb8b0b30d req-ce948181-ed09-4fb9-bb88-eb050bd38fb8 service placement] 10.222.0.37 "PUT /placement/allocations/7f29ecdd-b1ee-4b48-947c-b6bdab8cb5f7" status: 204 len: 0 microversion: 1.35
Aug 30 12:55:39.713612 n-d-688802-6 devstack@placement-api.service[96214]: [pid: 96214|app: 0|req: 61/122] 10.222.0.37 () {64 vars in 1434 bytes} [Mon Aug 30 12:55:39 2021] PUT /placement/allocations/7f29ecdd-b1ee-4b48-947c-b6bdab8cb5f7 => generated 0 bytes in 100 msecs (HTTP/1.1 204) 5 headers in 199 bytes (2 switches on core 0)
Aug 30 12:55:40.327117 n-d-688802-6 devstack@placement-api.service[96215]: DEBUG placement.requestlog [req-0d7bea22-1e6c-45b7-a53e-056eb8b0b30d req-ad1d8d23-40fd-4529-82fe-530e766cc67c None None] Starting request: 10.222.0.35 "GET /placement/allocations/7f29ecdd-b1ee-4b48-947c-b6bdab8cb5f7" {{(pid=96215) __call__ /opt/stack/placement/placement/requestlog.py:55}}
Aug 30 12:55:40.360778 n-d-688802-6 devstack@placement-api.service[96215]: INFO placement.requestlog [req-0d7bea22-1e6c-45b7-a53e-056eb8b0b30d req-ad1d8d23-40fd-4529-82fe-530e766cc67c service placement] 10.222.0.35 "GET /placement/allocations/7f29ecdd-b1ee-4b48-947c-b6bdab8cb5f7" status: 200 len: 258 microversion: 1.28
Aug 30 12:55:40.374075 n-d-688802-6 devstack@placement-api.service[96215]: [pid: 96215|app: 0|req: 62/123] 10.222.0.35 () {60 vars in 1378 bytes} [Mon Aug 30 12:55:40 2021] GET /placement/allocations/7f29ecdd-b1ee-4b48-947c-b6bdab8cb5f7 => generated 258 bytes in 47 msecs (HTTP/1.1 200) 8 headers in 296 bytes (1 switches on core 0)
Aug 30 12:55:47.498348 n-d-688802-6 devstack@placement-api.service[96214]: DEBUG placement.requestlog [req-bf489205-b335-43ad-9a2e-9ece339c9c15 req-d6c028d7-0070-4cb8-a481-1968ac273fcf None None] Starting request: 10.222.0.37 "GET /placement/allocation_candidates?limit=1000&resources=DISK_GB%3A1%2CMEMORY_MB%3A1024%2CVCPU%3A1&root_required=%21COMPUTE_STATUS_DISABLED" {{(pid=96214) __call__ /opt/stack/placement/placement/requestlog.py:55}}
Aug 30 12:55:47.581972 n-d-688802-6 devstack@placement-api.service[96214]: DEBUG placement.objects.research_context [req-bf489205-b335-43ad-9a2e-9ece339c9c15 req-d6c028d7-0070-4cb8-a481-1968ac273fcf service placement] getting providers with 1 DISK_GB {{(pid=96214) __init__ /opt/stack/placement/placement/objects/research_context.py:126}}
Aug 30 12:55:47.589576 n-d-688802-6 devstack@placement-api.service[96214]: DEBUG placement.objects.research_context [req-bf489205-b335-43ad-9a2e-9ece339c9c15 req-d6c028d7-0070-4cb8-a481-1968ac273fcf service placement] getting providers with 1024 MEMORY_MB {{(pid=96214) __init__ /opt/stack/placement/placement/objects/research_context.py:126}}
Aug 30 12:55:47.597290 n-d-688802-6 devstack@placement-api.service[96214]: DEBUG placement.objects.research_context [req-bf489205-b335-43ad-9a2e-9ece339c9c15 req-d6c028d7-0070-4cb8-a481-1968ac273fcf service placement] getting providers with 1 VCPU {{(pid=96214) __init__ /opt/stack/placement/placement/objects/research_context.py:126}}
Aug 30 12:55:47.606579 n-d-688802-6 devstack@placement-api.service[96214]: DEBUG placement.objects.research_context [req-bf489205-b335-43ad-9a2e-9ece339c9c15 req-d6c028d7-0070-4cb8-a481-1968ac273fcf service placement] found 2 providers with available 1 DISK_GB {{(pid=96214) get_provider_ids_matching /opt/stack/placement/placement/objects/research_context.py:549}}
Aug 30 12:55:47.607060 n-d-688802-6 devstack@placement-api.service[96214]: DEBUG placement.objects.research_context [req-bf489205-b335-43ad-9a2e-9ece339c9c15 req-d6c028d7-0070-4cb8-a481-1968ac273fcf service placement] found 2 providers with available 1024 MEMORY_MB {{(pid=96214) get_provider_ids_matching /opt/stack/placement/placement/objects/research_context.py:549}}
Aug 30 12:55:47.607530 n-d-688802-6 devstack@placement-api.service[96214]: DEBUG placement.objects.research_context [req-bf489205-b335-43ad-9a2e-9ece339c9c15 req-d6c028d7-0070-4cb8-a481-1968ac273fcf service placement] found 2 providers after filtering by previous result {{(pid=96214) get_provider_ids_matching /opt/stack/placement/placement/objects/research_context.py:580}}
Aug 30 12:55:47.608306 n-d-688802-6 devstack@placement-api.service[96214]: DEBUG placement.objects.research_context [req-bf489205-b335-43ad-9a2e-9ece339c9c15 req-d6c028d7-0070-4cb8-a481-1968ac273fcf service placement] found 2 providers with available 1 VCPU {{(pid=96214) get_provider_ids_matching /opt/stack/placement/placement/objects/research_context.py:549}}
Aug 30 12:55:47.608745 n-d-688802-6 devstack@placement-api.service[96214]: DEBUG placement.objects.research_context [req-bf489205-b335-43ad-9a2e-9ece339c9c15 req-d6c028d7-0070-4cb8-a481-1968ac273fcf service placement] found 2 providers after filtering by previous result {{(pid=96214) get_provider_ids_matching /opt/stack/placement/placement/objects/research_context.py:580}}
Aug 30 12:55:47.629578 n-d-688802-6 devstack@placement-api.service[96214]: DEBUG placement.objects.allocation_candidate [req-bf489205-b335-43ad-9a2e-9ece339c9c15 req-d6c028d7-0070-4cb8-a481-1968ac273fcf service placement] RequestGroup(use_same_provider=False, resources={DISK_GB:1, MEMORY_MB:1024, VCPU:1}, traits=[], aggregates=[]) (suffix '') returned 2 matches {{(pid=96214) _get_by_requests /opt/stack/placement/placement/objects/allocation_candidate.py:145}}
Aug 30 12:55:47.631993 n-d-688802-6 devstack@placement-api.service[96214]: DEBUG placement.objects.allocation_candidate [req-bf489205-b335-43ad-9a2e-9ece339c9c15 req-d6c028d7-0070-4cb8-a481-1968ac273fcf service placement] Merging candidates yields 2 allocation requests and 2 provider summaries {{(pid=96214) _merge_candidates /opt/stack/placement/placement/objects/allocation_candidate.py:783}}
Aug 30 12:55:47.634889 n-d-688802-6 devstack@placement-api.service[96214]: INFO placement.requestlog [req-bf489205-b335-43ad-9a2e-9ece339c9c15 req-d6c028d7-0070-4cb8-a481-1968ac273fcf service placement] 10.222.0.37 "GET /placement/allocation_candidates?limit=1000&resources=DISK_GB%3A1%2CMEMORY_MB%3A1024%2CVCPU%3A1&root_required=%21COMPUTE_STATUS_DISABLED" status: 200 len: 1309 microversion: 1.35
Aug 30 12:55:47.637817 n-d-688802-6 devstack@placement-api.service[96214]: [pid: 96214|app: 0|req: 62/124] 10.222.0.37 () {60 vars in 1507 bytes} [Mon Aug 30 12:55:47 2021] GET /placement/allocation_candidates?limit=1000&resources=DISK_GB%3A1%2CMEMORY_MB%3A1024%2CVCPU%3A1&root_required=%21COMPUTE_STATUS_DISABLED => generated 1309 bytes in 139 msecs (HTTP/1.1 200) 8 headers in 297 bytes (1 switches on core 0)
Aug 30 12:55:47.725280 n-d-688802-6 devstack@placement-api.service[96215]: DEBUG placement.requestlog [req-bf489205-b335-43ad-9a2e-9ece339c9c15 req-b19e979d-f107-4b9b-8a89-fd02236c56b0 None None] Starting request: 10.222.0.37 "GET /placement/allocations/d78d7185-d810-437e-9f1f-e64f79914087" {{(pid=96215) __call__ /opt/stack/placement/placement/requestlog.py:55}}
Aug 30 12:55:47.741644 n-d-688802-6 devstack@placement-api.service[96215]: INFO placement.requestlog [req-bf489205-b335-43ad-9a2e-9ece339c9c15 req-b19e979d-f107-4b9b-8a89-fd02236c56b0 service placement] 10.222.0.37 "GET /placement/allocations/d78d7185-d810-437e-9f1f-e64f79914087" status: 200 len: 19 microversion: 1.28
Aug 30 12:55:47.744465 n-d-688802-6 devstack@placement-api.service[96215]: [pid: 96215|app: 0|req: 63/125] 10.222.0.37 () {60 vars in 1381 bytes} [Mon Aug 30 12:55:47 2021] GET /placement/allocations/d78d7185-d810-437e-9f1f-e64f79914087 => generated 19 bytes in 19 msecs (HTTP/1.1 200) 8 headers in 295 bytes (1 switches on core 0)
Aug 30 12:55:47.750818 n-d-688802-6 devstack@placement-api.service[96214]: DEBUG placement.requestlog [req-bf489205-b335-43ad-9a2e-9ece339c9c15 req-01261bf9-4679-4d78-ad65-b04b17af2588 None None] Starting request: 10.222.0.37 "PUT /placement/allocations/d78d7185-d810-437e-9f1f-e64f79914087" {{(pid=96214) __call__ /opt/stack/placement/placement/requestlog.py:55}}
Aug 30 12:55:47.813935 n-d-688802-6 devstack@placement-api.service[96214]: DEBUG placement.handlers.allocation [req-bf489205-b335-43ad-9a2e-9ece339c9c15 req-01261bf9-4679-4d78-ad65-b04b17af2588 service placement] Successfully wrote allocations [, , ] {{(pid=96214) _create_allocations /opt/stack/placement/placement/handlers/allocation.py:461}}
Aug 30 12:55:47.820039 n-d-688802-6 devstack@placement-api.service[96214]: INFO placement.requestlog [req-bf489205-b335-43ad-9a2e-9ece339c9c15 req-01261bf9-4679-4d78-ad65-b04b17af2588 service placement] 10.222.0.37 "PUT /placement/allocations/d78d7185-d810-437e-9f1f-e64f79914087" status: 204 len: 0 microversion: 1.35
Aug 30 12:55:47.821188 n-d-688802-6 devstack@placement-api.service[96214]: [pid: 96214|app: 0|req: 63/126] 10.222.0.37 () {64 vars in 1434 bytes} [Mon Aug 30 12:55:47 2021] PUT /placement/allocations/d78d7185-d810-437e-9f1f-e64f79914087 => generated 0 bytes in 70 msecs (HTTP/1.1 204) 5 headers in 199 bytes (1 switches on core 0)
