Aug 30 12:55:03.106064 n-d-688802-6 devstack@n-api.service[110713]: DEBUG nova.compute.api [None req-9aa95adf-73fc-4242-bd4b-5a84e5599519 tempest-AggregatesAdminTestJSON-178862883 tempest-AggregatesAdminTestJSON-178862883-project] [instance: 6630bfe9-7f60-47bb-a41d-f182c35e4425] Fetching instance by UUID {{(pid=110713) get /opt/stack/nova/nova/compute/api.py:2826}}
Aug 30 12:55:03.119079 n-d-688802-6 devstack@n-api.service[110713]: DEBUG oslo_concurrency.lockutils [None req-9aa95adf-73fc-4242-bd4b-5a84e5599519 tempest-AggregatesAdminTestJSON-178862883 tempest-AggregatesAdminTestJSON-178862883-project] Lock "005810bd-17e5-41a6-8d46-1a5f98cce4eb" acquired by "nova.context.set_target_cell..get_or_set_cached_cell_and_set_connections" :: waited 0.000s {{(pid=110713) inner /usr/local/lib/python3.8/dist-packages/oslo_concurrency/lockutils.py:355}}
Aug 30 12:55:03.119725 n-d-688802-6 devstack@n-api.service[110713]: DEBUG oslo_concurrency.lockutils [None req-9aa95adf-73fc-4242-bd4b-5a84e5599519 tempest-AggregatesAdminTestJSON-178862883 tempest-AggregatesAdminTestJSON-178862883-project] Lock "005810bd-17e5-41a6-8d46-1a5f98cce4eb" released by "nova.context.set_target_cell..get_or_set_cached_cell_and_set_connections" :: held 0.002s {{(pid=110713) inner /usr/local/lib/python3.8/dist-packages/oslo_concurrency/lockutils.py:367}}
Aug 30 12:55:03.121618 n-d-688802-6 devstack@n-api.service[110713]: DEBUG oslo_concurrency.lockutils [None req-9aa95adf-73fc-4242-bd4b-5a84e5599519 tempest-AggregatesAdminTestJSON-178862883 tempest-AggregatesAdminTestJSON-178862883-project] Lock "005810bd-17e5-41a6-8d46-1a5f98cce4eb" acquired by "nova.context.set_target_cell..get_or_set_cached_cell_and_set_connections" :: waited 0.000s {{(pid=110713) inner /usr/local/lib/python3.8/dist-packages/oslo_concurrency/lockutils.py:355}}
Aug 30 12:55:03.122680 n-d-688802-6 devstack@n-api.service[110713]: DEBUG oslo_concurrency.lockutils [None req-9aa95adf-73fc-4242-bd4b-5a84e5599519 tempest-AggregatesAdminTestJSON-178862883 tempest-AggregatesAdminTestJSON-178862883-project] Lock "005810bd-17e5-41a6-8d46-1a5f98cce4eb" released by "nova.context.set_target_cell..get_or_set_cached_cell_and_set_connections" :: held 0.001s {{(pid=110713) inner /usr/local/lib/python3.8/dist-packages/oslo_concurrency/lockutils.py:367}}
Aug 30 12:55:03.383786 n-d-688802-6 devstack@n-api.service[110713]: DEBUG nova.policy [None req-9aa95adf-73fc-4242-bd4b-5a84e5599519 tempest-AggregatesAdminTestJSON-178862883 tempest-AggregatesAdminTestJSON-178862883-project] Policy check for os_compute_api:os-extended-server-attributes failed with credentials {'is_admin': False, 'user_id': '89325c9fe3bc4991839904098a119447', 'user_domain_id': 'default', 'system_scope': None, 'domain_id': None, 'project_id': '7f496474a15543b7b3279241a1fbf2a9', 'project_domain_id': 'default', 'roles': ['member', 'reader'], 'is_admin_project': True, 'service_user_id': None, 'service_user_domain_id': None, 'service_project_id': None, 'service_project_domain_id': None, 'service_roles': []} {{(pid=110713) authorize /opt/stack/nova/nova/policy.py:199}}
Aug 30 12:55:03.388996 n-d-688802-6 devstack@n-api.service[110712]: DEBUG nova.api.openstack.wsgi [None req-7740ae41-29b8-4f3c-8b64-ffdbb9154d67 tempest-LiveMigrationNegativeTest-755285562 tempest-LiveMigrationNegativeTest-755285562-project] Calling method '>' {{(pid=110712) _process_stack /opt/stack/nova/nova/api/openstack/wsgi.py:513}}
Aug 30 12:55:03.389839 n-d-688802-6 devstack@n-api.service[110712]: DEBUG nova.compute.api [None req-7740ae41-29b8-4f3c-8b64-ffdbb9154d67 tempest-LiveMigrationNegativeTest-755285562 tempest-LiveMigrationNegativeTest-755285562-project] [instance: 7e44e23b-d8da-43fa-a5d3-b2cace0a46d3] Fetching instance by UUID {{(pid=110712) get /opt/stack/nova/nova/compute/api.py:2826}}
Aug 30 12:55:03.397821 n-d-688802-6 devstack@n-api.service[110713]: INFO nova.api.openstack.requestlog [None req-9aa95adf-73fc-4242-bd4b-5a84e5599519 tempest-AggregatesAdminTestJSON-178862883 tempest-AggregatesAdminTestJSON-178862883-project] 10.222.0.37 "GET /compute/v2.1/servers/6630bfe9-7f60-47bb-a41d-f182c35e4425" status: 200 len: 1337 microversion: 2.1 time: 0.296607
Aug 30 12:55:03.410500 n-d-688802-6 devstack@n-api.service[110713]: [pid: 110713|app: 0|req: 85/140] 10.222.0.37 () {58 vars in 1236 bytes} [Mon Aug 30 12:55:03 2021] GET /compute/v2.1/servers/6630bfe9-7f60-47bb-a41d-f182c35e4425 => generated 1337 bytes in 310 msecs (HTTP/1.1 200) 9 headers in 358 bytes (1 switches on core 0)
Aug 30 12:55:03.418381 n-d-688802-6 devstack@n-api.service[110712]: DEBUG oslo_concurrency.lockutils [None req-7740ae41-29b8-4f3c-8b64-ffdbb9154d67 tempest-LiveMigrationNegativeTest-755285562 tempest-LiveMigrationNegativeTest-755285562-project] Lock "005810bd-17e5-41a6-8d46-1a5f98cce4eb" acquired by "nova.context.set_target_cell..get_or_set_cached_cell_and_set_connections" :: waited 0.006s {{(pid=110712) inner /usr/local/lib/python3.8/dist-packages/oslo_concurrency/lockutils.py:355}}
Aug 30 12:55:03.418851 n-d-688802-6 devstack@n-api.service[110712]: DEBUG oslo_concurrency.lockutils [None req-7740ae41-29b8-4f3c-8b64-ffdbb9154d67 tempest-LiveMigrationNegativeTest-755285562 tempest-LiveMigrationNegativeTest-755285562-project] Lock "005810bd-17e5-41a6-8d46-1a5f98cce4eb" released by "nova.context.set_target_cell..get_or_set_cached_cell_and_set_connections" :: held 0.001s {{(pid=110712) inner /usr/local/lib/python3.8/dist-packages/oslo_concurrency/lockutils.py:367}}
Aug 30 12:55:03.419706 n-d-688802-6 devstack@n-api.service[110712]: DEBUG oslo_concurrency.lockutils [None req-7740ae41-29b8-4f3c-8b64-ffdbb9154d67 tempest-LiveMigrationNegativeTest-755285562 tempest-LiveMigrationNegativeTest-755285562-project] Lock "005810bd-17e5-41a6-8d46-1a5f98cce4eb" acquired by "nova.context.set_target_cell..get_or_set_cached_cell_and_set_connections" :: waited 0.000s {{(pid=110712) inner /usr/local/lib/python3.8/dist-packages/oslo_concurrency/lockutils.py:355}}
Aug 30 12:55:03.420208 n-d-688802-6 devstack@n-api.service[110712]: DEBUG oslo_concurrency.lockutils [None req-7740ae41-29b8-4f3c-8b64-ffdbb9154d67 tempest-LiveMigrationNegativeTest-755285562 tempest-LiveMigrationNegativeTest-755285562-project] Lock "005810bd-17e5-41a6-8d46-1a5f98cce4eb" released by "nova.context.set_target_cell..get_or_set_cached_cell_and_set_connections" :: held 0.000s {{(pid=110712) inner /usr/local/lib/python3.8/dist-packages/oslo_concurrency/lockutils.py:367}}
Aug 30 12:55:03.688940 n-d-688802-6 devstack@n-api.service[110712]: DEBUG nova.policy [None req-7740ae41-29b8-4f3c-8b64-ffdbb9154d67 tempest-LiveMigrationNegativeTest-755285562 tempest-LiveMigrationNegativeTest-755285562-project] Policy check for os_compute_api:os-extended-server-attributes failed with credentials {'is_admin': False, 'user_id': '2f754e96142644c2a8ef36188cfa21bb', 'user_domain_id': 'default', 'system_scope': None, 'domain_id': None, 'project_id': '50d37c12de3347ee8929bb045cf44a2d', 'project_domain_id': 'default', 'roles': ['member', 'reader'], 'is_admin_project': True, 'service_user_id': None, 'service_user_domain_id': None, 'service_project_id': None, 'service_project_domain_id': None, 'service_roles': []} {{(pid=110712) authorize /opt/stack/nova/nova/policy.py:199}}
Aug 30 12:55:03.698584 n-d-688802-6 devstack@n-api.service[110712]: INFO nova.api.openstack.requestlog [None req-7740ae41-29b8-4f3c-8b64-ffdbb9154d67 tempest-LiveMigrationNegativeTest-755285562 tempest-LiveMigrationNegativeTest-755285562-project] 10.222.0.37 "GET /compute/v2.1/servers/7e44e23b-d8da-43fa-a5d3-b2cace0a46d3" status: 200 len: 1318 microversion: 2.1 time: 0.317167
Aug 30 12:55:03.699812 n-d-688802-6 devstack@n-api.service[110712]: [pid: 110712|app: 0|req: 56/141] 10.222.0.37 () {58 vars in 1236 bytes} [Mon Aug 30 12:55:03 2021] GET /compute/v2.1/servers/7e44e23b-d8da-43fa-a5d3-b2cace0a46d3 => generated 1318 bytes in 319 msecs (HTTP/1.1 200) 9 headers in 358 bytes (1 switches on core 0)
Aug 30 12:55:04.418054 n-d-688802-6 devstack@n-api.service[110712]: DEBUG nova.api.openstack.wsgi [None req-798ed151-0360-4178-a6a4-6224a776348c tempest-AggregatesAdminTestJSON-178862883 tempest-AggregatesAdminTestJSON-178862883-project] Calling method '>' {{(pid=110712) _process_stack /opt/stack/nova/nova/api/openstack/wsgi.py:513}}
Aug 30 12:55:04.419069 n-d-688802-6 devstack@n-api.service[110712]: DEBUG nova.compute.api [None req-798ed151-0360-4178-a6a4-6224a776348c tempest-AggregatesAdminTestJSON-178862883 tempest-AggregatesAdminTestJSON-178862883-project] [instance: 6630bfe9-7f60-47bb-a41d-f182c35e4425] Fetching instance by UUID {{(pid=110712) get /opt/stack/nova/nova/compute/api.py:2826}}
Aug 30 12:55:04.430915 n-d-688802-6 devstack@n-api.service[110712]: DEBUG oslo_concurrency.lockutils [None req-798ed151-0360-4178-a6a4-6224a776348c tempest-AggregatesAdminTestJSON-178862883 tempest-AggregatesAdminTestJSON-178862883-project] Lock "005810bd-17e5-41a6-8d46-1a5f98cce4eb" acquired by "nova.context.set_target_cell..get_or_set_cached_cell_and_set_connections" :: waited 0.000s {{(pid=110712) inner /usr/local/lib/python3.8/dist-packages/oslo_concurrency/lockutils.py:355}}
Aug 30 12:55:04.431670 n-d-688802-6 devstack@n-api.service[110712]: DEBUG oslo_concurrency.lockutils [None req-798ed151-0360-4178-a6a4-6224a776348c tempest-AggregatesAdminTestJSON-178862883 tempest-AggregatesAdminTestJSON-178862883-project] Lock "005810bd-17e5-41a6-8d46-1a5f98cce4eb" released by "nova.context.set_target_cell..get_or_set_cached_cell_and_set_connections" :: held 0.001s {{(pid=110712) inner /usr/local/lib/python3.8/dist-packages/oslo_concurrency/lockutils.py:367}}
Aug 30 12:55:04.432607 n-d-688802-6 devstack@n-api.service[110712]: DEBUG oslo_concurrency.lockutils [None req-798ed151-0360-4178-a6a4-6224a776348c tempest-AggregatesAdminTestJSON-178862883 tempest-AggregatesAdminTestJSON-178862883-project] Lock "005810bd-17e5-41a6-8d46-1a5f98cce4eb" acquired by "nova.context.set_target_cell..get_or_set_cached_cell_and_set_connections" :: waited 0.000s {{(pid=110712) inner /usr/local/lib/python3.8/dist-packages/oslo_concurrency/lockutils.py:355}}
Aug 30 12:55:04.433225 n-d-688802-6 devstack@n-api.service[110712]: DEBUG oslo_concurrency.lockutils [None req-798ed151-0360-4178-a6a4-6224a776348c tempest-AggregatesAdminTestJSON-178862883 tempest-AggregatesAdminTestJSON-178862883-project] Lock "005810bd-17e5-41a6-8d46-1a5f98cce4eb" released by "nova.context.set_target_cell..get_or_set_cached_cell_and_set_connections" :: held 0.001s {{(pid=110712) inner /usr/local/lib/python3.8/dist-packages/oslo_concurrency/lockutils.py:367}}
Aug 30 12:55:04.614701 n-d-688802-6 devstack@n-api.service[110712]: DEBUG nova.policy [None req-798ed151-0360-4178-a6a4-6224a776348c tempest-AggregatesAdminTestJSON-178862883 tempest-AggregatesAdminTestJSON-178862883-project] Policy check for os_compute_api:os-extended-server-attributes failed with credentials {'is_admin': False, 'user_id': '89325c9fe3bc4991839904098a119447', 'user_domain_id': 'default', 'system_scope': None, 'domain_id': None, 'project_id': '7f496474a15543b7b3279241a1fbf2a9', 'project_domain_id': 'default', 'roles': ['member', 'reader'], 'is_admin_project': True, 'service_user_id': None, 'service_user_domain_id': None, 'service_project_id': None, 'service_project_domain_id': None, 'service_roles': []} {{(pid=110712) authorize /opt/stack/nova/nova/policy.py:199}}
Aug 30 12:55:04.627150 n-d-688802-6 devstack@n-api.service[110712]: INFO nova.api.openstack.requestlog [None req-798ed151-0360-4178-a6a4-6224a776348c tempest-AggregatesAdminTestJSON-178862883 tempest-AggregatesAdminTestJSON-178862883-project] 10.222.0.37 "GET /compute/v2.1/servers/6630bfe9-7f60-47bb-a41d-f182c35e4425" status: 200 len: 1337 microversion: 2.1 time: 0.214481
Aug 30 12:55:04.627939 n-d-688802-6 devstack@n-api.service[110712]: [pid: 110712|app: 0|req: 57/142] 10.222.0.37 () {58 vars in 1236 bytes} [Mon Aug 30 12:55:04 2021] GET /compute/v2.1/servers/6630bfe9-7f60-47bb-a41d-f182c35e4425 => generated 1337 bytes in 216 msecs (HTTP/1.1 200) 9 headers in 358 bytes (1 switches on core 0)
Aug 30 12:55:04.717296 n-d-688802-6 devstack@n-api.service[110713]: DEBUG nova.api.openstack.wsgi [None req-31ec23cb-3049-4509-81a3-22441378d6c3 tempest-KeyPairsV210TestJSON-308777714 tempest-KeyPairsV210TestJSON-308777714-project-admin] Action: 'create', calling method: .version_select at 0x7f421436f0d0>, body: {"keypair": {"name": "tempest-keypair-1441562756", "type": "ssh", "user_id": "e8b066bd6df84f269e2171f039383010"}} {{(pid=110713) _process_stack /opt/stack/nova/nova/api/openstack/wsgi.py:511}}
Aug 30 12:55:04.754824 n-d-688802-6 devstack@n-api.service[110713]: DEBUG nova.quota [None req-31ec23cb-3049-4509-81a3-22441378d6c3 tempest-KeyPairsV210TestJSON-308777714 tempest-KeyPairsV210TestJSON-308777714-project-admin] Getting quotas for project 0d84e24d9f6c442690d6f7c2482dc2b8. Resources: {'key_pairs'} {{(pid=110713) _get_quotas /opt/stack/nova/nova/quota.py:387}}
Aug 30 12:55:04.760371 n-d-688802-6 devstack@n-api.service[110713]: DEBUG nova.quota [None req-31ec23cb-3049-4509-81a3-22441378d6c3 tempest-KeyPairsV210TestJSON-308777714 tempest-KeyPairsV210TestJSON-308777714-project-admin] Getting quotas for user 8c68e499ba784958a7a632d6e8e4a16d and project 0d84e24d9f6c442690d6f7c2482dc2b8. Resources: {'key_pairs'} {{(pid=110713) _get_quotas /opt/stack/nova/nova/quota.py:377}}
Aug 30 12:55:04.817820 n-d-688802-6 devstack@n-api.service[110712]: DEBUG nova.api.openstack.wsgi [req-137097f1-6767-420f-ae9a-28435734a16c req-7fb945e1-f62d-414d-a734-b9443e4b910e service nova] Action: 'create', calling method: >, body: {"events": [{"name": "network-changed", "server_uuid": "6630bfe9-7f60-47bb-a41d-f182c35e4425", "tag": "64803934-f3d5-4b52-a445-a6bb8e978c09"}]} {{(pid=110712) _process_stack /opt/stack/nova/nova/api/openstack/wsgi.py:511}}
Aug 30 12:55:04.819607 n-d-688802-6 devstack@n-api.service[110712]: /usr/local/lib/python3.8/dist-packages/oslo_policy/policy.py:1064: UserWarning: Policy os_compute_api:os-server-external-events:create failed scope check. The token used to make the request was project scoped but the policy requires ['system'] scope. This behavior may change in the future where using the intended scope is required
Aug 30 12:55:04.819607 n-d-688802-6 devstack@n-api.service[110712]: warnings.warn(msg)
Aug 30 12:55:04.846233 n-d-688802-6 devstack@n-api.service[110712]: DEBUG oslo_concurrency.lockutils [req-137097f1-6767-420f-ae9a-28435734a16c req-7fb945e1-f62d-414d-a734-b9443e4b910e service nova] Lock "005810bd-17e5-41a6-8d46-1a5f98cce4eb" acquired by "nova.context.set_target_cell..get_or_set_cached_cell_and_set_connections" :: waited 0.000s {{(pid=110712) inner /usr/local/lib/python3.8/dist-packages/oslo_concurrency/lockutils.py:355}}
Aug 30 12:55:04.846876 n-d-688802-6 devstack@n-api.service[110712]: DEBUG oslo_concurrency.lockutils [req-137097f1-6767-420f-ae9a-28435734a16c req-7fb945e1-f62d-414d-a734-b9443e4b910e service nova] Lock "005810bd-17e5-41a6-8d46-1a5f98cce4eb" released by "nova.context.set_target_cell..get_or_set_cached_cell_and_set_connections" :: held 0.001s {{(pid=110712) inner /usr/local/lib/python3.8/dist-packages/oslo_concurrency/lockutils.py:367}}
Aug 30 12:55:04.884483 n-d-688802-6 devstack@n-api.service[110712]: INFO nova.api.openstack.compute.server_external_events [req-137097f1-6767-420f-ae9a-28435734a16c req-7fb945e1-f62d-414d-a734-b9443e4b910e service nova] Creating event network-changed:64803934-f3d5-4b52-a445-a6bb8e978c09 for instance 6630bfe9-7f60-47bb-a41d-f182c35e4425 on n-h1-688802-6
Aug 30 12:55:04.900287 n-d-688802-6 devstack@n-api.service[110712]: INFO nova.api.openstack.requestlog [req-137097f1-6767-420f-ae9a-28435734a16c req-7fb945e1-f62d-414d-a734-b9443e4b910e service nova] 10.222.0.37 "POST /compute/v2.1/os-server-external-events" status: 200 len: 179 microversion: 2.1 time: 0.270079
Aug 30 12:55:04.901433 n-d-688802-6 devstack@n-api.service[110712]: [pid: 110712|app: 0|req: 58/143] 10.222.0.37 () {64 vars in 1318 bytes} [Mon Aug 30 12:55:04 2021] POST /compute/v2.1/os-server-external-events => generated 179 bytes in 273 msecs (HTTP/1.1 200) 9 headers in 357 bytes (1 switches on core 0)
Aug 30 12:55:04.924410 n-d-688802-6 devstack@n-api.service[110712]: DEBUG nova.api.openstack.wsgi [None req-040571d7-8de4-4e66-889a-7508b45dfaa5 tempest-LiveMigrationNegativeTest-755285562 tempest-LiveMigrationNegativeTest-755285562-project] Calling method '>' {{(pid=110712) _process_stack /opt/stack/nova/nova/api/openstack/wsgi.py:513}}
Aug 30 12:55:04.925497 n-d-688802-6 devstack@n-api.service[110712]: DEBUG nova.compute.api [None req-040571d7-8de4-4e66-889a-7508b45dfaa5 tempest-LiveMigrationNegativeTest-755285562 tempest-LiveMigrationNegativeTest-755285562-project] [instance: 7e44e23b-d8da-43fa-a5d3-b2cace0a46d3] Fetching instance by UUID {{(pid=110712) get /opt/stack/nova/nova/compute/api.py:2826}}
Aug 30 12:55:04.937791 n-d-688802-6 devstack@n-api.service[110712]: DEBUG oslo_concurrency.lockutils [None req-040571d7-8de4-4e66-889a-7508b45dfaa5 tempest-LiveMigrationNegativeTest-755285562 tempest-LiveMigrationNegativeTest-755285562-project] Lock "005810bd-17e5-41a6-8d46-1a5f98cce4eb" acquired by "nova.context.set_target_cell..get_or_set_cached_cell_and_set_connections" :: waited 0.000s {{(pid=110712) inner /usr/local/lib/python3.8/dist-packages/oslo_concurrency/lockutils.py:355}}
Aug 30 12:55:04.942877 n-d-688802-6 devstack@n-api.service[110712]: DEBUG oslo_concurrency.lockutils [None req-040571d7-8de4-4e66-889a-7508b45dfaa5 tempest-LiveMigrationNegativeTest-755285562 tempest-LiveMigrationNegativeTest-755285562-project] Lock "005810bd-17e5-41a6-8d46-1a5f98cce4eb" released by "nova.context.set_target_cell..get_or_set_cached_cell_and_set_connections" :: held 0.005s {{(pid=110712) inner /usr/local/lib/python3.8/dist-packages/oslo_concurrency/lockutils.py:367}}
Aug 30 12:55:04.944199 n-d-688802-6 devstack@n-api.service[110712]: DEBUG oslo_concurrency.lockutils [None req-040571d7-8de4-4e66-889a-7508b45dfaa5 tempest-LiveMigrationNegativeTest-755285562 tempest-LiveMigrationNegativeTest-755285562-project] Lock "005810bd-17e5-41a6-8d46-1a5f98cce4eb" acquired by "nova.context.set_target_cell..get_or_set_cached_cell_and_set_connections" :: waited 0.000s {{(pid=110712) inner /usr/local/lib/python3.8/dist-packages/oslo_concurrency/lockutils.py:355}}
Aug 30 12:55:04.948466 n-d-688802-6 devstack@n-api.service[110712]: DEBUG oslo_concurrency.lockutils [None req-040571d7-8de4-4e66-889a-7508b45dfaa5 tempest-LiveMigrationNegativeTest-755285562 tempest-LiveMigrationNegativeTest-755285562-project] Lock "005810bd-17e5-41a6-8d46-1a5f98cce4eb" released by "nova.context.set_target_cell..get_or_set_cached_cell_and_set_connections" :: held 0.004s {{(pid=110712) inner /usr/local/lib/python3.8/dist-packages/oslo_concurrency/lockutils.py:367}}
Aug 30 12:55:04.951313 n-d-688802-6 devstack@n-api.service[110713]: DEBUG nova.quota [None req-31ec23cb-3049-4509-81a3-22441378d6c3 tempest-KeyPairsV210TestJSON-308777714 tempest-KeyPairsV210TestJSON-308777714-project-admin] Getting quotas for project 0d84e24d9f6c442690d6f7c2482dc2b8. Resources: {'key_pairs'} {{(pid=110713) _get_quotas /opt/stack/nova/nova/quota.py:387}}
Aug 30 12:55:04.966364 n-d-688802-6 devstack@n-api.service[110713]: DEBUG nova.quota [None req-31ec23cb-3049-4509-81a3-22441378d6c3 tempest-KeyPairsV210TestJSON-308777714 tempest-KeyPairsV210TestJSON-308777714-project-admin] Getting quotas for user 8c68e499ba784958a7a632d6e8e4a16d and project 0d84e24d9f6c442690d6f7c2482dc2b8. Resources: {'key_pairs'} {{(pid=110713) _get_quotas /opt/stack/nova/nova/quota.py:377}}
Aug 30 12:55:05.003165 n-d-688802-6 devstack@n-api.service[110713]: INFO nova.api.openstack.requestlog [None req-31ec23cb-3049-4509-81a3-22441378d6c3 tempest-KeyPairsV210TestJSON-308777714 tempest-KeyPairsV210TestJSON-308777714-project-admin] 10.222.0.37 "POST /compute/v2.1/os-keypairs" status: 201 len: 2320 microversion: 2.10 time: 0.684499
Aug 30 12:55:05.004425 n-d-688802-6 devstack@n-api.service[110713]: [pid: 110713|app: 0|req: 86/144] 10.222.0.37 () {62 vars in 1200 bytes} [Mon Aug 30 12:55:04 2021] POST /compute/v2.1/os-keypairs => generated 2320 bytes in 686 msecs (HTTP/1.1 201) 9 headers in 365 bytes (1 switches on core 0)
Aug 30 12:55:05.018553 n-d-688802-6 devstack@n-api.service[110713]: DEBUG nova.api.openstack.wsgi [None req-0bbae9af-2b3a-4ae2-9ea8-d2c3fa4c526c tempest-KeyPairsV210TestJSON-308777714 tempest-KeyPairsV210TestJSON-308777714-project-admin] Action: 'create', calling method: .version_select at 0x7f42143f5280>, body: {"keypair": {"name": "tempest-keypair-1185371518", "type": "ssh", "user_id": "e8b066bd6df84f269e2171f039383010"}} {{(pid=110713) _process_stack /opt/stack/nova/nova/api/openstack/wsgi.py:511}}
Aug 30 12:55:05.068252 n-d-688802-6 devstack@n-api.service[110713]: DEBUG nova.quota [None req-0bbae9af-2b3a-4ae2-9ea8-d2c3fa4c526c tempest-KeyPairsV210TestJSON-308777714 tempest-KeyPairsV210TestJSON-308777714-project-admin] Getting quotas for project 0d84e24d9f6c442690d6f7c2482dc2b8. Resources: {'key_pairs'} {{(pid=110713) _get_quotas /opt/stack/nova/nova/quota.py:387}}
Aug 30 12:55:05.078316 n-d-688802-6 devstack@n-api.service[110713]: DEBUG nova.quota [None req-0bbae9af-2b3a-4ae2-9ea8-d2c3fa4c526c tempest-KeyPairsV210TestJSON-308777714 tempest-KeyPairsV210TestJSON-308777714-project-admin] Getting quotas for user 8c68e499ba784958a7a632d6e8e4a16d and project 0d84e24d9f6c442690d6f7c2482dc2b8. Resources: {'key_pairs'} {{(pid=110713) _get_quotas /opt/stack/nova/nova/quota.py:377}}
Aug 30 12:55:05.226209 n-d-688802-6 devstack@n-api.service[110712]: DEBUG nova.policy [None req-040571d7-8de4-4e66-889a-7508b45dfaa5 tempest-LiveMigrationNegativeTest-755285562 tempest-LiveMigrationNegativeTest-755285562-project] Policy check for os_compute_api:os-extended-server-attributes failed with credentials {'is_admin': False, 'user_id': '2f754e96142644c2a8ef36188cfa21bb', 'user_domain_id': 'default', 'system_scope': None, 'domain_id': None, 'project_id': '50d37c12de3347ee8929bb045cf44a2d', 'project_domain_id': 'default', 'roles': ['member', 'reader'], 'is_admin_project': True, 'service_user_id': None, 'service_user_domain_id': None, 'service_project_id': None, 'service_project_domain_id': None, 'service_roles': []} {{(pid=110712) authorize /opt/stack/nova/nova/policy.py:199}}
Aug 30 12:55:05.236212 n-d-688802-6 devstack@n-api.service[110712]: INFO nova.api.openstack.requestlog [None req-040571d7-8de4-4e66-889a-7508b45dfaa5 tempest-LiveMigrationNegativeTest-755285562 tempest-LiveMigrationNegativeTest-755285562-project] 10.222.0.37 "GET /compute/v2.1/servers/7e44e23b-d8da-43fa-a5d3-b2cace0a46d3" status: 200 len: 1318 microversion: 2.1 time: 0.333452
Aug 30 12:55:05.255640 n-d-688802-6 devstack@n-api.service[110712]: [pid: 110712|app: 0|req: 59/145] 10.222.0.37 () {58 vars in 1236 bytes} [Mon Aug 30 12:55:04 2021] GET /compute/v2.1/servers/7e44e23b-d8da-43fa-a5d3-b2cace0a46d3 => generated 1318 bytes in 353 msecs (HTTP/1.1 200) 9 headers in 358 bytes (1 switches on core 0)
Aug 30 12:55:05.491842 n-d-688802-6 devstack@n-api.service[110713]: DEBUG nova.quota [None req-0bbae9af-2b3a-4ae2-9ea8-d2c3fa4c526c tempest-KeyPairsV210TestJSON-308777714 tempest-KeyPairsV210TestJSON-308777714-project-admin] Getting quotas for project 0d84e24d9f6c442690d6f7c2482dc2b8. Resources: {'key_pairs'} {{(pid=110713) _get_quotas /opt/stack/nova/nova/quota.py:387}}
Aug 30 12:55:05.497372 n-d-688802-6 devstack@n-api.service[110713]: DEBUG nova.quota [None req-0bbae9af-2b3a-4ae2-9ea8-d2c3fa4c526c tempest-KeyPairsV210TestJSON-308777714 tempest-KeyPairsV210TestJSON-308777714-project-admin] Getting quotas for user 8c68e499ba784958a7a632d6e8e4a16d and project 0d84e24d9f6c442690d6f7c2482dc2b8. Resources: {'key_pairs'} {{(pid=110713) _get_quotas /opt/stack/nova/nova/quota.py:377}}
Aug 30 12:55:05.527336 n-d-688802-6 devstack@n-api.service[110713]: INFO nova.api.openstack.requestlog [None req-0bbae9af-2b3a-4ae2-9ea8-d2c3fa4c526c tempest-KeyPairsV210TestJSON-308777714 tempest-KeyPairsV210TestJSON-308777714-project-admin] 10.222.0.37 "POST /compute/v2.1/os-keypairs" status: 201 len: 2320 microversion: 2.10 time: 0.513893
Aug 30 12:55:05.529711 n-d-688802-6 devstack@n-api.service[110713]: [pid: 110713|app: 0|req: 87/146] 10.222.0.37 () {62 vars in 1200 bytes} [Mon Aug 30 12:55:05 2021] POST /compute/v2.1/os-keypairs => generated 2320 bytes in 518 msecs (HTTP/1.1 201) 9 headers in 365 bytes (1 switches on core 0)
Aug 30 12:55:05.546048 n-d-688802-6 devstack@n-api.service[110712]: DEBUG nova.api.openstack.wsgi [None req-d60bf060-645e-43a3-bf01-7ce63372a60e tempest-KeyPairsV210TestJSON-308777714 tempest-KeyPairsV210TestJSON-308777714-project-admin] Calling method '.version_select at 0x7f42143ce310>' {{(pid=110712) _process_stack /opt/stack/nova/nova/api/openstack/wsgi.py:513}}
Aug 30 12:55:05.558593 n-d-688802-6 devstack@n-api.service[110712]: INFO nova.api.openstack.requestlog [None req-d60bf060-645e-43a3-bf01-7ce63372a60e tempest-KeyPairsV210TestJSON-308777714 tempest-KeyPairsV210TestJSON-308777714-project-admin] 10.222.0.37 "GET /compute/v2.1/os-keypairs/tempest-keypair-1441562756?user_id=e8b066bd6df84f269e2171f039383010" status: 200 len: 706 microversion: 2.10 time: 0.022447
Aug 30 12:55:05.564788 n-d-688802-6 devstack@n-api.service[110712]: [pid: 110712|app: 0|req: 60/147] 10.222.0.37 () {60 vars in 1340 bytes} [Mon Aug 30 12:55:05 2021] GET /compute/v2.1/os-keypairs/tempest-keypair-1441562756?user_id=e8b066bd6df84f269e2171f039383010 => generated 706 bytes in 26 msecs (HTTP/1.1 200) 9 headers in 359 bytes (2 switches on core 0)
Aug 30 12:55:05.571681 n-d-688802-6 devstack@n-api.service[110713]: DEBUG nova.api.openstack.wsgi [None req-ed0a9757-1363-47a1-9304-d9c71889df34 tempest-KeyPairsV210TestJSON-308777714 tempest-KeyPairsV210TestJSON-308777714-project-admin] Action: 'create', calling method: .version_select at 0x7f42143bb550>, body: {"keypair": {"name": "tempest-KeyPairsV210TestJSON-keypair-795859048", "type": "ssh"}} {{(pid=110713) _process_stack /opt/stack/nova/nova/api/openstack/wsgi.py:511}}
Aug 30 12:55:05.592462 n-d-688802-6 devstack@n-api.service[110713]: DEBUG nova.quota [None req-ed0a9757-1363-47a1-9304-d9c71889df34 tempest-KeyPairsV210TestJSON-308777714 tempest-KeyPairsV210TestJSON-308777714-project-admin] Getting quotas for project 0d84e24d9f6c442690d6f7c2482dc2b8. Resources: {'key_pairs'} {{(pid=110713) _get_quotas /opt/stack/nova/nova/quota.py:387}}
Aug 30 12:55:05.596670 n-d-688802-6 devstack@n-api.service[110713]: DEBUG nova.quota [None req-ed0a9757-1363-47a1-9304-d9c71889df34 tempest-KeyPairsV210TestJSON-308777714 tempest-KeyPairsV210TestJSON-308777714-project-admin] Getting quotas for user 8c68e499ba784958a7a632d6e8e4a16d and project 0d84e24d9f6c442690d6f7c2482dc2b8. Resources: {'key_pairs'} {{(pid=110713) _get_quotas /opt/stack/nova/nova/quota.py:377}}
Aug 30 12:55:05.645718 n-d-688802-6 devstack@n-api.service[110712]: DEBUG nova.api.openstack.wsgi [None req-fee649ca-b198-448b-9d07-b6602b2782f9 tempest-AggregatesAdminTestJSON-178862883 tempest-AggregatesAdminTestJSON-178862883-project] Calling method '>' {{(pid=110712) _process_stack /opt/stack/nova/nova/api/openstack/wsgi.py:513}}
Aug 30 12:55:05.646939 n-d-688802-6 devstack@n-api.service[110712]: DEBUG nova.compute.api [None req-fee649ca-b198-448b-9d07-b6602b2782f9 tempest-AggregatesAdminTestJSON-178862883 tempest-AggregatesAdminTestJSON-178862883-project] [instance: 6630bfe9-7f60-47bb-a41d-f182c35e4425] Fetching instance by UUID {{(pid=110712) get /opt/stack/nova/nova/compute/api.py:2826}}
Aug 30 12:55:05.663798 n-d-688802-6 devstack@n-api.service[110712]: DEBUG oslo_concurrency.lockutils [None req-fee649ca-b198-448b-9d07-b6602b2782f9 tempest-AggregatesAdminTestJSON-178862883 tempest-AggregatesAdminTestJSON-178862883-project] Lock "005810bd-17e5-41a6-8d46-1a5f98cce4eb" acquired by "nova.context.set_target_cell..get_or_set_cached_cell_and_set_connections" :: waited 0.000s {{(pid=110712) inner /usr/local/lib/python3.8/dist-packages/oslo_concurrency/lockutils.py:355}}
Aug 30 12:55:05.665249 n-d-688802-6 devstack@n-api.service[110712]: DEBUG oslo_concurrency.lockutils [None req-fee649ca-b198-448b-9d07-b6602b2782f9 tempest-AggregatesAdminTestJSON-178862883 tempest-AggregatesAdminTestJSON-178862883-project] Lock "005810bd-17e5-41a6-8d46-1a5f98cce4eb" released by "nova.context.set_target_cell..get_or_set_cached_cell_and_set_connections" :: held 0.003s {{(pid=110712) inner /usr/local/lib/python3.8/dist-packages/oslo_concurrency/lockutils.py:367}}
Aug 30 12:55:05.668186 n-d-688802-6 devstack@n-api.service[110712]: DEBUG oslo_concurrency.lockutils [None req-fee649ca-b198-448b-9d07-b6602b2782f9 tempest-AggregatesAdminTestJSON-178862883 tempest-AggregatesAdminTestJSON-178862883-project] Lock "005810bd-17e5-41a6-8d46-1a5f98cce4eb" acquired by "nova.context.set_target_cell..get_or_set_cached_cell_and_set_connections" :: waited 0.000s {{(pid=110712) inner /usr/local/lib/python3.8/dist-packages/oslo_concurrency/lockutils.py:355}}
Aug 30 12:55:05.668863 n-d-688802-6 devstack@n-api.service[110712]: DEBUG oslo_concurrency.lockutils [None req-fee649ca-b198-448b-9d07-b6602b2782f9 tempest-AggregatesAdminTestJSON-178862883 tempest-AggregatesAdminTestJSON-178862883-project] Lock "005810bd-17e5-41a6-8d46-1a5f98cce4eb" released by "nova.context.set_target_cell..get_or_set_cached_cell_and_set_connections" :: held 0.001s {{(pid=110712) inner /usr/local/lib/python3.8/dist-packages/oslo_concurrency/lockutils.py:367}}
Aug 30 12:55:05.866621 n-d-688802-6 devstack@n-api.service[110712]: DEBUG nova.policy [None req-fee649ca-b198-448b-9d07-b6602b2782f9 tempest-AggregatesAdminTestJSON-178862883 tempest-AggregatesAdminTestJSON-178862883-project] Policy check for os_compute_api:os-extended-server-attributes failed with credentials {'is_admin': False, 'user_id': '89325c9fe3bc4991839904098a119447', 'user_domain_id': 'default', 'system_scope': None, 'domain_id': None, 'project_id': '7f496474a15543b7b3279241a1fbf2a9', 'project_domain_id': 'default', 'roles': ['member', 'reader'], 'is_admin_project': True, 'service_user_id': None, 'service_user_domain_id': None, 'service_project_id': None, 'service_project_domain_id': None, 'service_roles': []} {{(pid=110712) authorize /opt/stack/nova/nova/policy.py:199}}
Aug 30 12:55:05.867251 n-d-688802-6 devstack@n-api.service[110713]: DEBUG nova.quota [None req-ed0a9757-1363-47a1-9304-d9c71889df34 tempest-KeyPairsV210TestJSON-308777714 tempest-KeyPairsV210TestJSON-308777714-project-admin] Getting quotas for project 0d84e24d9f6c442690d6f7c2482dc2b8. Resources: {'key_pairs'} {{(pid=110713) _get_quotas /opt/stack/nova/nova/quota.py:387}}
Aug 30 12:55:05.876730 n-d-688802-6 devstack@n-api.service[110713]: DEBUG nova.quota [None req-ed0a9757-1363-47a1-9304-d9c71889df34 tempest-KeyPairsV210TestJSON-308777714 tempest-KeyPairsV210TestJSON-308777714-project-admin] Getting quotas for user 8c68e499ba784958a7a632d6e8e4a16d and project 0d84e24d9f6c442690d6f7c2482dc2b8. Resources: {'key_pairs'} {{(pid=110713) _get_quotas /opt/stack/nova/nova/quota.py:377}}
Aug 30 12:55:05.880846 n-d-688802-6 devstack@n-api.service[110712]: INFO nova.api.openstack.requestlog [None req-fee649ca-b198-448b-9d07-b6602b2782f9 tempest-AggregatesAdminTestJSON-178862883 tempest-AggregatesAdminTestJSON-178862883-project] 10.222.0.37 "GET /compute/v2.1/servers/6630bfe9-7f60-47bb-a41d-f182c35e4425" status: 200 len: 1337 microversion: 2.1 time: 0.239939
Aug 30 12:55:05.882330 n-d-688802-6 devstack@n-api.service[110712]: [pid: 110712|app: 0|req: 61/148] 10.222.0.37 () {58 vars in 1236 bytes} [Mon Aug 30 12:55:05 2021] GET /compute/v2.1/servers/6630bfe9-7f60-47bb-a41d-f182c35e4425 => generated 1337 bytes in 242 msecs (HTTP/1.1 200) 9 headers in 358 bytes (1 switches on core 0)
Aug 30 12:55:05.901608 n-d-688802-6 devstack@n-api.service[110713]: INFO nova.api.openstack.requestlog [None req-ed0a9757-1363-47a1-9304-d9c71889df34 tempest-KeyPairsV210TestJSON-308777714 tempest-KeyPairsV210TestJSON-308777714-project-admin] 10.222.0.37 "POST /compute/v2.1/os-keypairs" status: 201 len: 2340 microversion: 2.10 time: 0.335092
Aug 30 12:55:05.902592 n-d-688802-6 devstack@n-api.service[110713]: [pid: 110713|app: 0|req: 88/149] 10.222.0.37 () {62 vars in 1199 bytes} [Mon Aug 30 12:55:05 2021] POST /compute/v2.1/os-keypairs => generated 2340 bytes in 337 msecs (HTTP/1.1 201) 9 headers in 365 bytes (1 switches on core 0)
Aug 30 12:55:05.912919 n-d-688802-6 devstack@n-api.service[110712]: DEBUG nova.api.openstack.wsgi [None req-a5d8cbbe-7b5b-4aef-a0d1-2851bb86e65e tempest-KeyPairsV210TestJSON-308777714 tempest-KeyPairsV210TestJSON-308777714-project-admin] Calling method '.version_select at 0x7f4214358310>' {{(pid=110712) _process_stack /opt/stack/nova/nova/api/openstack/wsgi.py:513}}
Aug 30 12:55:05.916848 n-d-688802-6 devstack@n-api.service[110712]: WARNING oslo_db.sqlalchemy.utils [None req-a5d8cbbe-7b5b-4aef-a0d1-2851bb86e65e tempest-KeyPairsV210TestJSON-308777714 tempest-KeyPairsV210TestJSON-308777714-project-admin] Unique keys not in sort_keys. The sorting order may be unstable.
Aug 30 12:55:05.925592 n-d-688802-6 devstack@n-api.service[110712]: WARNING oslo_db.sqlalchemy.utils [None req-a5d8cbbe-7b5b-4aef-a0d1-2851bb86e65e tempest-KeyPairsV210TestJSON-308777714 tempest-KeyPairsV210TestJSON-308777714-project-admin] Unique keys not in sort_keys. The sorting order may be unstable.
Aug 30 12:55:05.938041 n-d-688802-6 devstack@n-api.service[110712]: INFO nova.api.openstack.requestlog [None req-a5d8cbbe-7b5b-4aef-a0d1-2851bb86e65e tempest-KeyPairsV210TestJSON-308777714 tempest-KeyPairsV210TestJSON-308777714-project-admin] 10.222.0.37 "GET /compute/v2.1/os-keypairs?user_id=e8b066bd6df84f269e2171f039383010" status: 200 len: 1114 microversion: 2.10 time: 0.028896
Aug 30 12:55:05.938951 n-d-688802-6 devstack@n-api.service[110712]: [pid: 110712|app: 0|req: 62/150] 10.222.0.37 () {60 vars in 1259 bytes} [Mon Aug 30 12:55:05 2021] GET /compute/v2.1/os-keypairs?user_id=e8b066bd6df84f269e2171f039383010 => generated 1114 bytes in 31 msecs (HTTP/1.1 200) 9 headers in 360 bytes (1 switches on core 0)
Aug 30 12:55:05.948825 n-d-688802-6 devstack@n-api.service[110713]: DEBUG nova.api.openstack.wsgi [None req-b95da815-e5b7-447b-9aca-898a2ea995b7 tempest-KeyPairsV210TestJSON-308777714 tempest-KeyPairsV210TestJSON-308777714-project-admin] Calling method '.version_select at 0x7f4214381e50>' {{(pid=110713) _process_stack /opt/stack/nova/nova/api/openstack/wsgi.py:513}}
Aug 30 12:55:05.975202 n-d-688802-6 devstack@n-api.service[110713]: INFO nova.api.openstack.requestlog [None req-b95da815-e5b7-447b-9aca-898a2ea995b7 tempest-KeyPairsV210TestJSON-308777714 tempest-KeyPairsV210TestJSON-308777714-project-admin] 10.222.0.37 "DELETE /compute/v2.1/os-keypairs/tempest-KeyPairsV210TestJSON-keypair-795859048" status: 204 len: 0 microversion: 2.10 time: 0.029415
Aug 30 12:55:05.976071 n-d-688802-6 devstack@n-api.service[110713]: [pid: 110713|app: 0|req: 89/151] 10.222.0.37 () {60 vars in 1322 bytes} [Mon Aug 30 12:55:05 2021] DELETE /compute/v2.1/os-keypairs/tempest-KeyPairsV210TestJSON-keypair-795859048 => generated 0 bytes in 32 msecs (HTTP/1.1 204) 9 headers in 365 bytes (1 switches on core 0)
Aug 30 12:55:05.984734 n-d-688802-6 devstack@n-api.service[110712]: DEBUG nova.api.openstack.wsgi [None req-41b12bae-3cf7-4037-9e4a-22632862242f tempest-KeyPairsV210TestJSON-308777714 tempest-KeyPairsV210TestJSON-308777714-project-admin] Calling method '.version_select at 0x7f42143c6dc0>' {{(pid=110712) _process_stack /opt/stack/nova/nova/api/openstack/wsgi.py:513}}
Aug 30 12:55:06.013812 n-d-688802-6 devstack@n-api.service[110712]: INFO nova.api.openstack.requestlog [None req-41b12bae-3cf7-4037-9e4a-22632862242f tempest-KeyPairsV210TestJSON-308777714 tempest-KeyPairsV210TestJSON-308777714-project-admin] 10.222.0.37 "DELETE /compute/v2.1/os-keypairs/tempest-keypair-1185371518?user_id=e8b066bd6df84f269e2171f039383010" status: 204 len: 0 microversion: 2.10 time: 0.032660
Aug 30 12:55:06.014411 n-d-688802-6 devstack@n-api.service[110712]: [pid: 110712|app: 0|req: 63/152] 10.222.0.37 () {60 vars in 1343 bytes} [Mon Aug 30 12:55:05 2021] DELETE /compute/v2.1/os-keypairs/tempest-keypair-1185371518?user_id=e8b066bd6df84f269e2171f039383010 => generated 0 bytes in 34 msecs (HTTP/1.1 204) 9 headers in 365 bytes (1 switches on core 0)
Aug 30 12:55:06.023124 n-d-688802-6 devstack@n-api.service[110713]: DEBUG nova.api.openstack.wsgi [None req-28c30498-a2b2-4c7b-8c1e-b612574750ae tempest-KeyPairsV210TestJSON-308777714 tempest-KeyPairsV210TestJSON-308777714-project-admin] Calling method '.version_select at 0x7f4214381700>' {{(pid=110713) _process_stack /opt/stack/nova/nova/api/openstack/wsgi.py:513}}
Aug 30 12:55:06.054365 n-d-688802-6 devstack@n-api.service[110713]: INFO nova.api.openstack.requestlog [None req-28c30498-a2b2-4c7b-8c1e-b612574750ae tempest-KeyPairsV210TestJSON-308777714 tempest-KeyPairsV210TestJSON-308777714-project-admin] 10.222.0.37 "DELETE /compute/v2.1/os-keypairs/tempest-keypair-1441562756?user_id=e8b066bd6df84f269e2171f039383010" status: 204 len: 0 microversion: 2.10 time: 0.034679
Aug 30 12:55:06.054987 n-d-688802-6 devstack@n-api.service[110713]: [pid: 110713|app: 0|req: 90/153] 10.222.0.37 () {60 vars in 1343 bytes} [Mon Aug 30 12:55:06 2021] DELETE /compute/v2.1/os-keypairs/tempest-keypair-1441562756?user_id=e8b066bd6df84f269e2171f039383010 => generated 0 bytes in 36 msecs (HTTP/1.1 204) 9 headers in 365 bytes (1 switches on core 0)
Aug 30 12:55:06.261900 n-d-688802-6 devstack@n-api.service[110712]: DEBUG nova.api.openstack.wsgi [None req-38f92c0a-ea4a-4eef-8590-ca5b657c4661 tempest-LiveMigrationNegativeTest-755285562 tempest-LiveMigrationNegativeTest-755285562-project] Calling method '>' {{(pid=110712) _process_stack /opt/stack/nova/nova/api/openstack/wsgi.py:513}}
Aug 30 12:55:06.262525 n-d-688802-6 devstack@n-api.service[110712]: DEBUG nova.compute.api [None req-38f92c0a-ea4a-4eef-8590-ca5b657c4661 tempest-LiveMigrationNegativeTest-755285562 tempest-LiveMigrationNegativeTest-755285562-project] [instance: 7e44e23b-d8da-43fa-a5d3-b2cace0a46d3] Fetching instance by UUID {{(pid=110712) get /opt/stack/nova/nova/compute/api.py:2826}}
Aug 30 12:55:06.268821 n-d-688802-6 devstack@n-api.service[110712]: DEBUG oslo_concurrency.lockutils [None req-38f92c0a-ea4a-4eef-8590-ca5b657c4661 tempest-LiveMigrationNegativeTest-755285562 tempest-LiveMigrationNegativeTest-755285562-project] Lock "005810bd-17e5-41a6-8d46-1a5f98cce4eb" acquired by "nova.context.set_target_cell..get_or_set_cached_cell_and_set_connections" :: waited 0.000s {{(pid=110712) inner /usr/local/lib/python3.8/dist-packages/oslo_concurrency/lockutils.py:355}}
Aug 30 12:55:06.269461 n-d-688802-6 devstack@n-api.service[110712]: DEBUG oslo_concurrency.lockutils [None req-38f92c0a-ea4a-4eef-8590-ca5b657c4661 tempest-LiveMigrationNegativeTest-755285562 tempest-LiveMigrationNegativeTest-755285562-project] Lock "005810bd-17e5-41a6-8d46-1a5f98cce4eb" released by "nova.context.set_target_cell..get_or_set_cached_cell_and_set_connections" :: held 0.001s {{(pid=110712) inner /usr/local/lib/python3.8/dist-packages/oslo_concurrency/lockutils.py:367}}
Aug 30 12:55:06.270441 n-d-688802-6 devstack@n-api.service[110712]: DEBUG oslo_concurrency.lockutils [None req-38f92c0a-ea4a-4eef-8590-ca5b657c4661 tempest-LiveMigrationNegativeTest-755285562 tempest-LiveMigrationNegativeTest-755285562-project] Lock "005810bd-17e5-41a6-8d46-1a5f98cce4eb" acquired by "nova.context.set_target_cell..get_or_set_cached_cell_and_set_connections" :: waited 0.000s {{(pid=110712) inner /usr/local/lib/python3.8/dist-packages/oslo_concurrency/lockutils.py:355}}
Aug 30 12:55:06.271037 n-d-688802-6 devstack@n-api.service[110712]: DEBUG oslo_concurrency.lockutils [None req-38f92c0a-ea4a-4eef-8590-ca5b657c4661 tempest-LiveMigrationNegativeTest-755285562 tempest-LiveMigrationNegativeTest-755285562-project] Lock "005810bd-17e5-41a6-8d46-1a5f98cce4eb" released by "nova.context.set_target_cell..get_or_set_cached_cell_and_set_connections" :: held 0.001s {{(pid=110712) inner /usr/local/lib/python3.8/dist-packages/oslo_concurrency/lockutils.py:367}}
Aug 30 12:55:06.451198 n-d-688802-6 devstack@n-api.service[110712]: DEBUG nova.policy [None req-38f92c0a-ea4a-4eef-8590-ca5b657c4661 tempest-LiveMigrationNegativeTest-755285562 tempest-LiveMigrationNegativeTest-755285562-project] Policy check for os_compute_api:os-extended-server-attributes failed with credentials {'is_admin': False, 'user_id': '2f754e96142644c2a8ef36188cfa21bb', 'user_domain_id': 'default', 'system_scope': None, 'domain_id': None, 'project_id': '50d37c12de3347ee8929bb045cf44a2d', 'project_domain_id': 'default', 'roles': ['member', 'reader'], 'is_admin_project': True, 'service_user_id': None, 'service_user_domain_id': None, 'service_project_id': None, 'service_project_domain_id': None, 'service_roles': []} {{(pid=110712) authorize /opt/stack/nova/nova/policy.py:199}}
Aug 30 12:55:06.462891 n-d-688802-6 devstack@n-api.service[110712]: INFO nova.api.openstack.requestlog [None req-38f92c0a-ea4a-4eef-8590-ca5b657c4661 tempest-LiveMigrationNegativeTest-755285562 tempest-LiveMigrationNegativeTest-755285562-project] 10.222.0.37 "GET /compute/v2.1/servers/7e44e23b-d8da-43fa-a5d3-b2cace0a46d3" status: 200 len: 1318 microversion: 2.1 time: 0.205212
Aug 30 12:55:06.463646 n-d-688802-6 devstack@n-api.service[110712]: [pid: 110712|app: 0|req: 64/154] 10.222.0.37 () {58 vars in 1236 bytes} [Mon Aug 30 12:55:06 2021] GET /compute/v2.1/servers/7e44e23b-d8da-43fa-a5d3-b2cace0a46d3 => generated 1318 bytes in 207 msecs (HTTP/1.1 200) 9 headers in 358 bytes (1 switches on core 0)
Aug 30 12:55:06.901074 n-d-688802-6 devstack@n-api.service[110713]: DEBUG nova.api.openstack.wsgi [None req-65c15b4a-b866-468b-aaba-d40acb909ceb tempest-AggregatesAdminTestJSON-178862883 tempest-AggregatesAdminTestJSON-178862883-project] Calling method '>' {{(pid=110713) _process_stack /opt/stack/nova/nova/api/openstack/wsgi.py:513}}
Aug 30 12:55:06.901745 n-d-688802-6 devstack@n-api.service[110713]: DEBUG nova.compute.api [None req-65c15b4a-b866-468b-aaba-d40acb909ceb tempest-AggregatesAdminTestJSON-178862883 tempest-AggregatesAdminTestJSON-178862883-project] [instance: 6630bfe9-7f60-47bb-a41d-f182c35e4425] Fetching instance by UUID {{(pid=110713) get /opt/stack/nova/nova/compute/api.py:2826}}
Aug 30 12:55:06.908736 n-d-688802-6 devstack@n-api.service[110713]: DEBUG oslo_concurrency.lockutils [None req-65c15b4a-b866-468b-aaba-d40acb909ceb tempest-AggregatesAdminTestJSON-178862883 tempest-AggregatesAdminTestJSON-178862883-project] Lock "005810bd-17e5-41a6-8d46-1a5f98cce4eb" acquired by "nova.context.set_target_cell..get_or_set_cached_cell_and_set_connections" :: waited 0.000s {{(pid=110713) inner /usr/local/lib/python3.8/dist-packages/oslo_concurrency/lockutils.py:355}}
Aug 30 12:55:06.909415 n-d-688802-6 devstack@n-api.service[110713]: DEBUG oslo_concurrency.lockutils [None req-65c15b4a-b866-468b-aaba-d40acb909ceb tempest-AggregatesAdminTestJSON-178862883 tempest-AggregatesAdminTestJSON-178862883-project] Lock "005810bd-17e5-41a6-8d46-1a5f98cce4eb" released by "nova.context.set_target_cell..get_or_set_cached_cell_and_set_connections" :: held 0.001s {{(pid=110713) inner /usr/local/lib/python3.8/dist-packages/oslo_concurrency/lockutils.py:367}}
Aug 30 12:55:06.910558 n-d-688802-6 devstack@n-api.service[110713]: DEBUG oslo_concurrency.lockutils [None req-65c15b4a-b866-468b-aaba-d40acb909ceb tempest-AggregatesAdminTestJSON-178862883 tempest-AggregatesAdminTestJSON-178862883-project] Lock "005810bd-17e5-41a6-8d46-1a5f98cce4eb" acquired by "nova.context.set_target_cell..get_or_set_cached_cell_and_set_connections" :: waited 0.000s {{(pid=110713) inner /usr/local/lib/python3.8/dist-packages/oslo_concurrency/lockutils.py:355}}
Aug 30 12:55:06.911458 n-d-688802-6 devstack@n-api.service[110713]: DEBUG oslo_concurrency.lockutils [None req-65c15b4a-b866-468b-aaba-d40acb909ceb tempest-AggregatesAdminTestJSON-178862883 tempest-AggregatesAdminTestJSON-178862883-project] Lock "005810bd-17e5-41a6-8d46-1a5f98cce4eb" released by "nova.context.set_target_cell..get_or_set_cached_cell_and_set_connections" :: held 0.001s {{(pid=110713) inner /usr/local/lib/python3.8/dist-packages/oslo_concurrency/lockutils.py:367}}
Aug 30 12:55:07.161698 n-d-688802-6 devstack@n-api.service[110713]: DEBUG nova.policy [None req-65c15b4a-b866-468b-aaba-d40acb909ceb tempest-AggregatesAdminTestJSON-178862883 tempest-AggregatesAdminTestJSON-178862883-project] Policy check for os_compute_api:os-extended-server-attributes failed with credentials {'is_admin': False, 'user_id': '89325c9fe3bc4991839904098a119447', 'user_domain_id': 'default', 'system_scope': None, 'domain_id': None, 'project_id': '7f496474a15543b7b3279241a1fbf2a9', 'project_domain_id': 'default', 'roles': ['member', 'reader'], 'is_admin_project': True, 'service_user_id': None, 'service_user_domain_id': None, 'service_project_id': None, 'service_project_domain_id': None, 'service_roles': []} {{(pid=110713) authorize /opt/stack/nova/nova/policy.py:199}}
Aug 30 12:55:07.171349 n-d-688802-6 devstack@n-api.service[110713]: INFO nova.api.openstack.requestlog [None req-65c15b4a-b866-468b-aaba-d40acb909ceb tempest-AggregatesAdminTestJSON-178862883 tempest-AggregatesAdminTestJSON-178862883-project] 10.222.0.37 "GET /compute/v2.1/servers/6630bfe9-7f60-47bb-a41d-f182c35e4425" status: 200 len: 1337 microversion: 2.1 time: 0.275302
Aug 30 12:55:07.172228 n-d-688802-6 devstack@n-api.service[110713]: [pid: 110713|app: 0|req: 91/155] 10.222.0.37 () {58 vars in 1236 bytes} [Mon Aug 30 12:55:06 2021] GET /compute/v2.1/servers/6630bfe9-7f60-47bb-a41d-f182c35e4425 => generated 1337 bytes in 277 msecs (HTTP/1.1 200) 9 headers in 358 bytes (1 switches on core 0)
Aug 30 12:55:07.480213 n-d-688802-6 devstack@n-api.service[110713]: DEBUG nova.api.openstack.wsgi [None req-c0f0f9db-b764-4d3b-b92a-303da9883f18 tempest-LiveMigrationNegativeTest-755285562 tempest-LiveMigrationNegativeTest-755285562-project] Calling method '>' {{(pid=110713) _process_stack /opt/stack/nova/nova/api/openstack/wsgi.py:513}}
Aug 30 12:55:07.481200 n-d-688802-6 devstack@n-api.service[110713]: DEBUG nova.compute.api [None req-c0f0f9db-b764-4d3b-b92a-303da9883f18 tempest-LiveMigrationNegativeTest-755285562 tempest-LiveMigrationNegativeTest-755285562-project] [instance: 7e44e23b-d8da-43fa-a5d3-b2cace0a46d3] Fetching instance by UUID {{(pid=110713) get /opt/stack/nova/nova/compute/api.py:2826}}
Aug 30 12:55:07.497162 n-d-688802-6 devstack@n-api.service[110712]: DEBUG nova.api.openstack.wsgi [None req-fa372d9c-c6d9-4966-a16a-54f7d8772f04 tempest-MigrationsAdminTest-2036692632 tempest-MigrationsAdminTest-2036692632-project] Action: 'create', calling method: >, body: {"server": {"name": "tempest-MigrationsAdminTest-server-1350842384", "imageRef": "56b9a3a2-8a7c-4cf1-943b-42322fef9fcb", "flavorRef": "452"}} {{(pid=110712) _process_stack /opt/stack/nova/nova/api/openstack/wsgi.py:511}}
Aug 30 12:55:07.509524 n-d-688802-6 devstack@n-api.service[110713]: DEBUG oslo_concurrency.lockutils [None req-c0f0f9db-b764-4d3b-b92a-303da9883f18 tempest-LiveMigrationNegativeTest-755285562 tempest-LiveMigrationNegativeTest-755285562-project] Lock "005810bd-17e5-41a6-8d46-1a5f98cce4eb" acquired by "nova.context.set_target_cell..get_or_set_cached_cell_and_set_connections" :: waited 0.000s {{(pid=110713) inner /usr/local/lib/python3.8/dist-packages/oslo_concurrency/lockutils.py:355}}
Aug 30 12:55:07.511685 n-d-688802-6 devstack@n-api.service[110713]: DEBUG oslo_concurrency.lockutils [None req-c0f0f9db-b764-4d3b-b92a-303da9883f18 tempest-LiveMigrationNegativeTest-755285562 tempest-LiveMigrationNegativeTest-755285562-project] Lock "005810bd-17e5-41a6-8d46-1a5f98cce4eb" released by "nova.context.set_target_cell..get_or_set_cached_cell_and_set_connections" :: held 0.002s {{(pid=110713) inner /usr/local/lib/python3.8/dist-packages/oslo_concurrency/lockutils.py:367}}
Aug 30 12:55:07.513243 n-d-688802-6 devstack@n-api.service[110713]: DEBUG oslo_concurrency.lockutils [None req-c0f0f9db-b764-4d3b-b92a-303da9883f18 tempest-LiveMigrationNegativeTest-755285562 tempest-LiveMigrationNegativeTest-755285562-project] Lock "005810bd-17e5-41a6-8d46-1a5f98cce4eb" acquired by "nova.context.set_target_cell..get_or_set_cached_cell_and_set_connections" :: waited 0.000s {{(pid=110713) inner /usr/local/lib/python3.8/dist-packages/oslo_concurrency/lockutils.py:355}}
Aug 30 12:55:07.516230 n-d-688802-6 devstack@n-api.service[110713]: DEBUG oslo_concurrency.lockutils [None req-c0f0f9db-b764-4d3b-b92a-303da9883f18 tempest-LiveMigrationNegativeTest-755285562 tempest-LiveMigrationNegativeTest-755285562-project] Lock "005810bd-17e5-41a6-8d46-1a5f98cce4eb" released by "nova.context.set_target_cell..get_or_set_cached_cell_and_set_connections" :: held 0.003s {{(pid=110713) inner /usr/local/lib/python3.8/dist-packages/oslo_concurrency/lockutils.py:367}}
Aug 30 12:55:07.589158 n-d-688802-6 devstack@n-api.service[110712]: DEBUG nova.network.neutron [None req-fa372d9c-c6d9-4966-a16a-54f7d8772f04 tempest-MigrationsAdminTest-2036692632 tempest-MigrationsAdminTest-2036692632-project] validate_networks() for None {{(pid=110712) validate_networks /opt/stack/nova/nova/network/neutron.py:2309}}
