Aug 27 21:28:37.893876 n-d-688802-5 devstack@placement-api.service[95153]: [pid: 95153|app: 0|req: 30/60] 10.222.0.41 () {64 vars in 1478 bytes} [Fri Aug 27 21:28:37 2021] PUT /placement/resource_providers/59f17995-444f-41d5-bc63-358ed289ec08/aggregates => generated 91 bytes in 59 msecs (HTTP/1.1 200) 8 headers in 295 bytes (1 switches on core 0)
Aug 27 21:28:38.346563 n-d-688802-5 devstack@placement-api.service[95154]: DEBUG placement.requestlog [req-4fc4f239-6e4e-4257-ba84-2e0ce1865b50 req-590452e3-0573-489b-a989-6e1497cf0dba None None] Starting request: 10.222.0.41 "GET /placement/resource_providers?name=n-h1-688802-5" {{(pid=95154) __call__ /opt/stack/placement/placement/requestlog.py:55}}
Aug 27 21:28:38.358273 n-d-688802-5 devstack@placement-api.service[95154]: INFO placement.requestlog [req-4fc4f239-6e4e-4257-ba84-2e0ce1865b50 req-590452e3-0573-489b-a989-6e1497cf0dba service placement] 10.222.0.41 "GET /placement/resource_providers?name=n-h1-688802-5" status: 200 len: 440 microversion: 1.0
Aug 27 21:28:38.358665 n-d-688802-5 devstack@placement-api.service[95154]: [pid: 95154|app: 0|req: 31/61] 10.222.0.41 () {58 vars in 1275 bytes} [Fri Aug 27 21:28:38 2021] GET /placement/resource_providers?name=n-h1-688802-5 => generated 440 bytes in 12 msecs (HTTP/1.1 200) 6 headers in 224 bytes (1 switches on core 0)
Aug 27 21:28:38.371481 n-d-688802-5 devstack@placement-api.service[95153]: DEBUG placement.requestlog [req-4fc4f239-6e4e-4257-ba84-2e0ce1865b50 req-c0aa966c-13ed-4d8b-b28c-a1012ddad192 None None] Starting request: 10.222.0.41 "GET /placement/resource_providers/59f17995-444f-41d5-bc63-358ed289ec08/aggregates" {{(pid=95153) __call__ /opt/stack/placement/placement/requestlog.py:55}}
Aug 27 21:28:38.396541 n-d-688802-5 devstack@placement-api.service[95153]: INFO placement.requestlog [req-4fc4f239-6e4e-4257-ba84-2e0ce1865b50 req-c0aa966c-13ed-4d8b-b28c-a1012ddad192 service placement] 10.222.0.41 "GET /placement/resource_providers/59f17995-444f-41d5-bc63-358ed289ec08/aggregates" status: 200 len: 91 microversion: 1.19
Aug 27 21:28:38.405232 n-d-688802-5 devstack@placement-api.service[95154]: DEBUG placement.requestlog [req-4fc4f239-6e4e-4257-ba84-2e0ce1865b50 req-efc51c38-bcb3-4431-a4c8-adbeecd49a43 None None] Starting request: 10.222.0.41 "PUT /placement/resource_providers/59f17995-444f-41d5-bc63-358ed289ec08/aggregates" {{(pid=95154) __call__ /opt/stack/placement/placement/requestlog.py:55}}
Aug 27 21:28:38.416844 n-d-688802-5 devstack@placement-api.service[95153]: [pid: 95153|app: 0|req: 31/62] 10.222.0.41 () {60 vars in 1426 bytes} [Fri Aug 27 21:28:38 2021] GET /placement/resource_providers/59f17995-444f-41d5-bc63-358ed289ec08/aggregates => generated 91 bytes in 44 msecs (HTTP/1.1 200) 8 headers in 295 bytes (1 switches on core 0)
Aug 27 21:28:38.434408 n-d-688802-5 devstack@placement-api.service[95154]: DEBUG placement.objects.resource_provider [req-4fc4f239-6e4e-4257-ba84-2e0ce1865b50 req-efc51c38-bcb3-4431-a4c8-adbeecd49a43 service placement] Setting aggregates for provider 59f17995-444f-41d5-bc63-358ed289ec08. Successfully disassociated aggregate 075c9425-f9be-4431-90e8-03ed065862cd. {{(pid=95154) _set_aggregates /opt/stack/placement/placement/objects/resource_provider.py:403}}
Aug 27 21:28:38.449315 n-d-688802-5 devstack@placement-api.service[95154]: INFO placement.requestlog [req-4fc4f239-6e4e-4257-ba84-2e0ce1865b50 req-efc51c38-bcb3-4431-a4c8-adbeecd49a43 service placement] 10.222.0.41 "PUT /placement/resource_providers/59f17995-444f-41d5-bc63-358ed289ec08/aggregates" status: 200 len: 54 microversion: 1.19
Aug 27 21:28:38.464776 n-d-688802-5 devstack@placement-api.service[95154]: [pid: 95154|app: 0|req: 32/63] 10.222.0.41 () {64 vars in 1478 bytes} [Fri Aug 27 21:28:38 2021] PUT /placement/resource_providers/59f17995-444f-41d5-bc63-358ed289ec08/aggregates => generated 54 bytes in 54 msecs (HTTP/1.1 200) 8 headers in 295 bytes (2 switches on core 0)
Aug 27 21:28:39.040841 n-d-688802-5 devstack@placement-api.service[95153]: DEBUG placement.requestlog [req-05cfcd29-ef69-4ca6-9351-89fe61bbdcf4 req-71b28a54-75c0-4d43-9104-6b395dc80c1d None None] Starting request: 10.222.0.41 "GET /placement/resource_providers?name=n-h1-688802-5" {{(pid=95153) __call__ /opt/stack/placement/placement/requestlog.py:55}}
Aug 27 21:28:39.060655 n-d-688802-5 devstack@placement-api.service[95153]: INFO placement.requestlog [req-05cfcd29-ef69-4ca6-9351-89fe61bbdcf4 req-71b28a54-75c0-4d43-9104-6b395dc80c1d service placement] 10.222.0.41 "GET /placement/resource_providers?name=n-h1-688802-5" status: 200 len: 441 microversion: 1.0
Aug 27 21:28:39.061250 n-d-688802-5 devstack@placement-api.service[95153]: [pid: 95153|app: 0|req: 32/64] 10.222.0.41 () {58 vars in 1275 bytes} [Fri Aug 27 21:28:39 2021] GET /placement/resource_providers?name=n-h1-688802-5 => generated 441 bytes in 21 msecs (HTTP/1.1 200) 6 headers in 224 bytes (2 switches on core 0)
Aug 27 21:28:39.069567 n-d-688802-5 devstack@placement-api.service[95154]: DEBUG placement.requestlog [req-05cfcd29-ef69-4ca6-9351-89fe61bbdcf4 req-c818af59-5edf-4196-8abc-f007d1c9a0ee None None] Starting request: 10.222.0.41 "GET /placement/resource_providers/59f17995-444f-41d5-bc63-358ed289ec08/aggregates" {{(pid=95154) __call__ /opt/stack/placement/placement/requestlog.py:55}}
Aug 27 21:28:39.098149 n-d-688802-5 devstack@placement-api.service[95154]: INFO placement.requestlog [req-05cfcd29-ef69-4ca6-9351-89fe61bbdcf4 req-c818af59-5edf-4196-8abc-f007d1c9a0ee service placement] 10.222.0.41 "GET /placement/resource_providers/59f17995-444f-41d5-bc63-358ed289ec08/aggregates" status: 200 len: 54 microversion: 1.19
Aug 27 21:28:39.099242 n-d-688802-5 devstack@placement-api.service[95154]: [pid: 95154|app: 0|req: 33/65] 10.222.0.41 () {60 vars in 1426 bytes} [Fri Aug 27 21:28:39 2021] GET /placement/resource_providers/59f17995-444f-41d5-bc63-358ed289ec08/aggregates => generated 54 bytes in 30 msecs (HTTP/1.1 200) 8 headers in 295 bytes (1 switches on core 0)
Aug 27 21:28:39.107034 n-d-688802-5 devstack@placement-api.service[95153]: DEBUG placement.requestlog [req-05cfcd29-ef69-4ca6-9351-89fe61bbdcf4 req-dca3837c-2a83-41f6-a34b-55c9b0f60594 None None] Starting request: 10.222.0.41 "PUT /placement/resource_providers/59f17995-444f-41d5-bc63-358ed289ec08/aggregates" {{(pid=95153) __call__ /opt/stack/placement/placement/requestlog.py:55}}
Aug 27 21:28:39.137392 n-d-688802-5 devstack@placement-api.service[95153]: DEBUG placement.objects.resource_provider [req-05cfcd29-ef69-4ca6-9351-89fe61bbdcf4 req-dca3837c-2a83-41f6-a34b-55c9b0f60594 service placement] _ensure_aggregate() did not find aggregate e303b2fe-9ff1-416d-a52f-0e41615ed8cc. Attempting to create it. {{(pid=95153) _ensure_aggregate /opt/stack/placement/placement/objects/resource_provider.py:320}}
Aug 27 21:28:39.144418 n-d-688802-5 devstack@placement-api.service[95153]: DEBUG placement.objects.resource_provider [req-05cfcd29-ef69-4ca6-9351-89fe61bbdcf4 req-dca3837c-2a83-41f6-a34b-55c9b0f60594 service placement] _ensure_aggregate() created new aggregate e303b2fe-9ff1-416d-a52f-0e41615ed8cc (id=4). {{(pid=95153) _ensure_aggregate /opt/stack/placement/placement/objects/resource_provider.py:326}}
Aug 27 21:28:39.150163 n-d-688802-5 devstack@placement-api.service[95153]: DEBUG placement.objects.resource_provider [req-05cfcd29-ef69-4ca6-9351-89fe61bbdcf4 req-dca3837c-2a83-41f6-a34b-55c9b0f60594 service placement] Setting aggregates for provider 59f17995-444f-41d5-bc63-358ed289ec08. Successfully associated aggregate e303b2fe-9ff1-416d-a52f-0e41615ed8cc. {{(pid=95153) _set_aggregates /opt/stack/placement/placement/objects/resource_provider.py:388}}
Aug 27 21:28:39.158241 n-d-688802-5 devstack@placement-api.service[95153]: INFO placement.requestlog [req-05cfcd29-ef69-4ca6-9351-89fe61bbdcf4 req-dca3837c-2a83-41f6-a34b-55c9b0f60594 service placement] 10.222.0.41 "PUT /placement/resource_providers/59f17995-444f-41d5-bc63-358ed289ec08/aggregates" status: 200 len: 92 microversion: 1.19
Aug 27 21:28:39.158793 n-d-688802-5 devstack@placement-api.service[95153]: [pid: 95153|app: 0|req: 33/66] 10.222.0.41 () {64 vars in 1478 bytes} [Fri Aug 27 21:28:39 2021] PUT /placement/resource_providers/59f17995-444f-41d5-bc63-358ed289ec08/aggregates => generated 92 bytes in 52 msecs (HTTP/1.1 200) 8 headers in 295 bytes (1 switches on core 0)
Aug 27 21:28:39.813848 n-d-688802-5 devstack@placement-api.service[95154]: DEBUG placement.requestlog [req-cff23700-097e-4bdb-b003-7e669c32625f req-ba6a75b9-cbe5-448a-98fd-cc621b7451cd None None] Starting request: 10.222.0.41 "GET /placement/resource_providers?name=n-h1-688802-5" {{(pid=95154) __call__ /opt/stack/placement/placement/requestlog.py:55}}
Aug 27 21:28:39.872098 n-d-688802-5 devstack@placement-api.service[95154]: INFO placement.requestlog [req-cff23700-097e-4bdb-b003-7e669c32625f req-ba6a75b9-cbe5-448a-98fd-cc621b7451cd service placement] 10.222.0.41 "GET /placement/resource_providers?name=n-h1-688802-5" status: 200 len: 441 microversion: 1.0
Aug 27 21:28:39.873305 n-d-688802-5 devstack@placement-api.service[95154]: [pid: 95154|app: 0|req: 34/67] 10.222.0.41 () {58 vars in 1275 bytes} [Fri Aug 27 21:28:39 2021] GET /placement/resource_providers?name=n-h1-688802-5 => generated 441 bytes in 60 msecs (HTTP/1.1 200) 6 headers in 224 bytes (1 switches on core 0)
Aug 27 21:28:39.882363 n-d-688802-5 devstack@placement-api.service[95153]: DEBUG placement.requestlog [req-cff23700-097e-4bdb-b003-7e669c32625f req-ff18d71e-10c0-4cbe-ad41-815a286fa6dd None None] Starting request: 10.222.0.41 "GET /placement/resource_providers/59f17995-444f-41d5-bc63-358ed289ec08/aggregates" {{(pid=95153) __call__ /opt/stack/placement/placement/requestlog.py:55}}
Aug 27 21:28:39.903015 n-d-688802-5 devstack@placement-api.service[95153]: INFO placement.requestlog [req-cff23700-097e-4bdb-b003-7e669c32625f req-ff18d71e-10c0-4cbe-ad41-815a286fa6dd service placement] 10.222.0.41 "GET /placement/resource_providers/59f17995-444f-41d5-bc63-358ed289ec08/aggregates" status: 200 len: 92 microversion: 1.19
Aug 27 21:28:39.903518 n-d-688802-5 devstack@placement-api.service[95153]: [pid: 95153|app: 0|req: 34/68] 10.222.0.41 () {60 vars in 1426 bytes} [Fri Aug 27 21:28:39 2021] GET /placement/resource_providers/59f17995-444f-41d5-bc63-358ed289ec08/aggregates => generated 92 bytes in 21 msecs (HTTP/1.1 200) 8 headers in 295 bytes (1 switches on core 0)
Aug 27 21:28:39.914319 n-d-688802-5 devstack@placement-api.service[95154]: DEBUG placement.requestlog [req-cff23700-097e-4bdb-b003-7e669c32625f req-69d9a35d-5fcd-4347-aeec-0eeec1a9e1c6 None None] Starting request: 10.222.0.41 "PUT /placement/resource_providers/59f17995-444f-41d5-bc63-358ed289ec08/aggregates" {{(pid=95154) __call__ /opt/stack/placement/placement/requestlog.py:55}}
Aug 27 21:28:39.938749 n-d-688802-5 devstack@placement-api.service[95154]: DEBUG placement.objects.resource_provider [req-cff23700-097e-4bdb-b003-7e669c32625f req-69d9a35d-5fcd-4347-aeec-0eeec1a9e1c6 service placement] Setting aggregates for provider 59f17995-444f-41d5-bc63-358ed289ec08. Successfully disassociated aggregate e303b2fe-9ff1-416d-a52f-0e41615ed8cc. {{(pid=95154) _set_aggregates /opt/stack/placement/placement/objects/resource_provider.py:403}}
Aug 27 21:28:39.948511 n-d-688802-5 devstack@placement-api.service[95154]: INFO placement.requestlog [req-cff23700-097e-4bdb-b003-7e669c32625f req-69d9a35d-5fcd-4347-aeec-0eeec1a9e1c6 service placement] 10.222.0.41 "PUT /placement/resource_providers/59f17995-444f-41d5-bc63-358ed289ec08/aggregates" status: 200 len: 54 microversion: 1.19
Aug 27 21:28:39.997342 n-d-688802-5 devstack@placement-api.service[95154]: [pid: 95154|app: 0|req: 35/69] 10.222.0.41 () {64 vars in 1478 bytes} [Fri Aug 27 21:28:39 2021] PUT /placement/resource_providers/59f17995-444f-41d5-bc63-358ed289ec08/aggregates => generated 54 bytes in 82 msecs (HTTP/1.1 200) 8 headers in 295 bytes (1 switches on core 0)
Aug 27 21:28:41.223422 n-d-688802-5 devstack@placement-api.service[95153]: DEBUG placement.requestlog [req-53ad599c-80bd-47d3-94c9-cb3bf58a1102 req-970806df-e830-4415-8e5a-2f20bd34eda9 None None] Starting request: 10.222.0.45 "GET /placement/resource_providers/25a1cb19-0b5d-4dea-825e-6914ae19d0c5/allocations" {{(pid=95153) __call__ /opt/stack/placement/placement/requestlog.py:55}}
Aug 27 21:28:41.276197 n-d-688802-5 devstack@placement-api.service[95153]: INFO placement.requestlog [req-53ad599c-80bd-47d3-94c9-cb3bf58a1102 req-970806df-e830-4415-8e5a-2f20bd34eda9 service placement] 10.222.0.45 "GET /placement/resource_providers/25a1cb19-0b5d-4dea-825e-6914ae19d0c5/allocations" status: 200 len: 355 microversion: 1.0
Aug 27 21:28:41.277247 n-d-688802-5 devstack@placement-api.service[95153]: [pid: 95153|app: 0|req: 35/70] 10.222.0.45 () {58 vars in 1391 bytes} [Fri Aug 27 21:28:41 2021] GET /placement/resource_providers/25a1cb19-0b5d-4dea-825e-6914ae19d0c5/allocations => generated 355 bytes in 55 msecs (HTTP/1.1 200) 6 headers in 224 bytes (1 switches on core 0)
Aug 27 21:28:41.574147 n-d-688802-5 devstack@placement-api.service[95154]: DEBUG placement.requestlog [req-58b7de6b-9510-48b1-ad47-334b5d48b8fb req-d7d8337b-1715-4cb1-aede-6cdd4a707028 None None] Starting request: 10.222.0.41 "GET /placement/resource_providers?name=n-h1-688802-5" {{(pid=95154) __call__ /opt/stack/placement/placement/requestlog.py:55}}
Aug 27 21:28:41.593103 n-d-688802-5 devstack@placement-api.service[95154]: INFO placement.requestlog [req-58b7de6b-9510-48b1-ad47-334b5d48b8fb req-d7d8337b-1715-4cb1-aede-6cdd4a707028 service placement] 10.222.0.41 "GET /placement/resource_providers?name=n-h1-688802-5" status: 200 len: 441 microversion: 1.0
Aug 27 21:28:41.593753 n-d-688802-5 devstack@placement-api.service[95154]: [pid: 95154|app: 0|req: 36/71] 10.222.0.41 () {58 vars in 1275 bytes} [Fri Aug 27 21:28:41 2021] GET /placement/resource_providers?name=n-h1-688802-5 => generated 441 bytes in 20 msecs (HTTP/1.1 200) 6 headers in 224 bytes (1 switches on core 0)
Aug 27 21:28:41.624402 n-d-688802-5 devstack@placement-api.service[95153]: DEBUG placement.requestlog [req-58b7de6b-9510-48b1-ad47-334b5d48b8fb req-6eeef450-f7c6-4377-9f88-c792296fdc7c None None] Starting request: 10.222.0.41 "GET /placement/resource_providers/59f17995-444f-41d5-bc63-358ed289ec08/aggregates" {{(pid=95153) __call__ /opt/stack/placement/placement/requestlog.py:55}}
Aug 27 21:28:41.659687 n-d-688802-5 devstack@placement-api.service[95153]: INFO placement.requestlog [req-58b7de6b-9510-48b1-ad47-334b5d48b8fb req-6eeef450-f7c6-4377-9f88-c792296fdc7c service placement] 10.222.0.41 "GET /placement/resource_providers/59f17995-444f-41d5-bc63-358ed289ec08/aggregates" status: 200 len: 54 microversion: 1.19
Aug 27 21:28:41.663106 n-d-688802-5 devstack@placement-api.service[95153]: [pid: 95153|app: 0|req: 36/72] 10.222.0.41 () {60 vars in 1426 bytes} [Fri Aug 27 21:28:41 2021] GET /placement/resource_providers/59f17995-444f-41d5-bc63-358ed289ec08/aggregates => generated 54 bytes in 39 msecs (HTTP/1.1 200) 8 headers in 295 bytes (1 switches on core 0)
Aug 27 21:28:41.682540 n-d-688802-5 devstack@placement-api.service[95154]: DEBUG placement.requestlog [req-58b7de6b-9510-48b1-ad47-334b5d48b8fb req-5622cbea-80b5-4740-9b5d-89d1ca31809f None None] Starting request: 10.222.0.41 "PUT /placement/resource_providers/59f17995-444f-41d5-bc63-358ed289ec08/aggregates" {{(pid=95154) __call__ /opt/stack/placement/placement/requestlog.py:55}}
Aug 27 21:28:41.756295 n-d-688802-5 devstack@placement-api.service[95154]: DEBUG placement.objects.resource_provider [req-58b7de6b-9510-48b1-ad47-334b5d48b8fb req-5622cbea-80b5-4740-9b5d-89d1ca31809f service placement] _ensure_aggregate() did not find aggregate 2e685a30-66df-4dd3-b903-dc4fdf3e29e3. Attempting to create it. {{(pid=95154) _ensure_aggregate /opt/stack/placement/placement/objects/resource_provider.py:320}}
Aug 27 21:28:41.763959 n-d-688802-5 devstack@placement-api.service[95154]: DEBUG placement.objects.resource_provider [req-58b7de6b-9510-48b1-ad47-334b5d48b8fb req-5622cbea-80b5-4740-9b5d-89d1ca31809f service placement] _ensure_aggregate() created new aggregate 2e685a30-66df-4dd3-b903-dc4fdf3e29e3 (id=5). {{(pid=95154) _ensure_aggregate /opt/stack/placement/placement/objects/resource_provider.py:326}}
Aug 27 21:28:41.772117 n-d-688802-5 devstack@placement-api.service[95154]: DEBUG placement.objects.resource_provider [req-58b7de6b-9510-48b1-ad47-334b5d48b8fb req-5622cbea-80b5-4740-9b5d-89d1ca31809f service placement] Setting aggregates for provider 59f17995-444f-41d5-bc63-358ed289ec08. Successfully associated aggregate 2e685a30-66df-4dd3-b903-dc4fdf3e29e3. {{(pid=95154) _set_aggregates /opt/stack/placement/placement/objects/resource_provider.py:388}}
Aug 27 21:28:41.791247 n-d-688802-5 devstack@placement-api.service[95154]: INFO placement.requestlog [req-58b7de6b-9510-48b1-ad47-334b5d48b8fb req-5622cbea-80b5-4740-9b5d-89d1ca31809f service placement] 10.222.0.41 "PUT /placement/resource_providers/59f17995-444f-41d5-bc63-358ed289ec08/aggregates" status: 200 len: 92 microversion: 1.19
Aug 27 21:28:41.792240 n-d-688802-5 devstack@placement-api.service[95154]: [pid: 95154|app: 0|req: 37/73] 10.222.0.41 () {64 vars in 1478 bytes} [Fri Aug 27 21:28:41 2021] PUT /placement/resource_providers/59f17995-444f-41d5-bc63-358ed289ec08/aggregates => generated 92 bytes in 110 msecs (HTTP/1.1 200) 8 headers in 295 bytes (1 switches on core 0)
Aug 27 21:28:42.511732 n-d-688802-5 devstack@placement-api.service[95153]: DEBUG placement.requestlog [req-25b4cfe5-5d6c-4bfb-bee1-e81a2ac3c014 req-0110f351-f1ce-44da-a4f6-537f249215d8 None None] Starting request: 10.222.0.41 "GET /placement/resource_providers?name=n-h1-688802-5" {{(pid=95153) __call__ /opt/stack/placement/placement/requestlog.py:55}}
Aug 27 21:28:42.541156 n-d-688802-5 devstack@placement-api.service[95153]: INFO placement.requestlog [req-25b4cfe5-5d6c-4bfb-bee1-e81a2ac3c014 req-0110f351-f1ce-44da-a4f6-537f249215d8 service placement] 10.222.0.41 "GET /placement/resource_providers?name=n-h1-688802-5" status: 200 len: 441 microversion: 1.0
Aug 27 21:28:42.549355 n-d-688802-5 devstack@placement-api.service[95154]: DEBUG placement.requestlog [req-25b4cfe5-5d6c-4bfb-bee1-e81a2ac3c014 req-942755cf-a375-4b51-b214-610851fde8d8 None None] Starting request: 10.222.0.41 "GET /placement/resource_providers/59f17995-444f-41d5-bc63-358ed289ec08/aggregates" {{(pid=95154) __call__ /opt/stack/placement/placement/requestlog.py:55}}
Aug 27 21:28:42.563172 n-d-688802-5 devstack@placement-api.service[95153]: [pid: 95153|app: 0|req: 37/74] 10.222.0.41 () {58 vars in 1275 bytes} [Fri Aug 27 21:28:42 2021] GET /placement/resource_providers?name=n-h1-688802-5 => generated 441 bytes in 50 msecs (HTTP/1.1 200) 6 headers in 224 bytes (1 switches on core 0)
Aug 27 21:28:42.573136 n-d-688802-5 devstack@placement-api.service[95154]: INFO placement.requestlog [req-25b4cfe5-5d6c-4bfb-bee1-e81a2ac3c014 req-942755cf-a375-4b51-b214-610851fde8d8 service placement] 10.222.0.41 "GET /placement/resource_providers/59f17995-444f-41d5-bc63-358ed289ec08/aggregates" status: 200 len: 92 microversion: 1.19
Aug 27 21:28:42.582842 n-d-688802-5 devstack@placement-api.service[95153]: DEBUG placement.requestlog [req-25b4cfe5-5d6c-4bfb-bee1-e81a2ac3c014 req-24c931f0-b201-4a93-83f9-46068aeafaf6 None None] Starting request: 10.222.0.41 "PUT /placement/resource_providers/59f17995-444f-41d5-bc63-358ed289ec08/aggregates" {{(pid=95153) __call__ /opt/stack/placement/placement/requestlog.py:55}}
Aug 27 21:28:42.592905 n-d-688802-5 devstack@placement-api.service[95154]: [pid: 95154|app: 0|req: 38/75] 10.222.0.41 () {60 vars in 1426 bytes} [Fri Aug 27 21:28:42 2021] GET /placement/resource_providers/59f17995-444f-41d5-bc63-358ed289ec08/aggregates => generated 92 bytes in 43 msecs (HTTP/1.1 200) 8 headers in 295 bytes (2 switches on core 0)
Aug 27 21:28:42.630609 n-d-688802-5 devstack@placement-api.service[95153]: DEBUG placement.objects.resource_provider [req-25b4cfe5-5d6c-4bfb-bee1-e81a2ac3c014 req-24c931f0-b201-4a93-83f9-46068aeafaf6 service placement] Setting aggregates for provider 59f17995-444f-41d5-bc63-358ed289ec08. Successfully disassociated aggregate 2e685a30-66df-4dd3-b903-dc4fdf3e29e3. {{(pid=95153) _set_aggregates /opt/stack/placement/placement/objects/resource_provider.py:403}}
Aug 27 21:28:42.644996 n-d-688802-5 devstack@placement-api.service[95153]: INFO placement.requestlog [req-25b4cfe5-5d6c-4bfb-bee1-e81a2ac3c014 req-24c931f0-b201-4a93-83f9-46068aeafaf6 service placement] 10.222.0.41 "PUT /placement/resource_providers/59f17995-444f-41d5-bc63-358ed289ec08/aggregates" status: 200 len: 54 microversion: 1.19
Aug 27 21:28:42.646460 n-d-688802-5 devstack@placement-api.service[95153]: [pid: 95153|app: 0|req: 38/76] 10.222.0.41 () {64 vars in 1478 bytes} [Fri Aug 27 21:28:42 2021] PUT /placement/resource_providers/59f17995-444f-41d5-bc63-358ed289ec08/aggregates => generated 54 bytes in 63 msecs (HTTP/1.1 200) 8 headers in 295 bytes (2 switches on core 0)
Aug 27 21:28:43.018105 n-d-688802-5 devstack@placement-api.service[95154]: DEBUG placement.requestlog [req-cce84c19-d6d5-488e-995a-d65aecf0198d req-79294c7b-e065-4b1d-9822-cc20c56647be None None] Starting request: 10.222.0.45 "DELETE /placement/allocations/b1168403-6401-4be2-9c4c-ca27808fe238" {{(pid=95154) __call__ /opt/stack/placement/placement/requestlog.py:55}}
Aug 27 21:28:43.203075 n-d-688802-5 devstack@placement-api.service[95154]: DEBUG placement.handlers.allocation [req-cce84c19-d6d5-488e-995a-d65aecf0198d req-79294c7b-e065-4b1d-9822-cc20c56647be service placement] Successfully deleted allocations [, , ] {{(pid=95154) delete_allocations /opt/stack/placement/placement/handlers/allocation.py:603}}
Aug 27 21:28:43.206521 n-d-688802-5 devstack@placement-api.service[95154]: INFO placement.requestlog [req-cce84c19-d6d5-488e-995a-d65aecf0198d req-79294c7b-e065-4b1d-9822-cc20c56647be service placement] 10.222.0.45 "DELETE /placement/allocations/b1168403-6401-4be2-9c4c-ca27808fe238" status: 204 len: 0 microversion: 1.0
Aug 27 21:28:43.209434 n-d-688802-5 devstack@placement-api.service[95154]: [pid: 95154|app: 0|req: 39/77] 10.222.0.45 () {60 vars in 1356 bytes} [Fri Aug 27 21:28:43 2021] DELETE /placement/allocations/b1168403-6401-4be2-9c4c-ca27808fe238 => generated 0 bytes in 192 msecs (HTTP/1.1 204) 5 headers in 198 bytes (1 switches on core 0)
Aug 27 21:28:46.477673 n-d-688802-5 devstack@placement-api.service[95153]: DEBUG placement.requestlog [req-2f8f7b64-0d64-4723-8c30-eaaabf1d889a req-da00ad54-62b8-438d-beac-5aee4f58ed21 None None] Starting request: 10.222.0.41 "GET /placement/allocation_candidates?limit=1000&resources=DISK_GB%3A1%2CMEMORY_MB%3A1024%2CVCPU%3A1&root_required=%21COMPUTE_STATUS_DISABLED" {{(pid=95153) __call__ /opt/stack/placement/placement/requestlog.py:55}}
Aug 27 21:28:46.664538 n-d-688802-5 devstack@placement-api.service[95153]: DEBUG placement.objects.research_context [req-2f8f7b64-0d64-4723-8c30-eaaabf1d889a req-da00ad54-62b8-438d-beac-5aee4f58ed21 service placement] getting providers with 1 DISK_GB {{(pid=95153) __init__ /opt/stack/placement/placement/objects/research_context.py:126}}
Aug 27 21:28:46.756844 n-d-688802-5 devstack@placement-api.service[95153]: DEBUG placement.objects.research_context [req-2f8f7b64-0d64-4723-8c30-eaaabf1d889a req-da00ad54-62b8-438d-beac-5aee4f58ed21 service placement] getting providers with 1024 MEMORY_MB {{(pid=95153) __init__ /opt/stack/placement/placement/objects/research_context.py:126}}
Aug 27 21:28:46.800536 n-d-688802-5 devstack@placement-api.service[95153]: DEBUG placement.objects.research_context [req-2f8f7b64-0d64-4723-8c30-eaaabf1d889a req-da00ad54-62b8-438d-beac-5aee4f58ed21 service placement] getting providers with 1 VCPU {{(pid=95153) __init__ /opt/stack/placement/placement/objects/research_context.py:126}}
Aug 27 21:28:46.836370 n-d-688802-5 devstack@placement-api.service[95153]: DEBUG placement.objects.research_context [req-2f8f7b64-0d64-4723-8c30-eaaabf1d889a req-da00ad54-62b8-438d-beac-5aee4f58ed21 service placement] found 2 providers with available 1 DISK_GB {{(pid=95153) get_provider_ids_matching /opt/stack/placement/placement/objects/research_context.py:549}}
Aug 27 21:28:46.863089 n-d-688802-5 devstack@placement-api.service[95153]: DEBUG placement.objects.research_context [req-2f8f7b64-0d64-4723-8c30-eaaabf1d889a req-da00ad54-62b8-438d-beac-5aee4f58ed21 service placement] found 2 providers with available 1024 MEMORY_MB {{(pid=95153) get_provider_ids_matching /opt/stack/placement/placement/objects/research_context.py:549}}
Aug 27 21:28:46.871230 n-d-688802-5 devstack@placement-api.service[95153]: DEBUG placement.objects.research_context [req-2f8f7b64-0d64-4723-8c30-eaaabf1d889a req-da00ad54-62b8-438d-beac-5aee4f58ed21 service placement] found 2 providers after filtering by previous result {{(pid=95153) get_provider_ids_matching /opt/stack/placement/placement/objects/research_context.py:580}}
Aug 27 21:28:46.872048 n-d-688802-5 devstack@placement-api.service[95153]: DEBUG placement.objects.research_context [req-2f8f7b64-0d64-4723-8c30-eaaabf1d889a req-da00ad54-62b8-438d-beac-5aee4f58ed21 service placement] found 2 providers with available 1 VCPU {{(pid=95153) get_provider_ids_matching /opt/stack/placement/placement/objects/research_context.py:549}}
Aug 27 21:28:46.872562 n-d-688802-5 devstack@placement-api.service[95153]: DEBUG placement.objects.research_context [req-2f8f7b64-0d64-4723-8c30-eaaabf1d889a req-da00ad54-62b8-438d-beac-5aee4f58ed21 service placement] found 2 providers after filtering by previous result {{(pid=95153) get_provider_ids_matching /opt/stack/placement/placement/objects/research_context.py:580}}
Aug 27 21:28:46.923413 n-d-688802-5 devstack@placement-api.service[95153]: DEBUG placement.objects.allocation_candidate [req-2f8f7b64-0d64-4723-8c30-eaaabf1d889a req-da00ad54-62b8-438d-beac-5aee4f58ed21 service placement] RequestGroup(use_same_provider=False, resources={DISK_GB:1, MEMORY_MB:1024, VCPU:1}, traits=[], aggregates=[]) (suffix '') returned 2 matches {{(pid=95153) _get_by_requests /opt/stack/placement/placement/objects/allocation_candidate.py:145}}
Aug 27 21:28:46.924470 n-d-688802-5 devstack@placement-api.service[95153]: DEBUG placement.objects.allocation_candidate [req-2f8f7b64-0d64-4723-8c30-eaaabf1d889a req-da00ad54-62b8-438d-beac-5aee4f58ed21 service placement] Merging candidates yields 2 allocation requests and 2 provider summaries {{(pid=95153) _merge_candidates /opt/stack/placement/placement/objects/allocation_candidate.py:783}}
Aug 27 21:28:46.933274 n-d-688802-5 devstack@placement-api.service[95153]: INFO placement.requestlog [req-2f8f7b64-0d64-4723-8c30-eaaabf1d889a req-da00ad54-62b8-438d-beac-5aee4f58ed21 service placement] 10.222.0.41 "GET /placement/allocation_candidates?limit=1000&resources=DISK_GB%3A1%2CMEMORY_MB%3A1024%2CVCPU%3A1&root_required=%21COMPUTE_STATUS_DISABLED" status: 200 len: 1309 microversion: 1.35
Aug 27 21:28:46.946834 n-d-688802-5 devstack@placement-api.service[95153]: [pid: 95153|app: 0|req: 39/78] 10.222.0.41 () {60 vars in 1507 bytes} [Fri Aug 27 21:28:46 2021] GET /placement/allocation_candidates?limit=1000&resources=DISK_GB%3A1%2CMEMORY_MB%3A1024%2CVCPU%3A1&root_required=%21COMPUTE_STATUS_DISABLED => generated 1309 bytes in 464 msecs (HTTP/1.1 200) 8 headers in 297 bytes (1 switches on core 0)
Aug 27 21:28:47.307253 n-d-688802-5 devstack@placement-api.service[95154]: DEBUG placement.requestlog [req-2f8f7b64-0d64-4723-8c30-eaaabf1d889a req-01297e03-7756-4e5f-9fa3-07ae503ebc70 None None] Starting request: 10.222.0.41 "GET /placement/allocations/b7efcdb1-c39b-4c0b-8e02-aa9c616d5ade" {{(pid=95154) __call__ /opt/stack/placement/placement/requestlog.py:55}}
Aug 27 21:28:47.352169 n-d-688802-5 devstack@placement-api.service[95154]: INFO placement.requestlog [req-2f8f7b64-0d64-4723-8c30-eaaabf1d889a req-01297e03-7756-4e5f-9fa3-07ae503ebc70 service placement] 10.222.0.41 "GET /placement/allocations/b7efcdb1-c39b-4c0b-8e02-aa9c616d5ade" status: 200 len: 19 microversion: 1.28
Aug 27 21:28:47.355942 n-d-688802-5 devstack@placement-api.service[95154]: [pid: 95154|app: 0|req: 40/79] 10.222.0.41 () {60 vars in 1381 bytes} [Fri Aug 27 21:28:47 2021] GET /placement/allocations/b7efcdb1-c39b-4c0b-8e02-aa9c616d5ade => generated 19 bytes in 49 msecs (HTTP/1.1 200) 8 headers in 295 bytes (1 switches on core 0)
Aug 27 21:28:47.366932 n-d-688802-5 devstack@placement-api.service[95153]: DEBUG placement.requestlog [req-2f8f7b64-0d64-4723-8c30-eaaabf1d889a req-ead85261-356a-47b8-bcdd-6ea12e03e43b None None] Starting request: 10.222.0.41 "PUT /placement/allocations/b7efcdb1-c39b-4c0b-8e02-aa9c616d5ade" {{(pid=95153) __call__ /opt/stack/placement/placement/requestlog.py:55}}
Aug 27 21:28:47.669107 n-d-688802-5 devstack@placement-api.service[95153]: DEBUG placement.handlers.allocation [req-2f8f7b64-0d64-4723-8c30-eaaabf1d889a req-ead85261-356a-47b8-bcdd-6ea12e03e43b service placement] Successfully wrote allocations [, , ] {{(pid=95153) _create_allocations /opt/stack/placement/placement/handlers/allocation.py:461}}
Aug 27 21:28:47.676686 n-d-688802-5 devstack@placement-api.service[95153]: INFO placement.requestlog [req-2f8f7b64-0d64-4723-8c30-eaaabf1d889a req-ead85261-356a-47b8-bcdd-6ea12e03e43b service placement] 10.222.0.41 "PUT /placement/allocations/b7efcdb1-c39b-4c0b-8e02-aa9c616d5ade" status: 204 len: 0 microversion: 1.35
Aug 27 21:28:47.677736 n-d-688802-5 devstack@placement-api.service[95153]: [pid: 95153|app: 0|req: 40/80] 10.222.0.41 () {64 vars in 1434 bytes} [Fri Aug 27 21:28:47 2021] PUT /placement/allocations/b7efcdb1-c39b-4c0b-8e02-aa9c616d5ade => generated 0 bytes in 312 msecs (HTTP/1.1 204) 5 headers in 199 bytes (1 switches on core 0)
Aug 27 21:28:48.551698 n-d-688802-5 devstack@placement-api.service[95154]: DEBUG placement.requestlog [req-2f8f7b64-0d64-4723-8c30-eaaabf1d889a req-16ec5c0f-438c-4ce8-a643-0b34c5d79fc3 None None] Starting request: 10.222.0.46 "GET /placement/allocations/b7efcdb1-c39b-4c0b-8e02-aa9c616d5ade" {{(pid=95154) __call__ /opt/stack/placement/placement/requestlog.py:55}}
Aug 27 21:28:48.616978 n-d-688802-5 devstack@placement-api.service[95154]: INFO placement.requestlog [req-2f8f7b64-0d64-4723-8c30-eaaabf1d889a req-16ec5c0f-438c-4ce8-a643-0b34c5d79fc3 service placement] 10.222.0.46 "GET /placement/allocations/b7efcdb1-c39b-4c0b-8e02-aa9c616d5ade" status: 200 len: 259 microversion: 1.28
Aug 27 21:28:48.618676 n-d-688802-5 devstack@placement-api.service[95154]: [pid: 95154|app: 0|req: 41/81] 10.222.0.46 () {60 vars in 1378 bytes} [Fri Aug 27 21:28:48 2021] GET /placement/allocations/b7efcdb1-c39b-4c0b-8e02-aa9c616d5ade => generated 259 bytes in 73 msecs (HTTP/1.1 200) 8 headers in 296 bytes (1 switches on core 0)
Aug 27 21:28:54.374093 n-d-688802-5 devstack@placement-api.service[95153]: DEBUG placement.requestlog [req-1f7946c1-9005-4997-941a-19d9c736519c req-32fe22d7-f942-4871-90cf-6a7774faa839 None None] Starting request: 10.222.0.46 "DELETE /placement/allocations/2fb1372d-1cc9-4989-a7f4-efadf338dbc2" {{(pid=95153) __call__ /opt/stack/placement/placement/requestlog.py:55}}
Aug 27 21:28:54.455153 n-d-688802-5 devstack@placement-api.service[95153]: DEBUG placement.handlers.allocation [req-1f7946c1-9005-4997-941a-19d9c736519c req-32fe22d7-f942-4871-90cf-6a7774faa839 service placement] Successfully deleted allocations [, , ] {{(pid=95153) delete_allocations /opt/stack/placement/placement/handlers/allocation.py:603}}
Aug 27 21:28:54.457005 n-d-688802-5 devstack@placement-api.service[95153]: INFO placement.requestlog [req-1f7946c1-9005-4997-941a-19d9c736519c req-32fe22d7-f942-4871-90cf-6a7774faa839 service placement] 10.222.0.46 "DELETE /placement/allocations/2fb1372d-1cc9-4989-a7f4-efadf338dbc2" status: 204 len: 0 microversion: 1.0
Aug 27 21:28:54.457878 n-d-688802-5 devstack@placement-api.service[95153]: [pid: 95153|app: 0|req: 41/82] 10.222.0.46 () {60 vars in 1356 bytes} [Fri Aug 27 21:28:54 2021] DELETE /placement/allocations/2fb1372d-1cc9-4989-a7f4-efadf338dbc2 => generated 0 bytes in 84 msecs (HTTP/1.1 204) 5 headers in 198 bytes (1 switches on core 0)
Aug 27 21:28:59.645106 n-d-688802-5 devstack@placement-api.service[95154]: DEBUG placement.requestlog [req-70d46094-da9b-4dab-86ff-305841608400 req-ef36a541-1f23-47cd-95a6-c76e08e8f390 None None] Starting request: 10.222.0.41 "GET /placement/allocation_candidates?limit=1000&resources=DISK_GB%3A1%2CMEMORY_MB%3A1024%2CVCPU%3A1&root_required=%21COMPUTE_STATUS_DISABLED" {{(pid=95154) __call__ /opt/stack/placement/placement/requestlog.py:55}}
Aug 27 21:28:59.743978 n-d-688802-5 devstack@placement-api.service[95154]: DEBUG placement.objects.research_context [req-70d46094-da9b-4dab-86ff-305841608400 req-ef36a541-1f23-47cd-95a6-c76e08e8f390 service placement] getting providers with 1 DISK_GB {{(pid=95154) __init__ /opt/stack/placement/placement/objects/research_context.py:126}}
Aug 27 21:28:59.777915 n-d-688802-5 devstack@placement-api.service[95154]: DEBUG placement.objects.research_context [req-70d46094-da9b-4dab-86ff-305841608400 req-ef36a541-1f23-47cd-95a6-c76e08e8f390 service placement] getting providers with 1024 MEMORY_MB {{(pid=95154) __init__ /opt/stack/placement/placement/objects/research_context.py:126}}
Aug 27 21:28:59.793181 n-d-688802-5 devstack@placement-api.service[95154]: DEBUG placement.objects.research_context [req-70d46094-da9b-4dab-86ff-305841608400 req-ef36a541-1f23-47cd-95a6-c76e08e8f390 service placement] getting providers with 1 VCPU {{(pid=95154) __init__ /opt/stack/placement/placement/objects/research_context.py:126}}
Aug 27 21:28:59.813007 n-d-688802-5 devstack@placement-api.service[95154]: DEBUG placement.objects.research_context [req-70d46094-da9b-4dab-86ff-305841608400 req-ef36a541-1f23-47cd-95a6-c76e08e8f390 service placement] found 2 providers with available 1 DISK_GB {{(pid=95154) get_provider_ids_matching /opt/stack/placement/placement/objects/research_context.py:549}}
Aug 27 21:28:59.818860 n-d-688802-5 devstack@placement-api.service[95154]: DEBUG placement.objects.research_context [req-70d46094-da9b-4dab-86ff-305841608400 req-ef36a541-1f23-47cd-95a6-c76e08e8f390 service placement] found 2 providers with available 1024 MEMORY_MB {{(pid=95154) get_provider_ids_matching /opt/stack/placement/placement/objects/research_context.py:549}}
Aug 27 21:28:59.819502 n-d-688802-5 devstack@placement-api.service[95154]: DEBUG placement.objects.research_context [req-70d46094-da9b-4dab-86ff-305841608400 req-ef36a541-1f23-47cd-95a6-c76e08e8f390 service placement] found 2 providers after filtering by previous result {{(pid=95154) get_provider_ids_matching /opt/stack/placement/placement/objects/research_context.py:580}}
Aug 27 21:28:59.819934 n-d-688802-5 devstack@placement-api.service[95154]: DEBUG placement.objects.research_context [req-70d46094-da9b-4dab-86ff-305841608400 req-ef36a541-1f23-47cd-95a6-c76e08e8f390 service placement] found 2 providers with available 1 VCPU {{(pid=95154) get_provider_ids_matching /opt/stack/placement/placement/objects/research_context.py:549}}
Aug 27 21:28:59.821051 n-d-688802-5 devstack@placement-api.service[95154]: DEBUG placement.objects.research_context [req-70d46094-da9b-4dab-86ff-305841608400 req-ef36a541-1f23-47cd-95a6-c76e08e8f390 service placement] found 2 providers after filtering by previous result {{(pid=95154) get_provider_ids_matching /opt/stack/placement/placement/objects/research_context.py:580}}
Aug 27 21:28:59.852698 n-d-688802-5 devstack@placement-api.service[95154]: DEBUG placement.objects.allocation_candidate [req-70d46094-da9b-4dab-86ff-305841608400 req-ef36a541-1f23-47cd-95a6-c76e08e8f390 service placement] RequestGroup(use_same_provider=False, resources={DISK_GB:1, MEMORY_MB:1024, VCPU:1}, traits=[], aggregates=[]) (suffix '') returned 2 matches {{(pid=95154) _get_by_requests /opt/stack/placement/placement/objects/allocation_candidate.py:145}}
Aug 27 21:28:59.854795 n-d-688802-5 devstack@placement-api.service[95154]: DEBUG placement.objects.allocation_candidate [req-70d46094-da9b-4dab-86ff-305841608400 req-ef36a541-1f23-47cd-95a6-c76e08e8f390 service placement] Merging candidates yields 2 allocation requests and 2 provider summaries {{(pid=95154) _merge_candidates /opt/stack/placement/placement/objects/allocation_candidate.py:783}}
Aug 27 21:28:59.860301 n-d-688802-5 devstack@placement-api.service[95154]: INFO placement.requestlog [req-70d46094-da9b-4dab-86ff-305841608400 req-ef36a541-1f23-47cd-95a6-c76e08e8f390 service placement] 10.222.0.41 "GET /placement/allocation_candidates?limit=1000&resources=DISK_GB%3A1%2CMEMORY_MB%3A1024%2CVCPU%3A1&root_required=%21COMPUTE_STATUS_DISABLED" status: 200 len: 1309 microversion: 1.35
Aug 27 21:28:59.875138 n-d-688802-5 devstack@placement-api.service[95154]: [pid: 95154|app: 0|req: 42/83] 10.222.0.41 () {60 vars in 1507 bytes} [Fri Aug 27 21:28:59 2021] GET /placement/allocation_candidates?limit=1000&resources=DISK_GB%3A1%2CMEMORY_MB%3A1024%2CVCPU%3A1&root_required=%21COMPUTE_STATUS_DISABLED => generated 1309 bytes in 230 msecs (HTTP/1.1 200) 8 headers in 297 bytes (1 switches on core 0)
Aug 27 21:28:59.957592 n-d-688802-5 devstack@placement-api.service[95153]: DEBUG placement.requestlog [req-70d46094-da9b-4dab-86ff-305841608400 req-f1e5e247-b599-4700-8640-3ce5d5858d4a None None] Starting request: 10.222.0.41 "GET /placement/allocations/27822d36-5c54-457f-b008-a473b589dee0" {{(pid=95153) __call__ /opt/stack/placement/placement/requestlog.py:55}}
Aug 27 21:28:59.975563 n-d-688802-5 devstack@placement-api.service[95153]: INFO placement.requestlog [req-70d46094-da9b-4dab-86ff-305841608400 req-f1e5e247-b599-4700-8640-3ce5d5858d4a service placement] 10.222.0.41 "GET /placement/allocations/27822d36-5c54-457f-b008-a473b589dee0" status: 200 len: 19 microversion: 1.28
Aug 27 21:28:59.983127 n-d-688802-5 devstack@placement-api.service[95153]: [pid: 95153|app: 0|req: 42/84] 10.222.0.41 () {60 vars in 1381 bytes} [Fri Aug 27 21:28:59 2021] GET /placement/allocations/27822d36-5c54-457f-b008-a473b589dee0 => generated 19 bytes in 25 msecs (HTTP/1.1 200) 8 headers in 295 bytes (1 switches on core 0)
Aug 27 21:28:59.988312 n-d-688802-5 devstack@placement-api.service[95154]: DEBUG placement.requestlog [req-70d46094-da9b-4dab-86ff-305841608400 req-6a4b946c-21fd-4359-8f04-36b07705d827 None None] Starting request: 10.222.0.41 "PUT /placement/allocations/27822d36-5c54-457f-b008-a473b589dee0" {{(pid=95154) __call__ /opt/stack/placement/placement/requestlog.py:55}}
Aug 27 21:29:00.101245 n-d-688802-5 devstack@placement-api.service[95154]: DEBUG placement.handlers.allocation [req-70d46094-da9b-4dab-86ff-305841608400 req-6a4b946c-21fd-4359-8f04-36b07705d827 service placement] Successfully wrote allocations [, , ] {{(pid=95154) _create_allocations /opt/stack/placement/placement/handlers/allocation.py:461}}
Aug 27 21:29:00.108741 n-d-688802-5 devstack@placement-api.service[95154]: INFO placement.requestlog [req-70d46094-da9b-4dab-86ff-305841608400 req-6a4b946c-21fd-4359-8f04-36b07705d827 service placement] 10.222.0.41 "PUT /placement/allocations/27822d36-5c54-457f-b008-a473b589dee0" status: 204 len: 0 microversion: 1.35
Aug 27 21:29:00.123815 n-d-688802-5 devstack@placement-api.service[95154]: [pid: 95154|app: 0|req: 43/85] 10.222.0.41 () {64 vars in 1434 bytes} [Fri Aug 27 21:28:59 2021] PUT /placement/allocations/27822d36-5c54-457f-b008-a473b589dee0 => generated 0 bytes in 122 msecs (HTTP/1.1 204) 5 headers in 199 bytes (2 switches on core 0)
Aug 27 21:29:00.214525 n-d-688802-5 devstack@placement-api.service[95153]: DEBUG placement.requestlog [None req-944339cd-a099-475d-94d4-4bc703ca9618 None None] Starting request: 10.222.0.41 "GET /placement/" {{(pid=95153) __call__ /opt/stack/placement/placement/requestlog.py:55}}
Aug 27 21:29:00.217731 n-d-688802-5 devstack@placement-api.service[95153]: INFO placement.requestlog [None req-944339cd-a099-475d-94d4-4bc703ca9618 None None] 10.222.0.41 "GET /placement/" status: 200 len: 136 microversion: 1.0
Aug 27 21:29:00.218882 n-d-688802-5 devstack@placement-api.service[95153]: [pid: 95153|app: 0|req: 43/86] 10.222.0.41 () {54 vars in 916 bytes} [Fri Aug 27 21:29:00 2021] GET /placement => generated 136 bytes in 5 msecs (HTTP/1.1 200) 6 headers in 224 bytes (1 switches on core 0)
Aug 27 21:29:00.253714 n-d-688802-5 devstack@placement-api.service[95154]: DEBUG placement.requestlog [req-632e28c0-2ce4-4dc1-810a-534a14d08f16 req-4992525e-d961-41c6-8039-ae3cfb0c400f None None] Starting request: 10.222.0.41 "GET /placement/allocations/50674134-ca08-43ae-a4a0-f62c3150a9b1" {{(pid=95154) __call__ /opt/stack/placement/placement/requestlog.py:55}}
Aug 27 21:29:00.576057 n-d-688802-5 devstack@placement-api.service[95154]: INFO placement.requestlog [req-632e28c0-2ce4-4dc1-810a-534a14d08f16 req-4992525e-d961-41c6-8039-ae3cfb0c400f service placement] 10.222.0.41 "GET /placement/allocations/50674134-ca08-43ae-a4a0-f62c3150a9b1" status: 200 len: 258 microversion: 1.28
Aug 27 21:29:00.578688 n-d-688802-5 devstack@placement-api.service[95154]: [pid: 95154|app: 0|req: 44/87] 10.222.0.41 () {60 vars in 1381 bytes} [Fri Aug 27 21:29:00 2021] GET /placement/allocations/50674134-ca08-43ae-a4a0-f62c3150a9b1 => generated 258 bytes in 325 msecs (HTTP/1.1 200) 8 headers in 296 bytes (1 switches on core 0)
Aug 27 21:29:00.585842 n-d-688802-5 devstack@placement-api.service[95153]: DEBUG placement.requestlog [req-632e28c0-2ce4-4dc1-810a-534a14d08f16 req-edf63588-f311-488c-81ff-9d3871d9acfe None None] Starting request: 10.222.0.41 "GET /placement/allocations/50674134-ca08-43ae-a4a0-f62c3150a9b1" {{(pid=95153) __call__ /opt/stack/placement/placement/requestlog.py:55}}
Aug 27 21:29:00.641085 n-d-688802-5 devstack@placement-api.service[95153]: INFO placement.requestlog [req-632e28c0-2ce4-4dc1-810a-534a14d08f16 req-edf63588-f311-488c-81ff-9d3871d9acfe service placement] 10.222.0.41 "GET /placement/allocations/50674134-ca08-43ae-a4a0-f62c3150a9b1" status: 200 len: 258 microversion: 1.28
Aug 27 21:29:00.641908 n-d-688802-5 devstack@placement-api.service[95153]: [pid: 95153|app: 0|req: 44/88] 10.222.0.41 () {60 vars in 1381 bytes} [Fri Aug 27 21:29:00 2021] GET /placement/allocations/50674134-ca08-43ae-a4a0-f62c3150a9b1 => generated 258 bytes in 56 msecs (HTTP/1.1 200) 8 headers in 296 bytes (2 switches on core 0)
Aug 27 21:29:00.648314 n-d-688802-5 devstack@placement-api.service[95154]: DEBUG placement.requestlog [req-632e28c0-2ce4-4dc1-810a-534a14d08f16 req-c508c0e7-ff1f-480f-90a6-f4737e81a4eb None None] Starting request: 10.222.0.41 "GET /placement/allocations/c47141e9-e359-4eb6-be19-22a9b003fae4" {{(pid=95154) __call__ /opt/stack/placement/placement/requestlog.py:55}}
Aug 27 21:29:00.670451 n-d-688802-5 devstack@placement-api.service[95154]: INFO placement.requestlog [req-632e28c0-2ce4-4dc1-810a-534a14d08f16 req-c508c0e7-ff1f-480f-90a6-f4737e81a4eb service placement] 10.222.0.41 "GET /placement/allocations/c47141e9-e359-4eb6-be19-22a9b003fae4" status: 200 len: 19 microversion: 1.28
Aug 27 21:29:00.672864 n-d-688802-5 devstack@placement-api.service[95154]: [pid: 95154|app: 0|req: 45/89] 10.222.0.41 () {60 vars in 1381 bytes} [Fri Aug 27 21:29:00 2021] GET /placement/allocations/c47141e9-e359-4eb6-be19-22a9b003fae4 => generated 19 bytes in 24 msecs (HTTP/1.1 200) 8 headers in 295 bytes (1 switches on core 0)
Aug 27 21:29:00.690264 n-d-688802-5 devstack@placement-api.service[95153]: DEBUG placement.requestlog [req-632e28c0-2ce4-4dc1-810a-534a14d08f16 req-8de3352f-0cc0-4fef-a547-d4f105240e15 None None] Starting request: 10.222.0.41 "POST /placement/allocations" {{(pid=95153) __call__ /opt/stack/placement/placement/requestlog.py:55}}
Aug 27 21:29:01.086115 n-d-688802-5 devstack@placement-api.service[95153]: DEBUG placement.handlers.allocation [req-632e28c0-2ce4-4dc1-810a-534a14d08f16 req-8de3352f-0cc0-4fef-a547-d4f105240e15 service placement] Successfully wrote allocations [, , , , , ] {{(pid=95153) _create_allocations /opt/stack/placement/placement/handlers/allocation.py:555}}
Aug 27 21:29:01.088991 n-d-688802-5 devstack@placement-api.service[95153]: INFO placement.requestlog [req-632e28c0-2ce4-4dc1-810a-534a14d08f16 req-8de3352f-0cc0-4fef-a547-d4f105240e15 service placement] 10.222.0.41 "POST /placement/allocations" status: 204 len: 0 microversion: 1.28
Aug 27 21:29:01.089782 n-d-688802-5 devstack@placement-api.service[95153]: [pid: 95153|app: 0|req: 45/90] 10.222.0.41 () {64 vars in 1324 bytes} [Fri Aug 27 21:29:00 2021] POST /placement/allocations => generated 0 bytes in 400 msecs (HTTP/1.1 204) 5 headers in 199 bytes (2 switches on core 0)
Aug 27 21:29:01.112939 n-d-688802-5 devstack@placement-api.service[95154]: DEBUG placement.requestlog [req-70d46094-da9b-4dab-86ff-305841608400 req-a338cb2b-1472-415f-b9b1-3de3070ded19 None None] Starting request: 10.222.0.45 "GET /placement/allocations/27822d36-5c54-457f-b008-a473b589dee0" {{(pid=95154) __call__ /opt/stack/placement/placement/requestlog.py:55}}
Aug 27 21:29:01.197839 n-d-688802-5 devstack@placement-api.service[95153]: DEBUG placement.requestlog [req-632e28c0-2ce4-4dc1-810a-534a14d08f16 req-980c4b14-d8cb-4c41-817c-8e9e06b9b8e0 None None] Starting request: 10.222.0.41 "GET /placement/allocations/50674134-ca08-43ae-a4a0-f62c3150a9b1" {{(pid=95153) __call__ /opt/stack/placement/placement/requestlog.py:55}}
Aug 27 21:29:01.198492 n-d-688802-5 devstack@placement-api.service[95154]: INFO placement.requestlog [req-70d46094-da9b-4dab-86ff-305841608400 req-a338cb2b-1472-415f-b9b1-3de3070ded19 service placement] 10.222.0.45 "GET /placement/allocations/27822d36-5c54-457f-b008-a473b589dee0" status: 200 len: 258 microversion: 1.28
Aug 27 21:29:01.199473 n-d-688802-5 devstack@placement-api.service[95154]: [pid: 95154|app: 0|req: 46/91] 10.222.0.45 () {60 vars in 1378 bytes} [Fri Aug 27 21:29:01 2021] GET /placement/allocations/27822d36-5c54-457f-b008-a473b589dee0 => generated 258 bytes in 87 msecs (HTTP/1.1 200) 8 headers in 296 bytes (2 switches on core 0)
Aug 27 21:29:01.722905 n-d-688802-5 devstack@placement-api.service[95153]: INFO placement.requestlog [req-632e28c0-2ce4-4dc1-810a-534a14d08f16 req-980c4b14-d8cb-4c41-817c-8e9e06b9b8e0 service placement] 10.222.0.41 "GET /placement/allocations/50674134-ca08-43ae-a4a0-f62c3150a9b1" status: 200 len: 19 microversion: 1.28
Aug 27 21:29:01.723569 n-d-688802-5 devstack@placement-api.service[95153]: [pid: 95153|app: 0|req: 46/92] 10.222.0.41 () {60 vars in 1381 bytes} [Fri Aug 27 21:29:01 2021] GET /placement/allocations/50674134-ca08-43ae-a4a0-f62c3150a9b1 => generated 19 bytes in 527 msecs (HTTP/1.1 200) 8 headers in 295 bytes (2 switches on core 0)
Aug 27 21:29:01.735439 n-d-688802-5 devstack@placement-api.service[95154]: DEBUG placement.requestlog [req-632e28c0-2ce4-4dc1-810a-534a14d08f16 req-46333b67-3694-4e07-abd1-fed1d09b4be5 None None] Starting request: 10.222.0.41 "PUT /placement/allocations/50674134-ca08-43ae-a4a0-f62c3150a9b1" {{(pid=95154) __call__ /opt/stack/placement/placement/requestlog.py:55}}
Aug 27 21:29:01.884168 n-d-688802-5 devstack@placement-api.service[95154]: DEBUG placement.handlers.allocation [req-632e28c0-2ce4-4dc1-810a-534a14d08f16 req-46333b67-3694-4e07-abd1-fed1d09b4be5 service placement] Successfully wrote allocations [, , ] {{(pid=95154) _create_allocations /opt/stack/placement/placement/handlers/allocation.py:461}}
Aug 27 21:29:01.905145 n-d-688802-5 devstack@placement-api.service[95154]: INFO placement.requestlog [req-632e28c0-2ce4-4dc1-810a-534a14d08f16 req-46333b67-3694-4e07-abd1-fed1d09b4be5 service placement] 10.222.0.41 "PUT /placement/allocations/50674134-ca08-43ae-a4a0-f62c3150a9b1" status: 204 len: 0 microversion: 1.28
Aug 27 21:29:01.906108 n-d-688802-5 devstack@placement-api.service[95154]: [pid: 95154|app: 0|req: 47/93] 10.222.0.41 () {64 vars in 1434 bytes} [Fri Aug 27 21:29:01 2021] PUT /placement/allocations/50674134-ca08-43ae-a4a0-f62c3150a9b1 => generated 0 bytes in 171 msecs (HTTP/1.1 204) 5 headers in 199 bytes (1 switches on core 0)
Aug 27 21:29:02.407659 n-d-688802-5 devstack@placement-api.service[95153]: DEBUG placement.requestlog [req-632e28c0-2ce4-4dc1-810a-534a14d08f16 req-0e939b55-11b7-4c57-bea2-433d02dd2aa1 None None] Starting request: 10.222.0.46 "GET /placement/allocations/50674134-ca08-43ae-a4a0-f62c3150a9b1" {{(pid=95153) __call__ /opt/stack/placement/placement/requestlog.py:55}}
Aug 27 21:29:02.469565 n-d-688802-5 devstack@placement-api.service[95153]: INFO placement.requestlog [req-632e28c0-2ce4-4dc1-810a-534a14d08f16 req-0e939b55-11b7-4c57-bea2-433d02dd2aa1 service placement] 10.222.0.46 "GET /placement/allocations/50674134-ca08-43ae-a4a0-f62c3150a9b1" status: 200 len: 259 microversion: 1.28
Aug 27 21:29:02.470724 n-d-688802-5 devstack@placement-api.service[95153]: [pid: 95153|app: 0|req: 47/94] 10.222.0.46 () {60 vars in 1378 bytes} [Fri Aug 27 21:29:02 2021] GET /placement/allocations/50674134-ca08-43ae-a4a0-f62c3150a9b1 => generated 259 bytes in 63 msecs (HTTP/1.1 200) 8 headers in 296 bytes (1 switches on core 0)
Aug 27 21:29:09.091348 n-d-688802-5 devstack@placement-api.service[95154]: DEBUG placement.requestlog [req-f5dc5b96-0ef9-482f-bc3b-a1d3ef13cfdf req-2cb8d813-507d-43b3-a5d8-13139836c29d None None] Starting request: 10.222.0.41 "GET /placement/resource_providers?name=n-h1-688802-5" {{(pid=95154) __call__ /opt/stack/placement/placement/requestlog.py:55}}
Aug 27 21:29:09.111182 n-d-688802-5 devstack@placement-api.service[95154]: INFO placement.requestlog [req-f5dc5b96-0ef9-482f-bc3b-a1d3ef13cfdf req-2cb8d813-507d-43b3-a5d8-13139836c29d service placement] 10.222.0.41 "GET /placement/resource_providers?name=n-h1-688802-5" status: 200 len: 441 microversion: 1.0
Aug 27 21:29:09.121421 n-d-688802-5 devstack@placement-api.service[95154]: [pid: 95154|app: 0|req: 48/95] 10.222.0.41 () {58 vars in 1275 bytes} [Fri Aug 27 21:29:09 2021] GET /placement/resource_providers?name=n-h1-688802-5 => generated 441 bytes in 30 msecs (HTTP/1.1 200) 6 headers in 224 bytes (1 switches on core 0)
