Aug 27 11:58:34.405266 n-d-688802-4 neutron-server[94623]: DEBUG neutron.pecan_wsgi.hooks.policy_enforcement [req-7b324470-d1f9-4a51-a8ce-e568d7614a27 req-d232b3af-cf7c-49b8-9467-d7beafe21229 tempest-NetworksTest-745615699 tempest-NetworksTest-745615699-project-admin] Attributes excluded by policy engine: ['standard_attr_id', 'vlan_transparent'] {{(pid=94623) _exclude_attributes_by_policy /opt/stack/neutron/neutron/pecan_wsgi/hooks/policy_enforcement.py:255}}
Aug 27 11:58:34.407271 n-d-688802-4 neutron-server[94623]: INFO neutron.wsgi [req-7b324470-d1f9-4a51-a8ce-e568d7614a27 req-d232b3af-cf7c-49b8-9467-d7beafe21229 tempest-NetworksTest-745615699 tempest-NetworksTest-745615699-project-admin] 10.222.0.76 "GET /v2.0/networks HTTP/1.1" status: 200 len: 2917 time: 1.1855657
Aug 27 11:58:34.485890 n-d-688802-4 neutron-server[94625]: DEBUG neutron.plugins.ml2.db [None req-b314463b-896b-4864-808b-f05c70aaa028 None None] For port d358133d-d64f-458a-8d32-afa98a57bba8, host n-d-688802-4, cleared binding levels {{(pid=94625) clear_binding_levels /opt/stack/neutron/neutron/plugins/ml2/db.py:87}}
Aug 27 11:58:34.490781 n-d-688802-4 neutron-server[94625]: DEBUG neutron.plugins.ml2.db [None req-b314463b-896b-4864-808b-f05c70aaa028 None None] For port d358133d-d64f-458a-8d32-afa98a57bba8, host n-d-688802-4, set binding levels [PortBindingLevel(driver='openvswitch',host='n-d-688802-4',level=0,port_id=d358133d-d64f-458a-8d32-afa98a57bba8,segment=NetworkSegment(bcda0eb4-5087-41b1-82d8-02aca890f593),segment_id=bcda0eb4-5087-41b1-82d8-02aca890f593)] {{(pid=94625) set_binding_levels /opt/stack/neutron/neutron/plugins/ml2/db.py:59}}
Aug 27 11:58:34.496802 n-d-688802-4 neutron-server[94625]: DEBUG neutron_lib.callbacks.manager [None req-b314463b-896b-4864-808b-f05c70aaa028 None None] Notify callbacks ['neutron.plugins.ml2.plugin.SecurityGroupServerNotifierRpcMixin._notify_sg_on_port_change-7936240', 'neutron.plugins.ml2.ovo_rpc._ObjectChangeHandler.handle_event-399091', 'neutron.api.rpc.agentnotifiers.dhcp_rpc_agent_api.DhcpAgentNotifyAPI._native_event_send_dhcp_notification-630669', 'neutron.db.l3_db.L3RpcNotifierMixin._notify_gateway_port_ip_changed-8749573707569', 'neutron.db.l3_dvrscheduler_db._notify_l3_agent_port_update-8749573250838', 'neutron.db.l3_hascheduler_db._notify_l3_agent_ha_port_update-8749573250856'] for port, after_update {{(pid=94625) _notify_loop /usr/local/lib/python3.8/dist-packages/neutron_lib/callbacks/manager.py:192}}
Aug 27 11:58:34.568967 n-d-688802-4 neutron-server[94625]: DEBUG neutron.api.rpc.handlers.resources_rpc [None req-b314463b-896b-4864-808b-f05c70aaa028 None None] Pushing event updated for resources: {'Port': ['ID=d358133d-d64f-458a-8d32-afa98a57bba8,revision_number=2']} {{(pid=94625) push /opt/stack/neutron/neutron/api/rpc/handlers/resources_rpc.py:237}}
Aug 27 11:58:34.667468 n-d-688802-4 neutron-server[94623]: DEBUG neutron_lib.callbacks.manager [None req-f10376f2-566a-445d-80b3-a812a82d6651 admin admin] Notify callbacks [] for router_gateway, before_create {{(pid=94623) _notify_loop /usr/local/lib/python3.8/dist-packages/neutron_lib/callbacks/manager.py:192}}
Aug 27 11:58:34.700453 n-d-688802-4 neutron-server[94623]: DEBUG neutron_lib.callbacks.manager [None req-f10376f2-566a-445d-80b3-a812a82d6651 admin admin] Notify callbacks ['neutron.plugins.ml2.plugin.SecurityGroupDbMixin._ensure_default_security_group_handler-7936191'] for port, before_create {{(pid=94623) _notify_loop /usr/local/lib/python3.8/dist-packages/neutron_lib/callbacks/manager.py:192}}
Aug 27 11:58:34.789492 n-d-688802-4 neutron-server[94623]: DEBUG neutron.pecan_wsgi.hooks.policy_enforcement [req-fb1ca99a-14ee-4a91-ba51-b2de9c3ecb65 req-0decc594-fb3c-4626-91e6-813a9fb70973 tempest-NetworksTest-745615699 tempest-NetworksTest-745615699-project-admin] Attributes excluded by policy engine: ['standard_attr_id', 'vlan_transparent'] {{(pid=94623) _exclude_attributes_by_policy /opt/stack/neutron/neutron/pecan_wsgi/hooks/policy_enforcement.py:255}}
Aug 27 11:58:34.791809 n-d-688802-4 neutron-server[94623]: INFO neutron.wsgi [req-fb1ca99a-14ee-4a91-ba51-b2de9c3ecb65 req-0decc594-fb3c-4626-91e6-813a9fb70973 tempest-NetworksTest-745615699 tempest-NetworksTest-745615699-project-admin] 10.222.0.76 "GET /v2.0/networks/7ca5bc7e-01ed-47f7-8f0d-c22a0f9e3029 HTTP/1.1" status: 200 len: 886 time: 0.2923808
Aug 27 11:58:35.061085 n-d-688802-4 neutron-server[94623]: DEBUG neutron.db.db_base_plugin_common [None req-f10376f2-566a-445d-80b3-a812a82d6651 admin admin] Allocated IP 172.25.8.69 (7ca5bc7e-01ed-47f7-8f0d-c22a0f9e3029/ca3f34cc-6c59-4275-bfee-2b7c8083a4e4/7bfb6eeb-0fa9-40ad-9506-ae1327d84e65) {{(pid=94623) _store_ip_allocation /opt/stack/neutron/neutron/db/db_base_plugin_common.py:131}}
Aug 27 11:58:35.247148 n-d-688802-4 neutron-server[94623]: DEBUG neutron.pecan_wsgi.hooks.policy_enforcement [req-19217bfb-05fb-4fc4-afb4-845fdee764cc req-a1b36af3-3345-44f4-830f-4e76b065aad5 tempest-NetworksTest-745615699 tempest-NetworksTest-745615699-project-admin] Attributes excluded by policy engine: ['standard_attr_id', 'vlan_transparent'] {{(pid=94623) _exclude_attributes_by_policy /opt/stack/neutron/neutron/pecan_wsgi/hooks/policy_enforcement.py:255}}
Aug 27 11:58:35.247835 n-d-688802-4 neutron-server[94623]: DEBUG neutron.pecan_wsgi.hooks.policy_enforcement [req-19217bfb-05fb-4fc4-afb4-845fdee764cc req-a1b36af3-3345-44f4-830f-4e76b065aad5 tempest-NetworksTest-745615699 tempest-NetworksTest-745615699-project-admin] Attributes excluded by policy engine: ['standard_attr_id', 'vlan_transparent'] {{(pid=94623) _exclude_attributes_by_policy /opt/stack/neutron/neutron/pecan_wsgi/hooks/policy_enforcement.py:255}}
Aug 27 11:58:35.248309 n-d-688802-4 neutron-server[94623]: DEBUG neutron.pecan_wsgi.hooks.policy_enforcement [req-19217bfb-05fb-4fc4-afb4-845fdee764cc req-a1b36af3-3345-44f4-830f-4e76b065aad5 tempest-NetworksTest-745615699 tempest-NetworksTest-745615699-project-admin] Attributes excluded by policy engine: ['standard_attr_id', 'vlan_transparent'] {{(pid=94623) _exclude_attributes_by_policy /opt/stack/neutron/neutron/pecan_wsgi/hooks/policy_enforcement.py:255}}
Aug 27 11:58:35.248779 n-d-688802-4 neutron-server[94623]: DEBUG neutron.pecan_wsgi.hooks.policy_enforcement [req-19217bfb-05fb-4fc4-afb4-845fdee764cc req-a1b36af3-3345-44f4-830f-4e76b065aad5 tempest-NetworksTest-745615699 tempest-NetworksTest-745615699-project-admin] Attributes excluded by policy engine: ['standard_attr_id', 'vlan_transparent'] {{(pid=94623) _exclude_attributes_by_policy /opt/stack/neutron/neutron/pecan_wsgi/hooks/policy_enforcement.py:255}}
Aug 27 11:58:35.252837 n-d-688802-4 neutron-server[94623]: INFO neutron.wsgi [req-19217bfb-05fb-4fc4-afb4-845fdee764cc req-a1b36af3-3345-44f4-830f-4e76b065aad5 tempest-NetworksTest-745615699 tempest-NetworksTest-745615699-project-admin] 10.222.0.76 "GET /v2.0/networks HTTP/1.1" status: 200 len: 2917 time: 0.2780304
Aug 27 11:58:35.329707 n-d-688802-4 neutron-server[94623]: DEBUG neutron_lib.callbacks.manager [None req-f10376f2-566a-445d-80b3-a812a82d6651 admin admin] Notify callbacks [] for port, precommit_create {{(pid=94623) _notify_loop /usr/local/lib/python3.8/dist-packages/neutron_lib/callbacks/manager.py:192}}
Aug 27 11:58:35.461770 n-d-688802-4 neutron-server[94623]: DEBUG neutron_lib.callbacks.manager [None req-f10376f2-566a-445d-80b3-a812a82d6651 admin admin] Notify callbacks ['neutron.plugins.ml2.plugin.SecurityGroupServerNotifierRpcMixin._notify_sg_on_port_change-7936240', 'neutron.plugins.ml2.ovo_rpc._ObjectChangeHandler.handle_event-399091', 'neutron.api.rpc.agentnotifiers.dhcp_rpc_agent_api.DhcpAgentNotifyAPI._native_event_send_dhcp_notification-630669', 'neutron.db.l3_dvrscheduler_db._notify_l3_agent_new_port-8749573250820', 'neutron.services.segments.plugin.NovaSegmentNotifier._notify_port_created_or_deleted-3453020'] for port, after_create {{(pid=94623) _notify_loop /usr/local/lib/python3.8/dist-packages/neutron_lib/callbacks/manager.py:192}}
Aug 27 11:58:35.561513 n-d-688802-4 neutron-server[94623]: DEBUG neutron.scheduler.dhcp_agent_scheduler [None req-f10376f2-566a-445d-80b3-a812a82d6651 admin admin] Network 7ca5bc7e-01ed-47f7-8f0d-c22a0f9e3029 is already hosted by enough agents. {{(pid=94623) _get_dhcp_agents_hosting_network /opt/stack/neutron/neutron/scheduler/dhcp_agent_scheduler.py:275}}
Aug 27 11:58:35.565579 n-d-688802-4 neutron-server[94623]: DEBUG neutron.scheduler.base_scheduler [None req-f10376f2-566a-445d-80b3-a812a82d6651 admin admin] Resources bound (agent type, host, resource id): {{(pid=94623) schedule /opt/stack/neutron/neutron/scheduler/base_scheduler.py:57}}
Aug 27 11:58:35.613789 n-d-688802-4 neutron-server[94625]: DEBUG neutron.plugins.ml2.rpc [None req-fa3ab987-f003-466d-8257-eb0815fa6b0a None None] Device d358133d-d64f-458a-8d32-afa98a57bba8 up at agent ovs-agent-n-d-688802-4 {{(pid=94625) update_device_up /opt/stack/neutron/neutron/plugins/ml2/rpc.py:296}}
Aug 27 11:58:35.643068 n-d-688802-4 neutron-server[94623]: DEBUG neutron.db.l3_dvrscheduler_db [None req-f10376f2-566a-445d-80b3-a812a82d6651 admin admin] Received port after_create {{(pid=94623) _notify_l3_agent_new_port /opt/stack/neutron/neutron/db/l3_dvrscheduler_db.py:535}}
Aug 27 11:58:35.695387 n-d-688802-4 neutron-server[94623]: INFO neutron.wsgi [req-eaa50381-207d-4ae4-91c8-3594ee0d26c7 req-162e1aa7-f588-4e60-a959-0572d174a009 tempest-AggregatesAdminTestJSON-245999718 tempest-AggregatesAdminTestJSON-245999718-project] 10.222.0.76 "GET /v2.0/ports?device_id=180eb446-0185-4514-88c6-75804e7de026 HTTP/1.1" status: 200 len: 210 time: 0.1695907
Aug 27 11:58:35.730589 n-d-688802-4 neutron-server[94625]: DEBUG neutron.db.provisioning_blocks [None req-fa3ab987-f003-466d-8257-eb0815fa6b0a None None] Provisioning for port d358133d-d64f-458a-8d32-afa98a57bba8 completed by entity L2. {{(pid=94625) provisioning_complete /opt/stack/neutron/neutron/db/provisioning_blocks.py:133}}
Aug 27 11:58:35.733477 n-d-688802-4 neutron-server[94623]: DEBUG neutron.api.rpc.handlers.resources_rpc [None req-f10376f2-566a-445d-80b3-a812a82d6651 admin admin] Pushing event updated for resources: {'Port': ['ID=7bfb6eeb-0fa9-40ad-9506-ae1327d84e65,revision_number=1']} {{(pid=94623) push /opt/stack/neutron/neutron/api/rpc/handlers/resources_rpc.py:237}}
Aug 27 11:58:36.232304 n-d-688802-4 neutron-server[94623]: DEBUG neutron_lib.callbacks.manager [None req-f10376f2-566a-445d-80b3-a812a82d6651 admin admin] Notify callbacks [] for router_gateway, after_create {{(pid=94623) _notify_loop /usr/local/lib/python3.8/dist-packages/neutron_lib/callbacks/manager.py:192}}
Aug 27 11:58:36.287654 n-d-688802-4 neutron-server[94625]: DEBUG neutron.api.rpc.handlers.dhcp_rpc [None req-a53bd74f-380f-48e6-843e-83142a05b107 None None] Network f7448c16-e86f-486a-940b-967a191f38ba requested from n-d-688802-4 {{(pid=94625) get_network_info /opt/stack/neutron/neutron/api/rpc/handlers/dhcp_rpc.py:218}}
Aug 27 11:58:36.341386 n-d-688802-4 neutron-server[94624]: DEBUG neutron.wsgi [-] (94624) accepted ('10.222.0.76', 60652) {{(pid=94624) server /usr/local/lib/python3.8/dist-packages/eventlet/wsgi.py:982}}
Aug 27 11:58:36.396486 n-d-688802-4 neutron-server[94625]: DEBUG neutron.db.provisioning_blocks [None req-8c5d542c-e181-4f35-895f-1e102cbd8b81 None None] Provisioning for port d358133d-d64f-458a-8d32-afa98a57bba8 completed by entity DHCP. {{(pid=94625) provisioning_complete /opt/stack/neutron/neutron/db/provisioning_blocks.py:133}}
Aug 27 11:58:36.413925 n-d-688802-4 neutron-server[94625]: DEBUG neutron.db.provisioning_blocks [None req-8c5d542c-e181-4f35-895f-1e102cbd8b81 None None] Provisioning complete for port d358133d-d64f-458a-8d32-afa98a57bba8 triggered by entity DHCP. {{(pid=94625) provisioning_complete /opt/stack/neutron/neutron/db/provisioning_blocks.py:139}}
Aug 27 11:58:36.414660 n-d-688802-4 neutron-server[94625]: DEBUG neutron_lib.callbacks.manager [None req-8c5d542c-e181-4f35-895f-1e102cbd8b81 None None] Notify callbacks ['neutron.plugins.ml2.plugin.Ml2Plugin._port_provisioned-8384310'] for port, provisioning_complete {{(pid=94625) _notify_loop /usr/local/lib/python3.8/dist-packages/neutron_lib/callbacks/manager.py:192}}
Aug 27 11:58:36.648157 n-d-688802-4 neutron-server[94624]: DEBUG neutron.wsgi [-] (94624) accepted ('10.222.0.76', 60660) {{(pid=94624) server /usr/local/lib/python3.8/dist-packages/eventlet/wsgi.py:982}}
Aug 27 11:58:36.682506 n-d-688802-4 neutron-server[94625]: DEBUG neutron_lib.callbacks.manager [None req-8c5d542c-e181-4f35-895f-1e102cbd8b81 None None] Notify callbacks ['neutron.plugins.ml2.plugin.SecurityGroupDbMixin._ensure_default_security_group_handler-7936191'] for port, before_update {{(pid=94625) _notify_loop /usr/local/lib/python3.8/dist-packages/neutron_lib/callbacks/manager.py:192}}
Aug 27 11:58:36.688802 n-d-688802-4 neutron-server[94623]: DEBUG neutron_lib.callbacks.manager [None req-f10376f2-566a-445d-80b3-a812a82d6651 admin admin] Notify callbacks ['neutron.services.l3_router.l3_router_plugin.L3_HA_NAT_db_mixin._after_router_create-1013680', 'neutron.services.l3_router.l3_router_plugin.DVRResourceOperationHandler._create_snat_interfaces_after_change-1015614'] for router, after_create {{(pid=94623) _notify_loop /usr/local/lib/python3.8/dist-packages/neutron_lib/callbacks/manager.py:192}}
Aug 27 11:58:36.753883 n-d-688802-4 neutron-server[94625]: DEBUG neutron.plugins.ml2.db [None req-8c5d542c-e181-4f35-895f-1e102cbd8b81 None None] For port d358133d-d64f-458a-8d32-afa98a57bba8, host n-d-688802-4, got binding levels [PortBindingLevel(driver='openvswitch',host='n-d-688802-4',level=0,port_id=d358133d-d64f-458a-8d32-afa98a57bba8,segment=NetworkSegment(bcda0eb4-5087-41b1-82d8-02aca890f593),segment_id=bcda0eb4-5087-41b1-82d8-02aca890f593)] {{(pid=94625) get_binding_level_objs /opt/stack/neutron/neutron/plugins/ml2/db.py:74}}
Aug 27 11:58:36.760500 n-d-688802-4 neutron-server[94625]: DEBUG neutron_lib.callbacks.manager [None req-8c5d542c-e181-4f35-895f-1e102cbd8b81 None None] Notify callbacks ['neutron.plugins.ml2.plugin.SecurityGroupServerNotifierRpcMixin._notify_sg_on_port_change-7936240', 'neutron.plugins.ml2.ovo_rpc._ObjectChangeHandler.handle_event-399091', 'neutron.api.rpc.agentnotifiers.dhcp_rpc_agent_api.DhcpAgentNotifyAPI._native_event_send_dhcp_notification-630669', 'neutron.db.l3_db.L3RpcNotifierMixin._notify_gateway_port_ip_changed-8749573707569', 'neutron.db.l3_dvrscheduler_db._notify_l3_agent_port_update-8749573250838', 'neutron.db.l3_hascheduler_db._notify_l3_agent_ha_port_update-8749573250856'] for port, after_update {{(pid=94625) _notify_loop /usr/local/lib/python3.8/dist-packages/neutron_lib/callbacks/manager.py:192}}
Aug 27 11:58:36.824137 n-d-688802-4 neutron-server[94625]: DEBUG neutron.api.rpc.handlers.resources_rpc [None req-8c5d542c-e181-4f35-895f-1e102cbd8b81 None None] Pushing event updated for resources: {'Port': ['ID=d358133d-d64f-458a-8d32-afa98a57bba8,revision_number=3']} {{(pid=94625) push /opt/stack/neutron/neutron/api/rpc/handlers/resources_rpc.py:237}}
Aug 27 11:58:36.871509 n-d-688802-4 neutron-server[94623]: DEBUG neutron.scheduler.l3_agent_scheduler [None req-f10376f2-566a-445d-80b3-a812a82d6651 admin admin] Router f163c4ce-4498-4934-8b90-2d74c62c39ce is scheduled to L3 agent 37cc7e90-4821-49b0-b063-0ac7203ed5d4 with binding_index 1 {{(pid=94623) bind_router /opt/stack/neutron/neutron/scheduler/l3_agent_scheduler.py:209}}
Aug 27 11:58:36.979762 n-d-688802-4 neutron-server[94623]: INFO neutron.wsgi [req-eaae921b-5796-4ad2-9486-24b4b1311eeb req-48a8c024-6532-464e-b23c-85f9a76b87f9 tempest-AggregatesAdminTestJSON-245999718 tempest-AggregatesAdminTestJSON-245999718-project] 10.222.0.76 "GET /v2.0/ports?device_id=180eb446-0185-4514-88c6-75804e7de026 HTTP/1.1" status: 200 len: 210 time: 0.0516465
Aug 27 11:58:37.044833 n-d-688802-4 neutron-server[94624]: DEBUG neutron_lib.callbacks.manager [None req-ac0ce5b8-5e97-4676-a1ac-587fae680364 admin admin] Notify callbacks [] for security_group, before_create {{(pid=94624) _notify_loop /usr/local/lib/python3.8/dist-packages/neutron_lib/callbacks/manager.py:192}}
Aug 27 11:58:37.066921 n-d-688802-4 neutron-server[94623]: DEBUG neutron.api.rpc.agentnotifiers.l3_rpc_agent_api [None req-f10376f2-566a-445d-80b3-a812a82d6651 admin admin] Notify agent at l3_agent.n-d-688802-4 the message routers_updated {{(pid=94623) _agent_notification /opt/stack/neutron/neutron/api/rpc/agentnotifiers/l3_rpc_agent_api.py:65}}
Aug 27 11:58:37.081882 n-d-688802-4 neutron-server[94626]: DEBUG neutron.api.rpc.handlers.l3_rpc [None req-27736b4f-002c-4ffe-8773-6182ac9263e0 None None] Sync routers for ids ['f163c4ce-4498-4934-8b90-2d74c62c39ce'] in n-d-688802-4 {{(pid=94626) sync_routers /opt/stack/neutron/neutron/api/rpc/handlers/l3_rpc.py:125}}
Aug 27 11:58:37.091094 n-d-688802-4 neutron-server[94623]: DEBUG neutron.wsgi [-] (94623) accepted ('10.222.0.65', 65080) {{(pid=94623) server /usr/local/lib/python3.8/dist-packages/eventlet/wsgi.py:982}}
Aug 27 11:58:37.103421 n-d-688802-4 neutron-server[94626]: DEBUG neutron.db.l3_dvrscheduler_db [None req-27736b4f-002c-4ffe-8773-6182ac9263e0 None None] Routers {'f163c4ce-4498-4934-8b90-2d74c62c39ce'} bound to L3 agent in host n-d-688802-4 {{(pid=94626) _get_router_ids_for_agent /opt/stack/neutron/neutron/db/l3_dvrscheduler_db.py:420}}
Aug 27 11:58:37.104855 n-d-688802-4 neutron-server[94626]: DEBUG neutron.db.l3_hamode_db [None req-27736b4f-002c-4ffe-8773-6182ac9263e0 None None] neutron.services.l3_router.l3_router_plugin.L3RouterPlugin method get_ha_sync_data_for_host called with arguments (, 'n-d-688802-4', Agent(admin_state_up=True,agent_type='L3 agent',availability_zone='nova',binary='neutron-l3-agent',configurations={"agent_mode": "legacy", "ex_gw_ports": 1, "extensions": [], "floating_ips": 0, "handle_internal_only_routers": true, "interface_driver": "openvswitch", "interfaces": 1, "log_agent_heartbeats": false, "routers": 1},created_at=2021-08-27T11:48:21Z,description=,heartbeat_timestamp=2021-08-27T11:58:21Z,host='n-d-688802-4',id=37cc7e90-4821-49b0-b063-0ac7203ed5d4,load=0,resource_versions=,resources_synced=,started_at=2021-08-27T11:48:21Z,topic='l3_agent')) {'router_ids': ['f163c4ce-4498-4934-8b90-2d74c62c39ce'], 'active': True} {{(pid=94626) wrapper /usr/local/lib/python3.8/dist-packages/oslo_log/helpers.py:65}}
Aug 27 11:58:37.128773 n-d-688802-4 neutron-server[94623]: INFO neutron.wsgi [req-ad04c9f3-750f-453b-aab9-92aae12a97ab req-6af4e631-37c9-4a33-b0bf-8ebb5c159781 tempest-AggregatesAdminTestJSON-245999718 tempest-AggregatesAdminTestJSON-245999718-project] 10.222.0.65 "GET /v2.0/networks?tenant_id=639db4712431468a932712b82dd9c94e&shared=False HTTP/1.1" status: 200 len: 213 time: 0.0357342
Aug 27 11:58:37.130620 n-d-688802-4 neutron-server[94623]: DEBUG neutron_lib.callbacks.manager [None req-f10376f2-566a-445d-80b3-a812a82d6651 admin admin] Notify callbacks [] for router, before_response {{(pid=94623) _notify_loop /usr/local/lib/python3.8/dist-packages/neutron_lib/callbacks/manager.py:192}}
Aug 27 11:58:37.133003 n-d-688802-4 neutron-server[94623]: INFO neutron.wsgi [None req-f10376f2-566a-445d-80b3-a812a82d6651 admin admin] 10.222.0.76 "POST /v2.0/routers HTTP/1.1" status: 201 len: 934 time: 3.6572719
Aug 27 11:58:37.136417 n-d-688802-4 neutron-server[94624]: DEBUG neutron.wsgi [-] (94624) accepted ('10.222.0.76', 60672) {{(pid=94624) server /usr/local/lib/python3.8/dist-packages/eventlet/wsgi.py:982}}
Aug 27 11:58:37.194099 n-d-688802-4 neutron-server[94625]: DEBUG neutron.db.provisioning_blocks [None req-8841bb89-886f-4d45-b749-811bb3c055ee None None] Provisioning complete for port d358133d-d64f-458a-8d32-afa98a57bba8 triggered by entity DHCP. {{(pid=94625) provisioning_complete /opt/stack/neutron/neutron/db/provisioning_blocks.py:139}}
Aug 27 11:58:37.197209 n-d-688802-4 neutron-server[94625]: DEBUG neutron_lib.callbacks.manager [None req-8841bb89-886f-4d45-b749-811bb3c055ee None None] Notify callbacks ['neutron.plugins.ml2.plugin.Ml2Plugin._port_provisioned-8384310'] for port, provisioning_complete {{(pid=94625) _notify_loop /usr/local/lib/python3.8/dist-packages/neutron_lib/callbacks/manager.py:192}}
Aug 27 11:58:37.228302 n-d-688802-4 neutron-server[94624]: DEBUG neutron_lib.callbacks.manager [None req-1e2532bc-a549-41ed-9432-8341e03c5ab0 admin admin] Notify callbacks [] for security_group, before_create {{(pid=94624) _notify_loop /usr/local/lib/python3.8/dist-packages/neutron_lib/callbacks/manager.py:192}}
Aug 27 11:58:37.360136 n-d-688802-4 neutron-server[94626]: DEBUG neutron.db.l3_dvr_db [None req-27736b4f-002c-4ffe-8773-6182ac9263e0 None None] Set router f163c4ce-4498-4934-8b90-2d74c62c39ce gateway port host: n-d-688802-4 {{(pid=94626) _build_routers_list /opt/stack/neutron/neutron/db/l3_dvr_db.py:906}}
Aug 27 11:58:37.515006 n-d-688802-4 neutron-server[94625]: DEBUG neutron.plugins.ml2.rpc [None req-fa3ab987-f003-466d-8257-eb0815fa6b0a None None] Device d358133d-d64f-458a-8d32-afa98a57bba8 up at agent ovs-agent-n-d-688802-4 {{(pid=94625) update_device_up /opt/stack/neutron/neutron/plugins/ml2/rpc.py:296}}
Aug 27 11:58:37.536097 n-d-688802-4 neutron-server[94623]: DEBUG neutron.pecan_wsgi.hooks.policy_enforcement [req-ad04c9f3-750f-453b-aab9-92aae12a97ab req-ff563e11-25e3-4beb-9c50-f0b44dbdfd68 tempest-AggregatesAdminTestJSON-245999718 tempest-AggregatesAdminTestJSON-245999718-project] Attributes excluded by policy engine: ['standard_attr_id', 'vlan_transparent', 'provider:network_type', 'provider:physical_network', 'provider:segmentation_id'] {{(pid=94623) _exclude_attributes_by_policy /opt/stack/neutron/neutron/pecan_wsgi/hooks/policy_enforcement.py:255}}
Aug 27 11:58:37.538194 n-d-688802-4 neutron-server[94623]: INFO neutron.wsgi [req-ad04c9f3-750f-453b-aab9-92aae12a97ab req-ff563e11-25e3-4beb-9c50-f0b44dbdfd68 tempest-AggregatesAdminTestJSON-245999718 tempest-AggregatesAdminTestJSON-245999718-project] 10.222.0.65 "GET /v2.0/networks?shared=True HTTP/1.1" status: 200 len: 769 time: 0.4033914
Aug 27 11:58:37.636903 n-d-688802-4 neutron-server[94624]: DEBUG neutron_lib.callbacks.manager [None req-ac0ce5b8-5e97-4676-a1ac-587fae680364 admin admin] Notify callbacks [] for security_group, precommit_create {{(pid=94624) _notify_loop /usr/local/lib/python3.8/dist-packages/neutron_lib/callbacks/manager.py:192}}
Aug 27 11:58:37.642919 n-d-688802-4 neutron-server[94623]: DEBUG neutron.api.v2.base [req-ad04c9f3-750f-453b-aab9-92aae12a97ab req-21d7edb1-81db-4bf9-9c5b-e0a6cdecb2b1 tempest-AggregatesAdminTestJSON-245999718 tempest-AggregatesAdminTestJSON-245999718-project] Request body: {'port': {'device_id': '180eb446-0185-4514-88c6-75804e7de026', 'network_id': 'b6bbebbb-f749-4e54-8879-430c48a23e8e', 'admin_state_up': True, 'tenant_id': '639db4712431468a932712b82dd9c94e'}} {{(pid=94623) prepare_request_body /opt/stack/neutron/neutron/api/v2/base.py:730}}
Aug 27 11:58:37.676386 n-d-688802-4 neutron-server[94625]: DEBUG neutron.db.provisioning_blocks [None req-fa3ab987-f003-466d-8257-eb0815fa6b0a None None] Provisioning complete for port d358133d-d64f-458a-8d32-afa98a57bba8 triggered by entity L2. {{(pid=94625) provisioning_complete /opt/stack/neutron/neutron/db/provisioning_blocks.py:139}}
Aug 27 11:58:37.681831 n-d-688802-4 neutron-server[94625]: DEBUG neutron_lib.callbacks.manager [None req-fa3ab987-f003-466d-8257-eb0815fa6b0a None None] Notify callbacks ['neutron.plugins.ml2.plugin.Ml2Plugin._port_provisioned-8384310'] for port, provisioning_complete {{(pid=94625) _notify_loop /usr/local/lib/python3.8/dist-packages/neutron_lib/callbacks/manager.py:192}}
Aug 27 11:58:37.726807 n-d-688802-4 neutron-server[94624]: DEBUG neutron_lib.callbacks.manager [None req-ac0ce5b8-5e97-4676-a1ac-587fae680364 admin admin] Notify callbacks ['neutron.plugins.ml2.ovo_rpc._ObjectChangeHandler.handle_event-632545'] for security_group, after_create {{(pid=94624) _notify_loop /usr/local/lib/python3.8/dist-packages/neutron_lib/callbacks/manager.py:192}}
Aug 27 11:58:37.767938 n-d-688802-4 neutron-server[94626]: DEBUG neutron.db.l3_hamode_db [None req-27736b4f-002c-4ffe-8773-6182ac9263e0 None None] neutron.services.l3_router.l3_router_plugin.L3RouterPlugin method _process_sync_ha_data called with arguments (, [{'id': 'f163c4ce-4498-4934-8b90-2d74c62c39ce', 'name': 'tempest-ServersWithSpecificFlavorTestJSON-675068456-router', 'tenant_id': '3b34dbfb1a124b82ab838b1219014f29', 'admin_state_up': True, 'status': 'ACTIVE', 'external_gateway_info': {'network_id': '7ca5bc7e-01ed-47f7-8f0d-c22a0f9e3029', 'external_fixed_ips': [{'subnet_id': 'ca3f34cc-6c59-4275-bfee-2b7c8083a4e4', 'ip_address': '172.25.8.69'}], 'enable_snat': True}, 'gw_port_id': '7bfb6eeb-0fa9-40ad-9506-ae1327d84e65', 'description': '', 'availability_zones': ['nova'], 'distributed': False, 'ha': False, 'ha_vr_id': 0, 'availability_zone_hints': [], 'routes': [], 'flavor_id': None, 'tags': [], 'created_at': '2021-08-27T11:58:33Z', 'updated_at': '2021-08-27T11:58:35Z', 'revision_number': 3, 'project_id': '3b34dbfb1a124b82ab838b1219014f29', 'gw_port': {'id': '7bfb6eeb-0fa9-40ad-9506-ae1327d84e65', 'name': '', 'network_id': '7ca5bc7e-01ed-47f7-8f0d-c22a0f9e3029', 'tenant_id': '', 'mac_address': 'fa:16:3e:5f:16:8c', 'admin_state_up': True, 'status': 'DOWN', 'device_id': 'f163c4ce-4498-4934-8b90-2d74c62c39ce', 'device_owner': 'network:router_gateway', 'standard_attr_id': 102, 'fixed_ips': [{'subnet_id': 'ca3f34cc-6c59-4275-bfee-2b7c8083a4e4', 'ip_address': '172.25.8.69', 'prefixlen': 24}], 'allowed_address_pairs': [], 'extra_dhcp_opts': [], 'security_groups': [], 'description': '', 'binding:vnic_type': 'normal', 'binding:profile': {}, 'binding:host_id': '', 'binding:vif_type': 'unbound', 'binding:vif_details': {}, 'port_security_enabled': False, 'tags': [], 'created_at': '2021-08-27T11:58:34Z', 'updated_at': '2021-08-27T11:58:35Z', 'revision_number': 1, 'project_id': '', 'subnets': [{'id': 'ca3f34cc-6c59-4275-bfee-2b7c8083a4e4', 'cidr': '172.25.8.0/24', 'gateway_ip': '172.25.8.1', 'dns_nameservers': [], 'ipv6_ra_mode': None, 'subnetpool_id': None}], 'extra_subnets': [], 'address_scopes': {4: None, 6: None}, 'mtu': 1500}, 'enable_snat': True, 'gw_port_host': 'n-d-688802-4'}], 'n-d-688802-4', False) {} {{(pid=94626) wrapper /usr/local/lib/python3.8/dist-packages/oslo_log/helpers.py:65}}
Aug 27 11:58:37.837833 n-d-688802-4 neutron-server[94626]: DEBUG neutron.api.rpc.handlers.l3_rpc [None req-27736b4f-002c-4ffe-8773-6182ac9263e0 None None] Checking router: f163c4ce-4498-4934-8b90-2d74c62c39ce for host: n-d-688802-4 {{(pid=94626) _ensure_host_set_on_ports /opt/stack/neutron/neutron/api/rpc/handlers/l3_rpc.py:155}}
Aug 27 11:58:37.839036 n-d-688802-4 neutron-server[94626]: DEBUG neutron.api.rpc.handlers.l3_rpc [None req-27736b4f-002c-4ffe-8773-6182ac9263e0 None None] Updating router f163c4ce-4498-4934-8b90-2d74c62c39ce port 7bfb6eeb-0fa9-40ad-9506-ae1327d84e65 binding host n-d-688802-4 {{(pid=94626) _ensure_host_set_on_port /opt/stack/neutron/neutron/api/rpc/handlers/l3_rpc.py:205}}
Aug 27 11:58:37.880870 n-d-688802-4 neutron-server[94626]: DEBUG neutron_lib.callbacks.manager [None req-27736b4f-002c-4ffe-8773-6182ac9263e0 None None] Notify callbacks ['neutron.plugins.ml2.plugin.SecurityGroupDbMixin._ensure_default_security_group_handler-7936191'] for port, before_update {{(pid=94626) _notify_loop /usr/local/lib/python3.8/dist-packages/neutron_lib/callbacks/manager.py:192}}
Aug 27 11:58:37.891677 n-d-688802-4 neutron-server[94624]: DEBUG neutron.api.rpc.handlers.resources_rpc [None req-ac0ce5b8-5e97-4676-a1ac-587fae680364 admin admin] Pushing event updated for resources: {'SecurityGroup': ['ID=158b2305-3e5c-47d6-9d67-290ad4e5a059,revision_number=1']} {{(pid=94624) push /opt/stack/neutron/neutron/api/rpc/handlers/resources_rpc.py:237}}
Aug 27 11:58:37.946202 n-d-688802-4 neutron-server[94625]: DEBUG neutron_lib.callbacks.manager [None req-c160039b-caa2-42ba-baab-15bdda18c70a None None] Notify callbacks ['neutron.services.segments.db._update_segment_host_mapping_for_agent-8749573732316', 'neutron.plugins.ml2.plugin.Ml2Plugin._retry_binding_revived_agents-8384389'] for agent, after_update {{(pid=94625) _notify_loop /usr/local/lib/python3.8/dist-packages/neutron_lib/callbacks/manager.py:192}}
Aug 27 11:58:37.962586 n-d-688802-4 neutron-server[94624]: INFO neutron.wsgi [None req-ac0ce5b8-5e97-4676-a1ac-587fae680364 admin admin] 10.222.0.76 "GET /v2.0/security-groups?tenant_id=57ba8f58184043b18acf5250019872e7&name=default HTTP/1.1" status: 200 len: 2979 time: 1.6192269
Aug 27 11:58:37.967340 n-d-688802-4 neutron-server[94623]: DEBUG neutron.wsgi [-] (94623) accepted ('10.222.0.76', 60706) {{(pid=94623) server /usr/local/lib/python3.8/dist-packages/eventlet/wsgi.py:982}}
Aug 27 11:58:38.186198 n-d-688802-4 neutron-server[94623]: DEBUG neutron_lib.callbacks.manager [None req-476d175a-2af2-4c27-bc25-3383ccc9fb94 admin admin] Notify callbacks [] for security_group, before_delete {{(pid=94623) _notify_loop /usr/local/lib/python3.8/dist-packages/neutron_lib/callbacks/manager.py:192}}
Aug 27 11:58:38.219307 n-d-688802-4 neutron-server[94623]: DEBUG neutron_lib.callbacks.manager [None req-476d175a-2af2-4c27-bc25-3383ccc9fb94 admin admin] Notify callbacks [] for security_group, precommit_delete {{(pid=94623) _notify_loop /usr/local/lib/python3.8/dist-packages/neutron_lib/callbacks/manager.py:192}}
Aug 27 11:58:38.238314 n-d-688802-4 neutron-server[94624]: DEBUG neutron_lib.callbacks.manager [None req-1e2532bc-a549-41ed-9432-8341e03c5ab0 admin admin] Notify callbacks [] for security_group, precommit_create {{(pid=94624) _notify_loop /usr/local/lib/python3.8/dist-packages/neutron_lib/callbacks/manager.py:192}}
Aug 27 11:58:38.249397 n-d-688802-4 neutron-server[94624]: DEBUG neutron_lib.callbacks.manager [None req-1e2532bc-a549-41ed-9432-8341e03c5ab0 admin admin] Notify callbacks ['neutron.plugins.ml2.ovo_rpc._ObjectChangeHandler.handle_event-632545'] for security_group, after_create {{(pid=94624) _notify_loop /usr/local/lib/python3.8/dist-packages/neutron_lib/callbacks/manager.py:192}}
Aug 27 11:58:38.315156 n-d-688802-4 neutron-server[94624]: INFO neutron.wsgi [None req-1e2532bc-a549-41ed-9432-8341e03c5ab0 admin admin] 10.222.0.76 "GET /v2.0/security-groups?tenant_id=ae20c9f302374e14b84f29455ab2d9a3&name=default HTTP/1.1" status: 200 len: 2979 time: 1.6659842
Aug 27 11:58:38.316545 n-d-688802-4 neutron-server[94623]: DEBUG neutron.wsgi [-] (94623) accepted ('10.222.0.76', 60722) {{(pid=94623) server /usr/local/lib/python3.8/dist-packages/eventlet/wsgi.py:982}}
Aug 27 11:58:38.355066 n-d-688802-4 neutron-server[94623]: DEBUG neutron.pecan_wsgi.hooks.quota_enforcement [req-ad04c9f3-750f-453b-aab9-92aae12a97ab req-21d7edb1-81db-4bf9-9c5b-e0a6cdecb2b1 tempest-AggregatesAdminTestJSON-245999718 tempest-AggregatesAdminTestJSON-245999718-project] Made reservation on behalf of 639db4712431468a932712b82dd9c94e for: {'port': 1} {{(pid=94623) before /opt/stack/neutron/neutron/pecan_wsgi/hooks/quota_enforcement.py:53}}
Aug 27 11:58:38.368779 n-d-688802-4 neutron-server[94624]: DEBUG neutron.api.rpc.handlers.resources_rpc [None req-1e2532bc-a549-41ed-9432-8341e03c5ab0 admin admin] Pushing event updated for resources: {'SecurityGroup': ['ID=2557bf49-41a2-4f57-bfcd-24d334cc2f32,revision_number=1']} {{(pid=94624) push /opt/stack/neutron/neutron/api/rpc/handlers/resources_rpc.py:237}}
Aug 27 11:58:38.377779 n-d-688802-4 neutron-server[94623]: DEBUG neutron_lib.callbacks.manager [req-ad04c9f3-750f-453b-aab9-92aae12a97ab req-21d7edb1-81db-4bf9-9c5b-e0a6cdecb2b1 tempest-AggregatesAdminTestJSON-245999718 tempest-AggregatesAdminTestJSON-245999718-project] Notify callbacks ['neutron.plugins.ml2.plugin.SecurityGroupDbMixin._ensure_default_security_group_handler-7936191'] for port, before_create {{(pid=94623) _notify_loop /usr/local/lib/python3.8/dist-packages/neutron_lib/callbacks/manager.py:192}}
Aug 27 11:58:38.404754 n-d-688802-4 neutron-server[94624]: DEBUG neutron_lib.callbacks.manager [None req-fc8c046c-8aa8-4fd6-bee6-5e3284f529a8 admin admin] Notify callbacks ['neutron.plugins.ml2.plugin.SecurityGroupDbMixin._ensure_default_security_group_handler-7936191'] for port, before_create {{(pid=94624) _notify_loop /usr/local/lib/python3.8/dist-packages/neutron_lib/callbacks/manager.py:192}}
Aug 27 11:58:38.420495 n-d-688802-4 neutron-server[94623]: DEBUG neutron_lib.callbacks.manager [None req-476d175a-2af2-4c27-bc25-3383ccc9fb94 admin admin] Notify callbacks ['neutron.plugins.ml2.ovo_rpc._ObjectChangeHandler.handle_event-632545'] for security_group, after_delete {{(pid=94623) _notify_loop /usr/local/lib/python3.8/dist-packages/neutron_lib/callbacks/manager.py:192}}
Aug 27 11:58:38.433938 n-d-688802-4 neutron-server[94623]: DEBUG neutron_lib.callbacks.manager [None req-476d175a-2af2-4c27-bc25-3383ccc9fb94 admin admin] Notify callbacks [] for security_group, before_response {{(pid=94623) _notify_loop /usr/local/lib/python3.8/dist-packages/neutron_lib/callbacks/manager.py:192}}
Aug 27 11:58:38.435828 n-d-688802-4 neutron-server[94623]: INFO neutron.wsgi [None req-476d175a-2af2-4c27-bc25-3383ccc9fb94 admin admin] 10.222.0.76 "DELETE /v2.0/security-groups/158b2305-3e5c-47d6-9d67-290ad4e5a059 HTTP/1.1" status: 204 len: 168 time: 0.4662509
Aug 27 11:58:38.461882 n-d-688802-4 neutron-server[94623]: DEBUG neutron_lib.callbacks.manager [req-ad04c9f3-750f-453b-aab9-92aae12a97ab req-21d7edb1-81db-4bf9-9c5b-e0a6cdecb2b1 tempest-AggregatesAdminTestJSON-245999718 tempest-AggregatesAdminTestJSON-245999718-project] Notify callbacks [] for security_group, before_create {{(pid=94623) _notify_loop /usr/local/lib/python3.8/dist-packages/neutron_lib/callbacks/manager.py:192}}
Aug 27 11:58:38.524740 n-d-688802-4 neutron-server[94623]: INFO neutron.wsgi [req-9d390d6e-56b4-4cee-978d-ee3c40503d33 req-08995387-676b-47e8-b384-df000376967c tempest-AggregatesAdminTestJSON-245999718 tempest-AggregatesAdminTestJSON-245999718-project] 10.222.0.76 "GET /v2.0/ports?device_id=180eb446-0185-4514-88c6-75804e7de026 HTTP/1.1" status: 200 len: 210 time: 0.1244838
Aug 27 11:58:38.559457 n-d-688802-4 neutron-server[94623]: DEBUG neutron.api.rpc.handlers.resources_rpc [None req-476d175a-2af2-4c27-bc25-3383ccc9fb94 admin admin] Pushing event deleted for resources: {'SecurityGroup': ['ID=158b2305-3e5c-47d6-9d67-290ad4e5a059,revision_number=None']} {{(pid=94623) push /opt/stack/neutron/neutron/api/rpc/handlers/resources_rpc.py:237}}
Aug 27 11:58:38.583288 n-d-688802-4 neutron-server[94626]: DEBUG neutron_lib.callbacks.manager [None req-27736b4f-002c-4ffe-8773-6182ac9263e0 None None] Notify callbacks [] for port, precommit_update {{(pid=94626) _notify_loop /usr/local/lib/python3.8/dist-packages/neutron_lib/callbacks/manager.py:192}}
Aug 27 11:58:38.605203 n-d-688802-4 neutron-server[94623]: DEBUG neutron_lib.callbacks.manager [None req-c1f2fd16-e718-47f0-8aea-4527fc93d649 admin admin] Notify callbacks [] for security_group, before_delete {{(pid=94623) _notify_loop /usr/local/lib/python3.8/dist-packages/neutron_lib/callbacks/manager.py:192}}
Aug 27 11:58:38.611714 n-d-688802-4 neutron-server[94626]: DEBUG neutron.db.provisioning_blocks [None req-27736b4f-002c-4ffe-8773-6182ac9263e0 None None] Transition to ACTIVE for port object 7bfb6eeb-0fa9-40ad-9506-ae1327d84e65 will not be triggered until provisioned by entity L2. {{(pid=94626) add_provisioning_component /opt/stack/neutron/neutron/db/provisioning_blocks.py:73}}
Aug 27 11:58:38.627363 n-d-688802-4 neutron-server[94626]: DEBUG neutron_lib.callbacks.manager [None req-27736b4f-002c-4ffe-8773-6182ac9263e0 None None] Notify callbacks ['neutron.plugins.ml2.plugin.SecurityGroupServerNotifierRpcMixin._notify_sg_on_port_change-7936240', 'neutron.plugins.ml2.ovo_rpc._ObjectChangeHandler.handle_event-399091', 'neutron.api.rpc.agentnotifiers.dhcp_rpc_agent_api.DhcpAgentNotifyAPI._native_event_send_dhcp_notification-630669', 'neutron.db.l3_db.L3RpcNotifierMixin._notify_gateway_port_ip_changed-8749573707569', 'neutron.db.l3_dvrscheduler_db._notify_l3_agent_port_update-8749573250838', 'neutron.db.l3_hascheduler_db._notify_l3_agent_ha_port_update-8749573250856'] for port, after_update {{(pid=94626) _notify_loop /usr/local/lib/python3.8/dist-packages/neutron_lib/callbacks/manager.py:192}}
Aug 27 11:58:38.632610 n-d-688802-4 neutron-server[94623]: DEBUG neutron_lib.callbacks.manager [None req-c1f2fd16-e718-47f0-8aea-4527fc93d649 admin admin] Notify callbacks [] for security_group, precommit_delete {{(pid=94623) _notify_loop /usr/local/lib/python3.8/dist-packages/neutron_lib/callbacks/manager.py:192}}
Aug 27 11:58:38.695094 n-d-688802-4 neutron-server[94626]: DEBUG neutron.plugins.ml2.managers [None req-27736b4f-002c-4ffe-8773-6182ac9263e0 None None] Attempting to bind port 7bfb6eeb-0fa9-40ad-9506-ae1327d84e65 on host n-d-688802-4 for vnic_type normal with profile {{(pid=94626) bind_port /opt/stack/neutron/neutron/plugins/ml2/managers.py:790}}
Aug 27 11:58:38.695474 n-d-688802-4 neutron-server[94626]: DEBUG neutron.plugins.ml2.managers [None req-27736b4f-002c-4ffe-8773-6182ac9263e0 None None] Attempting to bind port 7bfb6eeb-0fa9-40ad-9506-ae1327d84e65 by drivers openvswitch,hyperv on host n-d-688802-4 at level 0 using segments [{'id': '91f172d7-4ae9-4282-bef2-0fabf104d6da', 'network_type': 'flat', 'physical_network': 'physnet1', 'segmentation_id': None, 'network_id': '7ca5bc7e-01ed-47f7-8f0d-c22a0f9e3029'}] {{(pid=94626) _bind_port_level /opt/stack/neutron/neutron/plugins/ml2/managers.py:815}}
Aug 27 11:58:38.695884 n-d-688802-4 neutron-server[94626]: DEBUG neutron.plugins.ml2.drivers.mech_agent [None req-27736b4f-002c-4ffe-8773-6182ac9263e0 None None] Attempting to bind port 7bfb6eeb-0fa9-40ad-9506-ae1327d84e65 on network 7ca5bc7e-01ed-47f7-8f0d-c22a0f9e3029 {{(pid=94626) bind_port /opt/stack/neutron/neutron/plugins/ml2/drivers/mech_agent.py:85}}
Aug 27 11:58:38.706976 n-d-688802-4 neutron-server[94626]: DEBUG neutron.api.rpc.handlers.resources_rpc [None req-12a55052-d147-453d-8b59-003e14dccfc5 None None] Pushing event updated for resources: {'Port': ['ID=7bfb6eeb-0fa9-40ad-9506-ae1327d84e65,revision_number=2']} {{(pid=94626) push /opt/stack/neutron/neutron/api/rpc/handlers/resources_rpc.py:237}}
Aug 27 11:58:38.718160 n-d-688802-4 neutron-server[94626]: DEBUG neutron.api.rpc.callbacks.version_manager [None req-12a55052-d147-453d-8b59-003e14dccfc5 None None] Version for resource type AddressGroup changed None to 1.2 on consumer Open vSwitch agent@n-d-688802-4 {{(pid=94626) _set_version /opt/stack/neutron/neutron/api/rpc/callbacks/version_manager.py:113}}
Aug 27 11:58:38.718786 n-d-688802-4 neutron-server[94626]: DEBUG neutron.api.rpc.callbacks.version_manager [None req-12a55052-d147-453d-8b59-003e14dccfc5 None None] Version for resource type ConntrackHelper changed None to 1.0 on consumer Open vSwitch agent@n-d-688802-4 {{(pid=94626) _set_version /opt/stack/neutron/neutron/api/rpc/callbacks/version_manager.py:113}}
Aug 27 11:58:38.719301 n-d-688802-4 neutron-server[94626]: DEBUG neutron.api.rpc.callbacks.version_manager [None req-12a55052-d147-453d-8b59-003e14dccfc5 None None] Version for resource type Log changed None to 1.0 on consumer Open vSwitch agent@n-d-688802-4 {{(pid=94626) _set_version /opt/stack/neutron/neutron/api/rpc/callbacks/version_manager.py:113}}
Aug 27 11:58:38.719785 n-d-688802-4 neutron-server[94626]: DEBUG neutron.api.rpc.callbacks.version_manager [None req-12a55052-d147-453d-8b59-003e14dccfc5 None None] Version for resource type Network changed None to 1.1 on consumer Open vSwitch agent@n-d-688802-4 {{(pid=94626) _set_version /opt/stack/neutron/neutron/api/rpc/callbacks/version_manager.py:113}}
Aug 27 11:58:38.720350 n-d-688802-4 neutron-server[94626]: DEBUG neutron.api.rpc.callbacks.version_manager [None req-12a55052-d147-453d-8b59-003e14dccfc5 None None] Version for resource type Port changed None to 1.7 on consumer Open vSwitch agent@n-d-688802-4 {{(pid=94626) _set_version /opt/stack/neutron/neutron/api/rpc/callbacks/version_manager.py:113}}
Aug 27 11:58:38.720827 n-d-688802-4 neutron-server[94626]: DEBUG neutron.api.rpc.callbacks.version_manager [None req-12a55052-d147-453d-8b59-003e14dccfc5 None None] Version for resource type PortForwarding changed None to 1.2 on consumer Open vSwitch agent@n-d-688802-4 {{(pid=94626) _set_version /opt/stack/neutron/neutron/api/rpc/callbacks/version_manager.py:113}}
Aug 27 11:58:38.721317 n-d-688802-4 neutron-server[94626]: DEBUG neutron.api.rpc.callbacks.version_manager [None req-12a55052-d147-453d-8b59-003e14dccfc5 None None] Version for resource type QosPolicy changed None to 1.9 on consumer Open vSwitch agent@n-d-688802-4 {{(pid=94626) _set_version /opt/stack/neutron/neutron/api/rpc/callbacks/version_manager.py:113}}
Aug 27 11:58:38.721799 n-d-688802-4 neutron-server[94626]: DEBUG neutron.api.rpc.callbacks.version_manager [None req-12a55052-d147-453d-8b59-003e14dccfc5 None None] Version for resource type SecurityGroup changed None to 1.4 on consumer Open vSwitch agent@n-d-688802-4 {{(pid=94626) _set_version /opt/stack/neutron/neutron/api/rpc/callbacks/version_manager.py:113}}
Aug 27 11:58:38.722681 n-d-688802-4 neutron-server[94626]: DEBUG neutron.api.rpc.callbacks.version_manager [None req-12a55052-d147-453d-8b59-003e14dccfc5 None None] Version for resource type SecurityGroupRule changed None to 1.2 on consumer Open vSwitch agent@n-d-688802-4 {{(pid=94626) _set_version /opt/stack/neutron/neutron/api/rpc/callbacks/version_manager.py:113}}
Aug 27 11:58:38.723273 n-d-688802-4 neutron-server[94626]: DEBUG neutron.api.rpc.callbacks.version_manager [None req-12a55052-d147-453d-8b59-003e14dccfc5 None None] Version for resource type SubPort changed None to 1.0 on consumer Open vSwitch agent@n-d-688802-4 {{(pid=94626) _set_version /opt/stack/neutron/neutron/api/rpc/callbacks/version_manager.py:113}}
Aug 27 11:58:38.723753 n-d-688802-4 neutron-server[94626]: DEBUG neutron.api.rpc.callbacks.version_manager [None req-12a55052-d147-453d-8b59-003e14dccfc5 None None] Version for resource type Subnet changed None to 1.1 on consumer Open vSwitch agent@n-d-688802-4 {{(pid=94626) _set_version /opt/stack/neutron/neutron/api/rpc/callbacks/version_manager.py:113}}
Aug 27 11:58:38.724326 n-d-688802-4 neutron-server[94626]: DEBUG neutron.api.rpc.callbacks.version_manager [None req-12a55052-d147-453d-8b59-003e14dccfc5 None None] Version for resource type Trunk changed None to 1.1 on consumer Open vSwitch agent@n-d-688802-4 {{(pid=94626) _set_version /opt/stack/neutron/neutron/api/rpc/callbacks/version_manager.py:113}}
Aug 27 11:58:38.726882 n-d-688802-4 neutron-server[94626]: DEBUG neutron.api.rpc.callbacks.version_manager [None req-12a55052-d147-453d-8b59-003e14dccfc5 None None] Tracked resource versions report:
Aug 27 11:58:38.726882 n-d-688802-4 neutron-server[94626]: pushed versions:
Aug 27 11:58:38.726882 n-d-688802-4 neutron-server[94626]: { 'AddressGroup': {'1.2'},
Aug 27 11:58:38.726882 n-d-688802-4 neutron-server[94626]: 'ConntrackHelper': {'1.0'},
Aug 27 11:58:38.726882 n-d-688802-4 neutron-server[94626]: 'Log': {'1.0'},
Aug 27 11:58:38.726882 n-d-688802-4 neutron-server[94626]: 'Network': {'1.1'},
Aug 27 11:58:38.726882 n-d-688802-4 neutron-server[94626]: 'Port': {'1.7'},
Aug 27 11:58:38.726882 n-d-688802-4 neutron-server[94626]: 'PortForwarding': {'1.2'},
Aug 27 11:58:38.726882 n-d-688802-4 neutron-server[94626]: 'QosPolicy': {'1.9'},
Aug 27 11:58:38.726882 n-d-688802-4 neutron-server[94626]: 'SecurityGroup': {'1.4'},
Aug 27 11:58:38.726882 n-d-688802-4 neutron-server[94626]: 'SecurityGroupRule': {'1.2'},
Aug 27 11:58:38.726882 n-d-688802-4 neutron-server[94626]: 'SubPort': {'1.0'},
Aug 27 11:58:38.726882 n-d-688802-4 neutron-server[94626]: 'Subnet': {'1.1'},
Aug 27 11:58:38.726882 n-d-688802-4 neutron-server[94626]: 'Trunk': {'1.1'}}
Aug 27 11:58:38.726882 n-d-688802-4 neutron-server[94626]: consumer versions:
Aug 27 11:58:38.726882 n-d-688802-4 neutron-server[94626]: { DHCP agent@n-d-688802-4: {},
Aug 27 11:58:38.726882 n-d-688802-4 neutron-server[94626]: HyperV agent@n-h1-688802-4: {},
Aug 27 11:58:38.726882 n-d-688802-4 neutron-server[94626]: HyperV agent@n-h2-688802-4: {},
Aug 27 11:58:38.726882 n-d-688802-4 neutron-server[94626]: L3 agent@n-d-688802-4: {},
Aug 27 11:58:38.726882 n-d-688802-4 neutron-server[94626]: Metadata agent@n-d-688802-4: {},
Aug 27 11:58:38.726882 n-d-688802-4 neutron-server[94626]: Metering agent@n-d-688802-4: {},
Aug 27 11:58:38.726882 n-d-688802-4 neutron-server[94626]: Open vSwitch agent@n-d-688802-4: { 'AddressGroup': '1.2',
Aug 27 11:58:38.726882 n-d-688802-4 neutron-server[94626]: 'ConntrackHelper': '1.0',
Aug 27 11:58:38.726882 n-d-688802-4 neutron-server[94626]: 'Log': '1.0',
Aug 27 11:58:38.726882 n-d-688802-4 neutron-server[94626]: 'Network': '1.1',
Aug 27 11:58:38.726882 n-d-688802-4 neutron-server[94626]: 'Port': '1.7',
Aug 27 11:58:38.726882 n-d-688802-4 neutron-server[94626]: 'PortForwarding': '1.2',
Aug 27 11:58:38.726882 n-d-688802-4 neutron-server[94626]: 'QosPolicy': '1.9',
Aug 27 11:58:38.726882 n-d-688802-4 neutron-server[94626]: 'SecurityGroup': '1.4',
Aug 27 11:58:38.726882 n-d-688802-4 neutron-server[94626]: 'SecurityGroupRule': '1.2',
Aug 27 11:58:38.726882 n-d-688802-4 neutron-server[94626]: 'SubPort': '1.0',
Aug 27 11:58:38.726882 n-d-688802-4 neutron-server[94626]: 'Subnet': '1.1',
Aug 27 11:58:38.726882 n-d-688802-4 neutron-server[94626]: 'Trunk': '1.1'}}
Aug 27 11:58:38.726882 n-d-688802-4 neutron-server[94626]: {{(pid=94626) report /opt/stack/neutron/neutron/api/rpc/callbacks/version_manager.py:175}}
Aug 27 11:58:38.736198 n-d-688802-4 neutron-server[94626]: DEBUG neutron.plugins.ml2.drivers.mech_agent [None req-27736b4f-002c-4ffe-8773-6182ac9263e0 None None] Checking agent: {'id': '878a143b-da7a-4863-8abd-feb59e7ec54e', 'agent_type': 'Open vSwitch agent', 'binary': 'neutron-openvswitch-agent', 'topic': 'N/A', 'host': 'n-d-688802-4', 'admin_state_up': True, 'created_at': datetime.datetime(2021, 8, 27, 11, 48, 21), 'started_at': datetime.datetime(2021, 8, 27, 11, 48, 51), 'heartbeat_timestamp': datetime.datetime(2021, 8, 27, 11, 58, 21), 'description': None, 'resources_synced': None, 'availability_zone': None, 'alive': True, 'configurations': {'arp_responder_enabled': False, 'baremetal_smartnic': False, 'bridge_mappings': {'physnet1': 'br-data'}, 'datapath_type': 'system', 'devices': 0, 'enable_distributed_routing': False, 'extensions': [], 'in_distributed_mode': False, 'integration_bridge': 'br-int', 'l2_population': False, 'log_agent_heartbeats': False, 'ovs_capabilities': {'datapath_types': ['netdev', 'system'], 'iface_types': ['erspan', 'geneve', 'gre', 'internal', 'ip6erspan', 'ip6gre', 'lisp', 'patch', 'stt', 'system', 'tap', 'vxlan']}, 'ovs_hybrid_plug': False, 'resource_provider_bandwidths': {}, 'resource_provider_hypervisors': {'br-data': 'n-d-688802-4'}, 'resource_provider_inventory_defaults': {'allocation_ratio': 1.0, 'min_unit': 1, 'step_size': 1, 'reserved': 0}, 'tunnel_types': [], 'tunneling_ip': None, 'vhostuser_socket_dir': '/var/run/openvswitch'}, 'resource_versions': {'AddressGroup': '1.2', 'ConntrackHelper': '1.0', 'Log': '1.0', 'Network': '1.1', 'Port': '1.7', 'PortForwarding': '1.2', 'QosPolicy': '1.9', 'SecurityGroup': '1.4', 'SecurityGroupRule': '1.2', 'SubPort': '1.0', 'Subnet': '1.1', 'Trunk': '1.1'}} {{(pid=94626) bind_port /opt/stack/neutron/neutron/plugins/ml2/drivers/mech_agent.py:104}}
Aug 27 11:58:38.736446 n-d-688802-4 neutron-server[94623]: DEBUG neutron_lib.callbacks.manager [None req-c1f2fd16-e718-47f0-8aea-4527fc93d649 admin admin] Notify callbacks ['neutron.plugins.ml2.ovo_rpc._ObjectChangeHandler.handle_event-632545'] for security_group, after_delete {{(pid=94623) _notify_loop /usr/local/lib/python3.8/dist-packages/neutron_lib/callbacks/manager.py:192}}
Aug 27 11:58:38.737107 n-d-688802-4 neutron-server[94626]: DEBUG neutron.plugins.ml2.drivers.mech_agent [None req-27736b4f-002c-4ffe-8773-6182ac9263e0 None None] Checking segment: {'id': '91f172d7-4ae9-4282-bef2-0fabf104d6da', 'network_type': 'flat', 'physical_network': 'physnet1', 'segmentation_id': None, 'network_id': '7ca5bc7e-01ed-47f7-8f0d-c22a0f9e3029'} for mappings: {'physnet1': 'br-data'} with network types: ['local', 'flat', 'vlan'] {{(pid=94626) check_segment_for_agent /opt/stack/neutron/neutron/plugins/ml2/drivers/mech_agent.py:352}}
Aug 27 11:58:38.737676 n-d-688802-4 neutron-server[94626]: DEBUG neutron_lib.callbacks.manager [None req-27736b4f-002c-4ffe-8773-6182ac9263e0 None None] Notify callbacks [] for ovs_bridge_name, before_read {{(pid=94626) _notify_loop /usr/local/lib/python3.8/dist-packages/neutron_lib/callbacks/manager.py:192}}
Aug 27 11:58:38.738226 n-d-688802-4 neutron-server[94626]: DEBUG neutron.plugins.ml2.drivers.mech_agent [None req-27736b4f-002c-4ffe-8773-6182ac9263e0 None None] Bound using segment: {'id': '91f172d7-4ae9-4282-bef2-0fabf104d6da', 'network_type': 'flat', 'physical_network': 'physnet1', 'segmentation_id': None, 'network_id': '7ca5bc7e-01ed-47f7-8f0d-c22a0f9e3029'} {{(pid=94626) bind_port /opt/stack/neutron/neutron/plugins/ml2/drivers/mech_agent.py:114}}
Aug 27 11:58:38.738906 n-d-688802-4 neutron-server[94626]: DEBUG neutron.plugins.ml2.managers [None req-27736b4f-002c-4ffe-8773-6182ac9263e0 None None] Bound port: 7bfb6eeb-0fa9-40ad-9506-ae1327d84e65, host: n-d-688802-4, vif_type: ovs, vif_details: {"connectivity": "l2", "port_filter": true, "ovs_hybrid_plug": false, "datapath_type": "system", "bridge_name": "br-int"}, binding_levels: [{'bound_driver': 'openvswitch', 'bound_segment': {'id': '91f172d7-4ae9-4282-bef2-0fabf104d6da', 'network_type': 'flat', 'physical_network': 'physnet1', 'segmentation_id': None, 'network_id': '7ca5bc7e-01ed-47f7-8f0d-c22a0f9e3029'}}] {{(pid=94626) _bind_port_level /opt/stack/neutron/neutron/plugins/ml2/managers.py:928}}
