Aug 27 11:59:06.926614 n-d-688802-4 neutron-server[94624]: DEBUG neutron_lib.callbacks.manager [None req-bdf7c91b-451f-4de6-b12c-644941f8b63a tempest-ServersWithSpecificFlavorTestJSON-831776454 tempest-ServersWithSpecificFlavorTestJSON-831776454-project] Notify callbacks [] for port, precommit_create {{(pid=94624) _notify_loop /usr/local/lib/python3.8/dist-packages/neutron_lib/callbacks/manager.py:192}}
Aug 27 11:59:06.988194 n-d-688802-4 neutron-server[94624]: DEBUG neutron_lib.callbacks.manager [None req-bdf7c91b-451f-4de6-b12c-644941f8b63a tempest-ServersWithSpecificFlavorTestJSON-831776454 tempest-ServersWithSpecificFlavorTestJSON-831776454-project] Notify callbacks ['neutron.plugins.ml2.plugin.SecurityGroupServerNotifierRpcMixin._notify_sg_on_port_change-7936240', 'neutron.plugins.ml2.ovo_rpc._ObjectChangeHandler.handle_event-399091', 'neutron.api.rpc.agentnotifiers.dhcp_rpc_agent_api.DhcpAgentNotifyAPI._native_event_send_dhcp_notification-630669', 'neutron.db.l3_dvrscheduler_db._notify_l3_agent_new_port-8749573250820'] for port, after_create {{(pid=94624) _notify_loop /usr/local/lib/python3.8/dist-packages/neutron_lib/callbacks/manager.py:192}}
Aug 27 11:59:07.049234 n-d-688802-4 neutron-server[94623]: DEBUG neutron.wsgi [-] (94623) accepted ('10.222.0.76', 33234) {{(pid=94623) server /usr/local/lib/python3.8/dist-packages/eventlet/wsgi.py:982}}
Aug 27 11:59:07.067012 n-d-688802-4 neutron-server[94624]: DEBUG neutron.scheduler.dhcp_agent_scheduler [None req-bdf7c91b-451f-4de6-b12c-644941f8b63a tempest-ServersWithSpecificFlavorTestJSON-831776454 tempest-ServersWithSpecificFlavorTestJSON-831776454-project] Network 7ca5bc7e-01ed-47f7-8f0d-c22a0f9e3029 is already hosted by enough agents. {{(pid=94624) _get_dhcp_agents_hosting_network /opt/stack/neutron/neutron/scheduler/dhcp_agent_scheduler.py:275}}
Aug 27 11:59:07.074093 n-d-688802-4 neutron-server[94624]: DEBUG neutron.scheduler.base_scheduler [None req-bdf7c91b-451f-4de6-b12c-644941f8b63a tempest-ServersWithSpecificFlavorTestJSON-831776454 tempest-ServersWithSpecificFlavorTestJSON-831776454-project] Resources bound (agent type, host, resource id): {{(pid=94624) schedule /opt/stack/neutron/neutron/scheduler/base_scheduler.py:57}}
Aug 27 11:59:07.085183 n-d-688802-4 neutron-server[94623]: DEBUG neutron_lib.callbacks.manager [None req-4fecca17-3add-4483-8596-aaecf3bef178 admin admin] Notify callbacks [] for security_group, before_create {{(pid=94623) _notify_loop /usr/local/lib/python3.8/dist-packages/neutron_lib/callbacks/manager.py:192}}
Aug 27 11:59:07.086914 n-d-688802-4 neutron-server[94624]: DEBUG neutron.db.l3_dvrscheduler_db [None req-bdf7c91b-451f-4de6-b12c-644941f8b63a tempest-ServersWithSpecificFlavorTestJSON-831776454 tempest-ServersWithSpecificFlavorTestJSON-831776454-project] Received port after_create {{(pid=94624) _notify_l3_agent_new_port /opt/stack/neutron/neutron/db/l3_dvrscheduler_db.py:535}}
Aug 27 11:59:07.108359 n-d-688802-4 neutron-server[94624]: DEBUG neutron.api.rpc.handlers.resources_rpc [None req-bdf7c91b-451f-4de6-b12c-644941f8b63a tempest-ServersWithSpecificFlavorTestJSON-831776454 tempest-ServersWithSpecificFlavorTestJSON-831776454-project] Pushing event updated for resources: {'Port': ['ID=7d0ab600-dd3d-4e2f-9c00-721b578f9c0d,revision_number=1']} {{(pid=94624) push /opt/stack/neutron/neutron/api/rpc/handlers/resources_rpc.py:237}}
Aug 27 11:59:07.243106 n-d-688802-4 neutron-server[94623]: DEBUG neutron_lib.callbacks.manager [None req-4fecca17-3add-4483-8596-aaecf3bef178 admin admin] Notify callbacks [] for security_group, precommit_create {{(pid=94623) _notify_loop /usr/local/lib/python3.8/dist-packages/neutron_lib/callbacks/manager.py:192}}
Aug 27 11:59:07.248635 n-d-688802-4 neutron-server[94623]: DEBUG neutron_lib.callbacks.manager [None req-4fecca17-3add-4483-8596-aaecf3bef178 admin admin] Notify callbacks ['neutron.plugins.ml2.ovo_rpc._ObjectChangeHandler.handle_event-632545'] for security_group, after_create {{(pid=94623) _notify_loop /usr/local/lib/python3.8/dist-packages/neutron_lib/callbacks/manager.py:192}}
Aug 27 11:59:07.249003 n-d-688802-4 neutron-server[94624]: DEBUG neutron_lib.callbacks.manager [None req-bdf7c91b-451f-4de6-b12c-644941f8b63a tempest-ServersWithSpecificFlavorTestJSON-831776454 tempest-ServersWithSpecificFlavorTestJSON-831776454-project] Notify callbacks [] for floatingip, precommit_create {{(pid=94624) _notify_loop /usr/local/lib/python3.8/dist-packages/neutron_lib/callbacks/manager.py:192}}
Aug 27 11:59:07.289501 n-d-688802-4 neutron-server[94624]: DEBUG neutron_lib.callbacks.manager [None req-bdf7c91b-451f-4de6-b12c-644941f8b63a tempest-ServersWithSpecificFlavorTestJSON-831776454 tempest-ServersWithSpecificFlavorTestJSON-831776454-project] Notify callbacks ['neutron.plugins.ml2.plugin.SecurityGroupDbMixin._ensure_default_security_group_handler-7936191'] for port, before_update {{(pid=94624) _notify_loop /usr/local/lib/python3.8/dist-packages/neutron_lib/callbacks/manager.py:192}}
Aug 27 11:59:07.297925 n-d-688802-4 neutron-server[94623]: INFO neutron.wsgi [None req-4fecca17-3add-4483-8596-aaecf3bef178 admin admin] 10.222.0.76 "GET /v2.0/security-groups?tenant_id=91d0f3a92ca944a3b737e9aa05ff3b1c&name=default HTTP/1.1" status: 200 len: 2979 time: 0.2474282
Aug 27 11:59:07.300803 n-d-688802-4 neutron-server[94623]: DEBUG neutron.wsgi [-] (94623) accepted ('10.222.0.76', 33246) {{(pid=94623) server /usr/local/lib/python3.8/dist-packages/eventlet/wsgi.py:982}}
Aug 27 11:59:07.336983 n-d-688802-4 neutron-server[94623]: DEBUG neutron.api.rpc.handlers.resources_rpc [None req-4fecca17-3add-4483-8596-aaecf3bef178 admin admin] Pushing event updated for resources: {'SecurityGroup': ['ID=ee0255db-c5bb-4885-8b76-8db0ecc79b87,revision_number=1']} {{(pid=94623) push /opt/stack/neutron/neutron/api/rpc/handlers/resources_rpc.py:237}}
Aug 27 11:59:07.409533 n-d-688802-4 neutron-server[94623]: DEBUG neutron_lib.callbacks.manager [None req-1f2481a2-6d36-4035-9776-de006b9be053 admin admin] Notify callbacks [] for security_group, before_delete {{(pid=94623) _notify_loop /usr/local/lib/python3.8/dist-packages/neutron_lib/callbacks/manager.py:192}}
Aug 27 11:59:07.457213 n-d-688802-4 neutron-server[94623]: DEBUG neutron_lib.callbacks.manager [None req-1f2481a2-6d36-4035-9776-de006b9be053 admin admin] Notify callbacks [] for security_group, precommit_delete {{(pid=94623) _notify_loop /usr/local/lib/python3.8/dist-packages/neutron_lib/callbacks/manager.py:192}}
Aug 27 11:59:07.542783 n-d-688802-4 neutron-server[94623]: DEBUG neutron_lib.callbacks.manager [None req-1f2481a2-6d36-4035-9776-de006b9be053 admin admin] Notify callbacks ['neutron.plugins.ml2.ovo_rpc._ObjectChangeHandler.handle_event-632545'] for security_group, after_delete {{(pid=94623) _notify_loop /usr/local/lib/python3.8/dist-packages/neutron_lib/callbacks/manager.py:192}}
Aug 27 11:59:07.544275 n-d-688802-4 neutron-server[94625]: DEBUG neutron.plugins.ml2.rpc [None req-fa3ab987-f003-466d-8257-eb0815fa6b0a None None] Device d7e18221-555e-483d-93ad-fa757ebe0930 up at agent ovs-agent-n-d-688802-4 {{(pid=94625) update_device_up /opt/stack/neutron/neutron/plugins/ml2/rpc.py:296}}
Aug 27 11:59:07.545995 n-d-688802-4 neutron-server[94623]: DEBUG neutron_lib.callbacks.manager [None req-1f2481a2-6d36-4035-9776-de006b9be053 admin admin] Notify callbacks [] for security_group, before_response {{(pid=94623) _notify_loop /usr/local/lib/python3.8/dist-packages/neutron_lib/callbacks/manager.py:192}}
Aug 27 11:59:07.546763 n-d-688802-4 neutron-server[94623]: INFO neutron.wsgi [None req-1f2481a2-6d36-4035-9776-de006b9be053 admin admin] 10.222.0.76 "DELETE /v2.0/security-groups/ee0255db-c5bb-4885-8b76-8db0ecc79b87 HTTP/1.1" status: 204 len: 168 time: 0.2450280
Aug 27 11:59:07.559234 n-d-688802-4 neutron-server[94623]: DEBUG neutron.api.rpc.handlers.resources_rpc [None req-1f2481a2-6d36-4035-9776-de006b9be053 admin admin] Pushing event deleted for resources: {'SecurityGroup': ['ID=ee0255db-c5bb-4885-8b76-8db0ecc79b87,revision_number=None']} {{(pid=94623) push /opt/stack/neutron/neutron/api/rpc/handlers/resources_rpc.py:237}}
Aug 27 11:59:07.564026 n-d-688802-4 neutron-server[94624]: DEBUG neutron_lib.callbacks.manager [None req-bdf7c91b-451f-4de6-b12c-644941f8b63a tempest-ServersWithSpecificFlavorTestJSON-831776454 tempest-ServersWithSpecificFlavorTestJSON-831776454-project] Notify callbacks [] for port, precommit_update {{(pid=94624) _notify_loop /usr/local/lib/python3.8/dist-packages/neutron_lib/callbacks/manager.py:192}}
Aug 27 11:59:07.575022 n-d-688802-4 neutron-server[94624]: DEBUG neutron_lib.callbacks.manager [None req-bdf7c91b-451f-4de6-b12c-644941f8b63a tempest-ServersWithSpecificFlavorTestJSON-831776454 tempest-ServersWithSpecificFlavorTestJSON-831776454-project] Notify callbacks ['neutron.plugins.ml2.plugin.SecurityGroupServerNotifierRpcMixin._notify_sg_on_port_change-7936240', 'neutron.plugins.ml2.ovo_rpc._ObjectChangeHandler.handle_event-399091', 'neutron.api.rpc.agentnotifiers.dhcp_rpc_agent_api.DhcpAgentNotifyAPI._native_event_send_dhcp_notification-630669', 'neutron.db.l3_db.L3RpcNotifierMixin._notify_gateway_port_ip_changed-8749573707569', 'neutron.db.l3_dvrscheduler_db._notify_l3_agent_port_update-8749573250838', 'neutron.db.l3_hascheduler_db._notify_l3_agent_ha_port_update-8749573250856'] for port, after_update {{(pid=94624) _notify_loop /usr/local/lib/python3.8/dist-packages/neutron_lib/callbacks/manager.py:192}}
Aug 27 11:59:07.661764 n-d-688802-4 neutron-server[94624]: DEBUG neutron_lib.callbacks.manager [None req-bdf7c91b-451f-4de6-b12c-644941f8b63a tempest-ServersWithSpecificFlavorTestJSON-831776454 tempest-ServersWithSpecificFlavorTestJSON-831776454-project] Notify callbacks ['neutron.services.l3_router.l3_router_plugin.DVRResourceOperationHandler._create_dvr_floating_gw_port-1015700'] for floatingip, after_create {{(pid=94624) _notify_loop /usr/local/lib/python3.8/dist-packages/neutron_lib/callbacks/manager.py:192}}
Aug 27 11:59:07.670538 n-d-688802-4 neutron-server[94625]: DEBUG neutron.db.provisioning_blocks [None req-fa3ab987-f003-466d-8257-eb0815fa6b0a None None] Provisioning complete for port d7e18221-555e-483d-93ad-fa757ebe0930 triggered by entity L2. {{(pid=94625) provisioning_complete /opt/stack/neutron/neutron/db/provisioning_blocks.py:139}}
Aug 27 11:59:07.671243 n-d-688802-4 neutron-server[94625]: DEBUG neutron_lib.callbacks.manager [None req-fa3ab987-f003-466d-8257-eb0815fa6b0a None None] Notify callbacks ['neutron.plugins.ml2.plugin.Ml2Plugin._port_provisioned-8384310'] for port, provisioning_complete {{(pid=94625) _notify_loop /usr/local/lib/python3.8/dist-packages/neutron_lib/callbacks/manager.py:192}}
Aug 27 11:59:07.736676 n-d-688802-4 neutron-server[94624]: DEBUG neutron.api.rpc.handlers.resources_rpc [None req-bdf7c91b-451f-4de6-b12c-644941f8b63a tempest-ServersWithSpecificFlavorTestJSON-831776454 tempest-ServersWithSpecificFlavorTestJSON-831776454-project] Pushing event updated for resources: {'Port': ['ID=7d0ab600-dd3d-4e2f-9c00-721b578f9c0d,revision_number=2']} {{(pid=94624) push /opt/stack/neutron/neutron/api/rpc/handlers/resources_rpc.py:237}}
Aug 27 11:59:07.748713 n-d-688802-4 neutron-server[94624]: DEBUG neutron_lib.callbacks.manager [None req-bdf7c91b-451f-4de6-b12c-644941f8b63a tempest-ServersWithSpecificFlavorTestJSON-831776454 tempest-ServersWithSpecificFlavorTestJSON-831776454-project] Notify callbacks ['neutron.notifiers.nova.Notifier._send_nova_notification-5737'] for floatingip, before_response {{(pid=94624) _notify_loop /usr/local/lib/python3.8/dist-packages/neutron_lib/callbacks/manager.py:192}}
Aug 27 11:59:07.751412 n-d-688802-4 neutron-server[94624]: INFO neutron.wsgi [None req-bdf7c91b-451f-4de6-b12c-644941f8b63a tempest-ServersWithSpecificFlavorTestJSON-831776454 tempest-ServersWithSpecificFlavorTestJSON-831776454-project] 10.222.0.76 "POST /v2.0/floatingips HTTP/1.1" status: 201 len: 693 time: 1.5689895
Aug 27 11:59:07.949459 n-d-688802-4 neutron-server[94625]: DEBUG neutron_lib.callbacks.manager [None req-c160039b-caa2-42ba-baab-15bdda18c70a None None] Notify callbacks ['neutron.services.segments.db._update_segment_host_mapping_for_agent-8749573732316', 'neutron.plugins.ml2.plugin.Ml2Plugin._retry_binding_revived_agents-8384389'] for agent, after_update {{(pid=94625) _notify_loop /usr/local/lib/python3.8/dist-packages/neutron_lib/callbacks/manager.py:192}}
Aug 27 11:59:07.971092 n-d-688802-4 neutron-server[94623]: INFO neutron.wsgi [req-41d01024-7f06-4090-bca4-b71c0baa7f1b req-3976a778-c941-4f1f-83d7-3f36396cbf1c tempest-ServersAdminNegativeTestJSON-1336343093 tempest-ServersAdminNegativeTestJSON-1336343093-project] 10.222.0.76 "GET /v2.0/ports?device_id=32a6b57e-9662-493d-b180-bdc9a3be4f97 HTTP/1.1" status: 200 len: 210 time: 0.0555933
Aug 27 11:59:08.303027 n-d-688802-4 neutron-server[94623]: INFO neutron.wsgi [req-c0b37435-9450-4c55-9041-e069b46bbbc8 req-b47c9e56-ab6d-48a1-a2df-13e04986fc69 tempest-ServersWithSpecificFlavorTestJSON-831776454 tempest-ServersWithSpecificFlavorTestJSON-831776454-project] 10.222.0.76 "GET /v2.0/security-groups?name=tempest-securitygroup--891216928&fields=id&tenant_id=3b34dbfb1a124b82ab838b1219014f29 HTTP/1.1" status: 200 len: 267 time: 0.1154547
Aug 27 11:59:08.721939 n-d-688802-4 neutron-server[94623]: DEBUG neutron.pecan_wsgi.hooks.policy_enforcement [req-c0b37435-9450-4c55-9041-e069b46bbbc8 req-63352ac4-a2be-4486-b8d2-d340f3d8bf7a tempest-ServersWithSpecificFlavorTestJSON-831776454 tempest-ServersWithSpecificFlavorTestJSON-831776454-project] Attributes excluded by policy engine: ['standard_attr_id', 'vlan_transparent', 'provider:network_type', 'provider:physical_network', 'provider:segmentation_id'] {{(pid=94623) _exclude_attributes_by_policy /opt/stack/neutron/neutron/pecan_wsgi/hooks/policy_enforcement.py:255}}
Aug 27 11:59:08.723637 n-d-688802-4 neutron-server[94623]: INFO neutron.wsgi [req-c0b37435-9450-4c55-9041-e069b46bbbc8 req-63352ac4-a2be-4486-b8d2-d340f3d8bf7a tempest-ServersWithSpecificFlavorTestJSON-831776454 tempest-ServersWithSpecificFlavorTestJSON-831776454-project] 10.222.0.76 "GET /v2.0/networks?id=f7448c16-e86f-486a-940b-967a191f38ba HTTP/1.1" status: 200 len: 823 time: 0.4163284
Aug 27 11:59:08.749233 n-d-688802-4 neutron-server[94623]: INFO neutron.wsgi [req-c0b37435-9450-4c55-9041-e069b46bbbc8 req-389ebc60-8205-4e28-a7d5-18549b6b4e04 tempest-ServersWithSpecificFlavorTestJSON-831776454 tempest-ServersWithSpecificFlavorTestJSON-831776454-project] 10.222.0.76 "GET /v2.0/quotas/3b34dbfb1a124b82ab838b1219014f29 HTTP/1.1" status: 200 len: 375 time: 0.0177925
Aug 27 11:59:08.845563 n-d-688802-4 neutron-server[94623]: INFO neutron.wsgi [req-c0b37435-9450-4c55-9041-e069b46bbbc8 req-008cbad9-368e-43e8-8f05-a472fdd59015 tempest-ServersWithSpecificFlavorTestJSON-831776454 tempest-ServersWithSpecificFlavorTestJSON-831776454-project] 10.222.0.76 "GET /v2.0/ports?tenant_id=3b34dbfb1a124b82ab838b1219014f29&fields=id HTTP/1.1" status: 200 len: 348 time: 0.0830042
Aug 27 11:59:08.979331 n-d-688802-4 neutron-server[94624]: DEBUG neutron.api.v2.base [req-3e26ecac-146d-4290-92bf-f18810e61198 req-b7f095ef-ad51-4cea-9978-df7a82825ec8 tempest-ServersAdminNegativeTestJSON-1336343093 tempest-ServersAdminNegativeTestJSON-1336343093-project] Request body: {'port': {'device_id': '32a6b57e-9662-493d-b180-bdc9a3be4f97', 'network_id': 'b6bbebbb-f749-4e54-8879-430c48a23e8e', 'admin_state_up': True, 'tenant_id': '502e73c26d5a4fd1b631baab3265f4b3'}} {{(pid=94624) prepare_request_body /opt/stack/neutron/neutron/api/v2/base.py:730}}
Aug 27 11:59:09.235155 n-d-688802-4 neutron-server[94623]: INFO neutron.wsgi [req-6a9446b7-9b89-4909-8d43-8ee3fe54d5a9 req-3b1358fd-28e5-448b-9e7c-f2a8c58748fb tempest-ServersAdminNegativeTestJSON-1336343093 tempest-ServersAdminNegativeTestJSON-1336343093-project] 10.222.0.76 "GET /v2.0/ports?device_id=32a6b57e-9662-493d-b180-bdc9a3be4f97 HTTP/1.1" status: 200 len: 210 time: 0.0424225
Aug 27 11:59:09.364501 n-d-688802-4 neutron-server[94624]: DEBUG neutron.pecan_wsgi.hooks.quota_enforcement [req-3e26ecac-146d-4290-92bf-f18810e61198 req-b7f095ef-ad51-4cea-9978-df7a82825ec8 tempest-ServersAdminNegativeTestJSON-1336343093 tempest-ServersAdminNegativeTestJSON-1336343093-project] Made reservation on behalf of 502e73c26d5a4fd1b631baab3265f4b3 for: {'port': 1} {{(pid=94624) before /opt/stack/neutron/neutron/pecan_wsgi/hooks/quota_enforcement.py:53}}
Aug 27 11:59:09.372181 n-d-688802-4 neutron-server[94624]: DEBUG neutron_lib.callbacks.manager [req-3e26ecac-146d-4290-92bf-f18810e61198 req-b7f095ef-ad51-4cea-9978-df7a82825ec8 tempest-ServersAdminNegativeTestJSON-1336343093 tempest-ServersAdminNegativeTestJSON-1336343093-project] Notify callbacks ['neutron.plugins.ml2.plugin.SecurityGroupDbMixin._ensure_default_security_group_handler-7936191'] for port, before_create {{(pid=94624) _notify_loop /usr/local/lib/python3.8/dist-packages/neutron_lib/callbacks/manager.py:192}}
Aug 27 11:59:09.385752 n-d-688802-4 neutron-server[94624]: DEBUG neutron_lib.callbacks.manager [req-3e26ecac-146d-4290-92bf-f18810e61198 req-b7f095ef-ad51-4cea-9978-df7a82825ec8 tempest-ServersAdminNegativeTestJSON-1336343093 tempest-ServersAdminNegativeTestJSON-1336343093-project] Notify callbacks [] for security_group, before_create {{(pid=94624) _notify_loop /usr/local/lib/python3.8/dist-packages/neutron_lib/callbacks/manager.py:192}}
Aug 27 11:59:09.530859 n-d-688802-4 neutron-server[94624]: DEBUG neutron_lib.callbacks.manager [req-3e26ecac-146d-4290-92bf-f18810e61198 req-b7f095ef-ad51-4cea-9978-df7a82825ec8 tempest-ServersAdminNegativeTestJSON-1336343093 tempest-ServersAdminNegativeTestJSON-1336343093-project] Notify callbacks [] for security_group, precommit_create {{(pid=94624) _notify_loop /usr/local/lib/python3.8/dist-packages/neutron_lib/callbacks/manager.py:192}}
Aug 27 11:59:09.536109 n-d-688802-4 neutron-server[94624]: DEBUG neutron_lib.callbacks.manager [req-3e26ecac-146d-4290-92bf-f18810e61198 req-b7f095ef-ad51-4cea-9978-df7a82825ec8 tempest-ServersAdminNegativeTestJSON-1336343093 tempest-ServersAdminNegativeTestJSON-1336343093-project] Notify callbacks ['neutron.plugins.ml2.ovo_rpc._ObjectChangeHandler.handle_event-632545'] for security_group, after_create {{(pid=94624) _notify_loop /usr/local/lib/python3.8/dist-packages/neutron_lib/callbacks/manager.py:192}}
Aug 27 11:59:09.549084 n-d-688802-4 neutron-server[94623]: DEBUG neutron.wsgi [req-c0b37435-9450-4c55-9041-e069b46bbbc8 req-01c010bd-ab92-4779-aace-ae58b3a6be99 service neutron] http://10.222.0.76:9696/v2.0/extensions returned with HTTP 200 {{(pid=94623) __call__ /opt/stack/neutron/neutron/wsgi.py:729}}
Aug 27 11:59:09.560207 n-d-688802-4 neutron-server[94623]: INFO neutron.wsgi [req-c0b37435-9450-4c55-9041-e069b46bbbc8 req-01c010bd-ab92-4779-aace-ae58b3a6be99 service neutron] 10.222.0.76 "GET /v2.0/extensions HTTP/1.1" status: 200 len: 13640 time: 0.4028060
Aug 27 11:59:09.751608 n-d-688802-4 neutron-server[94624]: DEBUG neutron.api.rpc.handlers.resources_rpc [None req-b7f095ef-ad51-4cea-9978-df7a82825ec8 tempest-ServersAdminNegativeTestJSON-1336343093 tempest-ServersAdminNegativeTestJSON-1336343093-project] Pushing event updated for resources: {'SecurityGroup': ['ID=8677400b-51e6-413a-899a-4999fe90dc23,revision_number=1']} {{(pid=94624) push /opt/stack/neutron/neutron/api/rpc/handlers/resources_rpc.py:237}}
Aug 27 11:59:09.767498 n-d-688802-4 neutron-server[94623]: INFO neutron.wsgi [req-c0b37435-9450-4c55-9041-e069b46bbbc8 req-83e47a42-8925-4250-964e-ddbce82afcdb service neutron] 10.222.0.76 "GET /v2.0/networks/f7448c16-e86f-486a-940b-967a191f38ba?fields=segments HTTP/1.1" status: 200 len: 212 time: 0.2050726
Aug 27 11:59:09.809636 n-d-688802-4 neutron-server[94624]: DEBUG neutron.wsgi [-] (94624) accepted ('10.222.0.76', 33396) {{(pid=94624) server /usr/local/lib/python3.8/dist-packages/eventlet/wsgi.py:982}}
Aug 27 11:59:09.901573 n-d-688802-4 neutron-server[94623]: INFO neutron.wsgi [req-c0b37435-9450-4c55-9041-e069b46bbbc8 req-67b78f57-343a-456e-8ec3-9de391ea15b4 service neutron] 10.222.0.76 "GET /v2.0/networks/f7448c16-e86f-486a-940b-967a191f38ba?fields=provider%3Aphysical_network&fields=provider%3Anetwork_type HTTP/1.1" status: 200 len: 281 time: 0.1330061
Aug 27 11:59:09.909688 n-d-688802-4 neutron-server[94624]: DEBUG neutron.db.db_base_plugin_common [req-3e26ecac-146d-4290-92bf-f18810e61198 req-b7f095ef-ad51-4cea-9978-df7a82825ec8 tempest-ServersAdminNegativeTestJSON-1336343093 tempest-ServersAdminNegativeTestJSON-1336343093-project] Allocated IP 192.168.233.183 (b6bbebbb-f749-4e54-8879-430c48a23e8e/ca8c3356-4a00-45b9-a585-8a6412dab749/c6089cac-c390-456a-befa-ba352f48c025) {{(pid=94624) _store_ip_allocation /opt/stack/neutron/neutron/db/db_base_plugin_common.py:131}}
Aug 27 11:59:10.062373 n-d-688802-4 neutron-server[94624]: DEBUG neutron_lib.callbacks.manager [None req-b256785b-1c6f-4ed3-935d-fe8e62254dbe admin admin] Notify callbacks [] for security_group, before_create {{(pid=94624) _notify_loop /usr/local/lib/python3.8/dist-packages/neutron_lib/callbacks/manager.py:192}}
Aug 27 11:59:10.290178 n-d-688802-4 neutron-server[94623]: INFO neutron.wsgi [req-ee78b799-9551-46fd-b32e-85f8a3a75296 req-fdf8dc70-e00e-46ee-b73a-81f5a9912b9d tempest-ServersWithSpecificFlavorTestJSON-831776454 tempest-ServersWithSpecificFlavorTestJSON-831776454-project] 10.222.0.76 "GET /v2.0/ports?device_id=9a35aab0-69a9-49fe-945d-461a3eb1e9d7 HTTP/1.1" status: 200 len: 210 time: 0.0823681
Aug 27 11:59:10.302028 n-d-688802-4 neutron-server[94624]: DEBUG neutron_lib.callbacks.manager [req-3e26ecac-146d-4290-92bf-f18810e61198 req-b7f095ef-ad51-4cea-9978-df7a82825ec8 tempest-ServersAdminNegativeTestJSON-1336343093 tempest-ServersAdminNegativeTestJSON-1336343093-project] Notify callbacks [] for port, precommit_create {{(pid=94624) _notify_loop /usr/local/lib/python3.8/dist-packages/neutron_lib/callbacks/manager.py:192}}
Aug 27 11:59:10.328460 n-d-688802-4 neutron-server[94624]: DEBUG neutron.db.provisioning_blocks [req-3e26ecac-146d-4290-92bf-f18810e61198 req-b7f095ef-ad51-4cea-9978-df7a82825ec8 tempest-ServersAdminNegativeTestJSON-1336343093 tempest-ServersAdminNegativeTestJSON-1336343093-project] Transition to ACTIVE for port object c6089cac-c390-456a-befa-ba352f48c025 will not be triggered until provisioned by entity DHCP. {{(pid=94624) add_provisioning_component /opt/stack/neutron/neutron/db/provisioning_blocks.py:73}}
Aug 27 11:59:10.367272 n-d-688802-4 neutron-server[94623]: DEBUG neutron.wsgi [-] (94623) accepted ('10.222.0.76', 33426) {{(pid=94623) server /usr/local/lib/python3.8/dist-packages/eventlet/wsgi.py:982}}
Aug 27 11:59:10.385119 n-d-688802-4 neutron-server[94624]: DEBUG neutron_lib.callbacks.manager [None req-b256785b-1c6f-4ed3-935d-fe8e62254dbe admin admin] Notify callbacks [] for security_group, precommit_create {{(pid=94624) _notify_loop /usr/local/lib/python3.8/dist-packages/neutron_lib/callbacks/manager.py:192}}
Aug 27 11:59:10.392234 n-d-688802-4 neutron-server[94624]: DEBUG neutron_lib.callbacks.manager [None req-b256785b-1c6f-4ed3-935d-fe8e62254dbe admin admin] Notify callbacks ['neutron.plugins.ml2.ovo_rpc._ObjectChangeHandler.handle_event-632545'] for security_group, after_create {{(pid=94624) _notify_loop /usr/local/lib/python3.8/dist-packages/neutron_lib/callbacks/manager.py:192}}
Aug 27 11:59:10.515190 n-d-688802-4 neutron-server[94624]: DEBUG neutron_lib.callbacks.manager [req-3e26ecac-146d-4290-92bf-f18810e61198 req-b7f095ef-ad51-4cea-9978-df7a82825ec8 tempest-ServersAdminNegativeTestJSON-1336343093 tempest-ServersAdminNegativeTestJSON-1336343093-project] Notify callbacks ['neutron.plugins.ml2.plugin.SecurityGroupServerNotifierRpcMixin._notify_sg_on_port_change-7936240', 'neutron.plugins.ml2.ovo_rpc._ObjectChangeHandler.handle_event-399091', 'neutron.api.rpc.agentnotifiers.dhcp_rpc_agent_api.DhcpAgentNotifyAPI._native_event_send_dhcp_notification-630669', 'neutron.db.l3_dvrscheduler_db._notify_l3_agent_new_port-8749573250820'] for port, after_create {{(pid=94624) _notify_loop /usr/local/lib/python3.8/dist-packages/neutron_lib/callbacks/manager.py:192}}
Aug 27 11:59:10.538872 n-d-688802-4 neutron-server[94624]: DEBUG neutron.api.rpc.handlers.resources_rpc [None req-b256785b-1c6f-4ed3-935d-fe8e62254dbe admin admin] Pushing event updated for resources: {'SecurityGroup': ['ID=891c8ca8-d01e-412e-8b05-4cd2a60ac541,revision_number=1']} {{(pid=94624) push /opt/stack/neutron/neutron/api/rpc/handlers/resources_rpc.py:237}}
Aug 27 11:59:10.577119 n-d-688802-4 neutron-server[94623]: DEBUG neutron.wsgi [-] (94623) accepted ('10.222.0.76', 33440) {{(pid=94623) server /usr/local/lib/python3.8/dist-packages/eventlet/wsgi.py:982}}
Aug 27 11:59:10.577707 n-d-688802-4 neutron-server[94624]: INFO neutron.wsgi [None req-b256785b-1c6f-4ed3-935d-fe8e62254dbe admin admin] 10.222.0.76 "GET /v2.0/security-groups?tenant_id=939c80dc23e94a50a0570b7bf77f7e0f&name=default HTTP/1.1" status: 200 len: 2979 time: 0.7562804
Aug 27 11:59:10.631354 n-d-688802-4 neutron-server[94624]: DEBUG neutron.scheduler.dhcp_agent_scheduler [req-3e26ecac-146d-4290-92bf-f18810e61198 req-b7f095ef-ad51-4cea-9978-df7a82825ec8 tempest-ServersAdminNegativeTestJSON-1336343093 tempest-ServersAdminNegativeTestJSON-1336343093-project] Network b6bbebbb-f749-4e54-8879-430c48a23e8e is already hosted by enough agents. {{(pid=94624) _get_dhcp_agents_hosting_network /opt/stack/neutron/neutron/scheduler/dhcp_agent_scheduler.py:275}}
Aug 27 11:59:10.637393 n-d-688802-4 neutron-server[94624]: DEBUG neutron.scheduler.base_scheduler [req-3e26ecac-146d-4290-92bf-f18810e61198 req-b7f095ef-ad51-4cea-9978-df7a82825ec8 tempest-ServersAdminNegativeTestJSON-1336343093 tempest-ServersAdminNegativeTestJSON-1336343093-project] Resources bound (agent type, host, resource id): {{(pid=94624) schedule /opt/stack/neutron/neutron/scheduler/base_scheduler.py:57}}
Aug 27 11:59:10.644954 n-d-688802-4 neutron-server[94624]: DEBUG neutron.db.l3_dvrscheduler_db [req-3e26ecac-146d-4290-92bf-f18810e61198 req-b7f095ef-ad51-4cea-9978-df7a82825ec8 tempest-ServersAdminNegativeTestJSON-1336343093 tempest-ServersAdminNegativeTestJSON-1336343093-project] Received port after_create {{(pid=94624) _notify_l3_agent_new_port /opt/stack/neutron/neutron/db/l3_dvrscheduler_db.py:535}}
Aug 27 11:59:10.650924 n-d-688802-4 neutron-server[94624]: DEBUG neutron.pecan_wsgi.hooks.policy_enforcement [req-3e26ecac-146d-4290-92bf-f18810e61198 req-b7f095ef-ad51-4cea-9978-df7a82825ec8 tempest-ServersAdminNegativeTestJSON-1336343093 tempest-ServersAdminNegativeTestJSON-1336343093-project] Attributes excluded by policy engine: ['standard_attr_id', 'binding:profile', 'binding:host_id', 'binding:vif_type', 'binding:vif_details', 'network'] {{(pid=94624) _exclude_attributes_by_policy /opt/stack/neutron/neutron/pecan_wsgi/hooks/policy_enforcement.py:255}}
Aug 27 11:59:10.651700 n-d-688802-4 neutron-server[94624]: DEBUG neutron_lib.callbacks.manager [req-3e26ecac-146d-4290-92bf-f18810e61198 req-b7f095ef-ad51-4cea-9978-df7a82825ec8 tempest-ServersAdminNegativeTestJSON-1336343093 tempest-ServersAdminNegativeTestJSON-1336343093-project] Notify callbacks ['neutron.notifiers.nova.Notifier._send_nova_notification-5737', 'neutron.api.rpc.agentnotifiers.dhcp_rpc_agent_api.DhcpAgentNotifyAPI._send_dhcp_notification-630655'] for port, before_response {{(pid=94624) _notify_loop /usr/local/lib/python3.8/dist-packages/neutron_lib/callbacks/manager.py:192}}
Aug 27 11:59:10.674013 n-d-688802-4 neutron-server[94624]: INFO neutron.wsgi [req-3e26ecac-146d-4290-92bf-f18810e61198 req-b7f095ef-ad51-4cea-9978-df7a82825ec8 tempest-ServersAdminNegativeTestJSON-1336343093 tempest-ServersAdminNegativeTestJSON-1336343093-project] 10.222.0.77 "POST /v2.0/ports HTTP/1.1" status: 201 len: 938 time: 1.7051466
Aug 27 11:59:10.710082 n-d-688802-4 neutron-server[94624]: DEBUG neutron.wsgi [req-3e26ecac-146d-4290-92bf-f18810e61198 req-3078f846-cbed-4347-b57d-dd4770e571ec tempest-ServersAdminNegativeTestJSON-1336343093 tempest-ServersAdminNegativeTestJSON-1336343093-project] http://10.222.0.76:9696/v2.0/extensions returned with HTTP 200 {{(pid=94624) __call__ /opt/stack/neutron/neutron/wsgi.py:729}}
Aug 27 11:59:10.711957 n-d-688802-4 neutron-server[94624]: INFO neutron.wsgi [req-3e26ecac-146d-4290-92bf-f18810e61198 req-3078f846-cbed-4347-b57d-dd4770e571ec tempest-ServersAdminNegativeTestJSON-1336343093 tempest-ServersAdminNegativeTestJSON-1336343093-project] 10.222.0.77 "GET /v2.0/extensions HTTP/1.1" status: 200 len: 13640 time: 0.0149560
Aug 27 11:59:10.714894 n-d-688802-4 neutron-server[94624]: DEBUG neutron.api.rpc.handlers.resources_rpc [None req-b7f095ef-ad51-4cea-9978-df7a82825ec8 tempest-ServersAdminNegativeTestJSON-1336343093 tempest-ServersAdminNegativeTestJSON-1336343093-project] Pushing event updated for resources: {'Port': ['ID=c6089cac-c390-456a-befa-ba352f48c025,revision_number=1']} {{(pid=94624) push /opt/stack/neutron/neutron/api/rpc/handlers/resources_rpc.py:237}}
Aug 27 11:59:10.759421 n-d-688802-4 neutron-server[94623]: DEBUG neutron_lib.callbacks.manager [None req-3a5d4309-d19b-4325-9b15-c547e3ec5507 admin admin] Notify callbacks [] for security_group, before_delete {{(pid=94623) _notify_loop /usr/local/lib/python3.8/dist-packages/neutron_lib/callbacks/manager.py:192}}
Aug 27 11:59:10.830131 n-d-688802-4 neutron-server[94623]: DEBUG neutron_lib.callbacks.manager [None req-3a5d4309-d19b-4325-9b15-c547e3ec5507 admin admin] Notify callbacks [] for security_group, precommit_delete {{(pid=94623) _notify_loop /usr/local/lib/python3.8/dist-packages/neutron_lib/callbacks/manager.py:192}}
Aug 27 11:59:11.001335 n-d-688802-4 neutron-server[94623]: DEBUG neutron_lib.callbacks.manager [None req-df2212c0-aeec-4afb-b784-0d1f817c618f admin admin] Notify callbacks [] for security_group, before_create {{(pid=94623) _notify_loop /usr/local/lib/python3.8/dist-packages/neutron_lib/callbacks/manager.py:192}}
Aug 27 11:59:11.014522 n-d-688802-4 neutron-server[94625]: DEBUG neutron.db.provisioning_blocks [None req-7f28d1c1-e9e3-4a1f-9998-9372e55a21f3 None None] Provisioning for port c6089cac-c390-456a-befa-ba352f48c025 completed by entity DHCP. {{(pid=94625) provisioning_complete /opt/stack/neutron/neutron/db/provisioning_blocks.py:133}}
Aug 27 11:59:11.040434 n-d-688802-4 neutron-server[94625]: DEBUG neutron.db.provisioning_blocks [None req-7f28d1c1-e9e3-4a1f-9998-9372e55a21f3 None None] Provisioning complete for port c6089cac-c390-456a-befa-ba352f48c025 triggered by entity DHCP. {{(pid=94625) provisioning_complete /opt/stack/neutron/neutron/db/provisioning_blocks.py:139}}
Aug 27 11:59:11.042790 n-d-688802-4 neutron-server[94625]: DEBUG neutron_lib.callbacks.manager [None req-7f28d1c1-e9e3-4a1f-9998-9372e55a21f3 None None] Notify callbacks ['neutron.plugins.ml2.plugin.Ml2Plugin._port_provisioned-8384310'] for port, provisioning_complete {{(pid=94625) _notify_loop /usr/local/lib/python3.8/dist-packages/neutron_lib/callbacks/manager.py:192}}
Aug 27 11:59:11.047947 n-d-688802-4 neutron-server[94623]: DEBUG neutron_lib.callbacks.manager [None req-3a5d4309-d19b-4325-9b15-c547e3ec5507 admin admin] Notify callbacks ['neutron.plugins.ml2.ovo_rpc._ObjectChangeHandler.handle_event-632545'] for security_group, after_delete {{(pid=94623) _notify_loop /usr/local/lib/python3.8/dist-packages/neutron_lib/callbacks/manager.py:192}}
Aug 27 11:59:11.050851 n-d-688802-4 neutron-server[94623]: DEBUG neutron_lib.callbacks.manager [None req-3a5d4309-d19b-4325-9b15-c547e3ec5507 admin admin] Notify callbacks [] for security_group, before_response {{(pid=94623) _notify_loop /usr/local/lib/python3.8/dist-packages/neutron_lib/callbacks/manager.py:192}}
Aug 27 11:59:11.055554 n-d-688802-4 neutron-server[94623]: INFO neutron.wsgi [None req-3a5d4309-d19b-4325-9b15-c547e3ec5507 admin admin] 10.222.0.76 "DELETE /v2.0/security-groups/891c8ca8-d01e-412e-8b05-4cd2a60ac541 HTTP/1.1" status: 204 len: 168 time: 0.4773877
Aug 27 11:59:11.076195 n-d-688802-4 neutron-server[94623]: DEBUG neutron.pecan_wsgi.hooks.policy_enforcement [req-e95d2d83-c92e-413b-bc5c-2676ac7bf610 req-e6fda21c-1bf5-4669-b9ac-86225fc7f11c tempest-ServersAdminNegativeTestJSON-1336343093 tempest-ServersAdminNegativeTestJSON-1336343093-project] Attributes excluded by policy engine: ['standard_attr_id', 'binding:profile', 'binding:host_id', 'binding:vif_type', 'binding:vif_details'] {{(pid=94623) _exclude_attributes_by_policy /opt/stack/neutron/neutron/pecan_wsgi/hooks/policy_enforcement.py:255}}
Aug 27 11:59:11.078151 n-d-688802-4 neutron-server[94623]: INFO neutron.wsgi [req-e95d2d83-c92e-413b-bc5c-2676ac7bf610 req-e6fda21c-1bf5-4669-b9ac-86225fc7f11c tempest-ServersAdminNegativeTestJSON-1336343093 tempest-ServersAdminNegativeTestJSON-1336343093-project] 10.222.0.76 "GET /v2.0/ports?device_id=32a6b57e-9662-493d-b180-bdc9a3be4f97 HTTP/1.1" status: 200 len: 936 time: 0.2052662
Aug 27 11:59:11.089143 n-d-688802-4 neutron-server[94623]: INFO neutron.wsgi [req-e0fc0292-d2ee-459a-abb9-64c669183e28 req-0adccacb-47c0-4a15-b2c1-485ad78b3f18 service neutron] 10.222.0.65 "GET /v2.0/ports?device_id=180eb446-0185-4514-88c6-75804e7de026&fields=binding%3Ahost_id&fields=binding%3Avif_type HTTP/1.1" status: 200 len: 273 time: 0.2053614
Aug 27 11:59:11.105180 n-d-688802-4 neutron-server[94623]: DEBUG neutron.api.rpc.handlers.resources_rpc [None req-3a5d4309-d19b-4325-9b15-c547e3ec5507 admin admin] Pushing event deleted for resources: {'SecurityGroup': ['ID=891c8ca8-d01e-412e-8b05-4cd2a60ac541,revision_number=None']} {{(pid=94623) push /opt/stack/neutron/neutron/api/rpc/handlers/resources_rpc.py:237}}
Aug 27 11:59:11.179483 n-d-688802-4 neutron-server[94623]: INFO neutron.wsgi [req-e95d2d83-c92e-413b-bc5c-2676ac7bf610 req-78e8e3a2-6146-49df-8b7f-67485c7c717b tempest-ServersAdminNegativeTestJSON-1336343093 tempest-ServersAdminNegativeTestJSON-1336343093-project] 10.222.0.76 "GET /v2.0/security-groups?id=8677400b-51e6-413a-899a-4999fe90dc23&fields=id&fields=name HTTP/1.1" status: 200 len: 286 time: 0.0886543
Aug 27 11:59:11.197329 n-d-688802-4 neutron-server[94625]: DEBUG neutron.plugins.ml2.plugin [None req-7f28d1c1-e9e3-4a1f-9998-9372e55a21f3 None None] Port c6089cac-c390-456a-befa-ba352f48c025 cannot update to ACTIVE because it is not bound. {{(pid=94625) _port_provisioned /opt/stack/neutron/neutron/plugins/ml2/plugin.py:337}}
Aug 27 11:59:11.328842 n-d-688802-4 neutron-server[94624]: DEBUG neutron.api.v2.base [req-3e26ecac-146d-4290-92bf-f18810e61198 req-3f1ffa5e-92bb-4abf-9072-0a137054c738 service neutron] Request body: {'port': {'device_id': '32a6b57e-9662-493d-b180-bdc9a3be4f97', 'device_owner': 'compute:nova', 'binding:host_id': 'n-h1-688802-4'}} {{(pid=94624) prepare_request_body /opt/stack/neutron/neutron/api/v2/base.py:730}}
Aug 27 11:59:11.343845 n-d-688802-4 neutron-server[94623]: DEBUG neutron.pecan_wsgi.hooks.policy_enforcement [req-e0fc0292-d2ee-459a-abb9-64c669183e28 req-0376ee95-c87f-46b4-95d8-6cf351cd5173 service neutron] Attributes excluded by policy engine: ['standard_attr_id'] {{(pid=94623) _exclude_attributes_by_policy /opt/stack/neutron/neutron/pecan_wsgi/hooks/policy_enforcement.py:255}}
Aug 27 11:59:11.345457 n-d-688802-4 neutron-server[94623]: INFO neutron.wsgi [req-e0fc0292-d2ee-459a-abb9-64c669183e28 req-0376ee95-c87f-46b4-95d8-6cf351cd5173 service neutron] 10.222.0.65 "GET /v2.0/ports?tenant_id=639db4712431468a932712b82dd9c94e&device_id=180eb446-0185-4514-88c6-75804e7de026 HTTP/1.1" status: 200 len: 1123 time: 0.1283419
Aug 27 11:59:11.362243 n-d-688802-4 neutron-server[94623]: DEBUG neutron_lib.callbacks.manager [None req-df2212c0-aeec-4afb-b784-0d1f817c618f admin admin] Notify callbacks [] for security_group, precommit_create {{(pid=94623) _notify_loop /usr/local/lib/python3.8/dist-packages/neutron_lib/callbacks/manager.py:192}}
Aug 27 11:59:11.369297 n-d-688802-4 neutron-server[94623]: DEBUG neutron_lib.callbacks.manager [None req-df2212c0-aeec-4afb-b784-0d1f817c618f admin admin] Notify callbacks ['neutron.plugins.ml2.ovo_rpc._ObjectChangeHandler.handle_event-632545'] for security_group, after_create {{(pid=94623) _notify_loop /usr/local/lib/python3.8/dist-packages/neutron_lib/callbacks/manager.py:192}}
Aug 27 11:59:11.522106 n-d-688802-4 neutron-server[94623]: DEBUG neutron.api.rpc.handlers.resources_rpc [None req-df2212c0-aeec-4afb-b784-0d1f817c618f admin admin] Pushing event updated for resources: {'SecurityGroup': ['ID=f1f257cc-801e-4189-882a-ca2f3c9d9249,revision_number=1']} {{(pid=94623) push /opt/stack/neutron/neutron/api/rpc/handlers/resources_rpc.py:237}}
Aug 27 11:59:11.531354 n-d-688802-4 neutron-server[94623]: INFO neutron.wsgi [None req-df2212c0-aeec-4afb-b784-0d1f817c618f admin admin] 10.222.0.76 "GET /v2.0/security-groups?tenant_id=05728e8d42d847349c44d05f4d3e95e5&name=default HTTP/1.1" status: 200 len: 2979 time: 1.1628366
Aug 27 11:59:11.534156 n-d-688802-4 neutron-server[94623]: DEBUG neutron.wsgi [-] (94623) accepted ('10.222.0.76', 33492) {{(pid=94623) server /usr/local/lib/python3.8/dist-packages/eventlet/wsgi.py:982}}
Aug 27 11:59:11.541761 n-d-688802-4 neutron-server[94624]: DEBUG neutron_lib.callbacks.manager [req-3e26ecac-146d-4290-92bf-f18810e61198 req-3f1ffa5e-92bb-4abf-9072-0a137054c738 service neutron] Notify callbacks ['neutron.plugins.ml2.plugin.SecurityGroupDbMixin._ensure_default_security_group_handler-7936191'] for port, before_update {{(pid=94624) _notify_loop /usr/local/lib/python3.8/dist-packages/neutron_lib/callbacks/manager.py:192}}
Aug 27 11:59:11.668409 n-d-688802-4 neutron-server[94623]: DEBUG neutron.pecan_wsgi.hooks.policy_enforcement [req-e0fc0292-d2ee-459a-abb9-64c669183e28 req-8eba695f-634c-4c9a-80ac-a050471bb5c0 service neutron] Attributes excluded by policy engine: ['standard_attr_id', 'vlan_transparent'] {{(pid=94623) _exclude_attributes_by_policy /opt/stack/neutron/neutron/pecan_wsgi/hooks/policy_enforcement.py:255}}
Aug 27 11:59:11.671058 n-d-688802-4 neutron-server[94623]: INFO neutron.wsgi [req-e0fc0292-d2ee-459a-abb9-64c669183e28 req-8eba695f-634c-4c9a-80ac-a050471bb5c0 service neutron] 10.222.0.65 "GET /v2.0/networks?id=b6bbebbb-f749-4e54-8879-430c48a23e8e HTTP/1.1" status: 200 len: 870 time: 0.2688508
Aug 27 11:59:11.672656 n-d-688802-4 neutron-server[94623]: DEBUG neutron_lib.callbacks.manager [None req-bbb0ae57-952c-460b-9b83-92867463510a admin admin] Notify callbacks [] for security_group, before_delete {{(pid=94623) _notify_loop /usr/local/lib/python3.8/dist-packages/neutron_lib/callbacks/manager.py:192}}
Aug 27 11:59:11.677050 n-d-688802-4 neutron-server[94623]: INFO neutron.wsgi [req-44a9a2a5-6f6d-49f2-8592-289927a55a8a req-c00246a7-8f36-40b7-892c-b374cda1850e tempest-ServersWithSpecificFlavorTestJSON-831776454 tempest-ServersWithSpecificFlavorTestJSON-831776454-project] 10.222.0.76 "GET /v2.0/ports?device_id=9a35aab0-69a9-49fe-945d-461a3eb1e9d7 HTTP/1.1" status: 200 len: 210 time: 0.0531428
Aug 27 11:59:11.731346 n-d-688802-4 neutron-server[94623]: INFO neutron.wsgi [req-e0fc0292-d2ee-459a-abb9-64c669183e28 req-7debc095-a1b9-4144-8ed1-2682848ed7ec service neutron] 10.222.0.65 "GET /v2.0/floatingips?fixed_ip_address=192.168.233.227&port_id=983e4816-26c9-4855-a109-517cd711013f HTTP/1.1" status: 200 len: 217 time: 0.0522707
Aug 27 11:59:11.749041 n-d-688802-4 neutron-server[94623]: DEBUG neutron_lib.callbacks.manager [None req-bbb0ae57-952c-460b-9b83-92867463510a admin admin] Notify callbacks [] for security_group, precommit_delete {{(pid=94623) _notify_loop /usr/local/lib/python3.8/dist-packages/neutron_lib/callbacks/manager.py:192}}
Aug 27 11:59:11.847239 n-d-688802-4 neutron-server[94623]: DEBUG neutron.pecan_wsgi.hooks.policy_enforcement [req-e0fc0292-d2ee-459a-abb9-64c669183e28 req-27c4f04f-d3e0-4d7f-91b0-54a0e08bc36c service neutron] Attributes excluded by policy engine: ['standard_attr_id', 'shared', 'segment_id'] {{(pid=94623) _exclude_attributes_by_policy /opt/stack/neutron/neutron/pecan_wsgi/hooks/policy_enforcement.py:255}}
Aug 27 11:59:11.848940 n-d-688802-4 neutron-server[94623]: INFO neutron.wsgi [req-e0fc0292-d2ee-459a-abb9-64c669183e28 req-27c4f04f-d3e0-4d7f-91b0-54a0e08bc36c service neutron] 10.222.0.65 "GET /v2.0/subnets?id=ca8c3356-4a00-45b9-a585-8a6412dab749 HTTP/1.1" status: 200 len: 843 time: 0.0924845
Aug 27 11:59:11.899836 n-d-688802-4 neutron-server[94624]: DEBUG neutron.wsgi [-] (94624) accepted ('10.222.0.76', 33510) {{(pid=94624) server /usr/local/lib/python3.8/dist-packages/eventlet/wsgi.py:982}}
Aug 27 11:59:11.913325 n-d-688802-4 neutron-server[94623]: INFO neutron.wsgi [req-a2a5df25-fe4e-4953-bd0f-d2f7aa7163a1 req-50559ab6-eb6c-4662-b0d9-fdc624460734 tempest-ServerDiagnosticsNegativeTest-318257120 tempest-ServerDiagnosticsNegativeTest-318257120-project] 10.222.0.76 "GET /v2.0/networks?tenant_id=c321ab0344174c90b7faa80f19801986&shared=False HTTP/1.1" status: 200 len: 213 time: 0.0406640
Aug 27 11:59:11.921888 n-d-688802-4 neutron-server[94624]: DEBUG neutron_lib.callbacks.manager [None req-40c913ba-947e-4b10-b864-a245c87f11eb admin admin] Notify callbacks [] for security_group, before_create {{(pid=94624) _notify_loop /usr/local/lib/python3.8/dist-packages/neutron_lib/callbacks/manager.py:192}}
Aug 27 11:59:11.964881 n-d-688802-4 neutron-server[94624]: DEBUG neutron.wsgi [-] (94624) accepted ('10.222.0.65', 65092) {{(pid=94624) server /usr/local/lib/python3.8/dist-packages/eventlet/wsgi.py:982}}
Aug 27 11:59:12.068084 n-d-688802-4 neutron-server[94623]: DEBUG neutron_lib.callbacks.manager [None req-bbb0ae57-952c-460b-9b83-92867463510a admin admin] Notify callbacks ['neutron.plugins.ml2.ovo_rpc._ObjectChangeHandler.handle_event-632545'] for security_group, after_delete {{(pid=94623) _notify_loop /usr/local/lib/python3.8/dist-packages/neutron_lib/callbacks/manager.py:192}}
Aug 27 11:59:12.073411 n-d-688802-4 neutron-server[94623]: DEBUG neutron_lib.callbacks.manager [None req-bbb0ae57-952c-460b-9b83-92867463510a admin admin] Notify callbacks [] for security_group, before_response {{(pid=94623) _notify_loop /usr/local/lib/python3.8/dist-packages/neutron_lib/callbacks/manager.py:192}}
Aug 27 11:59:12.075122 n-d-688802-4 neutron-server[94623]: INFO neutron.wsgi [None req-bbb0ae57-952c-460b-9b83-92867463510a admin admin] 10.222.0.76 "DELETE /v2.0/security-groups/f1f257cc-801e-4189-882a-ca2f3c9d9249 HTTP/1.1" status: 204 len: 168 time: 0.5386441
Aug 27 11:59:12.112142 n-d-688802-4 neutron-server[94623]: DEBUG neutron.api.rpc.handlers.resources_rpc [None req-bbb0ae57-952c-460b-9b83-92867463510a admin admin] Pushing event deleted for resources: {'SecurityGroup': ['ID=f1f257cc-801e-4189-882a-ca2f3c9d9249,revision_number=None']} {{(pid=94623) push /opt/stack/neutron/neutron/api/rpc/handlers/resources_rpc.py:237}}
Aug 27 11:59:12.140747 n-d-688802-4 neutron-server[94623]: DEBUG neutron.pecan_wsgi.hooks.policy_enforcement [req-e0fc0292-d2ee-459a-abb9-64c669183e28 req-0f2978b2-562a-4329-983c-11d39134c6f6 service neutron] Attributes excluded by policy engine: ['standard_attr_id'] {{(pid=94623) _exclude_attributes_by_policy /opt/stack/neutron/neutron/pecan_wsgi/hooks/policy_enforcement.py:255}}
Aug 27 11:59:12.143054 n-d-688802-4 neutron-server[94623]: INFO neutron.wsgi [req-e0fc0292-d2ee-459a-abb9-64c669183e28 req-0f2978b2-562a-4329-983c-11d39134c6f6 service neutron] 10.222.0.65 "GET /v2.0/ports?network_id=b6bbebbb-f749-4e54-8879-430c48a23e8e&device_owner=network%3Adhcp HTTP/1.1" status: 200 len: 1166 time: 0.2853060
Aug 27 11:59:12.160177 n-d-688802-4 neutron-server[94623]: DEBUG neutron.pecan_wsgi.hooks.policy_enforcement [req-a2a5df25-fe4e-4953-bd0f-d2f7aa7163a1 req-8ce4da93-a854-45ed-a40b-b6a017d25c41 tempest-ServerDiagnosticsNegativeTest-318257120 tempest-ServerDiagnosticsNegativeTest-318257120-project] Attributes excluded by policy engine: ['standard_attr_id', 'vlan_transparent', 'provider:network_type', 'provider:physical_network', 'provider:segmentation_id'] {{(pid=94623) _exclude_attributes_by_policy /opt/stack/neutron/neutron/pecan_wsgi/hooks/policy_enforcement.py:255}}
Aug 27 11:59:12.162030 n-d-688802-4 neutron-server[94623]: INFO neutron.wsgi [req-a2a5df25-fe4e-4953-bd0f-d2f7aa7163a1 req-8ce4da93-a854-45ed-a40b-b6a017d25c41 tempest-ServerDiagnosticsNegativeTest-318257120 tempest-ServerDiagnosticsNegativeTest-318257120-project] 10.222.0.76 "GET /v2.0/networks?shared=True HTTP/1.1" status: 200 len: 769 time: 0.2478249
Aug 27 11:59:12.241012 n-d-688802-4 neutron-server[94623]: INFO neutron.wsgi [req-a2a5df25-fe4e-4953-bd0f-d2f7aa7163a1 req-c2f41e2b-b35e-463d-a778-c9662873e6b7 tempest-ServerDiagnosticsNegativeTest-318257120 tempest-ServerDiagnosticsNegativeTest-318257120-project] 10.222.0.76 "GET /v2.0/quotas/c321ab0344174c90b7faa80f19801986 HTTP/1.1" status: 200 len: 375 time: 0.0660489
Aug 27 11:59:12.296216 n-d-688802-4 neutron-server[94624]: DEBUG neutron.notifiers.nova [req-3e26ecac-146d-4290-92bf-f18810e61198 req-3f1ffa5e-92bb-4abf-9072-0a137054c738 service neutron] Ignoring state change previous_port_status: DOWN current_port_status: DOWN port_id c6089cac-c390-456a-befa-ba352f48c025 {{(pid=94624) record_port_status_changed /opt/stack/neutron/neutron/notifiers/nova.py:224}}
Aug 27 11:59:12.299493 n-d-688802-4 neutron-server[94623]: INFO neutron.wsgi [req-a2a5df25-fe4e-4953-bd0f-d2f7aa7163a1 req-704dbe8a-ee81-4a6e-adfb-e5abda38211a tempest-ServerDiagnosticsNegativeTest-318257120 tempest-ServerDiagnosticsNegativeTest-318257120-project] 10.222.0.76 "GET /v2.0/ports?tenant_id=c321ab0344174c90b7faa80f19801986&fields=id HTTP/1.1" status: 200 len: 210 time: 0.0387206
Aug 27 11:59:12.313895 n-d-688802-4 neutron-server[94624]: DEBUG neutron.pecan_wsgi.hooks.policy_enforcement [req-c0b37435-9450-4c55-9041-e069b46bbbc8 req-a9272e91-b208-47bb-9b2f-b4d82281fb10 tempest-ServersWithSpecificFlavorTestJSON-831776454 tempest-ServersWithSpecificFlavorTestJSON-831776454-project] Attributes excluded by policy engine: ['standard_attr_id', 'vlan_transparent', 'provider:network_type', 'provider:physical_network', 'provider:segmentation_id'] {{(pid=94624) _exclude_attributes_by_policy /opt/stack/neutron/neutron/pecan_wsgi/hooks/policy_enforcement.py:255}}
Aug 27 11:59:12.315924 n-d-688802-4 neutron-server[94624]: INFO neutron.wsgi [req-c0b37435-9450-4c55-9041-e069b46bbbc8 req-a9272e91-b208-47bb-9b2f-b4d82281fb10 tempest-ServersWithSpecificFlavorTestJSON-831776454 tempest-ServersWithSpecificFlavorTestJSON-831776454-project] 10.222.0.65 "GET /v2.0/networks?id=f7448c16-e86f-486a-940b-967a191f38ba HTTP/1.1" status: 200 len: 823 time: 0.3497469
Aug 27 11:59:12.320325 n-d-688802-4 neutron-server[94624]: DEBUG neutron_lib.callbacks.manager [req-3e26ecac-146d-4290-92bf-f18810e61198 req-3f1ffa5e-92bb-4abf-9072-0a137054c738 service neutron] Notify callbacks [] for port, precommit_update {{(pid=94624) _notify_loop /usr/local/lib/python3.8/dist-packages/neutron_lib/callbacks/manager.py:192}}
Aug 27 11:59:12.345635 n-d-688802-4 neutron-server[94623]: INFO neutron.wsgi [req-e0fc0292-d2ee-459a-abb9-64c669183e28 req-53fa5cfe-5f43-4461-a680-a021eb236a10 service neutron] 10.222.0.65 "GET /v2.0/networks/b6bbebbb-f749-4e54-8879-430c48a23e8e?fields=segments HTTP/1.1" status: 200 len: 212 time: 0.1813958
Aug 27 11:59:12.369925 n-d-688802-4 neutron-server[94624]: DEBUG neutron.db.provisioning_blocks [req-3e26ecac-146d-4290-92bf-f18810e61198 req-3f1ffa5e-92bb-4abf-9072-0a137054c738 service neutron] Transition to ACTIVE for port object c6089cac-c390-456a-befa-ba352f48c025 will not be triggered until provisioned by entity L2. {{(pid=94624) add_provisioning_component /opt/stack/neutron/neutron/db/provisioning_blocks.py:73}}
Aug 27 11:59:12.386000 n-d-688802-4 neutron-server[94624]: DEBUG neutron_lib.callbacks.manager [req-3e26ecac-146d-4290-92bf-f18810e61198 req-3f1ffa5e-92bb-4abf-9072-0a137054c738 service neutron] Notify callbacks ['neutron.plugins.ml2.plugin.SecurityGroupServerNotifierRpcMixin._notify_sg_on_port_change-7936240', 'neutron.plugins.ml2.ovo_rpc._ObjectChangeHandler.handle_event-399091', 'neutron.api.rpc.agentnotifiers.dhcp_rpc_agent_api.DhcpAgentNotifyAPI._native_event_send_dhcp_notification-630669', 'neutron.db.l3_db.L3RpcNotifierMixin._notify_gateway_port_ip_changed-8749573707569', 'neutron.db.l3_dvrscheduler_db._notify_l3_agent_port_update-8749573250838', 'neutron.db.l3_hascheduler_db._notify_l3_agent_ha_port_update-8749573250856'] for port, after_update {{(pid=94624) _notify_loop /usr/local/lib/python3.8/dist-packages/neutron_lib/callbacks/manager.py:192}}
Aug 27 11:59:12.482662 n-d-688802-4 neutron-server[94624]: DEBUG neutron_lib.callbacks.manager [None req-40c913ba-947e-4b10-b864-a245c87f11eb admin admin] Notify callbacks [] for security_group, precommit_create {{(pid=94624) _notify_loop /usr/local/lib/python3.8/dist-packages/neutron_lib/callbacks/manager.py:192}}
Aug 27 11:59:12.493159 n-d-688802-4 neutron-server[94624]: INFO neutron.wsgi [req-c0b37435-9450-4c55-9041-e069b46bbbc8 req-3298d52c-3841-4b0f-9aa2-081ac47a4344 tempest-ServersWithSpecificFlavorTestJSON-831776454 tempest-ServersWithSpecificFlavorTestJSON-831776454-project] 10.222.0.65 "GET /v2.0/security-groups?fields=id&fields=name&tenant_id=3b34dbfb1a124b82ab838b1219014f29 HTTP/1.1" status: 200 len: 379 time: 0.1624544
Aug 27 11:59:12.509099 n-d-688802-4 neutron-server[94624]: DEBUG neutron.api.v2.base [req-c0b37435-9450-4c55-9041-e069b46bbbc8 req-5d980f0e-23cf-48db-bc1c-b5a8637d3485 tempest-ServersWithSpecificFlavorTestJSON-831776454 tempest-ServersWithSpecificFlavorTestJSON-831776454-project] Request body: {'port': {'device_id': '9a35aab0-69a9-49fe-945d-461a3eb1e9d7', 'network_id': 'f7448c16-e86f-486a-940b-967a191f38ba', 'admin_state_up': True, 'tenant_id': '3b34dbfb1a124b82ab838b1219014f29', 'security_groups': ['9873a10e-e5f0-4133-bfe4-962d27675d23']}} {{(pid=94624) prepare_request_body /opt/stack/neutron/neutron/api/v2/base.py:730}}
