Aug 27 12:07:55.626249 n-d-688802-4 cinder-volume[102783]: DEBUG cinder.volume.manager [None req-236749d8-6aef-4106-a6c0-6e5f29004a2e tempest-SnapshotsActionsTest-2128266824 None] Task 'cinder.volume.flows.manager.create_volume.NotifyVolumeActionTask;volume:create, create.start' (50600962-7a4f-4c54-b4bb-16469eefc003) transitioned into state 'RUNNING' from state 'PENDING' {{(pid=102783) _task_receiver /usr/local/lib/python3.8/dist-packages/taskflow/listeners/logging.py:190}}
Aug 27 12:07:55.629799 n-d-688802-4 cinder-volume[102783]: DEBUG cinder.volume.manager [None req-236749d8-6aef-4106-a6c0-6e5f29004a2e tempest-SnapshotsActionsTest-2128266824 None] Task 'cinder.volume.flows.manager.create_volume.NotifyVolumeActionTask;volume:create, create.start' (50600962-7a4f-4c54-b4bb-16469eefc003) transitioned into state 'SUCCESS' from state 'RUNNING' with result 'None' {{(pid=102783) _task_receiver /usr/local/lib/python3.8/dist-packages/taskflow/listeners/logging.py:178}}
Aug 27 12:07:55.632652 n-d-688802-4 cinder-volume[102783]: DEBUG cinder.volume.manager [None req-236749d8-6aef-4106-a6c0-6e5f29004a2e tempest-SnapshotsActionsTest-2128266824 None] Task 'cinder.volume.flows.manager.create_volume.CreateVolumeFromSpecTask;volume:create' (618300f0-ba76-488f-a699-7ce88537a8b6) transitioned into state 'RUNNING' from state 'PENDING' {{(pid=102783) _task_receiver /usr/local/lib/python3.8/dist-packages/taskflow/listeners/logging.py:190}}
Aug 27 12:07:55.636683 n-d-688802-4 cinder-volume[102783]: INFO cinder.volume.flows.manager.create_volume [None req-236749d8-6aef-4106-a6c0-6e5f29004a2e tempest-SnapshotsActionsTest-2128266824 None] Volume 0908dab2-5efa-4c78-8621-52af405ec902: being created as raw with specification: {'status': 'creating', 'volume_name': 'volume-0908dab2-5efa-4c78-8621-52af405ec902', 'volume_size': 1}
Aug 27 12:07:55.636683 n-d-688802-4 cinder-volume[102783]: DEBUG oslo_concurrency.processutils [None req-236749d8-6aef-4106-a6c0-6e5f29004a2e tempest-SnapshotsActionsTest-2128266824 None] Running cmd (subprocess): sudo cinder-rootwrap /etc/cinder/rootwrap.conf env LC_ALL=C lvcreate -n volume-0908dab2-5efa-4c78-8621-52af405ec902 stack-volumes-lvmdriver-1 -L 1g {{(pid=102783) execute /usr/local/lib/python3.8/dist-packages/oslo_concurrency/processutils.py:384}}
Aug 27 12:07:55.673684 n-d-688802-4 sudo[118180]: ubuntu : TTY=unknown ; PWD=/ ; USER=root ; COMMAND=/usr/local/bin/cinder-rootwrap /etc/cinder/rootwrap.conf env LC_ALL=C lvcreate -n volume-0908dab2-5efa-4c78-8621-52af405ec902 stack-volumes-lvmdriver-1 -L 1g
Aug 27 12:07:55.674728 n-d-688802-4 sudo[118180]: pam_unix(sudo:session): session opened for user root by (uid=0)
Aug 27 12:07:56.595458 n-d-688802-4 sudo[118180]: pam_unix(sudo:session): session closed for user root
Aug 27 12:07:56.597665 n-d-688802-4 cinder-volume[102783]: DEBUG oslo_concurrency.processutils [None req-236749d8-6aef-4106-a6c0-6e5f29004a2e tempest-SnapshotsActionsTest-2128266824 None] CMD "sudo cinder-rootwrap /etc/cinder/rootwrap.conf env LC_ALL=C lvcreate -n volume-0908dab2-5efa-4c78-8621-52af405ec902 stack-volumes-lvmdriver-1 -L 1g" returned: 0 in 0.962s {{(pid=102783) execute /usr/local/lib/python3.8/dist-packages/oslo_concurrency/processutils.py:422}}
Aug 27 12:07:56.619030 n-d-688802-4 cinder-volume[102783]: DEBUG cinder.volume.manager [None req-236749d8-6aef-4106-a6c0-6e5f29004a2e tempest-SnapshotsActionsTest-2128266824 None] Task 'cinder.volume.flows.manager.create_volume.CreateVolumeFromSpecTask;volume:create' (618300f0-ba76-488f-a699-7ce88537a8b6) transitioned into state 'SUCCESS' from state 'RUNNING' with result '{'status': 'creating', 'volume_name': 'volume-0908dab2-5efa-4c78-8621-52af405ec902', 'volume_size': 1}' {{(pid=102783) _task_receiver /usr/local/lib/python3.8/dist-packages/taskflow/listeners/logging.py:178}}
Aug 27 12:07:56.621795 n-d-688802-4 cinder-volume[102783]: DEBUG cinder.volume.manager [None req-236749d8-6aef-4106-a6c0-6e5f29004a2e tempest-SnapshotsActionsTest-2128266824 None] Task 'cinder.volume.flows.manager.create_volume.CreateVolumeOnFinishTask;volume:create, create.end' (ecf428a3-34df-40fe-ab1a-a7ff4c59f712) transitioned into state 'RUNNING' from state 'PENDING' {{(pid=102783) _task_receiver /usr/local/lib/python3.8/dist-packages/taskflow/listeners/logging.py:190}}
Aug 27 12:07:56.643347 n-d-688802-4 cinder-volume[102783]: INFO cinder.volume.flows.manager.create_volume [None req-236749d8-6aef-4106-a6c0-6e5f29004a2e tempest-SnapshotsActionsTest-2128266824 None] Volume volume-0908dab2-5efa-4c78-8621-52af405ec902 (0908dab2-5efa-4c78-8621-52af405ec902): created successfully
Aug 27 12:07:56.646656 n-d-688802-4 cinder-volume[102783]: DEBUG cinder.volume.manager [None req-236749d8-6aef-4106-a6c0-6e5f29004a2e tempest-SnapshotsActionsTest-2128266824 None] Task 'cinder.volume.flows.manager.create_volume.CreateVolumeOnFinishTask;volume:create, create.end' (ecf428a3-34df-40fe-ab1a-a7ff4c59f712) transitioned into state 'SUCCESS' from state 'RUNNING' with result 'None' {{(pid=102783) _task_receiver /usr/local/lib/python3.8/dist-packages/taskflow/listeners/logging.py:178}}
Aug 27 12:07:56.653379 n-d-688802-4 cinder-volume[102783]: DEBUG cinder.volume.manager [None req-236749d8-6aef-4106-a6c0-6e5f29004a2e tempest-SnapshotsActionsTest-2128266824 None] Flow 'volume_create_manager' (a0a05a57-7587-4911-8468-26a2298f2ce8) transitioned into state 'SUCCESS' from state 'RUNNING' {{(pid=102783) _flow_receiver /usr/local/lib/python3.8/dist-packages/taskflow/listeners/logging.py:141}}
Aug 27 12:07:56.671366 n-d-688802-4 cinder-volume[102783]: INFO cinder.volume.manager [None req-236749d8-6aef-4106-a6c0-6e5f29004a2e tempest-SnapshotsActionsTest-2128266824 None] Created volume successfully.
Aug 27 12:07:58.028029 n-d-688802-4 cinder-volume[102783]: DEBUG oslo_concurrency.processutils [None req-4ed7efcc-d9b6-4e35-a44c-70dda03f0252 tempest-SnapshotsActionsTest-2128266824 None] Running cmd (subprocess): sudo cinder-rootwrap /etc/cinder/rootwrap.conf env LC_ALL=C lvs --noheadings --unit=g -o vg_name,name,size --nosuffix --readonly stack-volumes-lvmdriver-1/volume-0908dab2-5efa-4c78-8621-52af405ec902 {{(pid=102783) execute /usr/local/lib/python3.8/dist-packages/oslo_concurrency/processutils.py:384}}
Aug 27 12:07:58.048047 n-d-688802-4 sudo[118228]: ubuntu : TTY=unknown ; PWD=/ ; USER=root ; COMMAND=/usr/local/bin/cinder-rootwrap /etc/cinder/rootwrap.conf env LC_ALL=C lvs --noheadings --unit=g -o vg_name,name,size --nosuffix --readonly stack-volumes-lvmdriver-1/volume-0908dab2-5efa-4c78-8621-52af405ec902
Aug 27 12:07:58.048993 n-d-688802-4 sudo[118228]: pam_unix(sudo:session): session opened for user root by (uid=0)
Aug 27 12:07:58.596375 n-d-688802-4 sudo[118228]: pam_unix(sudo:session): session closed for user root
Aug 27 12:07:58.600313 n-d-688802-4 cinder-volume[102783]: DEBUG oslo_concurrency.processutils [None req-4ed7efcc-d9b6-4e35-a44c-70dda03f0252 tempest-SnapshotsActionsTest-2128266824 None] CMD "sudo cinder-rootwrap /etc/cinder/rootwrap.conf env LC_ALL=C lvs --noheadings --unit=g -o vg_name,name,size --nosuffix --readonly stack-volumes-lvmdriver-1/volume-0908dab2-5efa-4c78-8621-52af405ec902" returned: 0 in 0.571s {{(pid=102783) execute /usr/local/lib/python3.8/dist-packages/oslo_concurrency/processutils.py:422}}
Aug 27 12:07:58.604145 n-d-688802-4 cinder-volume[102783]: DEBUG oslo_concurrency.processutils [None req-4ed7efcc-d9b6-4e35-a44c-70dda03f0252 tempest-SnapshotsActionsTest-2128266824 None] Running cmd (subprocess): sudo cinder-rootwrap /etc/cinder/rootwrap.conf env LC_ALL=C lvcreate --name _snapshot-88116cea-4341-47a4-a5cb-cd0c2d781c20 --snapshot stack-volumes-lvmdriver-1/volume-0908dab2-5efa-4c78-8621-52af405ec902 -L 1.00g {{(pid=102783) execute /usr/local/lib/python3.8/dist-packages/oslo_concurrency/processutils.py:384}}
Aug 27 12:07:58.649508 n-d-688802-4 sudo[118233]: ubuntu : TTY=unknown ; PWD=/ ; USER=root ; COMMAND=/usr/local/bin/cinder-rootwrap /etc/cinder/rootwrap.conf env LC_ALL=C lvcreate --name _snapshot-88116cea-4341-47a4-a5cb-cd0c2d781c20 --snapshot stack-volumes-lvmdriver-1/volume-0908dab2-5efa-4c78-8621-52af405ec902 -L 1.00g
Aug 27 12:07:58.651535 n-d-688802-4 sudo[118233]: pam_unix(sudo:session): session opened for user root by (uid=0)
Aug 27 12:07:59.571902 n-d-688802-4 sudo[118233]: pam_unix(sudo:session): session closed for user root
Aug 27 12:07:59.574660 n-d-688802-4 cinder-volume[102783]: DEBUG oslo_concurrency.processutils [None req-4ed7efcc-d9b6-4e35-a44c-70dda03f0252 tempest-SnapshotsActionsTest-2128266824 None] CMD "sudo cinder-rootwrap /etc/cinder/rootwrap.conf env LC_ALL=C lvcreate --name _snapshot-88116cea-4341-47a4-a5cb-cd0c2d781c20 --snapshot stack-volumes-lvmdriver-1/volume-0908dab2-5efa-4c78-8621-52af405ec902 -L 1.00g" returned: 0 in 0.971s {{(pid=102783) execute /usr/local/lib/python3.8/dist-packages/oslo_concurrency/processutils.py:422}}
Aug 27 12:07:59.611546 n-d-688802-4 cinder-volume[102783]: INFO cinder.volume.manager [None req-4ed7efcc-d9b6-4e35-a44c-70dda03f0252 tempest-SnapshotsActionsTest-2128266824 None] Create snapshot completed successfully
Aug 27 12:08:00.939637 n-d-688802-4 cinder-volume[102783]: DEBUG oslo_service.periodic_task [None req-1cd6cb13-3a53-4023-96c7-f6608b12f8f3 None None] Running periodic task VolumeManager.publish_service_capabilities {{(pid=102783) run_periodic_tasks /usr/local/lib/python3.8/dist-packages/oslo_service/periodic_task.py:210}}
Aug 27 12:08:00.940298 n-d-688802-4 cinder-volume[102783]: DEBUG cinder.volume.drivers.lvm [None req-1cd6cb13-3a53-4023-96c7-f6608b12f8f3 None None] Updating volume stats {{(pid=102783) _update_volume_stats /opt/stack/cinder/cinder/volume/drivers/lvm.py:214}}
Aug 27 12:08:00.949393 n-d-688802-4 cinder-volume[102783]: DEBUG oslo_concurrency.processutils [None req-1cd6cb13-3a53-4023-96c7-f6608b12f8f3 None None] Running cmd (subprocess): sudo cinder-rootwrap /etc/cinder/rootwrap.conf env LC_ALL=C vgs --noheadings --unit=g -o name,size,free,lv_count,uuid --separator : --nosuffix stack-volumes-lvmdriver-1 {{(pid=102783) execute /usr/local/lib/python3.8/dist-packages/oslo_concurrency/processutils.py:384}}
Aug 27 12:08:01.000557 n-d-688802-4 sudo[118336]: ubuntu : TTY=unknown ; PWD=/ ; USER=root ; COMMAND=/usr/local/bin/cinder-rootwrap /etc/cinder/rootwrap.conf env LC_ALL=C vgs --noheadings --unit=g -o name,size,free,lv_count,uuid --separator : --nosuffix stack-volumes-lvmdriver-1
Aug 27 12:08:01.001376 n-d-688802-4 sudo[118336]: pam_unix(sudo:session): session opened for user root by (uid=0)
Aug 27 12:08:01.092420 n-d-688802-4 cinder-volume[102783]: DEBUG oslo_concurrency.processutils [None req-9512ffff-67dc-4253-9728-9b6de43a11d4 tempest-SnapshotsActionsTest-2128266824 None] Running cmd (subprocess): sudo cinder-rootwrap /etc/cinder/rootwrap.conf env LC_ALL=C lvs --noheadings --unit=g -o vg_name,name,size --nosuffix --readonly stack-volumes-lvmdriver-1/volume-0908dab2-5efa-4c78-8621-52af405ec902 {{(pid=102783) execute /usr/local/lib/python3.8/dist-packages/oslo_concurrency/processutils.py:384}}
Aug 27 12:08:01.156656 n-d-688802-4 sudo[118338]: ubuntu : TTY=unknown ; PWD=/ ; USER=root ; COMMAND=/usr/local/bin/cinder-rootwrap /etc/cinder/rootwrap.conf env LC_ALL=C lvs --noheadings --unit=g -o vg_name,name,size --nosuffix --readonly stack-volumes-lvmdriver-1/volume-0908dab2-5efa-4c78-8621-52af405ec902
Aug 27 12:08:01.158275 n-d-688802-4 sudo[118338]: pam_unix(sudo:session): session opened for user root by (uid=0)
Aug 27 12:08:01.792972 n-d-688802-4 sudo[118338]: pam_unix(sudo:session): session closed for user root
Aug 27 12:08:01.796566 n-d-688802-4 cinder-volume[102783]: DEBUG oslo_concurrency.processutils [None req-9512ffff-67dc-4253-9728-9b6de43a11d4 tempest-SnapshotsActionsTest-2128266824 None] CMD "sudo cinder-rootwrap /etc/cinder/rootwrap.conf env LC_ALL=C lvs --noheadings --unit=g -o vg_name,name,size --nosuffix --readonly stack-volumes-lvmdriver-1/volume-0908dab2-5efa-4c78-8621-52af405ec902" returned: 0 in 0.703s {{(pid=102783) execute /usr/local/lib/python3.8/dist-packages/oslo_concurrency/processutils.py:422}}
Aug 27 12:08:01.799337 n-d-688802-4 cinder-volume[102783]: DEBUG oslo_concurrency.processutils [None req-9512ffff-67dc-4253-9728-9b6de43a11d4 tempest-SnapshotsActionsTest-2128266824 None] Running cmd (subprocess): sudo cinder-rootwrap /etc/cinder/rootwrap.conf env LC_ALL=C lvcreate --name _snapshot-5421746e-3195-408f-a781-3fb65a979837 --snapshot stack-volumes-lvmdriver-1/volume-0908dab2-5efa-4c78-8621-52af405ec902 -L 1.00g {{(pid=102783) execute /usr/local/lib/python3.8/dist-packages/oslo_concurrency/processutils.py:384}}
Aug 27 12:08:01.857426 n-d-688802-4 sudo[118342]: ubuntu : TTY=unknown ; PWD=/ ; USER=root ; COMMAND=/usr/local/bin/cinder-rootwrap /etc/cinder/rootwrap.conf env LC_ALL=C lvcreate --name _snapshot-5421746e-3195-408f-a781-3fb65a979837 --snapshot stack-volumes-lvmdriver-1/volume-0908dab2-5efa-4c78-8621-52af405ec902 -L 1.00g
Aug 27 12:08:01.860569 n-d-688802-4 sudo[118342]: pam_unix(sudo:session): session opened for user root by (uid=0)
Aug 27 12:08:01.981852 n-d-688802-4 sudo[118336]: pam_unix(sudo:session): session closed for user root
Aug 27 12:08:01.988288 n-d-688802-4 cinder-volume[102783]: DEBUG oslo_concurrency.processutils [None req-1cd6cb13-3a53-4023-96c7-f6608b12f8f3 None None] CMD "sudo cinder-rootwrap /etc/cinder/rootwrap.conf env LC_ALL=C vgs --noheadings --unit=g -o name,size,free,lv_count,uuid --separator : --nosuffix stack-volumes-lvmdriver-1" returned: 0 in 1.047s {{(pid=102783) execute /usr/local/lib/python3.8/dist-packages/oslo_concurrency/processutils.py:422}}
Aug 27 12:08:01.995167 n-d-688802-4 cinder-volume[102783]: DEBUG oslo_concurrency.processutils [None req-1cd6cb13-3a53-4023-96c7-f6608b12f8f3 None None] Running cmd (subprocess): sudo cinder-rootwrap /etc/cinder/rootwrap.conf env LC_ALL=C lvs --noheadings --unit=g -o vg_name,name,size --nosuffix --readonly stack-volumes-lvmdriver-1 {{(pid=102783) execute /usr/local/lib/python3.8/dist-packages/oslo_concurrency/processutils.py:384}}
Aug 27 12:08:02.076152 n-d-688802-4 sudo[118344]: ubuntu : TTY=unknown ; PWD=/ ; USER=root ; COMMAND=/usr/local/bin/cinder-rootwrap /etc/cinder/rootwrap.conf env LC_ALL=C lvs --noheadings --unit=g -o vg_name,name,size --nosuffix --readonly stack-volumes-lvmdriver-1
Aug 27 12:08:02.079704 n-d-688802-4 sudo[118344]: pam_unix(sudo:session): session opened for user root by (uid=0)
Aug 27 12:08:03.309557 n-d-688802-4 sudo[118344]: pam_unix(sudo:session): session closed for user root
Aug 27 12:08:03.312553 n-d-688802-4 cinder-volume[102783]: DEBUG oslo_concurrency.processutils [None req-1cd6cb13-3a53-4023-96c7-f6608b12f8f3 None None] CMD "sudo cinder-rootwrap /etc/cinder/rootwrap.conf env LC_ALL=C lvs --noheadings --unit=g -o vg_name,name,size --nosuffix --readonly stack-volumes-lvmdriver-1" returned: 0 in 1.317s {{(pid=102783) execute /usr/local/lib/python3.8/dist-packages/oslo_concurrency/processutils.py:422}}
Aug 27 12:08:03.314731 n-d-688802-4 cinder-volume[102783]: DEBUG cinder.manager [None req-1cd6cb13-3a53-4023-96c7-f6608b12f8f3 None None] Notifying Schedulers of capabilities ... {{(pid=102783) _publish_service_capabilities /opt/stack/cinder/cinder/manager.py:197}}
Aug 27 12:08:03.373490 n-d-688802-4 sudo[118342]: pam_unix(sudo:session): session closed for user root
Aug 27 12:08:03.376322 n-d-688802-4 cinder-volume[102783]: DEBUG oslo_concurrency.processutils [None req-9512ffff-67dc-4253-9728-9b6de43a11d4 tempest-SnapshotsActionsTest-2128266824 None] CMD "sudo cinder-rootwrap /etc/cinder/rootwrap.conf env LC_ALL=C lvcreate --name _snapshot-5421746e-3195-408f-a781-3fb65a979837 --snapshot stack-volumes-lvmdriver-1/volume-0908dab2-5efa-4c78-8621-52af405ec902 -L 1.00g" returned: 0 in 1.577s {{(pid=102783) execute /usr/local/lib/python3.8/dist-packages/oslo_concurrency/processutils.py:422}}
Aug 27 12:08:03.442079 n-d-688802-4 cinder-volume[102783]: INFO cinder.volume.manager [None req-9512ffff-67dc-4253-9728-9b6de43a11d4 tempest-SnapshotsActionsTest-2128266824 None] Create snapshot completed successfully
Aug 27 12:08:04.479043 n-d-688802-4 cinder-volume[102783]: DEBUG cinder.coordination [None req-cc095440-c221-4377-9a51-c924a89d714f tempest-SnapshotsActionsTest-1587007340 None] Lock "b'cinder-5421746e-3195-408f-a781-3fb65a979837-delete_snapshot'" acquired by "delete_snapshot" :: waited 0.018s {{(pid=102783) _synchronized /opt/stack/cinder/cinder/coordination.py:181}}
Aug 27 12:08:04.484018 n-d-688802-4 cinder-volume[102783]: DEBUG oslo_concurrency.processutils [None req-cc095440-c221-4377-9a51-c924a89d714f tempest-SnapshotsActionsTest-1587007340 None] Running cmd (subprocess): sudo cinder-rootwrap /etc/cinder/rootwrap.conf env LC_ALL=C lvs --noheadings --unit=g -o vg_name,name,size --nosuffix --readonly stack-volumes-lvmdriver-1/_snapshot-5421746e-3195-408f-a781-3fb65a979837 {{(pid=102783) execute /usr/local/lib/python3.8/dist-packages/oslo_concurrency/processutils.py:384}}
Aug 27 12:08:04.528265 n-d-688802-4 sudo[118490]: ubuntu : TTY=unknown ; PWD=/ ; USER=root ; COMMAND=/usr/local/bin/cinder-rootwrap /etc/cinder/rootwrap.conf env LC_ALL=C lvs --noheadings --unit=g -o vg_name,name,size --nosuffix --readonly stack-volumes-lvmdriver-1/_snapshot-5421746e-3195-408f-a781-3fb65a979837
Aug 27 12:08:04.530041 n-d-688802-4 sudo[118490]: pam_unix(sudo:session): session opened for user root by (uid=0)
Aug 27 12:08:05.511727 n-d-688802-4 sudo[118490]: pam_unix(sudo:session): session closed for user root
Aug 27 12:08:05.524889 n-d-688802-4 cinder-volume[102783]: DEBUG oslo_concurrency.processutils [None req-cc095440-c221-4377-9a51-c924a89d714f tempest-SnapshotsActionsTest-1587007340 None] CMD "sudo cinder-rootwrap /etc/cinder/rootwrap.conf env LC_ALL=C lvs --noheadings --unit=g -o vg_name,name,size --nosuffix --readonly stack-volumes-lvmdriver-1/_snapshot-5421746e-3195-408f-a781-3fb65a979837" returned: 0 in 1.041s {{(pid=102783) execute /usr/local/lib/python3.8/dist-packages/oslo_concurrency/processutils.py:422}}
Aug 27 12:08:05.528090 n-d-688802-4 cinder-volume[102783]: DEBUG oslo_concurrency.processutils [None req-cc095440-c221-4377-9a51-c924a89d714f tempest-SnapshotsActionsTest-1587007340 None] Running cmd (subprocess): sudo cinder-rootwrap /etc/cinder/rootwrap.conf lvremove --config activation { retry_deactivation = 1} -f stack-volumes-lvmdriver-1/_snapshot-5421746e-3195-408f-a781-3fb65a979837 {{(pid=102783) execute /usr/local/lib/python3.8/dist-packages/oslo_concurrency/processutils.py:384}}
Aug 27 12:08:05.598532 n-d-688802-4 sudo[118511]: ubuntu : TTY=unknown ; PWD=/ ; USER=root ; COMMAND=/usr/local/bin/cinder-rootwrap /etc/cinder/rootwrap.conf lvremove --config activation { retry_deactivation = 1} -f stack-volumes-lvmdriver-1/_snapshot-5421746e-3195-408f-a781-3fb65a979837
Aug 27 12:08:05.611777 n-d-688802-4 sudo[118511]: pam_unix(sudo:session): session opened for user root by (uid=0)
Aug 27 12:08:05.621575 n-d-688802-4 cinder-volume[102783]: DEBUG oslo_concurrency.processutils [req-8135b452-ddfa-47bd-8778-6c0dcb68cffd req-81debea4-eb0a-4a35-816c-48610431e8d5 tempest-LiveAutoBlockMigrationV225Test-59919708 None] Running cmd (subprocess): sudo cinder-rootwrap /etc/cinder/rootwrap.conf lvchange -a y --yes -K stack-volumes-lvmdriver-1/volume-e992a90a-2fba-42db-aa7a-df5cc3cde9d6 {{(pid=102783) execute /usr/local/lib/python3.8/dist-packages/oslo_concurrency/processutils.py:384}}
Aug 27 12:08:05.668687 n-d-688802-4 sudo[118513]: ubuntu : TTY=unknown ; PWD=/ ; USER=root ; COMMAND=/usr/local/bin/cinder-rootwrap /etc/cinder/rootwrap.conf lvchange -a y --yes -K stack-volumes-lvmdriver-1/volume-e992a90a-2fba-42db-aa7a-df5cc3cde9d6
Aug 27 12:08:05.669606 n-d-688802-4 sudo[118513]: pam_unix(sudo:session): session opened for user root by (uid=0)
Aug 27 12:08:06.925743 n-d-688802-4 sudo[118513]: pam_unix(sudo:session): session closed for user root
Aug 27 12:08:06.928264 n-d-688802-4 cinder-volume[102783]: DEBUG oslo_concurrency.processutils [req-8135b452-ddfa-47bd-8778-6c0dcb68cffd req-81debea4-eb0a-4a35-816c-48610431e8d5 tempest-LiveAutoBlockMigrationV225Test-59919708 None] CMD "sudo cinder-rootwrap /etc/cinder/rootwrap.conf lvchange -a y --yes -K stack-volumes-lvmdriver-1/volume-e992a90a-2fba-42db-aa7a-df5cc3cde9d6" returned: 0 in 1.307s {{(pid=102783) execute /usr/local/lib/python3.8/dist-packages/oslo_concurrency/processutils.py:422}}
Aug 27 12:08:06.941910 n-d-688802-4 sudo[118511]: pam_unix(sudo:session): session closed for user root
Aug 27 12:08:06.949908 n-d-688802-4 cinder-volume[102783]: DEBUG oslo_concurrency.processutils [None req-cc095440-c221-4377-9a51-c924a89d714f tempest-SnapshotsActionsTest-1587007340 None] CMD "sudo cinder-rootwrap /etc/cinder/rootwrap.conf lvremove --config activation { retry_deactivation = 1} -f stack-volumes-lvmdriver-1/_snapshot-5421746e-3195-408f-a781-3fb65a979837" returned: 0 in 1.422s {{(pid=102783) execute /usr/local/lib/python3.8/dist-packages/oslo_concurrency/processutils.py:422}}
Aug 27 12:08:06.951999 n-d-688802-4 cinder-volume[102783]: INFO cinder.volume.targets.lio [req-8135b452-ddfa-47bd-8778-6c0dcb68cffd req-81debea4-eb0a-4a35-816c-48610431e8d5 tempest-LiveAutoBlockMigrationV225Test-59919708 None] Creating iscsi_target for volume: volume-e992a90a-2fba-42db-aa7a-df5cc3cde9d6
Aug 27 12:08:06.953066 n-d-688802-4 cinder-volume[102783]: DEBUG oslo_concurrency.lockutils [req-8135b452-ddfa-47bd-8778-6c0dcb68cffd req-81debea4-eb0a-4a35-816c-48610431e8d5 tempest-LiveAutoBlockMigrationV225Test-59919708 None] Lock "lioadm" acquired by "cinder.volume.targets.lio.LioAdm._execute" :: waited 0.001s {{(pid=102783) inner /usr/local/lib/python3.8/dist-packages/oslo_concurrency/lockutils.py:355}}
Aug 27 12:08:06.962328 n-d-688802-4 cinder-volume[102783]: DEBUG oslo_concurrency.processutils [req-8135b452-ddfa-47bd-8778-6c0dcb68cffd req-81debea4-eb0a-4a35-816c-48610431e8d5 tempest-LiveAutoBlockMigrationV225Test-59919708 None] Running cmd (subprocess): sudo cinder-rootwrap /etc/cinder/rootwrap.conf cinder-rtstool create /dev/stack-volumes-lvmdriver-1/volume-e992a90a-2fba-42db-aa7a-df5cc3cde9d6 iqn.2010-10.org.openstack:volume-e992a90a-2fba-42db-aa7a-df5cc3cde9d6 LvJfy55btHUVTyZen786 aUXyNiCDh2tWgChK False -p3260 -a10.222.0.76 {{(pid=102783) execute /usr/local/lib/python3.8/dist-packages/oslo_concurrency/processutils.py:384}}
Aug 27 12:08:06.994519 n-d-688802-4 sudo[118590]: ubuntu : TTY=unknown ; PWD=/ ; USER=root ; COMMAND=/usr/local/bin/cinder-rootwrap /etc/cinder/rootwrap.conf cinder-rtstool create /dev/stack-volumes-lvmdriver-1/volume-e992a90a-2fba-42db-aa7a-df5cc3cde9d6 iqn.2010-10.org.openstack:volume-e992a90a-2fba-42db-aa7a-df5cc3cde9d6 LvJfy55btHUVTyZen786 aUXyNiCDh2tWgChK False -p3260 -a10.222.0.76
Aug 27 12:08:06.998224 n-d-688802-4 sudo[118590]: pam_unix(sudo:session): session opened for user root by (uid=0)
Aug 27 12:08:07.052886 n-d-688802-4 cinder-volume[102783]: DEBUG cinder.quota [None req-cc095440-c221-4377-9a51-c924a89d714f tempest-SnapshotsActionsTest-1587007340 None] Created reservations ['3d0587eb-cccf-4f16-ba3a-8985a93cf030', 'ff18f1ee-062a-4f99-8ecb-2b1bad9845eb', '32192195-7fac-4fc4-aa86-9501fe4c1106', 'b3895e0b-3933-4c70-bd49-e65c1eec29c4'] {{(pid=102783) reserve /opt/stack/cinder/cinder/quota.py:755}}
Aug 27 12:08:07.171913 n-d-688802-4 cinder-volume[102783]: INFO cinder.volume.manager [None req-cc095440-c221-4377-9a51-c924a89d714f tempest-SnapshotsActionsTest-1587007340 None] Delete snapshot completed successfully.
Aug 27 12:08:07.194765 n-d-688802-4 cinder-volume[102783]: DEBUG cinder.coordination [None req-cc095440-c221-4377-9a51-c924a89d714f tempest-SnapshotsActionsTest-1587007340 None] Lock "b'cinder-5421746e-3195-408f-a781-3fb65a979837-delete_snapshot'" released by "delete_snapshot" :: held 2.717s {{(pid=102783) _synchronized /opt/stack/cinder/cinder/coordination.py:193}}
Aug 27 12:08:08.257337 n-d-688802-4 cinder-volume[102783]: DEBUG oslo_concurrency.processutils [None req-29b5f3d8-39fa-40aa-90b6-1cfb5868a48d tempest-SnapshotsActionsTest-2128266824 None] Running cmd (subprocess): sudo cinder-rootwrap /etc/cinder/rootwrap.conf env LC_ALL=C lvs --noheadings --unit=g -o vg_name,name,size --nosuffix --readonly stack-volumes-lvmdriver-1/volume-0908dab2-5efa-4c78-8621-52af405ec902 {{(pid=102783) execute /usr/local/lib/python3.8/dist-packages/oslo_concurrency/processutils.py:384}}
Aug 27 12:08:08.334791 n-d-688802-4 sudo[118595]: ubuntu : TTY=unknown ; PWD=/ ; USER=root ; COMMAND=/usr/local/bin/cinder-rootwrap /etc/cinder/rootwrap.conf env LC_ALL=C lvs --noheadings --unit=g -o vg_name,name,size --nosuffix --readonly stack-volumes-lvmdriver-1/volume-0908dab2-5efa-4c78-8621-52af405ec902
Aug 27 12:08:08.339179 n-d-688802-4 sudo[118595]: pam_unix(sudo:session): session opened for user root by (uid=0)
Aug 27 12:08:08.404524 n-d-688802-4 sudo[118590]: pam_unix(sudo:session): session closed for user root
Aug 27 12:08:08.408037 n-d-688802-4 cinder-volume[102783]: DEBUG oslo_concurrency.processutils [req-8135b452-ddfa-47bd-8778-6c0dcb68cffd req-81debea4-eb0a-4a35-816c-48610431e8d5 tempest-LiveAutoBlockMigrationV225Test-59919708 None] CMD "sudo cinder-rootwrap /etc/cinder/rootwrap.conf cinder-rtstool create /dev/stack-volumes-lvmdriver-1/volume-e992a90a-2fba-42db-aa7a-df5cc3cde9d6 iqn.2010-10.org.openstack:volume-e992a90a-2fba-42db-aa7a-df5cc3cde9d6 LvJfy55btHUVTyZen786 aUXyNiCDh2tWgChK False -p3260 -a10.222.0.76" returned: 0 in 1.450s {{(pid=102783) execute /usr/local/lib/python3.8/dist-packages/oslo_concurrency/processutils.py:422}}
Aug 27 12:08:08.409183 n-d-688802-4 cinder-volume[102783]: DEBUG oslo_concurrency.lockutils [req-8135b452-ddfa-47bd-8778-6c0dcb68cffd req-81debea4-eb0a-4a35-816c-48610431e8d5 tempest-LiveAutoBlockMigrationV225Test-59919708 None] Lock "lioadm" released by "cinder.volume.targets.lio.LioAdm._execute" :: held 1.456s {{(pid=102783) inner /usr/local/lib/python3.8/dist-packages/oslo_concurrency/lockutils.py:367}}
Aug 27 12:08:08.410606 n-d-688802-4 cinder-volume[102783]: DEBUG oslo_concurrency.lockutils [req-8135b452-ddfa-47bd-8778-6c0dcb68cffd req-81debea4-eb0a-4a35-816c-48610431e8d5 tempest-LiveAutoBlockMigrationV225Test-59919708 None] Lock "lioadm" acquired by "cinder.volume.targets.lio.LioAdm._execute" :: waited 0.001s {{(pid=102783) inner /usr/local/lib/python3.8/dist-packages/oslo_concurrency/lockutils.py:355}}
Aug 27 12:08:08.411794 n-d-688802-4 cinder-volume[102783]: DEBUG oslo_concurrency.processutils [req-8135b452-ddfa-47bd-8778-6c0dcb68cffd req-81debea4-eb0a-4a35-816c-48610431e8d5 tempest-LiveAutoBlockMigrationV225Test-59919708 None] Running cmd (subprocess): sudo cinder-rootwrap /etc/cinder/rootwrap.conf cinder-rtstool get-targets {{(pid=102783) execute /usr/local/lib/python3.8/dist-packages/oslo_concurrency/processutils.py:384}}
Aug 27 12:08:08.466910 n-d-688802-4 sudo[118597]: ubuntu : TTY=unknown ; PWD=/ ; USER=root ; COMMAND=/usr/local/bin/cinder-rootwrap /etc/cinder/rootwrap.conf cinder-rtstool get-targets
Aug 27 12:08:08.469203 n-d-688802-4 sudo[118597]: pam_unix(sudo:session): session opened for user root by (uid=0)
Aug 27 12:08:09.033553 n-d-688802-4 sudo[118595]: pam_unix(sudo:session): session closed for user root
Aug 27 12:08:09.037089 n-d-688802-4 cinder-volume[102783]: DEBUG oslo_concurrency.processutils [None req-29b5f3d8-39fa-40aa-90b6-1cfb5868a48d tempest-SnapshotsActionsTest-2128266824 None] CMD "sudo cinder-rootwrap /etc/cinder/rootwrap.conf env LC_ALL=C lvs --noheadings --unit=g -o vg_name,name,size --nosuffix --readonly stack-volumes-lvmdriver-1/volume-0908dab2-5efa-4c78-8621-52af405ec902" returned: 0 in 0.782s {{(pid=102783) execute /usr/local/lib/python3.8/dist-packages/oslo_concurrency/processutils.py:422}}
Aug 27 12:08:09.039939 n-d-688802-4 cinder-volume[102783]: DEBUG oslo_concurrency.processutils [None req-29b5f3d8-39fa-40aa-90b6-1cfb5868a48d tempest-SnapshotsActionsTest-2128266824 None] Running cmd (subprocess): sudo cinder-rootwrap /etc/cinder/rootwrap.conf env LC_ALL=C lvcreate --name _snapshot-cd055f82-5e95-4e55-aae4-3eb6e5bad5db --snapshot stack-volumes-lvmdriver-1/volume-0908dab2-5efa-4c78-8621-52af405ec902 -L 1.00g {{(pid=102783) execute /usr/local/lib/python3.8/dist-packages/oslo_concurrency/processutils.py:384}}
Aug 27 12:08:09.093746 n-d-688802-4 sudo[118603]: ubuntu : TTY=unknown ; PWD=/ ; USER=root ; COMMAND=/usr/local/bin/cinder-rootwrap /etc/cinder/rootwrap.conf env LC_ALL=C lvcreate --name _snapshot-cd055f82-5e95-4e55-aae4-3eb6e5bad5db --snapshot stack-volumes-lvmdriver-1/volume-0908dab2-5efa-4c78-8621-52af405ec902 -L 1.00g
Aug 27 12:08:09.098678 n-d-688802-4 sudo[118603]: pam_unix(sudo:session): session opened for user root by (uid=0)
Aug 27 12:08:09.747277 n-d-688802-4 sudo[118597]: pam_unix(sudo:session): session closed for user root
Aug 27 12:08:09.749422 n-d-688802-4 cinder-volume[102783]: DEBUG oslo_concurrency.processutils [req-8135b452-ddfa-47bd-8778-6c0dcb68cffd req-81debea4-eb0a-4a35-816c-48610431e8d5 tempest-LiveAutoBlockMigrationV225Test-59919708 None] CMD "sudo cinder-rootwrap /etc/cinder/rootwrap.conf cinder-rtstool get-targets" returned: 0 in 1.337s {{(pid=102783) execute /usr/local/lib/python3.8/dist-packages/oslo_concurrency/processutils.py:422}}
Aug 27 12:08:09.751971 n-d-688802-4 cinder-volume[102783]: DEBUG oslo_concurrency.lockutils [req-8135b452-ddfa-47bd-8778-6c0dcb68cffd req-81debea4-eb0a-4a35-816c-48610431e8d5 tempest-LiveAutoBlockMigrationV225Test-59919708 None] Lock "lioadm" released by "cinder.volume.targets.lio.LioAdm._execute" :: held 1.341s {{(pid=102783) inner /usr/local/lib/python3.8/dist-packages/oslo_concurrency/lockutils.py:367}}
Aug 27 12:08:09.753037 n-d-688802-4 cinder-volume[102783]: DEBUG oslo_concurrency.lockutils [req-8135b452-ddfa-47bd-8778-6c0dcb68cffd req-81debea4-eb0a-4a35-816c-48610431e8d5 tempest-LiveAutoBlockMigrationV225Test-59919708 None] Lock "lioadm" acquired by "cinder.volume.targets.lio.LioAdm._execute" :: waited 0.000s {{(pid=102783) inner /usr/local/lib/python3.8/dist-packages/oslo_concurrency/lockutils.py:355}}
Aug 27 12:08:09.754204 n-d-688802-4 cinder-volume[102783]: DEBUG oslo_concurrency.processutils [req-8135b452-ddfa-47bd-8778-6c0dcb68cffd req-81debea4-eb0a-4a35-816c-48610431e8d5 tempest-LiveAutoBlockMigrationV225Test-59919708 None] Running cmd (subprocess): sudo cinder-rootwrap /etc/cinder/rootwrap.conf cinder-rtstool save {{(pid=102783) execute /usr/local/lib/python3.8/dist-packages/oslo_concurrency/processutils.py:384}}
Aug 27 12:08:09.793635 n-d-688802-4 sudo[118624]: ubuntu : TTY=unknown ; PWD=/ ; USER=root ; COMMAND=/usr/local/bin/cinder-rootwrap /etc/cinder/rootwrap.conf cinder-rtstool save
Aug 27 12:08:09.794445 n-d-688802-4 sudo[118624]: pam_unix(sudo:session): session opened for user root by (uid=0)
Aug 27 12:08:10.431087 n-d-688802-4 sudo[118603]: pam_unix(sudo:session): session closed for user root
Aug 27 12:08:10.441127 n-d-688802-4 cinder-volume[102783]: DEBUG oslo_concurrency.processutils [None req-29b5f3d8-39fa-40aa-90b6-1cfb5868a48d tempest-SnapshotsActionsTest-2128266824 None] CMD "sudo cinder-rootwrap /etc/cinder/rootwrap.conf env LC_ALL=C lvcreate --name _snapshot-cd055f82-5e95-4e55-aae4-3eb6e5bad5db --snapshot stack-volumes-lvmdriver-1/volume-0908dab2-5efa-4c78-8621-52af405ec902 -L 1.00g" returned: 0 in 1.394s {{(pid=102783) execute /usr/local/lib/python3.8/dist-packages/oslo_concurrency/processutils.py:422}}
Aug 27 12:08:10.507157 n-d-688802-4 cinder-volume[102783]: INFO cinder.volume.manager [None req-29b5f3d8-39fa-40aa-90b6-1cfb5868a48d tempest-SnapshotsActionsTest-2128266824 None] Create snapshot completed successfully
Aug 27 12:08:11.402864 n-d-688802-4 sudo[118624]: pam_unix(sudo:session): session closed for user root
Aug 27 12:08:11.405751 n-d-688802-4 cinder-volume[102783]: DEBUG oslo_concurrency.processutils [req-8135b452-ddfa-47bd-8778-6c0dcb68cffd req-81debea4-eb0a-4a35-816c-48610431e8d5 tempest-LiveAutoBlockMigrationV225Test-59919708 None] CMD "sudo cinder-rootwrap /etc/cinder/rootwrap.conf cinder-rtstool save" returned: 0 in 1.652s {{(pid=102783) execute /usr/local/lib/python3.8/dist-packages/oslo_concurrency/processutils.py:422}}
Aug 27 12:08:11.406975 n-d-688802-4 cinder-volume[102783]: DEBUG oslo_concurrency.lockutils [req-8135b452-ddfa-47bd-8778-6c0dcb68cffd req-81debea4-eb0a-4a35-816c-48610431e8d5 tempest-LiveAutoBlockMigrationV225Test-59919708 None] Lock "lioadm" released by "cinder.volume.targets.lio.LioAdm._execute" :: held 1.654s {{(pid=102783) inner /usr/local/lib/python3.8/dist-packages/oslo_concurrency/lockutils.py:367}}
Aug 27 12:08:11.408422 n-d-688802-4 cinder-volume[102783]: DEBUG cinder.volume.targets.iscsi [req-8135b452-ddfa-47bd-8778-6c0dcb68cffd req-81debea4-eb0a-4a35-816c-48610431e8d5 tempest-LiveAutoBlockMigrationV225Test-59919708 None] Set provider_location to: 10.222.0.76:3260,iqn.2010-10.org.openstack:volume-e992a90a-2fba-42db-aa7a-df5cc3cde9d6 iqn.2010-10.org.openstack:volume-e992a90a-2fba-42db-aa7a-df5cc3cde9d6 0 {{(pid=102783) create_export /opt/stack/cinder/cinder/volume/targets/iscsi.py:204}}
Aug 27 12:08:11.417743 n-d-688802-4 cinder-volume[102783]: DEBUG oslo_concurrency.lockutils [req-8135b452-ddfa-47bd-8778-6c0dcb68cffd req-81debea4-eb0a-4a35-816c-48610431e8d5 tempest-LiveAutoBlockMigrationV225Test-59919708 None] Lock "lioadm" acquired by "cinder.volume.targets.lio.LioAdm._execute" :: waited 0.000s {{(pid=102783) inner /usr/local/lib/python3.8/dist-packages/oslo_concurrency/lockutils.py:355}}
Aug 27 12:08:11.418737 n-d-688802-4 cinder-volume[102783]: DEBUG oslo_concurrency.processutils [req-8135b452-ddfa-47bd-8778-6c0dcb68cffd req-81debea4-eb0a-4a35-816c-48610431e8d5 tempest-LiveAutoBlockMigrationV225Test-59919708 None] Running cmd (subprocess): sudo cinder-rootwrap /etc/cinder/rootwrap.conf cinder-rtstool add-initiator iqn.2010-10.org.openstack:volume-e992a90a-2fba-42db-aa7a-df5cc3cde9d6 LvJfy55btHUVTyZen786 aUXyNiCDh2tWgChK iqn.1991-05.com.microsoft:n-h2-688802-4.cbci-688802-4.local {{(pid=102783) execute /usr/local/lib/python3.8/dist-packages/oslo_concurrency/processutils.py:384}}
Aug 27 12:08:11.450501 n-d-688802-4 sudo[118788]: ubuntu : TTY=unknown ; PWD=/ ; USER=root ; COMMAND=/usr/local/bin/cinder-rootwrap /etc/cinder/rootwrap.conf cinder-rtstool add-initiator iqn.2010-10.org.openstack:volume-e992a90a-2fba-42db-aa7a-df5cc3cde9d6 LvJfy55btHUVTyZen786 aUXyNiCDh2tWgChK iqn.1991-05.com.microsoft:n-h2-688802-4.cbci-688802-4.local
Aug 27 12:08:11.451348 n-d-688802-4 sudo[118788]: pam_unix(sudo:session): session opened for user root by (uid=0)
Aug 27 12:08:11.509738 n-d-688802-4 cinder-volume[102783]: DEBUG cinder.coordination [None req-f7489b6c-0caa-414d-bf06-bef0b775ba64 tempest-SnapshotsActionsTest-1587007340 None] Lock "b'cinder-cd055f82-5e95-4e55-aae4-3eb6e5bad5db-delete_snapshot'" acquired by "delete_snapshot" :: waited 0.020s {{(pid=102783) _synchronized /opt/stack/cinder/cinder/coordination.py:181}}
Aug 27 12:08:11.512871 n-d-688802-4 cinder-volume[102783]: DEBUG oslo_concurrency.processutils [None req-f7489b6c-0caa-414d-bf06-bef0b775ba64 tempest-SnapshotsActionsTest-1587007340 None] Running cmd (subprocess): sudo cinder-rootwrap /etc/cinder/rootwrap.conf env LC_ALL=C lvs --noheadings --unit=g -o vg_name,name,size --nosuffix --readonly stack-volumes-lvmdriver-1/_snapshot-cd055f82-5e95-4e55-aae4-3eb6e5bad5db {{(pid=102783) execute /usr/local/lib/python3.8/dist-packages/oslo_concurrency/processutils.py:384}}
Aug 27 12:08:11.548781 n-d-688802-4 sudo[118790]: ubuntu : TTY=unknown ; PWD=/ ; USER=root ; COMMAND=/usr/local/bin/cinder-rootwrap /etc/cinder/rootwrap.conf env LC_ALL=C lvs --noheadings --unit=g -o vg_name,name,size --nosuffix --readonly stack-volumes-lvmdriver-1/_snapshot-cd055f82-5e95-4e55-aae4-3eb6e5bad5db
Aug 27 12:08:11.549594 n-d-688802-4 sudo[118790]: pam_unix(sudo:session): session opened for user root by (uid=0)
Aug 27 12:08:12.311965 n-d-688802-4 sudo[118790]: pam_unix(sudo:session): session closed for user root
Aug 27 12:08:12.314276 n-d-688802-4 cinder-volume[102783]: DEBUG oslo_concurrency.processutils [None req-f7489b6c-0caa-414d-bf06-bef0b775ba64 tempest-SnapshotsActionsTest-1587007340 None] CMD "sudo cinder-rootwrap /etc/cinder/rootwrap.conf env LC_ALL=C lvs --noheadings --unit=g -o vg_name,name,size --nosuffix --readonly stack-volumes-lvmdriver-1/_snapshot-cd055f82-5e95-4e55-aae4-3eb6e5bad5db" returned: 0 in 0.801s {{(pid=102783) execute /usr/local/lib/python3.8/dist-packages/oslo_concurrency/processutils.py:422}}
Aug 27 12:08:12.317774 n-d-688802-4 cinder-volume[102783]: DEBUG oslo_concurrency.processutils [None req-f7489b6c-0caa-414d-bf06-bef0b775ba64 tempest-SnapshotsActionsTest-1587007340 None] Running cmd (subprocess): sudo cinder-rootwrap /etc/cinder/rootwrap.conf lvremove --config activation { retry_deactivation = 1} -f stack-volumes-lvmdriver-1/_snapshot-cd055f82-5e95-4e55-aae4-3eb6e5bad5db {{(pid=102783) execute /usr/local/lib/python3.8/dist-packages/oslo_concurrency/processutils.py:384}}
Aug 27 12:08:12.364942 n-d-688802-4 sudo[118810]: ubuntu : TTY=unknown ; PWD=/ ; USER=root ; COMMAND=/usr/local/bin/cinder-rootwrap /etc/cinder/rootwrap.conf lvremove --config activation { retry_deactivation = 1} -f stack-volumes-lvmdriver-1/_snapshot-cd055f82-5e95-4e55-aae4-3eb6e5bad5db
Aug 27 12:08:12.367177 n-d-688802-4 sudo[118810]: pam_unix(sudo:session): session opened for user root by (uid=0)
Aug 27 12:08:12.651486 n-d-688802-4 sudo[118788]: pam_unix(sudo:session): session closed for user root
Aug 27 12:08:12.654247 n-d-688802-4 cinder-volume[102783]: DEBUG oslo_concurrency.processutils [req-8135b452-ddfa-47bd-8778-6c0dcb68cffd req-81debea4-eb0a-4a35-816c-48610431e8d5 tempest-LiveAutoBlockMigrationV225Test-59919708 None] CMD "sudo cinder-rootwrap /etc/cinder/rootwrap.conf cinder-rtstool add-initiator iqn.2010-10.org.openstack:volume-e992a90a-2fba-42db-aa7a-df5cc3cde9d6 LvJfy55btHUVTyZen786 aUXyNiCDh2tWgChK iqn.1991-05.com.microsoft:n-h2-688802-4.cbci-688802-4.local" returned: 0 in 1.235s {{(pid=102783) execute /usr/local/lib/python3.8/dist-packages/oslo_concurrency/processutils.py:422}}
Aug 27 12:08:12.655116 n-d-688802-4 cinder-volume[102783]: DEBUG oslo_concurrency.lockutils [req-8135b452-ddfa-47bd-8778-6c0dcb68cffd req-81debea4-eb0a-4a35-816c-48610431e8d5 tempest-LiveAutoBlockMigrationV225Test-59919708 None] Lock "lioadm" released by "cinder.volume.targets.lio.LioAdm._execute" :: held 1.237s {{(pid=102783) inner /usr/local/lib/python3.8/dist-packages/oslo_concurrency/lockutils.py:367}}
Aug 27 12:08:12.655961 n-d-688802-4 cinder-volume[102783]: DEBUG oslo_concurrency.lockutils [req-8135b452-ddfa-47bd-8778-6c0dcb68cffd req-81debea4-eb0a-4a35-816c-48610431e8d5 tempest-LiveAutoBlockMigrationV225Test-59919708 None] Lock "lioadm" acquired by "cinder.volume.targets.lio.LioAdm._execute" :: waited 0.000s {{(pid=102783) inner /usr/local/lib/python3.8/dist-packages/oslo_concurrency/lockutils.py:355}}
Aug 27 12:08:12.656752 n-d-688802-4 cinder-volume[102783]: DEBUG oslo_concurrency.processutils [req-8135b452-ddfa-47bd-8778-6c0dcb68cffd req-81debea4-eb0a-4a35-816c-48610431e8d5 tempest-LiveAutoBlockMigrationV225Test-59919708 None] Running cmd (subprocess): sudo cinder-rootwrap /etc/cinder/rootwrap.conf cinder-rtstool save {{(pid=102783) execute /usr/local/lib/python3.8/dist-packages/oslo_concurrency/processutils.py:384}}
Aug 27 12:08:12.707715 n-d-688802-4 sudo[118819]: ubuntu : TTY=unknown ; PWD=/ ; USER=root ; COMMAND=/usr/local/bin/cinder-rootwrap /etc/cinder/rootwrap.conf cinder-rtstool save
Aug 27 12:08:12.710760 n-d-688802-4 sudo[118819]: pam_unix(sudo:session): session opened for user root by (uid=0)
Aug 27 12:08:13.413937 n-d-688802-4 sudo[118810]: pam_unix(sudo:session): session closed for user root
Aug 27 12:08:13.416873 n-d-688802-4 cinder-volume[102783]: DEBUG oslo_concurrency.processutils [None req-f7489b6c-0caa-414d-bf06-bef0b775ba64 tempest-SnapshotsActionsTest-1587007340 None] CMD "sudo cinder-rootwrap /etc/cinder/rootwrap.conf lvremove --config activation { retry_deactivation = 1} -f stack-volumes-lvmdriver-1/_snapshot-cd055f82-5e95-4e55-aae4-3eb6e5bad5db" returned: 0 in 1.099s {{(pid=102783) execute /usr/local/lib/python3.8/dist-packages/oslo_concurrency/processutils.py:422}}
Aug 27 12:08:13.488401 n-d-688802-4 cinder-volume[102783]: DEBUG cinder.quota [None req-f7489b6c-0caa-414d-bf06-bef0b775ba64 tempest-SnapshotsActionsTest-1587007340 None] Created reservations ['aa974647-0894-45a9-ac26-7beb6a4a71bb', 'cec9adf8-8098-4183-8ea9-0e75c2fb62a1', 'd1ddb8d3-083d-4fe3-91cc-2b0c5ac8e778', '6cb32278-41b6-42bf-9010-d2cc65637c48'] {{(pid=102783) reserve /opt/stack/cinder/cinder/quota.py:755}}
Aug 27 12:08:13.539524 n-d-688802-4 cinder-volume[102783]: INFO cinder.volume.manager [None req-f7489b6c-0caa-414d-bf06-bef0b775ba64 tempest-SnapshotsActionsTest-1587007340 None] Delete snapshot completed successfully.
Aug 27 12:08:13.554861 n-d-688802-4 cinder-volume[102783]: DEBUG cinder.coordination [None req-f7489b6c-0caa-414d-bf06-bef0b775ba64 tempest-SnapshotsActionsTest-1587007340 None] Lock "b'cinder-cd055f82-5e95-4e55-aae4-3eb6e5bad5db-delete_snapshot'" released by "delete_snapshot" :: held 2.044s {{(pid=102783) _synchronized /opt/stack/cinder/cinder/coordination.py:193}}
Aug 27 12:08:14.165352 n-d-688802-4 sudo[118819]: pam_unix(sudo:session): session closed for user root
Aug 27 12:08:14.167773 n-d-688802-4 cinder-volume[102783]: DEBUG oslo_concurrency.processutils [req-8135b452-ddfa-47bd-8778-6c0dcb68cffd req-81debea4-eb0a-4a35-816c-48610431e8d5 tempest-LiveAutoBlockMigrationV225Test-59919708 None] CMD "sudo cinder-rootwrap /etc/cinder/rootwrap.conf cinder-rtstool save" returned: 0 in 1.511s {{(pid=102783) execute /usr/local/lib/python3.8/dist-packages/oslo_concurrency/processutils.py:422}}
Aug 27 12:08:14.168414 n-d-688802-4 cinder-volume[102783]: DEBUG oslo_concurrency.lockutils [req-8135b452-ddfa-47bd-8778-6c0dcb68cffd req-81debea4-eb0a-4a35-816c-48610431e8d5 tempest-LiveAutoBlockMigrationV225Test-59919708 None] Lock "lioadm" released by "cinder.volume.targets.lio.LioAdm._execute" :: held 1.512s {{(pid=102783) inner /usr/local/lib/python3.8/dist-packages/oslo_concurrency/lockutils.py:367}}
Aug 27 12:08:14.327216 n-d-688802-4 cinder-volume[102783]: INFO cinder.volume.manager [req-8135b452-ddfa-47bd-8778-6c0dcb68cffd req-81debea4-eb0a-4a35-816c-48610431e8d5 tempest-LiveAutoBlockMigrationV225Test-59919708 None] attachment_update completed successfully.
Aug 27 12:08:14.363167 n-d-688802-4 cinder-volume[102783]: DEBUG oslo_concurrency.processutils [None req-2fba1c6c-5931-4772-884a-6ef85713b5a5 tempest-SnapshotsActionsTest-2128266824 None] Running cmd (subprocess): sudo cinder-rootwrap /etc/cinder/rootwrap.conf env LC_ALL=C lvs --noheadings --unit=g -o vg_name,name,size --nosuffix --readonly stack-volumes-lvmdriver-1/volume-0908dab2-5efa-4c78-8621-52af405ec902 {{(pid=102783) execute /usr/local/lib/python3.8/dist-packages/oslo_concurrency/processutils.py:384}}
Aug 27 12:08:14.411367 n-d-688802-4 sudo[118897]: ubuntu : TTY=unknown ; PWD=/ ; USER=root ; COMMAND=/usr/local/bin/cinder-rootwrap /etc/cinder/rootwrap.conf env LC_ALL=C lvs --noheadings --unit=g -o vg_name,name,size --nosuffix --readonly stack-volumes-lvmdriver-1/volume-0908dab2-5efa-4c78-8621-52af405ec902
Aug 27 12:08:14.417322 n-d-688802-4 sudo[118897]: pam_unix(sudo:session): session opened for user root by (uid=0)
Aug 27 12:08:15.386939 n-d-688802-4 sudo[118897]: pam_unix(sudo:session): session closed for user root
Aug 27 12:08:15.389746 n-d-688802-4 cinder-volume[102783]: DEBUG oslo_concurrency.processutils [None req-2fba1c6c-5931-4772-884a-6ef85713b5a5 tempest-SnapshotsActionsTest-2128266824 None] CMD "sudo cinder-rootwrap /etc/cinder/rootwrap.conf env LC_ALL=C lvs --noheadings --unit=g -o vg_name,name,size --nosuffix --readonly stack-volumes-lvmdriver-1/volume-0908dab2-5efa-4c78-8621-52af405ec902" returned: 0 in 1.026s {{(pid=102783) execute /usr/local/lib/python3.8/dist-packages/oslo_concurrency/processutils.py:422}}
Aug 27 12:08:15.391820 n-d-688802-4 cinder-volume[102783]: DEBUG oslo_concurrency.processutils [None req-2fba1c6c-5931-4772-884a-6ef85713b5a5 tempest-SnapshotsActionsTest-2128266824 None] Running cmd (subprocess): sudo cinder-rootwrap /etc/cinder/rootwrap.conf env LC_ALL=C lvcreate --name _snapshot-3c66cbc6-78eb-44ac-bbf0-0917964c7c8f --snapshot stack-volumes-lvmdriver-1/volume-0908dab2-5efa-4c78-8621-52af405ec902 -L 1.00g {{(pid=102783) execute /usr/local/lib/python3.8/dist-packages/oslo_concurrency/processutils.py:384}}
Aug 27 12:08:15.509679 n-d-688802-4 sudo[118912]: ubuntu : TTY=unknown ; PWD=/ ; USER=root ; COMMAND=/usr/local/bin/cinder-rootwrap /etc/cinder/rootwrap.conf env LC_ALL=C lvcreate --name _snapshot-3c66cbc6-78eb-44ac-bbf0-0917964c7c8f --snapshot stack-volumes-lvmdriver-1/volume-0908dab2-5efa-4c78-8621-52af405ec902 -L 1.00g
Aug 27 12:08:15.512131 n-d-688802-4 sudo[118912]: pam_unix(sudo:session): session opened for user root by (uid=0)
Aug 27 12:08:16.691409 n-d-688802-4 sudo[118912]: pam_unix(sudo:session): session closed for user root
Aug 27 12:08:16.693669 n-d-688802-4 cinder-volume[102783]: DEBUG oslo_concurrency.processutils [None req-2fba1c6c-5931-4772-884a-6ef85713b5a5 tempest-SnapshotsActionsTest-2128266824 None] CMD "sudo cinder-rootwrap /etc/cinder/rootwrap.conf env LC_ALL=C lvcreate --name _snapshot-3c66cbc6-78eb-44ac-bbf0-0917964c7c8f --snapshot stack-volumes-lvmdriver-1/volume-0908dab2-5efa-4c78-8621-52af405ec902 -L 1.00g" returned: 0 in 1.302s {{(pid=102783) execute /usr/local/lib/python3.8/dist-packages/oslo_concurrency/processutils.py:422}}
Aug 27 12:08:16.773805 n-d-688802-4 cinder-volume[102783]: INFO cinder.volume.manager [None req-2fba1c6c-5931-4772-884a-6ef85713b5a5 tempest-SnapshotsActionsTest-2128266824 None] Create snapshot completed successfully
Aug 27 12:08:17.858847 n-d-688802-4 cinder-volume[102783]: DEBUG cinder.coordination [None req-ec96afa9-c3b5-41eb-8a34-72a1c41d200e tempest-SnapshotsActionsTest-1587007340 None] Lock "b'cinder-3c66cbc6-78eb-44ac-bbf0-0917964c7c8f-delete_snapshot'" acquired by "delete_snapshot" :: waited 0.035s {{(pid=102783) _synchronized /opt/stack/cinder/cinder/coordination.py:181}}
Aug 27 12:08:17.866262 n-d-688802-4 cinder-volume[102783]: DEBUG oslo_concurrency.processutils [None req-ec96afa9-c3b5-41eb-8a34-72a1c41d200e tempest-SnapshotsActionsTest-1587007340 None] Running cmd (subprocess): sudo cinder-rootwrap /etc/cinder/rootwrap.conf env LC_ALL=C lvs --noheadings --unit=g -o vg_name,name,size --nosuffix --readonly stack-volumes-lvmdriver-1/_snapshot-3c66cbc6-78eb-44ac-bbf0-0917964c7c8f {{(pid=102783) execute /usr/local/lib/python3.8/dist-packages/oslo_concurrency/processutils.py:384}}
Aug 27 12:08:17.916889 n-d-688802-4 sudo[119093]: ubuntu : TTY=unknown ; PWD=/ ; USER=root ; COMMAND=/usr/local/bin/cinder-rootwrap /etc/cinder/rootwrap.conf env LC_ALL=C lvs --noheadings --unit=g -o vg_name,name,size --nosuffix --readonly stack-volumes-lvmdriver-1/_snapshot-3c66cbc6-78eb-44ac-bbf0-0917964c7c8f
Aug 27 12:08:17.918640 n-d-688802-4 sudo[119093]: pam_unix(sudo:session): session opened for user root by (uid=0)
Aug 27 12:08:18.643412 n-d-688802-4 sudo[119093]: pam_unix(sudo:session): session closed for user root
Aug 27 12:08:18.645491 n-d-688802-4 cinder-volume[102783]: DEBUG oslo_concurrency.processutils [None req-ec96afa9-c3b5-41eb-8a34-72a1c41d200e tempest-SnapshotsActionsTest-1587007340 None] CMD "sudo cinder-rootwrap /etc/cinder/rootwrap.conf env LC_ALL=C lvs --noheadings --unit=g -o vg_name,name,size --nosuffix --readonly stack-volumes-lvmdriver-1/_snapshot-3c66cbc6-78eb-44ac-bbf0-0917964c7c8f" returned: 0 in 0.779s {{(pid=102783) execute /usr/local/lib/python3.8/dist-packages/oslo_concurrency/processutils.py:422}}
Aug 27 12:08:18.647282 n-d-688802-4 cinder-volume[102783]: DEBUG oslo_concurrency.processutils [None req-ec96afa9-c3b5-41eb-8a34-72a1c41d200e tempest-SnapshotsActionsTest-1587007340 None] Running cmd (subprocess): sudo cinder-rootwrap /etc/cinder/rootwrap.conf lvremove --config activation { retry_deactivation = 1} -f stack-volumes-lvmdriver-1/_snapshot-3c66cbc6-78eb-44ac-bbf0-0917964c7c8f {{(pid=102783) execute /usr/local/lib/python3.8/dist-packages/oslo_concurrency/processutils.py:384}}
Aug 27 12:08:18.673075 n-d-688802-4 sudo[119101]: ubuntu : TTY=unknown ; PWD=/ ; USER=root ; COMMAND=/usr/local/bin/cinder-rootwrap /etc/cinder/rootwrap.conf lvremove --config activation { retry_deactivation = 1} -f stack-volumes-lvmdriver-1/_snapshot-3c66cbc6-78eb-44ac-bbf0-0917964c7c8f
Aug 27 12:08:18.673940 n-d-688802-4 sudo[119101]: pam_unix(sudo:session): session opened for user root by (uid=0)
Aug 27 12:08:19.397316 n-d-688802-4 sudo[119101]: pam_unix(sudo:session): session closed for user root
Aug 27 12:08:19.400456 n-d-688802-4 cinder-volume[102783]: DEBUG oslo_concurrency.processutils [None req-ec96afa9-c3b5-41eb-8a34-72a1c41d200e tempest-SnapshotsActionsTest-1587007340 None] CMD "sudo cinder-rootwrap /etc/cinder/rootwrap.conf lvremove --config activation { retry_deactivation = 1} -f stack-volumes-lvmdriver-1/_snapshot-3c66cbc6-78eb-44ac-bbf0-0917964c7c8f" returned: 0 in 0.753s {{(pid=102783) execute /usr/local/lib/python3.8/dist-packages/oslo_concurrency/processutils.py:422}}
Aug 27 12:08:19.466985 n-d-688802-4 cinder-volume[102783]: DEBUG cinder.quota [None req-ec96afa9-c3b5-41eb-8a34-72a1c41d200e tempest-SnapshotsActionsTest-1587007340 None] Created reservations ['7b3e2e88-f5db-4b79-8fd2-6089f602f110', '877e296b-ef60-4ee9-adf8-ef51a58ef0c1', '122026c0-d8a4-4600-ab4b-d3824e9bcbdc', '454e3c1a-6a28-4e96-963c-375efee85106'] {{(pid=102783) reserve /opt/stack/cinder/cinder/quota.py:755}}
Aug 27 12:08:19.520293 n-d-688802-4 cinder-volume[102783]: INFO cinder.volume.manager [None req-ec96afa9-c3b5-41eb-8a34-72a1c41d200e tempest-SnapshotsActionsTest-1587007340 None] Delete snapshot completed successfully.
