Feb 16 16:22:33.881711 n-d-669411-5 neutron-server[103423]: DEBUG neutron_lib.callbacks.manager [None req-3426dc7f-c7ef-4284-9368-73747068fbd4 None None] Publish callbacks ['neutron.plugins.ml2.plugin.Ml2Plugin._port_provisioned-904084'] for port (913d6a97-9ef5-426f-a4a8-8df720b28f6e), provisioning_complete {{(pid=103423) _notify_loop /usr/local/lib/python3.8/dist-packages/neutron_lib/callbacks/manager.py:176}}
Feb 16 16:22:33.919937 n-d-669411-5 neutron-server[103422]: DEBUG neutron.pecan_wsgi.hooks.policy_enforcement [req-3330585e-99fa-4496-89a9-efaca71eb36a req-86ccd978-273a-4896-b5b9-435662249758 service neutron] Attributes excluded by policy engine: ['standard_attr_id'] {{(pid=103422) _exclude_attributes_by_policy /opt/stack/neutron/neutron/pecan_wsgi/hooks/policy_enforcement.py:255}}
Feb 16 16:22:33.920228 n-d-669411-5 neutron-server[103423]: DEBUG neutron.plugins.ml2.plugin [None req-3426dc7f-c7ef-4284-9368-73747068fbd4 None None] Port 913d6a97-9ef5-426f-a4a8-8df720b28f6e cannot update to ACTIVE because it is not bound. {{(pid=103423) _port_provisioned /opt/stack/neutron/neutron/plugins/ml2/plugin.py:343}}
Feb 16 16:22:33.921539 n-d-669411-5 neutron-server[103422]: INFO neutron.wsgi [req-3330585e-99fa-4496-89a9-efaca71eb36a req-86ccd978-273a-4896-b5b9-435662249758 service neutron] 10.222.0.60 "GET /v2.0/ports?tenant_id=9f1e972448934d409d5e97576c337ceb&device_id=c07c95fb-c170-4f33-ab10-00f8052a4182 HTTP/1.1" status: 200 len: 1130 time: 0.0618188
Feb 16 16:22:33.938090 n-d-669411-5 neutron-server[103421]: DEBUG neutron.api.v2.base [req-cf509dba-29e4-449a-a542-df714a9f6b9b req-51882d3f-f93d-447f-a4c1-0b7ea3820558 service neutron] Request body: {'port': {'device_id': '36fb8aca-0a41-4f4e-8e15-c6a0a9e7fb1e', 'device_owner': 'compute:tempest-test_az-77415397', 'binding:host_id': 'n-h1-669411-5'}} {{(pid=103421) prepare_request_body /opt/stack/neutron/neutron/api/v2/base.py:729}}
Feb 16 16:22:34.020202 n-d-669411-5 neutron-server[103421]: DEBUG neutron_lib.callbacks.manager [req-cf509dba-29e4-449a-a542-df714a9f6b9b req-51882d3f-f93d-447f-a4c1-0b7ea3820558 service neutron] Publish callbacks ['neutron.plugins.ml2.plugin.SecurityGroupDbMixin._ensure_default_security_group_handler-704323'] for port (913d6a97-9ef5-426f-a4a8-8df720b28f6e), before_update {{(pid=103421) _notify_loop /usr/local/lib/python3.8/dist-packages/neutron_lib/callbacks/manager.py:176}}
Feb 16 16:22:34.108930 n-d-669411-5 neutron-server[103423]: DEBUG neutron_lib.callbacks.manager [None req-bb600942-37fa-493b-b572-54f04b75537e None None] Publish callbacks ['neutron.services.segments.db._update_segment_host_mapping_for_agent-8794038221689', 'neutron.plugins.ml2.plugin.Ml2Plugin._retry_binding_revived_agents-904178'] for agent (5b312d0f-e6c1-4279-92fa-dd8b9cd75c64), after_update {{(pid=103423) _notify_loop /usr/local/lib/python3.8/dist-packages/neutron_lib/callbacks/manager.py:176}}
Feb 16 16:22:34.134172 n-d-669411-5 neutron-server[103422]: DEBUG neutron.pecan_wsgi.hooks.policy_enforcement [req-3330585e-99fa-4496-89a9-efaca71eb36a req-cd87c5f9-eb3f-4938-9475-263a44669a3f service neutron] Attributes excluded by policy engine: ['standard_attr_id', 'vlan_transparent'] {{(pid=103422) _exclude_attributes_by_policy /opt/stack/neutron/neutron/pecan_wsgi/hooks/policy_enforcement.py:255}}
Feb 16 16:22:34.135701 n-d-669411-5 neutron-server[103422]: INFO neutron.wsgi [req-3330585e-99fa-4496-89a9-efaca71eb36a req-cd87c5f9-eb3f-4938-9475-263a44669a3f service neutron] 10.222.0.60 "GET /v2.0/networks?id=31ac75ed-5a18-4047-8c30-5a5fa845837c HTTP/1.1" status: 200 len: 870 time: 0.2081382
Feb 16 16:22:34.136211 n-d-669411-5 neutron-server[103422]: DEBUG neutron.wsgi [-] (103422) accepted ('10.222.0.24', 44264) {{(pid=103422) server /usr/local/lib/python3.8/dist-packages/eventlet/wsgi.py:1004}}
Feb 16 16:22:34.204118 n-d-669411-5 neutron-server[103422]: INFO neutron.wsgi [req-3330585e-99fa-4496-89a9-efaca71eb36a req-491a4c38-6480-488a-a64c-05e7e295d963 service neutron] 10.222.0.60 "GET /v2.0/floatingips?fixed_ip_address=192.168.233.190&port_id=4f37f912-a31c-4603-9efb-e7bf970d8561 HTTP/1.1" status: 200 len: 217 time: 0.0609069
Feb 16 16:22:34.256966 n-d-669411-5 neutron-server[103422]: DEBUG neutron.pecan_wsgi.hooks.policy_enforcement [req-3330585e-99fa-4496-89a9-efaca71eb36a req-a6708d6c-e5e9-4665-bf70-340fc399879c service neutron] Attributes excluded by policy engine: ['standard_attr_id', 'shared'] {{(pid=103422) _exclude_attributes_by_policy /opt/stack/neutron/neutron/pecan_wsgi/hooks/policy_enforcement.py:255}}
Feb 16 16:22:34.258484 n-d-669411-5 neutron-server[103422]: INFO neutron.wsgi [req-3330585e-99fa-4496-89a9-efaca71eb36a req-a6708d6c-e5e9-4665-bf70-340fc399879c service neutron] 10.222.0.60 "GET /v2.0/subnets?id=6d0e33de-334b-4944-83a8-39bbe84bcc62 HTTP/1.1" status: 200 len: 843 time: 0.0479832
Feb 16 16:22:34.337239 n-d-669411-5 neutron-server[103422]: DEBUG neutron.pecan_wsgi.hooks.policy_enforcement [req-3330585e-99fa-4496-89a9-efaca71eb36a req-a2414853-0e41-4436-beb9-eb69339550b8 service neutron] Attributes excluded by policy engine: ['standard_attr_id'] {{(pid=103422) _exclude_attributes_by_policy /opt/stack/neutron/neutron/pecan_wsgi/hooks/policy_enforcement.py:255}}
Feb 16 16:22:34.347519 n-d-669411-5 neutron-server[103422]: INFO neutron.wsgi [req-3330585e-99fa-4496-89a9-efaca71eb36a req-a2414853-0e41-4436-beb9-eb69339550b8 service neutron] 10.222.0.60 "GET /v2.0/ports?network_id=31ac75ed-5a18-4047-8c30-5a5fa845837c&device_owner=network%3Adhcp HTTP/1.1" status: 200 len: 1203 time: 0.0816913
Feb 16 16:22:34.366666 n-d-669411-5 neutron-server[103422]: DEBUG neutron.api.v2.base [None req-75ca8015-2cb3-482b-87a7-8db1f9ce89c5 admin admin] Request body: {'network': {'name': 'tempest-VolumesAdminNegativeTest-261937975-network', 'tenant_id': '949e2aa78ffb460c91715a893a35afcb'}} {{(pid=103422) prepare_request_body /opt/stack/neutron/neutron/api/v2/base.py:729}}
Feb 16 16:22:34.383206 n-d-669411-5 neutron-server[103421]: DEBUG neutron.pecan_wsgi.hooks.policy_enforcement [req-41cd62c6-8ec2-4205-b6bd-c3a8cc52a392 req-4081f0b5-d943-4f46-a34b-406828500446 tempest-DeleteServersAdminTestJSON-446562621 tempest-DeleteServersAdminTestJSON-446562621-project] Attributes excluded by policy engine: ['standard_attr_id', 'binding:profile', 'binding:host_id', 'binding:vif_type', 'binding:vif_details'] {{(pid=103421) _exclude_attributes_by_policy /opt/stack/neutron/neutron/pecan_wsgi/hooks/policy_enforcement.py:255}}
Feb 16 16:22:34.384905 n-d-669411-5 neutron-server[103421]: INFO neutron.wsgi [req-41cd62c6-8ec2-4205-b6bd-c3a8cc52a392 req-4081f0b5-d943-4f46-a34b-406828500446 tempest-DeleteServersAdminTestJSON-446562621 tempest-DeleteServersAdminTestJSON-446562621-project] 10.222.0.24 "GET /v2.0/ports?device_id=aaef4196-b3d2-40d3-979d-75ca5571f538 HTTP/1.1" status: 200 len: 947 time: 0.1221542
Feb 16 16:22:34.401941 n-d-669411-5 neutron-server[103421]: DEBUG neutron.notifiers.nova [req-cf509dba-29e4-449a-a542-df714a9f6b9b req-51882d3f-f93d-447f-a4c1-0b7ea3820558 service neutron] Ignoring state change previous_port_status: DOWN current_port_status: DOWN port_id 913d6a97-9ef5-426f-a4a8-8df720b28f6e {{(pid=103421) record_port_status_changed /opt/stack/neutron/neutron/notifiers/nova.py:233}}
Feb 16 16:22:34.412233 n-d-669411-5 neutron-server[103421]: DEBUG neutron_lib.callbacks.manager [req-cf509dba-29e4-449a-a542-df714a9f6b9b req-51882d3f-f93d-447f-a4c1-0b7ea3820558 service neutron] Publish callbacks [] for port (913d6a97-9ef5-426f-a4a8-8df720b28f6e), precommit_update {{(pid=103421) _notify_loop /usr/local/lib/python3.8/dist-packages/neutron_lib/callbacks/manager.py:176}}
Feb 16 16:22:34.437709 n-d-669411-5 neutron-server[103422]: DEBUG neutron.pecan_wsgi.hooks.quota_enforcement [None req-75ca8015-2cb3-482b-87a7-8db1f9ce89c5 admin admin] Made reservation on behalf of 949e2aa78ffb460c91715a893a35afcb for: {'network': 1} {{(pid=103422) before /opt/stack/neutron/neutron/pecan_wsgi/hooks/quota_enforcement.py:53}}
Feb 16 16:22:34.439989 n-d-669411-5 neutron-server[103422]: DEBUG neutron_lib.callbacks.manager [None req-75ca8015-2cb3-482b-87a7-8db1f9ce89c5 admin admin] Publish callbacks ['neutron.plugins.ml2.plugin.SecurityGroupDbMixin._ensure_default_security_group_handler-704323'] for network (None), before_create {{(pid=103422) _notify_loop /usr/local/lib/python3.8/dist-packages/neutron_lib/callbacks/manager.py:176}}
Feb 16 16:22:34.450940 n-d-669411-5 neutron-server[103422]: DEBUG neutron_lib.callbacks.manager [None req-75ca8015-2cb3-482b-87a7-8db1f9ce89c5 admin admin] Publish callbacks [] for security_group (None), before_create {{(pid=103422) _notify_loop /usr/local/lib/python3.8/dist-packages/neutron_lib/callbacks/manager.py:176}}
Feb 16 16:22:34.473644 n-d-669411-5 neutron-server[103421]: DEBUG neutron.db.provisioning_blocks [req-cf509dba-29e4-449a-a542-df714a9f6b9b req-51882d3f-f93d-447f-a4c1-0b7ea3820558 service neutron] Transition to ACTIVE for port object 913d6a97-9ef5-426f-a4a8-8df720b28f6e will not be triggered until provisioned by entity L2. {{(pid=103421) add_provisioning_component /opt/stack/neutron/neutron/db/provisioning_blocks.py:73}}
Feb 16 16:22:34.487099 n-d-669411-5 neutron-server[103422]: INFO neutron.wsgi [req-3330585e-99fa-4496-89a9-efaca71eb36a req-b66d427e-8cfa-4e9b-a144-5d41ace2529a service neutron] 10.222.0.60 "GET /v2.0/networks/31ac75ed-5a18-4047-8c30-5a5fa845837c?fields=segments HTTP/1.1" status: 200 len: 212 time: 0.1336823
Feb 16 16:22:34.487980 n-d-669411-5 neutron-server[103421]: DEBUG neutron_lib.callbacks.manager [req-cf509dba-29e4-449a-a542-df714a9f6b9b req-51882d3f-f93d-447f-a4c1-0b7ea3820558 service neutron] Publish callbacks ['neutron.plugins.ml2.plugin.SecurityGroupServerNotifierRpcMixin._notify_sg_on_port_change-703622', 'neutron.plugins.ml2.ovo_rpc._ObjectChangeHandler.handle_event-21504', 'neutron.api.rpc.agentnotifiers.dhcp_rpc_agent_api.DhcpAgentNotifyAPI._native_event_send_dhcp_notification-16459282', 'neutron.db.l3_db.L3RpcNotifierMixin._notify_gateway_port_ip_changed-8794037986928', 'neutron.db.l3_dvrscheduler_db._notify_l3_agent_port_update-8794037641530', 'neutron.db.l3_hascheduler_db._notify_l3_agent_ha_port_update-8794037641548'] for port (913d6a97-9ef5-426f-a4a8-8df720b28f6e), after_update {{(pid=103421) _notify_loop /usr/local/lib/python3.8/dist-packages/neutron_lib/callbacks/manager.py:176}}
Feb 16 16:22:34.525235 n-d-669411-5 neutron-server[103421]: INFO neutron.wsgi [req-41cd62c6-8ec2-4205-b6bd-c3a8cc52a392 req-442d70cc-b1fb-468e-bebd-3dbf16f0936a tempest-DeleteServersAdminTestJSON-446562621 tempest-DeleteServersAdminTestJSON-446562621-project] 10.222.0.24 "GET /v2.0/security-groups?id=45faa51f-a44e-4372-b263-ed028287a053&fields=id&fields=name HTTP/1.1" status: 200 len: 286 time: 0.1329753
Feb 16 16:22:34.565967 n-d-669411-5 neutron-server[103421]: DEBUG neutron.pecan_wsgi.hooks.policy_enforcement [req-a5b30349-9f25-43df-b224-791898c6317e req-6cb614a5-857a-4436-831c-ba0aad83bdc7 tempest-AggregatesAdminTestJSON-1358903771 tempest-AggregatesAdminTestJSON-1358903771-project] Attributes excluded by policy engine: ['standard_attr_id', 'binding:profile', 'binding:host_id', 'binding:vif_type', 'binding:vif_details'] {{(pid=103421) _exclude_attributes_by_policy /opt/stack/neutron/neutron/pecan_wsgi/hooks/policy_enforcement.py:255}}
Feb 16 16:22:34.568453 n-d-669411-5 neutron-server[103421]: INFO neutron.wsgi [req-a5b30349-9f25-43df-b224-791898c6317e req-6cb614a5-857a-4436-831c-ba0aad83bdc7 tempest-AggregatesAdminTestJSON-1358903771 tempest-AggregatesAdminTestJSON-1358903771-project] 10.222.0.24 "GET /v2.0/ports?device_id=c3cf599f-0284-42af-8618-3fc08781a62b HTTP/1.1" status: 200 len: 970 time: 0.1620030
Feb 16 16:22:34.578882 n-d-669411-5 neutron-server[103421]: DEBUG neutron.api.rpc.handlers.resources_rpc [None req-51882d3f-f93d-447f-a4c1-0b7ea3820558 service neutron] Pushing event updated for resources: {'Port': ['ID=913d6a97-9ef5-426f-a4a8-8df720b28f6e,revision_number=2']} {{(pid=103421) push /opt/stack/neutron/neutron/api/rpc/handlers/resources_rpc.py:237}}
Feb 16 16:22:34.638365 n-d-669411-5 neutron-server[103422]: DEBUG neutron_lib.callbacks.manager [None req-75ca8015-2cb3-482b-87a7-8db1f9ce89c5 admin admin] Publish callbacks [] for security_group (98a74f31-2de8-453e-a0ac-29ca0649a91f), precommit_create {{(pid=103422) _notify_loop /usr/local/lib/python3.8/dist-packages/neutron_lib/callbacks/manager.py:176}}
Feb 16 16:22:34.645152 n-d-669411-5 neutron-server[103422]: INFO neutron.wsgi [req-3330585e-99fa-4496-89a9-efaca71eb36a req-8edb9911-e51d-43ed-a8cb-846bf5e72bef service neutron] 10.222.0.60 "GET /v2.0/networks/31ac75ed-5a18-4047-8c30-5a5fa845837c?fields=provider%3Aphysical_network&fields=provider%3Anetwork_type HTTP/1.1" status: 200 len: 281 time: 0.1459386
Feb 16 16:22:34.646557 n-d-669411-5 neutron-server[103422]: DEBUG neutron_lib.callbacks.manager [None req-75ca8015-2cb3-482b-87a7-8db1f9ce89c5 admin admin] Publish callbacks ['neutron.plugins.ml2.ovo_rpc._ObjectChangeHandler.handle_event-16347709'] for security_group (98a74f31-2de8-453e-a0ac-29ca0649a91f), after_create {{(pid=103422) _notify_loop /usr/local/lib/python3.8/dist-packages/neutron_lib/callbacks/manager.py:176}}
Feb 16 16:22:34.663050 n-d-669411-5 neutron-server[103421]: DEBUG neutron.plugins.ml2.managers [req-cf509dba-29e4-449a-a542-df714a9f6b9b req-51882d3f-f93d-447f-a4c1-0b7ea3820558 service neutron] Attempting to bind port 913d6a97-9ef5-426f-a4a8-8df720b28f6e on host n-h1-669411-5 for vnic_type normal with profile {{(pid=103421) bind_port /opt/stack/neutron/neutron/plugins/ml2/managers.py:795}}
Feb 16 16:22:34.663050 n-d-669411-5 neutron-server[103421]: DEBUG neutron.plugins.ml2.managers [req-cf509dba-29e4-449a-a542-df714a9f6b9b req-51882d3f-f93d-447f-a4c1-0b7ea3820558 service neutron] Attempting to bind port 913d6a97-9ef5-426f-a4a8-8df720b28f6e by drivers openvswitch,hyperv on host n-h1-669411-5 at level 0 using segments [{'id': 'b3651080-6015-4384-b68d-9b183c0d003b', 'network_type': 'vlan', 'physical_network': 'physnet1', 'segmentation_id': 131, 'network_id': '72bb907d-875d-4ec6-9779-d384bacff365'}] {{(pid=103421) _bind_port_level /opt/stack/neutron/neutron/plugins/ml2/managers.py:820}}
Feb 16 16:22:34.663050 n-d-669411-5 neutron-server[103421]: DEBUG neutron.plugins.ml2.drivers.mech_agent [req-cf509dba-29e4-449a-a542-df714a9f6b9b req-51882d3f-f93d-447f-a4c1-0b7ea3820558 service neutron] Attempting to bind port 913d6a97-9ef5-426f-a4a8-8df720b28f6e on network 72bb907d-875d-4ec6-9779-d384bacff365 {{(pid=103421) bind_port /opt/stack/neutron/neutron/plugins/ml2/drivers/mech_agent.py:91}}
Feb 16 16:22:34.671743 n-d-669411-5 neutron-server[103422]: DEBUG neutron.plugins.ml2.drivers.helpers [None req-75ca8015-2cb3-482b-87a7-8db1f9ce89c5 admin admin] vlan segment allocate from pool success with {'vlan_id': 101, 'physical_network': 'physnet1'} {{(pid=103422) allocate_partially_specified_segment /opt/stack/neutron/neutron/plugins/ml2/drivers/helpers.py:153}}
Feb 16 16:22:34.676425 n-d-669411-5 neutron-server[103421]: DEBUG neutron.plugins.ml2.drivers.mech_agent [req-cf509dba-29e4-449a-a542-df714a9f6b9b req-51882d3f-f93d-447f-a4c1-0b7ea3820558 service neutron] Port 913d6a97-9ef5-426f-a4a8-8df720b28f6e on network 72bb907d-875d-4ec6-9779-d384bacff365 not bound, no agent of type Open vSwitch agent registered on host n-h1-669411-5 {{(pid=103421) bind_port /opt/stack/neutron/neutron/plugins/ml2/drivers/mech_agent.py:103}}
Feb 16 16:22:34.676754 n-d-669411-5 neutron-server[103421]: DEBUG neutron.plugins.ml2.drivers.mech_agent [req-cf509dba-29e4-449a-a542-df714a9f6b9b req-51882d3f-f93d-447f-a4c1-0b7ea3820558 service neutron] Attempting to bind port 913d6a97-9ef5-426f-a4a8-8df720b28f6e on network 72bb907d-875d-4ec6-9779-d384bacff365 {{(pid=103421) bind_port /opt/stack/neutron/neutron/plugins/ml2/drivers/mech_agent.py:91}}
Feb 16 16:22:34.681791 n-d-669411-5 neutron-server[103421]: INFO neutron.wsgi [req-a5b30349-9f25-43df-b224-791898c6317e req-9af53b82-794f-4818-9396-e7df15306e40 tempest-AggregatesAdminTestJSON-1358903771 tempest-AggregatesAdminTestJSON-1358903771-project] 10.222.0.24 "GET /v2.0/security-groups?id=dda97d84-bac9-4b1a-a943-b140814b702f&fields=id&fields=name HTTP/1.1" status: 200 len: 286 time: 0.0958657
Feb 16 16:22:34.686613 n-d-669411-5 neutron-server[103421]: DEBUG neutron.plugins.ml2.drivers.mech_agent [req-cf509dba-29e4-449a-a542-df714a9f6b9b req-51882d3f-f93d-447f-a4c1-0b7ea3820558 service neutron] Checking agent: {'id': '048baa0b-0039-4a34-97d5-6a0610fbbb6e', 'agent_type': 'HyperV agent', 'binary': 'neutron-hyperv-agent', 'topic': 'N/A', 'host': 'n-h1-669411-5', 'admin_state_up': True, 'created_at': datetime.datetime(2022, 2, 16, 16, 19, 31), 'started_at': datetime.datetime(2022, 2, 16, 16, 19, 31), 'heartbeat_timestamp': datetime.datetime(2022, 2, 16, 16, 22, 31), 'description': None, 'resources_synced': None, 'availability_zone': None, 'alive': True, 'configurations': {'vswitch_mappings': {'physnet1$': 'br-data'}}, 'resource_versions': {}} {{(pid=103421) bind_port /opt/stack/neutron/neutron/plugins/ml2/drivers/mech_agent.py:110}}
Feb 16 16:22:34.686937 n-d-669411-5 neutron-server[103421]: DEBUG neutron.plugins.ml2.drivers.mech_agent [req-cf509dba-29e4-449a-a542-df714a9f6b9b req-51882d3f-f93d-447f-a4c1-0b7ea3820558 service neutron] Checking segment: {'id': 'b3651080-6015-4384-b68d-9b183c0d003b', 'network_type': 'vlan', 'physical_network': 'physnet1', 'segmentation_id': 131, 'network_id': '72bb907d-875d-4ec6-9779-d384bacff365'} for mappings: {'physnet1$': 'br-data'} with network types: ['local', 'flat', 'vlan'] {{(pid=103421) check_segment_for_agent /opt/stack/neutron/neutron/plugins/ml2/drivers/mech_agent.py:373}}
Feb 16 16:22:34.687316 n-d-669411-5 neutron-server[103421]: DEBUG neutron.plugins.ml2.drivers.mech_agent [req-cf509dba-29e4-449a-a542-df714a9f6b9b req-51882d3f-f93d-447f-a4c1-0b7ea3820558 service neutron] Bound using segment: {'id': 'b3651080-6015-4384-b68d-9b183c0d003b', 'network_type': 'vlan', 'physical_network': 'physnet1', 'segmentation_id': 131, 'network_id': '72bb907d-875d-4ec6-9779-d384bacff365'} {{(pid=103421) bind_port /opt/stack/neutron/neutron/plugins/ml2/drivers/mech_agent.py:120}}
Feb 16 16:22:34.687741 n-d-669411-5 neutron-server[103421]: DEBUG neutron.plugins.ml2.managers [req-cf509dba-29e4-449a-a542-df714a9f6b9b req-51882d3f-f93d-447f-a4c1-0b7ea3820558 service neutron] Bound port: 913d6a97-9ef5-426f-a4a8-8df720b28f6e, host: n-h1-669411-5, vif_type: hyperv, vif_details: {"connectivity": "legacy", "port_filter": false}, binding_levels: [{'bound_driver': 'hyperv', 'bound_segment': {'id': 'b3651080-6015-4384-b68d-9b183c0d003b', 'network_type': 'vlan', 'physical_network': 'physnet1', 'segmentation_id': 131, 'network_id': '72bb907d-875d-4ec6-9779-d384bacff365'}}] {{(pid=103421) _bind_port_level /opt/stack/neutron/neutron/plugins/ml2/managers.py:932}}
Feb 16 16:22:34.688105 n-d-669411-5 neutron-server[103421]: DEBUG neutron_lib.callbacks.manager [req-cf509dba-29e4-449a-a542-df714a9f6b9b req-51882d3f-f93d-447f-a4c1-0b7ea3820558 service neutron] Publish callbacks ['neutron.plugins.ml2.plugin.SecurityGroupDbMixin._ensure_default_security_group_handler-704323'] for port (913d6a97-9ef5-426f-a4a8-8df720b28f6e), before_update {{(pid=103421) _notify_loop /usr/local/lib/python3.8/dist-packages/neutron_lib/callbacks/manager.py:176}}
Feb 16 16:22:34.693387 n-d-669411-5 neutron-server[103422]: DEBUG neutron.api.rpc.handlers.resources_rpc [None req-75ca8015-2cb3-482b-87a7-8db1f9ce89c5 admin admin] Pushing event updated for resources: {'SecurityGroup': ['ID=98a74f31-2de8-453e-a0ac-29ca0649a91f,revision_number=1']} {{(pid=103422) push /opt/stack/neutron/neutron/api/rpc/handlers/resources_rpc.py:237}}
Feb 16 16:22:34.699607 n-d-669411-5 neutron-server[103422]: DEBUG neutron_lib.callbacks.manager [None req-75ca8015-2cb3-482b-87a7-8db1f9ce89c5 admin admin] Publish callbacks ['neutron.plugins.ml2.plugin.Ml2Plugin._handle_segment_change-861727'] for segment (c5db13bd-1584-4321-b049-075d10c2039c), precommit_create {{(pid=103422) _notify_loop /usr/local/lib/python3.8/dist-packages/neutron_lib/callbacks/manager.py:176}}
Feb 16 16:22:34.701766 n-d-669411-5 neutron-server[103422]: INFO neutron.db.segments_db [None req-75ca8015-2cb3-482b-87a7-8db1f9ce89c5 admin admin] Added segment c5db13bd-1584-4321-b049-075d10c2039c of type vlan for network 94a1e31b-f9ab-440f-a31d-308d40923799
Feb 16 16:22:34.782109 n-d-669411-5 neutron-server[103422]: DEBUG neutron_lib.callbacks.manager [None req-75ca8015-2cb3-482b-87a7-8db1f9ce89c5 admin admin] Publish callbacks ['neutron.services.auto_allocate.db._ensure_external_network_default_value_callback-8794037636473'] for network (94a1e31b-f9ab-440f-a31d-308d40923799), precommit_create {{(pid=103422) _notify_loop /usr/local/lib/python3.8/dist-packages/neutron_lib/callbacks/manager.py:176}}
Feb 16 16:22:34.827649 n-d-669411-5 neutron-server[103421]: DEBUG neutron.plugins.ml2.db [req-cf509dba-29e4-449a-a542-df714a9f6b9b req-51882d3f-f93d-447f-a4c1-0b7ea3820558 service neutron] For port 913d6a97-9ef5-426f-a4a8-8df720b28f6e, host n-h1-669411-5, cleared binding levels {{(pid=103421) clear_binding_levels /opt/stack/neutron/neutron/plugins/ml2/db.py:87}}
Feb 16 16:22:34.830833 n-d-669411-5 neutron-server[103422]: DEBUG neutron_lib.callbacks.manager [None req-75ca8015-2cb3-482b-87a7-8db1f9ce89c5 admin admin] Publish callbacks ['neutron.plugins.ml2.ovo_rpc._ObjectChangeHandler.handle_event-16347753', 'neutron.api.rpc.agentnotifiers.dhcp_rpc_agent_api.DhcpAgentNotifyAPI._native_event_send_dhcp_notification-16459282'] for network (94a1e31b-f9ab-440f-a31d-308d40923799), after_create {{(pid=103422) _notify_loop /usr/local/lib/python3.8/dist-packages/neutron_lib/callbacks/manager.py:176}}
Feb 16 16:22:34.835325 n-d-669411-5 neutron-server[103422]: DEBUG neutron.pecan_wsgi.hooks.policy_enforcement [None req-75ca8015-2cb3-482b-87a7-8db1f9ce89c5 admin admin] Attributes excluded by policy engine: ['standard_attr_id', 'vlan_transparent'] {{(pid=103422) _exclude_attributes_by_policy /opt/stack/neutron/neutron/pecan_wsgi/hooks/policy_enforcement.py:255}}
Feb 16 16:22:34.836245 n-d-669411-5 neutron-server[103422]: DEBUG neutron_lib.callbacks.manager [None req-75ca8015-2cb3-482b-87a7-8db1f9ce89c5 admin admin] Publish callbacks ['neutron.api.rpc.agentnotifiers.dhcp_rpc_agent_api.DhcpAgentNotifyAPI._send_dhcp_notification-16459324'] for network (None), before_response {{(pid=103422) _notify_loop /usr/local/lib/python3.8/dist-packages/neutron_lib/callbacks/manager.py:176}}
Feb 16 16:22:34.837205 n-d-669411-5 neutron-server[103421]: DEBUG neutron.plugins.ml2.db [req-cf509dba-29e4-449a-a542-df714a9f6b9b req-51882d3f-f93d-447f-a4c1-0b7ea3820558 service neutron] For port 913d6a97-9ef5-426f-a4a8-8df720b28f6e, host n-h1-669411-5, set binding levels [PortBindingLevel(driver='hyperv',host='n-h1-669411-5',level=0,port_id=913d6a97-9ef5-426f-a4a8-8df720b28f6e,segment=NetworkSegment(b3651080-6015-4384-b68d-9b183c0d003b),segment_id=b3651080-6015-4384-b68d-9b183c0d003b)] {{(pid=103421) set_binding_levels /opt/stack/neutron/neutron/plugins/ml2/db.py:59}}
Feb 16 16:22:34.843521 n-d-669411-5 neutron-server[103423]: DEBUG neutron.plugins.ml2.rpc [None req-bb600942-37fa-493b-b572-54f04b75537e None None] Device 24f5539c-bdaa-4b40-a6cd-b2642dd8991f details requested by agent hyperv_n-h2-669411-5 with host n-h2-669411-5 {{(pid=103423) get_device_details /opt/stack/neutron/neutron/plugins/ml2/rpc.py:102}}
Feb 16 16:22:34.878087 n-d-669411-5 neutron-server[103421]: DEBUG neutron.pecan_wsgi.hooks.policy_enforcement [req-bb13d8c8-a29f-4f82-bb82-2d803b971d6c req-c70e39df-a504-4840-bdab-7c8408b87a6a tempest-ServersWithSpecificFlavorTestJSON-1369630730 tempest-ServersWithSpecificFlavorTestJSON-1369630730-project] Attributes excluded by policy engine: ['standard_attr_id', 'binding:profile', 'binding:host_id', 'binding:vif_type', 'binding:vif_details'] {{(pid=103421) _exclude_attributes_by_policy /opt/stack/neutron/neutron/pecan_wsgi/hooks/policy_enforcement.py:255}}
Feb 16 16:22:34.879298 n-d-669411-5 neutron-server[103422]: INFO neutron.wsgi [None req-75ca8015-2cb3-482b-87a7-8db1f9ce89c5 admin admin] 10.222.0.24 "POST /v2.0/networks HTTP/1.1" status: 201 len: 887 time: 0.7420192
Feb 16 16:22:34.879936 n-d-669411-5 neutron-server[103422]: DEBUG neutron.wsgi [-] (103422) accepted ('10.222.0.24', 44284) {{(pid=103422) server /usr/local/lib/python3.8/dist-packages/eventlet/wsgi.py:1004}}
Feb 16 16:22:34.880348 n-d-669411-5 neutron-server[103421]: INFO neutron.wsgi [req-bb13d8c8-a29f-4f82-bb82-2d803b971d6c req-c70e39df-a504-4840-bdab-7c8408b87a6a tempest-ServersWithSpecificFlavorTestJSON-1369630730 tempest-ServersWithSpecificFlavorTestJSON-1369630730-project] 10.222.0.24 "GET /v2.0/ports?device_id=36fb8aca-0a41-4f4e-8e15-c6a0a9e7fb1e HTTP/1.1" status: 200 len: 963 time: 0.1649704
Feb 16 16:22:34.881635 n-d-669411-5 neutron-server[103421]: DEBUG neutron_lib.callbacks.manager [req-cf509dba-29e4-449a-a542-df714a9f6b9b req-51882d3f-f93d-447f-a4c1-0b7ea3820558 service neutron] Publish callbacks ['neutron.plugins.ml2.plugin.SecurityGroupServerNotifierRpcMixin._notify_sg_on_port_change-703622', 'neutron.plugins.ml2.ovo_rpc._ObjectChangeHandler.handle_event-21504', 'neutron.api.rpc.agentnotifiers.dhcp_rpc_agent_api.DhcpAgentNotifyAPI._native_event_send_dhcp_notification-16459282', 'neutron.db.l3_db.L3RpcNotifierMixin._notify_gateway_port_ip_changed-8794037986928', 'neutron.db.l3_dvrscheduler_db._notify_l3_agent_port_update-8794037641530', 'neutron.db.l3_hascheduler_db._notify_l3_agent_ha_port_update-8794037641548'] for port (913d6a97-9ef5-426f-a4a8-8df720b28f6e), after_update {{(pid=103421) _notify_loop /usr/local/lib/python3.8/dist-packages/neutron_lib/callbacks/manager.py:176}}
Feb 16 16:22:34.886529 n-d-669411-5 neutron-server[103422]: DEBUG neutron.api.v2.base [None req-b9c4e26e-478e-46c8-b27d-3d64233d58a5 admin admin] Request body: {'subnet': {'network_id': '94a1e31b-f9ab-440f-a31d-308d40923799', 'cidr': '172.20.0.0/28', 'name': 'tempest-VolumesAdminNegativeTest-261937975-subnet', 'tenant_id': '949e2aa78ffb460c91715a893a35afcb', 'enable_dhcp': False, 'ip_version': 4}} {{(pid=103422) prepare_request_body /opt/stack/neutron/neutron/api/v2/base.py:729}}
Feb 16 16:22:34.928857 n-d-669411-5 neutron-server[103422]: DEBUG neutron.api.rpc.handlers.resources_rpc [None req-75ca8015-2cb3-482b-87a7-8db1f9ce89c5 admin admin] Pushing event updated for resources: {'Network': ['ID=94a1e31b-f9ab-440f-a31d-308d40923799,revision_number=1']} {{(pid=103422) push /opt/stack/neutron/neutron/api/rpc/handlers/resources_rpc.py:237}}
Feb 16 16:22:34.944550 n-d-669411-5 neutron-server[103422]: DEBUG neutron.pecan_wsgi.hooks.quota_enforcement [None req-b9c4e26e-478e-46c8-b27d-3d64233d58a5 admin admin] Made reservation on behalf of 949e2aa78ffb460c91715a893a35afcb for: {'subnet': 1} {{(pid=103422) before /opt/stack/neutron/neutron/pecan_wsgi/hooks/quota_enforcement.py:53}}
Feb 16 16:22:34.947136 n-d-669411-5 neutron-server[103421]: DEBUG neutron.pecan_wsgi.hooks.policy_enforcement [req-cf509dba-29e4-449a-a542-df714a9f6b9b req-51882d3f-f93d-447f-a4c1-0b7ea3820558 service neutron] Attributes excluded by policy engine: ['standard_attr_id'] {{(pid=103421) _exclude_attributes_by_policy /opt/stack/neutron/neutron/pecan_wsgi/hooks/policy_enforcement.py:255}}
Feb 16 16:22:34.947731 n-d-669411-5 neutron-server[103422]: DEBUG neutron_lib.callbacks.manager [None req-b9c4e26e-478e-46c8-b27d-3d64233d58a5 admin admin] Publish callbacks [] for subnet (None), before_create {{(pid=103422) _notify_loop /usr/local/lib/python3.8/dist-packages/neutron_lib/callbacks/manager.py:176}}
Feb 16 16:22:34.948985 n-d-669411-5 neutron-server[103421]: DEBUG neutron_lib.callbacks.manager [req-cf509dba-29e4-449a-a542-df714a9f6b9b req-51882d3f-f93d-447f-a4c1-0b7ea3820558 service neutron] Publish callbacks ['neutron.notifiers.nova.Notifier._send_nova_notification-467650', 'neutron.api.rpc.agentnotifiers.dhcp_rpc_agent_api.DhcpAgentNotifyAPI._send_dhcp_notification-16459324'] for port (None), before_response {{(pid=103421) _notify_loop /usr/local/lib/python3.8/dist-packages/neutron_lib/callbacks/manager.py:176}}
Feb 16 16:22:34.950975 n-d-669411-5 neutron-server[103421]: INFO neutron.wsgi [req-cf509dba-29e4-449a-a542-df714a9f6b9b req-51882d3f-f93d-447f-a4c1-0b7ea3820558 service neutron] 10.222.0.65 "PUT /v2.0/ports/913d6a97-9ef5-426f-a4a8-8df720b28f6e HTTP/1.1" status: 200 len: 1111 time: 1.0182328
Feb 16 16:22:34.952341 n-d-669411-5 neutron-server[103421]: DEBUG neutron.notifiers.nova [-] Sending events: [{'name': 'network-changed', 'server_uuid': '36fb8aca-0a41-4f4e-8e15-c6a0a9e7fb1e', 'tag': '913d6a97-9ef5-426f-a4a8-8df720b28f6e'}] {{(pid=103421) send_events /opt/stack/neutron/neutron/notifiers/nova.py:271}}
Feb 16 16:22:34.956537 n-d-669411-5 neutron-server[103421]: DEBUG novaclient.v2.client [-] REQ: curl -g -i --cacert "/opt/stack/data/ca-bundle.pem" -X POST http://10.222.0.24/compute/v2.1/os-server-external-events -H "Accept: application/json" -H "Content-Type: application/json" -H "User-Agent: python-novaclient" -H "X-Auth-Token: {SHA256}a33bbbc92af5b5c8dc0a8791b61055bf02f85f2758e706bd5b49135ae5f7043b" -H "X-OpenStack-Nova-API-Version: 2.1" -H "X-OpenStack-Request-ID: req-e9afcb47-be2d-4a2c-bebd-771abb72840b" -d '{"events": [{"name": "network-changed", "server_uuid": "36fb8aca-0a41-4f4e-8e15-c6a0a9e7fb1e", "tag": "913d6a97-9ef5-426f-a4a8-8df720b28f6e"}]}' {{(pid=103421) _http_log_request /usr/local/lib/python3.8/dist-packages/keystoneauth1/session.py:519}}
Feb 16 16:22:34.969254 n-d-669411-5 neutron-server[103423]: DEBUG neutron.plugins.ml2.rpc [None req-e3f4f28a-7999-4a63-ab54-81252ad1a6cf None None] Network 94a1e31b-f9ab-440f-a31d-308d40923799 details requested by agent ovs-agent-n-d-669411-5 with host n-d-669411-5 {{(pid=103423) get_network_details /opt/stack/neutron/neutron/plugins/ml2/rpc.py:248}}
Feb 16 16:22:35.003471 n-d-669411-5 neutron-server[103421]: DEBUG neutron.pecan_wsgi.hooks.policy_enforcement [req-d20919d0-70cf-4993-a9b5-7e2337c03555 req-b041717c-bcd1-4b20-a371-4a7860b72732 tempest-MigrationsAdminTest-1478308438 tempest-MigrationsAdminTest-1478308438-project] Attributes excluded by policy engine: ['standard_attr_id', 'binding:profile', 'binding:host_id', 'binding:vif_type', 'binding:vif_details'] {{(pid=103421) _exclude_attributes_by_policy /opt/stack/neutron/neutron/pecan_wsgi/hooks/policy_enforcement.py:255}}
Feb 16 16:22:35.012734 n-d-669411-5 neutron-server[103421]: INFO neutron.wsgi [req-d20919d0-70cf-4993-a9b5-7e2337c03555 req-b041717c-bcd1-4b20-a371-4a7860b72732 tempest-MigrationsAdminTest-1478308438 tempest-MigrationsAdminTest-1478308438-project] 10.222.0.24 "GET /v2.0/ports?device_id=c07c95fb-c170-4f33-ab10-00f8052a4182 HTTP/1.1" status: 200 len: 948 time: 0.2084858
Feb 16 16:22:35.085753 n-d-669411-5 neutron-server[103421]: DEBUG neutron.api.rpc.handlers.resources_rpc [None req-51882d3f-f93d-447f-a4c1-0b7ea3820558 service neutron] Pushing event updated for resources: {'Port': ['ID=913d6a97-9ef5-426f-a4a8-8df720b28f6e,revision_number=3']} {{(pid=103421) push /opt/stack/neutron/neutron/api/rpc/handlers/resources_rpc.py:237}}
Feb 16 16:22:35.089111 n-d-669411-5 neutron-server[103422]: DEBUG neutron.wsgi [-] (103422) accepted ('10.222.0.24', 44288) {{(pid=103422) server /usr/local/lib/python3.8/dist-packages/eventlet/wsgi.py:1004}}
Feb 16 16:22:35.104272 n-d-669411-5 neutron-server[103421]: INFO neutron.wsgi [req-bb13d8c8-a29f-4f82-bb82-2d803b971d6c req-ba5664f1-13f2-4f86-81ed-962983eaa8e8 tempest-ServersWithSpecificFlavorTestJSON-1369630730 tempest-ServersWithSpecificFlavorTestJSON-1369630730-project] 10.222.0.24 "GET /v2.0/security-groups?id=319a901a-6ad3-432e-a448-50cfdcccaf16&fields=id&fields=name HTTP/1.1" status: 200 len: 312 time: 0.2130761
Feb 16 16:22:35.124520 n-d-669411-5 neutron-server[103423]: DEBUG neutron.plugins.ml2.db [None req-bb600942-37fa-493b-b572-54f04b75537e None None] For port 24f5539c-bdaa-4b40-a6cd-b2642dd8991f, host n-h2-669411-5, got binding levels [PortBindingLevel(driver='hyperv',host='n-h2-669411-5',level=0,port_id=24f5539c-bdaa-4b40-a6cd-b2642dd8991f,segment=NetworkSegment(9f1b3d1d-0cfd-41a5-84d6-760c1338a49d),segment_id=9f1b3d1d-0cfd-41a5-84d6-760c1338a49d)] {{(pid=103423) get_binding_level_objs /opt/stack/neutron/neutron/plugins/ml2/db.py:74}}
Feb 16 16:22:35.144480 n-d-669411-5 neutron-server[103423]: DEBUG neutron.plugins.ml2.rpc [None req-bb600942-37fa-493b-b572-54f04b75537e None None] Returning: {'device': '24f5539c-bdaa-4b40-a6cd-b2642dd8991f', 'network_id': '31ac75ed-5a18-4047-8c30-5a5fa845837c', 'port_id': '24f5539c-bdaa-4b40-a6cd-b2642dd8991f', 'mac_address': 'fa:16:3e:4f:bb:f1', 'admin_state_up': True, 'network_type': 'vlan', 'segmentation_id': 130, 'physical_network': 'physnet1', 'mtu': 1500, 'fixed_ips': [{'subnet_id': '6d0e33de-334b-4944-83a8-39bbe84bcc62', 'ip_address': '192.168.233.72'}], 'device_owner': 'compute:nova', 'allowed_address_pairs': [], 'port_security_enabled': True, 'qos_policy_id': None, 'network_qos_policy_id': None, 'profile': {}, 'propagate_uplink_status': False} {{(pid=103423) _get_device_details /opt/stack/neutron/neutron/plugins/ml2/rpc.py:184}}
Feb 16 16:22:35.154914 n-d-669411-5 neutron-server[103421]: INFO neutron.wsgi [req-d20919d0-70cf-4993-a9b5-7e2337c03555 req-41ee32cb-c46a-4b9d-8310-f8b6758d9c0c tempest-MigrationsAdminTest-1478308438 tempest-MigrationsAdminTest-1478308438-project] 10.222.0.24 "GET /v2.0/security-groups?id=87ad40d9-186d-453c-a9ca-2ccfd8caa9b6&fields=id&fields=name HTTP/1.1" status: 200 len: 286 time: 0.1412029
Feb 16 16:22:35.201109 n-d-669411-5 neutron-server[103423]: DEBUG neutron.plugins.ml2.plugin [None req-bb600942-37fa-493b-b572-54f04b75537e None None] Current status of the port 24f5539c-bdaa-4b40-a6cd-b2642dd8991f is: DOWN; New status is: BUILD {{(pid=103423) _update_individual_port_db_status /opt/stack/neutron/neutron/plugins/ml2/plugin.py:2232}}
Feb 16 16:22:35.201970 n-d-669411-5 neutron-server[103423]: DEBUG neutron_lib.callbacks.manager [None req-bb600942-37fa-493b-b572-54f04b75537e None None] Publish callbacks ['neutron.plugins.ml2.plugin.SecurityGroupDbMixin._ensure_default_security_group_handler-704323'] for port (24f5539c-bdaa-4b40-a6cd-b2642dd8991f), before_update {{(pid=103423) _notify_loop /usr/local/lib/python3.8/dist-packages/neutron_lib/callbacks/manager.py:176}}
Feb 16 16:22:35.208975 n-d-669411-5 neutron-server[103421]: DEBUG neutron.pecan_wsgi.hooks.policy_enforcement [req-cf509dba-29e4-449a-a542-df714a9f6b9b req-d912c1e9-9a0a-4219-b5ee-52b1a19a5019 service neutron] Attributes excluded by policy engine: ['standard_attr_id'] {{(pid=103421) _exclude_attributes_by_policy /opt/stack/neutron/neutron/pecan_wsgi/hooks/policy_enforcement.py:255}}
Feb 16 16:22:35.212426 n-d-669411-5 neutron-server[103421]: INFO neutron.wsgi [req-cf509dba-29e4-449a-a542-df714a9f6b9b req-d912c1e9-9a0a-4219-b5ee-52b1a19a5019 service neutron] 10.222.0.65 "GET /v2.0/ports?tenant_id=a074548814944d3691a8ab693310e936&device_id=36fb8aca-0a41-4f4e-8e15-c6a0a9e7fb1e HTTP/1.1" status: 200 len: 1145 time: 0.1842444
Feb 16 16:22:35.245903 n-d-669411-5 neutron-server[103423]: DEBUG neutron.notifiers.nova [None req-bb600942-37fa-493b-b572-54f04b75537e None None] Ignoring state change previous_port_status: DOWN current_port_status: BUILD port_id 24f5539c-bdaa-4b40-a6cd-b2642dd8991f {{(pid=103423) record_port_status_changed /opt/stack/neutron/neutron/notifiers/nova.py:233}}
Feb 16 16:22:35.272533 n-d-669411-5 neutron-server[103421]: DEBUG novaclient.v2.client [-] RESP: [200] Connection: close Content-Length: 179 Content-Type: application/json Date: Wed, 16 Feb 2022 16:22:34 GMT OpenStack-API-Version: compute 2.1 Server: Apache/2.4.41 (Ubuntu) Vary: OpenStack-API-Version,X-OpenStack-Nova-API-Version X-OpenStack-Nova-API-Version: 2.1 x-compute-request-id: req-f1ab8122-2ebf-4646-94a8-f3f09afd2b0b x-openstack-request-id: req-f1ab8122-2ebf-4646-94a8-f3f09afd2b0b {{(pid=103421) _http_log_response /usr/local/lib/python3.8/dist-packages/keystoneauth1/session.py:550}}
Feb 16 16:22:35.272806 n-d-669411-5 neutron-server[103421]: DEBUG novaclient.v2.client [-] RESP BODY: {"events": [{"name": "network-changed", "server_uuid": "36fb8aca-0a41-4f4e-8e15-c6a0a9e7fb1e", "tag": "913d6a97-9ef5-426f-a4a8-8df720b28f6e", "status": "completed", "code": 200}]} {{(pid=103421) _http_log_response /usr/local/lib/python3.8/dist-packages/keystoneauth1/session.py:582}}
Feb 16 16:22:35.273336 n-d-669411-5 neutron-server[103421]: DEBUG novaclient.v2.client [-] POST call to compute for http://10.222.0.24/compute/v2.1/os-server-external-events used request id req-f1ab8122-2ebf-4646-94a8-f3f09afd2b0b {{(pid=103421) request /usr/local/lib/python3.8/dist-packages/keystoneauth1/session.py:954}}
Feb 16 16:22:35.273747 n-d-669411-5 neutron-server[103421]: INFO neutron.notifiers.nova [-] Nova event response: {'name': 'network-changed', 'server_uuid': '36fb8aca-0a41-4f4e-8e15-c6a0a9e7fb1e', 'tag': '913d6a97-9ef5-426f-a4a8-8df720b28f6e', 'status': 'completed', 'code': 200}
Feb 16 16:22:35.275607 n-d-669411-5 neutron-server[103421]: INFO neutron.wsgi [req-cf509dba-29e4-449a-a542-df714a9f6b9b req-69382d31-5896-4ecc-afcf-bb1bc84ad64b service neutron] 10.222.0.65 "GET /v2.0/floatingips?fixed_ip_address=172.20.0.5&port_id=913d6a97-9ef5-426f-a4a8-8df720b28f6e HTTP/1.1" status: 200 len: 217 time: 0.0548143
Feb 16 16:22:35.277471 n-d-669411-5 neutron-server[103423]: DEBUG neutron.plugins.ml2.db [None req-bb600942-37fa-493b-b572-54f04b75537e None None] For port 24f5539c-bdaa-4b40-a6cd-b2642dd8991f, host n-h2-669411-5, got binding levels [PortBindingLevel(driver='hyperv',host='n-h2-669411-5',level=0,port_id=24f5539c-bdaa-4b40-a6cd-b2642dd8991f,segment=NetworkSegment(9f1b3d1d-0cfd-41a5-84d6-760c1338a49d),segment_id=9f1b3d1d-0cfd-41a5-84d6-760c1338a49d)] {{(pid=103423) get_binding_level_objs /opt/stack/neutron/neutron/plugins/ml2/db.py:74}}
Feb 16 16:22:35.282836 n-d-669411-5 neutron-server[103423]: DEBUG neutron_lib.callbacks.manager [None req-bb600942-37fa-493b-b572-54f04b75537e None None] Publish callbacks ['neutron.plugins.ml2.plugin.SecurityGroupServerNotifierRpcMixin._notify_sg_on_port_change-703622', 'neutron.plugins.ml2.ovo_rpc._ObjectChangeHandler.handle_event-21504', 'neutron.api.rpc.agentnotifiers.dhcp_rpc_agent_api.DhcpAgentNotifyAPI._native_event_send_dhcp_notification-16459282', 'neutron.db.l3_db.L3RpcNotifierMixin._notify_gateway_port_ip_changed-8794037986928', 'neutron.db.l3_dvrscheduler_db._notify_l3_agent_port_update-8794037641530', 'neutron.db.l3_hascheduler_db._notify_l3_agent_ha_port_update-8794037641548'] for port (24f5539c-bdaa-4b40-a6cd-b2642dd8991f), after_update {{(pid=103423) _notify_loop /usr/local/lib/python3.8/dist-packages/neutron_lib/callbacks/manager.py:176}}
Feb 16 16:22:35.321426 n-d-669411-5 neutron-server[103422]: DEBUG neutron_lib.callbacks.manager [None req-28b7580f-1912-40c8-a63e-db10bf4942a1 admin admin] Publish callbacks [] for security_group (None), before_create {{(pid=103422) _notify_loop /usr/local/lib/python3.8/dist-packages/neutron_lib/callbacks/manager.py:176}}
Feb 16 16:22:35.334575 n-d-669411-5 neutron-server[103421]: DEBUG neutron.pecan_wsgi.hooks.policy_enforcement [req-cf509dba-29e4-449a-a542-df714a9f6b9b req-a85c7ac7-c462-4e02-9c1a-6a968d32adac service neutron] Attributes excluded by policy engine: ['standard_attr_id', 'shared'] {{(pid=103421) _exclude_attributes_by_policy /opt/stack/neutron/neutron/pecan_wsgi/hooks/policy_enforcement.py:255}}
Feb 16 16:22:35.336687 n-d-669411-5 neutron-server[103421]: INFO neutron.wsgi [req-cf509dba-29e4-449a-a542-df714a9f6b9b req-a85c7ac7-c462-4e02-9c1a-6a968d32adac service neutron] 10.222.0.65 "GET /v2.0/subnets?id=60743ad9-3f89-46e3-a7de-dc3e4ec4e12e HTTP/1.1" status: 200 len: 863 time: 0.0524020
Feb 16 16:22:35.344815 n-d-669411-5 neutron-server[103422]: DEBUG neutron_lib.callbacks.manager [None req-b9c4e26e-478e-46c8-b27d-3d64233d58a5 admin admin] Publish callbacks ['neutron.plugins.ml2.ovo_rpc._ObjectChangeHandler.handle_event-16324110', 'neutron.api.rpc.agentnotifiers.dhcp_rpc_agent_api.DhcpAgentNotifyAPI._native_event_send_dhcp_notification-16459282'] for subnet (1786a798-933d-4f8c-b8b1-882bd213fb9e), after_create {{(pid=103422) _notify_loop /usr/local/lib/python3.8/dist-packages/neutron_lib/callbacks/manager.py:176}}
Feb 16 16:22:35.374926 n-d-669411-5 neutron-server[103423]: DEBUG neutron.api.rpc.handlers.resources_rpc [None req-bb600942-37fa-493b-b572-54f04b75537e None None] Pushing event updated for resources: {'Port': ['ID=24f5539c-bdaa-4b40-a6cd-b2642dd8991f,revision_number=4']} {{(pid=103423) push /opt/stack/neutron/neutron/api/rpc/handlers/resources_rpc.py:237}}
Feb 16 16:22:35.398077 n-d-669411-5 neutron-server[103421]: DEBUG neutron.pecan_wsgi.hooks.policy_enforcement [req-cf509dba-29e4-449a-a542-df714a9f6b9b req-602bb47b-bf02-440e-ae93-4bb435fc3e1c service neutron] Attributes excluded by policy engine: ['standard_attr_id'] {{(pid=103421) _exclude_attributes_by_policy /opt/stack/neutron/neutron/pecan_wsgi/hooks/policy_enforcement.py:255}}
Feb 16 16:22:35.399832 n-d-669411-5 neutron-server[103421]: INFO neutron.wsgi [req-cf509dba-29e4-449a-a542-df714a9f6b9b req-602bb47b-bf02-440e-ae93-4bb435fc3e1c service neutron] 10.222.0.65 "GET /v2.0/ports?network_id=72bb907d-875d-4ec6-9779-d384bacff365&device_owner=network%3Adhcp HTTP/1.1" status: 200 len: 1200 time: 0.0562615
Feb 16 16:22:35.415572 n-d-669411-5 neutron-server[103422]: DEBUG neutron.api.rpc.handlers.resources_rpc [None req-b9c4e26e-478e-46c8-b27d-3d64233d58a5 admin admin] Pushing event updated for resources: {'Subnet': ['ID=1786a798-933d-4f8c-b8b1-882bd213fb9e,revision_number=0']} {{(pid=103422) push /opt/stack/neutron/neutron/api/rpc/handlers/resources_rpc.py:237}}
Feb 16 16:22:35.461694 n-d-669411-5 neutron-server[103422]: DEBUG neutron.plugins.ml2.drivers.mech_agent [None req-b9c4e26e-478e-46c8-b27d-3d64233d58a5 admin admin] Checking segment: {'id': 'c5db13bd-1584-4321-b049-075d10c2039c', 'network_type': 'vlan', 'physical_network': 'physnet1', 'segmentation_id': 101, 'network_id': '94a1e31b-f9ab-440f-a31d-308d40923799'} for mappings: {'physnet1': 'br-data'} with network types: ['local', 'flat', 'vlan'] {{(pid=103422) check_segment_for_agent /opt/stack/neutron/neutron/plugins/ml2/drivers/mech_agent.py:373}}
Feb 16 16:22:35.462127 n-d-669411-5 neutron-server[103422]: DEBUG neutron.scheduler.dhcp_agent_scheduler [None req-b9c4e26e-478e-46c8-b27d-3d64233d58a5 admin admin] Network hostable DHCP agents. Network: 94a1e31b-f9ab-440f-a31d-308d40923799, hostable agents: ['0c2b6038-fe40-4160-b116-46cbc174c5c5'], hosted agents: [] {{(pid=103422) _get_network_hostable_dhcp_agents /opt/stack/neutron/neutron/scheduler/dhcp_agent_scheduler.py:329}}
Feb 16 16:22:35.498970 n-d-669411-5 neutron-server[103422]: DEBUG neutron_lib.callbacks.manager [None req-28b7580f-1912-40c8-a63e-db10bf4942a1 admin admin] Publish callbacks [] for security_group (ef768005-f51f-4c56-a9cf-8943aec277ac), precommit_create {{(pid=103422) _notify_loop /usr/local/lib/python3.8/dist-packages/neutron_lib/callbacks/manager.py:176}}
Feb 16 16:22:35.503536 n-d-669411-5 neutron-server[103422]: DEBUG neutron_lib.callbacks.manager [None req-28b7580f-1912-40c8-a63e-db10bf4942a1 admin admin] Publish callbacks ['neutron.plugins.ml2.ovo_rpc._ObjectChangeHandler.handle_event-16347709'] for security_group (ef768005-f51f-4c56-a9cf-8943aec277ac), after_create {{(pid=103422) _notify_loop /usr/local/lib/python3.8/dist-packages/neutron_lib/callbacks/manager.py:176}}
Feb 16 16:22:35.518267 n-d-669411-5 neutron-server[103422]: DEBUG neutron.scheduler.dhcp_agent_scheduler [None req-b9c4e26e-478e-46c8-b27d-3d64233d58a5 admin admin] Network 94a1e31b-f9ab-440f-a31d-308d40923799 is scheduled to be hosted by DHCP agent 0c2b6038-fe40-4160-b116-46cbc174c5c5 with binding_index 1 {{(pid=103422) bind /opt/stack/neutron/neutron/scheduler/dhcp_agent_scheduler.py:227}}
Feb 16 16:22:35.520796 n-d-669411-5 neutron-server[103421]: INFO neutron.wsgi [req-cf509dba-29e4-449a-a542-df714a9f6b9b req-4a08b178-750d-4896-81d6-814da0995907 service neutron] 10.222.0.65 "GET /v2.0/networks/72bb907d-875d-4ec6-9779-d384bacff365?fields=segments HTTP/1.1" status: 200 len: 212 time: 0.1138630
Feb 16 16:22:35.549233 n-d-669411-5 neutron-server[103422]: DEBUG neutron.scheduler.base_scheduler [None req-b9c4e26e-478e-46c8-b27d-3d64233d58a5 admin admin] Resources bound (agent type, host, resource id): (DHCP agent, n-d-669411-5, 94a1e31b-f9ab-440f-a31d-308d40923799) {{(pid=103422) schedule /opt/stack/neutron/neutron/scheduler/base_scheduler.py:57}}
Feb 16 16:22:35.556862 n-d-669411-5 neutron-server[103422]: DEBUG neutron.pecan_wsgi.hooks.policy_enforcement [None req-b9c4e26e-478e-46c8-b27d-3d64233d58a5 admin admin] Attributes excluded by policy engine: ['standard_attr_id', 'shared', 'network'] {{(pid=103422) _exclude_attributes_by_policy /opt/stack/neutron/neutron/pecan_wsgi/hooks/policy_enforcement.py:255}}
Feb 16 16:22:35.558985 n-d-669411-5 neutron-server[103423]: DEBUG neutron.api.rpc.handlers.dhcp_rpc [None req-dc62fa73-8827-4143-afd6-48fb12fbdaaf None None] Network 94a1e31b-f9ab-440f-a31d-308d40923799 requested from n-d-669411-5 {{(pid=103423) get_network_info /opt/stack/neutron/neutron/api/rpc/handlers/dhcp_rpc.py:191}}
Feb 16 16:22:35.571985 n-d-669411-5 neutron-server[103422]: DEBUG neutron_lib.callbacks.manager [None req-b9c4e26e-478e-46c8-b27d-3d64233d58a5 admin admin] Publish callbacks ['neutron.api.rpc.agentnotifiers.dhcp_rpc_agent_api.DhcpAgentNotifyAPI._send_dhcp_notification-16459324'] for subnet (None), before_response {{(pid=103422) _notify_loop /usr/local/lib/python3.8/dist-packages/neutron_lib/callbacks/manager.py:176}}
Feb 16 16:22:35.594375 n-d-669411-5 neutron-server[103422]: INFO neutron.wsgi [None req-28b7580f-1912-40c8-a63e-db10bf4942a1 admin admin] 10.222.0.24 "GET /v2.0/security-groups?tenant_id=2ea5a8baba044e64b0a724b75855d2a5&name=default HTTP/1.1" status: 200 len: 2996 time: 0.4947968
Feb 16 16:22:35.600764 n-d-669411-5 neutron-server[103422]: DEBUG neutron.wsgi [-] (103422) accepted ('10.222.0.24', 44294) {{(pid=103422) server /usr/local/lib/python3.8/dist-packages/eventlet/wsgi.py:1004}}
Feb 16 16:22:35.641127 n-d-669411-5 neutron-server[103421]: INFO neutron.wsgi [req-cf509dba-29e4-449a-a542-df714a9f6b9b req-61147bf5-3046-4a35-93a1-662e8035afab service neutron] 10.222.0.65 "GET /v2.0/networks/72bb907d-875d-4ec6-9779-d384bacff365?fields=provider%3Aphysical_network&fields=provider%3Anetwork_type HTTP/1.1" status: 200 len: 281 time: 0.1136699
Feb 16 16:22:35.646108 n-d-669411-5 neutron-server[103422]: INFO neutron.wsgi [None req-b9c4e26e-478e-46c8-b27d-3d64233d58a5 admin admin] 10.222.0.24 "POST /v2.0/subnets HTTP/1.1" status: 201 len: 851 time: 0.7633655
Feb 16 16:22:35.649433 n-d-669411-5 neutron-server[103422]: DEBUG neutron.api.rpc.handlers.resources_rpc [None req-28b7580f-1912-40c8-a63e-db10bf4942a1 admin admin] Pushing event updated for resources: {'SecurityGroup': ['ID=ef768005-f51f-4c56-a9cf-8943aec277ac,revision_number=1']} {{(pid=103422) push /opt/stack/neutron/neutron/api/rpc/handlers/resources_rpc.py:237}}
Feb 16 16:22:35.694914 n-d-669411-5 neutron-server[103422]: DEBUG neutron_lib.callbacks.manager [None req-d680c5a5-1893-41ff-adaa-351d40ac4a75 admin admin] Publish callbacks [] for security_group (ef768005-f51f-4c56-a9cf-8943aec277ac), before_delete {{(pid=103422) _notify_loop /usr/local/lib/python3.8/dist-packages/neutron_lib/callbacks/manager.py:176}}
Feb 16 16:22:35.721962 n-d-669411-5 neutron-server[103422]: DEBUG neutron_lib.callbacks.manager [None req-d680c5a5-1893-41ff-adaa-351d40ac4a75 admin admin] Publish callbacks [] for security_group (ef768005-f51f-4c56-a9cf-8943aec277ac), precommit_delete {{(pid=103422) _notify_loop /usr/local/lib/python3.8/dist-packages/neutron_lib/callbacks/manager.py:176}}
Feb 16 16:22:35.789405 n-d-669411-5 neutron-server[103422]: DEBUG neutron_lib.callbacks.manager [None req-d680c5a5-1893-41ff-adaa-351d40ac4a75 admin admin] Publish callbacks ['neutron.plugins.ml2.ovo_rpc._ObjectChangeHandler.handle_event-16347709'] for security_group (ef768005-f51f-4c56-a9cf-8943aec277ac), after_delete {{(pid=103422) _notify_loop /usr/local/lib/python3.8/dist-packages/neutron_lib/callbacks/manager.py:176}}
Feb 16 16:22:35.792872 n-d-669411-5 neutron-server[103422]: DEBUG neutron_lib.callbacks.manager [None req-d680c5a5-1893-41ff-adaa-351d40ac4a75 admin admin] Publish callbacks [] for security_group (None), before_response {{(pid=103422) _notify_loop /usr/local/lib/python3.8/dist-packages/neutron_lib/callbacks/manager.py:176}}
Feb 16 16:22:35.797496 n-d-669411-5 neutron-server[103422]: INFO neutron.wsgi [None req-d680c5a5-1893-41ff-adaa-351d40ac4a75 admin admin] 10.222.0.24 "DELETE /v2.0/security-groups/ef768005-f51f-4c56-a9cf-8943aec277ac HTTP/1.1" status: 204 len: 168 time: 0.1866796
Feb 16 16:22:35.808049 n-d-669411-5 neutron-server[103422]: DEBUG neutron.api.rpc.handlers.resources_rpc [None req-d680c5a5-1893-41ff-adaa-351d40ac4a75 admin admin] Pushing event deleted for resources: {'SecurityGroup': ['ID=ef768005-f51f-4c56-a9cf-8943aec277ac,revision_number=None']} {{(pid=103422) push /opt/stack/neutron/neutron/api/rpc/handlers/resources_rpc.py:237}}
Feb 16 16:22:35.881320 n-d-669411-5 neutron-server[103421]: DEBUG neutron.pecan_wsgi.hooks.policy_enforcement [req-bbd36b54-bf76-43cd-8f7d-c8a1037742cb req-ce786676-fcd4-4d29-8d2d-b072e209f1db tempest-DeleteServersAdminTestJSON-446562621 tempest-DeleteServersAdminTestJSON-446562621-project] Attributes excluded by policy engine: ['standard_attr_id', 'binding:profile', 'binding:host_id', 'binding:vif_type', 'binding:vif_details'] {{(pid=103421) _exclude_attributes_by_policy /opt/stack/neutron/neutron/pecan_wsgi/hooks/policy_enforcement.py:255}}
