Feb 02 19:18:35.152664 n-d-615180-54 devstack@placement-api.service[115412]: DEBUG placement.objects.allocation_candidate [req-bb88359b-1a04-4132-a85c-9845a23b7265 req-96c2d956-1fe1-4b52-9d58-02d1d4ba0066 service placement] Merging candidates yields 2 allocation requests and 2 provider summaries {{(pid=115412) _merge_candidates /opt/stack/placement/placement/objects/allocation_candidate.py:783}}
Feb 02 19:18:35.156892 n-d-615180-54 devstack@placement-api.service[115412]: INFO placement.requestlog [req-bb88359b-1a04-4132-a85c-9845a23b7265 req-96c2d956-1fe1-4b52-9d58-02d1d4ba0066 service placement] 10.222.0.45 "GET /placement/allocation_candidates?limit=1000&resources=DISK_GB%3A1%2CMEMORY_MB%3A1024%2CVCPU%3A1&root_required=%21COMPUTE_STATUS_DISABLED" status: 200 len: 1306 microversion: 1.36
Feb 02 19:18:35.157471 n-d-615180-54 devstack@placement-api.service[115412]: [pid: 115412|app: 0|req: 445/884] 10.222.0.45 () {60 vars in 1506 bytes} [Wed Feb 2 19:18:34 2022] GET /placement/allocation_candidates?limit=1000&resources=DISK_GB%3A1%2CMEMORY_MB%3A1024%2CVCPU%3A1&root_required=%21COMPUTE_STATUS_DISABLED => generated 1306 bytes in 205 msecs (HTTP/1.1 200) 8 headers in 297 bytes (1 switches on core 0)
Feb 02 19:18:35.246625 n-d-615180-54 devstack@placement-api.service[115411]: DEBUG placement.requestlog [req-bb88359b-1a04-4132-a85c-9845a23b7265 req-38a5292b-1543-4861-9cdf-a56d21d1c54f None None] Starting request: 10.222.0.45 "GET /placement/allocations/5836ba8c-b327-4789-8a12-09c60728857e" {{(pid=115411) __call__ /opt/stack/placement/placement/requestlog.py:55}}
Feb 02 19:18:35.305462 n-d-615180-54 devstack@placement-api.service[115411]: INFO placement.requestlog [req-bb88359b-1a04-4132-a85c-9845a23b7265 req-38a5292b-1543-4861-9cdf-a56d21d1c54f service placement] 10.222.0.45 "GET /placement/allocations/5836ba8c-b327-4789-8a12-09c60728857e" status: 200 len: 19 microversion: 1.28
Feb 02 19:18:35.314469 n-d-615180-54 devstack@placement-api.service[115411]: [pid: 115411|app: 0|req: 440/885] 10.222.0.45 () {60 vars in 1380 bytes} [Wed Feb 2 19:18:35 2022] GET /placement/allocations/5836ba8c-b327-4789-8a12-09c60728857e => generated 19 bytes in 69 msecs (HTTP/1.1 200) 8 headers in 295 bytes (2 switches on core 0)
Feb 02 19:18:35.315211 n-d-615180-54 devstack@placement-api.service[115412]: DEBUG placement.requestlog [req-bb88359b-1a04-4132-a85c-9845a23b7265 req-903567db-c76a-450a-a84a-3fd0192163f3 None None] Starting request: 10.222.0.45 "PUT /placement/allocations/5836ba8c-b327-4789-8a12-09c60728857e" {{(pid=115412) __call__ /opt/stack/placement/placement/requestlog.py:55}}
Feb 02 19:18:35.447878 n-d-615180-54 devstack@placement-api.service[115412]: DEBUG placement.handlers.allocation [req-bb88359b-1a04-4132-a85c-9845a23b7265 req-903567db-c76a-450a-a84a-3fd0192163f3 service placement] Successfully wrote allocations [, , ] {{(pid=115412) _update_consumers_and_create_allocations /opt/stack/placement/placement/handlers/allocation.py:462}}
Feb 02 19:18:35.473383 n-d-615180-54 devstack@placement-api.service[115412]: INFO placement.requestlog [req-bb88359b-1a04-4132-a85c-9845a23b7265 req-903567db-c76a-450a-a84a-3fd0192163f3 service placement] 10.222.0.45 "PUT /placement/allocations/5836ba8c-b327-4789-8a12-09c60728857e" status: 204 len: 0 microversion: 1.36
Feb 02 19:18:35.473834 n-d-615180-54 devstack@placement-api.service[115412]: [pid: 115412|app: 0|req: 446/886] 10.222.0.45 () {64 vars in 1433 bytes} [Wed Feb 2 19:18:35 2022] PUT /placement/allocations/5836ba8c-b327-4789-8a12-09c60728857e => generated 0 bytes in 159 msecs (HTTP/1.1 204) 5 headers in 199 bytes (1 switches on core 0)
Feb 02 19:18:36.085858 n-d-615180-54 devstack@placement-api.service[115411]: DEBUG placement.requestlog [req-bb88359b-1a04-4132-a85c-9845a23b7265 req-4dfcc16c-fbf7-4073-a55d-46df58363c19 None None] Starting request: 10.222.0.35 "GET /placement/allocations/5836ba8c-b327-4789-8a12-09c60728857e" {{(pid=115411) __call__ /opt/stack/placement/placement/requestlog.py:55}}
Feb 02 19:18:36.126885 n-d-615180-54 devstack@placement-api.service[115411]: INFO placement.requestlog [req-bb88359b-1a04-4132-a85c-9845a23b7265 req-4dfcc16c-fbf7-4073-a55d-46df58363c19 service placement] 10.222.0.35 "GET /placement/allocations/5836ba8c-b327-4789-8a12-09c60728857e" status: 200 len: 259 microversion: 1.28
Feb 02 19:18:36.127510 n-d-615180-54 devstack@placement-api.service[115411]: [pid: 115411|app: 0|req: 441/887] 10.222.0.35 () {60 vars in 1377 bytes} [Wed Feb 2 19:18:36 2022] GET /placement/allocations/5836ba8c-b327-4789-8a12-09c60728857e => generated 259 bytes in 43 msecs (HTTP/1.1 200) 8 headers in 296 bytes (1 switches on core 0)
Feb 02 19:18:37.460442 n-d-615180-54 devstack@placement-api.service[115412]: DEBUG placement.requestlog [req-0a0d4aed-857b-4a56-865c-cc4d496fee2a req-99efe185-99fe-4972-bf14-32ce918e1c1c None None] Starting request: 10.222.0.35 "GET /placement/allocations/c89db0e5-9067-476f-86f9-dff18d0fe7c8" {{(pid=115412) __call__ /opt/stack/placement/placement/requestlog.py:55}}
Feb 02 19:18:37.522406 n-d-615180-54 devstack@placement-api.service[115412]: INFO placement.requestlog [req-0a0d4aed-857b-4a56-865c-cc4d496fee2a req-99efe185-99fe-4972-bf14-32ce918e1c1c service placement] 10.222.0.35 "GET /placement/allocations/c89db0e5-9067-476f-86f9-dff18d0fe7c8" status: 200 len: 259 microversion: 1.28
Feb 02 19:18:37.523299 n-d-615180-54 devstack@placement-api.service[115412]: [pid: 115412|app: 0|req: 447/888] 10.222.0.35 () {60 vars in 1377 bytes} [Wed Feb 2 19:18:37 2022] GET /placement/allocations/c89db0e5-9067-476f-86f9-dff18d0fe7c8 => generated 259 bytes in 63 msecs (HTTP/1.1 200) 8 headers in 296 bytes (1 switches on core 0)
Feb 02 19:18:44.326685 n-d-615180-54 devstack@placement-api.service[115411]: DEBUG placement.requestlog [req-3604d1f6-4fe0-41b3-a5a0-57d748b6991d req-02b1eaa3-7b3c-4cae-83f7-86b995378397 None None] Starting request: 10.222.0.46 "GET /placement/resource_providers/7194674b-399b-4aad-9bb2-0566aabfe38d/allocations" {{(pid=115411) __call__ /opt/stack/placement/placement/requestlog.py:55}}
Feb 02 19:18:44.593971 n-d-615180-54 devstack@placement-api.service[115411]: INFO placement.requestlog [req-3604d1f6-4fe0-41b3-a5a0-57d748b6991d req-02b1eaa3-7b3c-4cae-83f7-86b995378397 service placement] 10.222.0.46 "GET /placement/resource_providers/7194674b-399b-4aad-9bb2-0566aabfe38d/allocations" status: 200 len: 55 microversion: 1.0
Feb 02 19:18:44.594538 n-d-615180-54 devstack@placement-api.service[115411]: [pid: 115411|app: 0|req: 442/889] 10.222.0.46 () {58 vars in 1390 bytes} [Wed Feb 2 19:18:44 2022] GET /placement/resource_providers/7194674b-399b-4aad-9bb2-0566aabfe38d/allocations => generated 55 bytes in 270 msecs (HTTP/1.1 200) 6 headers in 223 bytes (1 switches on core 0)
Feb 02 19:18:44.648861 n-d-615180-54 devstack@placement-api.service[115412]: DEBUG placement.requestlog [req-3604d1f6-4fe0-41b3-a5a0-57d748b6991d req-6efdb21d-a808-42e6-812c-8353036b29db None None] Starting request: 10.222.0.46 "GET /placement/resource_providers?in_tree=7194674b-399b-4aad-9bb2-0566aabfe38d" {{(pid=115412) __call__ /opt/stack/placement/placement/requestlog.py:55}}
Feb 02 19:18:44.677789 n-d-615180-54 devstack@placement-api.service[115412]: INFO placement.requestlog [req-3604d1f6-4fe0-41b3-a5a0-57d748b6991d req-6efdb21d-a808-42e6-812c-8353036b29db service placement] 10.222.0.46 "GET /placement/resource_providers?in_tree=7194674b-399b-4aad-9bb2-0566aabfe38d" status: 200 len: 864 microversion: 1.14
Feb 02 19:18:44.678178 n-d-615180-54 devstack@placement-api.service[115412]: [pid: 115412|app: 0|req: 448/890] 10.222.0.46 () {60 vars in 1376 bytes} [Wed Feb 2 19:18:44 2022] GET /placement/resource_providers?in_tree=7194674b-399b-4aad-9bb2-0566aabfe38d => generated 864 bytes in 30 msecs (HTTP/1.1 200) 6 headers in 225 bytes (1 switches on core 0)
Feb 02 19:18:44.692656 n-d-615180-54 devstack@placement-api.service[115411]: DEBUG placement.requestlog [req-3604d1f6-4fe0-41b3-a5a0-57d748b6991d req-30384053-0cc3-43eb-8e87-a3a61b9f88d8 None None] Starting request: 10.222.0.46 "GET /placement/resource_providers/7194674b-399b-4aad-9bb2-0566aabfe38d/inventories" {{(pid=115411) __call__ /opt/stack/placement/placement/requestlog.py:55}}
Feb 02 19:18:44.741028 n-d-615180-54 devstack@placement-api.service[115411]: INFO placement.requestlog [req-3604d1f6-4fe0-41b3-a5a0-57d748b6991d req-30384053-0cc3-43eb-8e87-a3a61b9f88d8 service placement] 10.222.0.46 "GET /placement/resource_providers/7194674b-399b-4aad-9bb2-0566aabfe38d/inventories" status: 200 len: 398 microversion: 1.0
Feb 02 19:18:44.741538 n-d-615180-54 devstack@placement-api.service[115411]: [pid: 115411|app: 0|req: 443/891] 10.222.0.46 () {58 vars in 1390 bytes} [Wed Feb 2 19:18:44 2022] GET /placement/resource_providers/7194674b-399b-4aad-9bb2-0566aabfe38d/inventories => generated 398 bytes in 49 msecs (HTTP/1.1 200) 6 headers in 224 bytes (1 switches on core 0)
Feb 02 19:18:44.760760 n-d-615180-54 devstack@placement-api.service[115412]: DEBUG placement.requestlog [req-3604d1f6-4fe0-41b3-a5a0-57d748b6991d req-a16f0407-003e-4ef9-b60a-90456f9acbba None None] Starting request: 10.222.0.46 "GET /placement/resource_providers/7194674b-399b-4aad-9bb2-0566aabfe38d/aggregates" {{(pid=115412) __call__ /opt/stack/placement/placement/requestlog.py:55}}
Feb 02 19:18:44.786540 n-d-615180-54 devstack@placement-api.service[115412]: INFO placement.requestlog [req-3604d1f6-4fe0-41b3-a5a0-57d748b6991d req-a16f0407-003e-4ef9-b60a-90456f9acbba service placement] 10.222.0.46 "GET /placement/resource_providers/7194674b-399b-4aad-9bb2-0566aabfe38d/aggregates" status: 200 len: 54 microversion: 1.19
Feb 02 19:18:44.787449 n-d-615180-54 devstack@placement-api.service[115412]: [pid: 115412|app: 0|req: 449/892] 10.222.0.46 () {60 vars in 1431 bytes} [Wed Feb 2 19:18:44 2022] GET /placement/resource_providers/7194674b-399b-4aad-9bb2-0566aabfe38d/aggregates => generated 54 bytes in 27 msecs (HTTP/1.1 200) 8 headers in 295 bytes (1 switches on core 0)
Feb 02 19:18:44.801399 n-d-615180-54 devstack@placement-api.service[115411]: DEBUG placement.requestlog [req-3604d1f6-4fe0-41b3-a5a0-57d748b6991d req-9407150a-2a9d-49ed-bad8-f4645efb49ea None None] Starting request: 10.222.0.46 "GET /placement/resource_providers/7194674b-399b-4aad-9bb2-0566aabfe38d/traits" {{(pid=115411) __call__ /opt/stack/placement/placement/requestlog.py:55}}
Feb 02 19:18:44.841452 n-d-615180-54 devstack@placement-api.service[115411]: INFO placement.requestlog [req-3604d1f6-4fe0-41b3-a5a0-57d748b6991d req-9407150a-2a9d-49ed-bad8-f4645efb49ea service placement] 10.222.0.46 "GET /placement/resource_providers/7194674b-399b-4aad-9bb2-0566aabfe38d/traits" status: 200 len: 212 microversion: 1.6
Feb 02 19:18:44.842276 n-d-615180-54 devstack@placement-api.service[115411]: [pid: 115411|app: 0|req: 444/893] 10.222.0.46 () {60 vars in 1418 bytes} [Wed Feb 2 19:18:44 2022] GET /placement/resource_providers/7194674b-399b-4aad-9bb2-0566aabfe38d/traits => generated 212 bytes in 41 msecs (HTTP/1.1 200) 6 headers in 224 bytes (1 switches on core 0)
Feb 02 19:19:11.256751 n-d-615180-54 devstack@placement-api.service[115412]: DEBUG placement.requestlog [req-53067a54-bb88-4538-8814-75122f47aa63 req-4c47265e-73b4-4fdd-b42a-742b439926c7 None None] Starting request: 10.222.0.35 "DELETE /placement/allocations/c89db0e5-9067-476f-86f9-dff18d0fe7c8" {{(pid=115412) __call__ /opt/stack/placement/placement/requestlog.py:55}}
Feb 02 19:19:11.305256 n-d-615180-54 devstack@placement-api.service[115412]: DEBUG placement.handlers.allocation [req-53067a54-bb88-4538-8814-75122f47aa63 req-4c47265e-73b4-4fdd-b42a-742b439926c7 service placement] Successfully deleted allocations [, , ] {{(pid=115412) delete_allocations /opt/stack/placement/placement/handlers/allocation.py:627}}
Feb 02 19:19:11.306309 n-d-615180-54 devstack@placement-api.service[115412]: INFO placement.requestlog [req-53067a54-bb88-4538-8814-75122f47aa63 req-4c47265e-73b4-4fdd-b42a-742b439926c7 service placement] 10.222.0.35 "DELETE /placement/allocations/c89db0e5-9067-476f-86f9-dff18d0fe7c8" status: 204 len: 0 microversion: 1.0
Feb 02 19:19:11.321752 n-d-615180-54 devstack@placement-api.service[115412]: [pid: 115412|app: 0|req: 450/894] 10.222.0.35 () {60 vars in 1355 bytes} [Wed Feb 2 19:19:11 2022] DELETE /placement/allocations/c89db0e5-9067-476f-86f9-dff18d0fe7c8 => generated 0 bytes in 65 msecs (HTTP/1.1 204) 5 headers in 198 bytes (1 switches on core 0)
Feb 02 19:19:33.143059 n-d-615180-54 devstack@placement-api.service[115411]: DEBUG placement.requestlog [req-53e9bcef-8dff-455f-b8df-1db7eb91e765 req-f64b4325-d51d-40c3-82a7-77a3e4894ca7 None None] Starting request: 10.222.0.45 "GET /placement/resource_providers/d3df9157-70c3-4756-a0ab-ca0529905cdc/traits" {{(pid=115411) __call__ /opt/stack/placement/placement/requestlog.py:55}}
Feb 02 19:19:33.622660 n-d-615180-54 devstack@placement-api.service[115411]: INFO placement.requestlog [req-53e9bcef-8dff-455f-b8df-1db7eb91e765 req-f64b4325-d51d-40c3-82a7-77a3e4894ca7 service placement] 10.222.0.45 "GET /placement/resource_providers/d3df9157-70c3-4756-a0ab-ca0529905cdc/traits" status: 200 len: 212 microversion: 1.6
Feb 02 19:19:33.624382 n-d-615180-54 devstack@placement-api.service[115411]: [pid: 115411|app: 0|req: 445/895] 10.222.0.45 () {60 vars in 1412 bytes} [Wed Feb 2 19:19:33 2022] GET /placement/resource_providers/d3df9157-70c3-4756-a0ab-ca0529905cdc/traits => generated 212 bytes in 482 msecs (HTTP/1.1 200) 6 headers in 224 bytes (1 switches on core 0)
Feb 02 19:19:33.896440 n-d-615180-54 devstack@placement-api.service[115412]: DEBUG placement.requestlog [req-f30f6f45-4633-4019-9db7-5b43575d444b req-744f563c-4a10-4136-ab38-36c7abe394ce None None] Starting request: 10.222.0.35 "GET /placement/resource_providers/d3df9157-70c3-4756-a0ab-ca0529905cdc/allocations" {{(pid=115412) __call__ /opt/stack/placement/placement/requestlog.py:55}}
Feb 02 19:19:33.965397 n-d-615180-54 devstack@placement-api.service[115412]: INFO placement.requestlog [req-f30f6f45-4633-4019-9db7-5b43575d444b req-744f563c-4a10-4136-ab38-36c7abe394ce service placement] 10.222.0.35 "GET /placement/resource_providers/d3df9157-70c3-4756-a0ab-ca0529905cdc/allocations" status: 200 len: 342 microversion: 1.0
Feb 02 19:19:33.966525 n-d-615180-54 devstack@placement-api.service[115412]: [pid: 115412|app: 0|req: 451/896] 10.222.0.35 () {58 vars in 1390 bytes} [Wed Feb 2 19:19:33 2022] GET /placement/resource_providers/d3df9157-70c3-4756-a0ab-ca0529905cdc/allocations => generated 342 bytes in 70 msecs (HTTP/1.1 200) 6 headers in 224 bytes (1 switches on core 0)
Feb 02 19:19:34.456950 n-d-615180-54 devstack@placement-api.service[115411]: DEBUG placement.requestlog [None req-4f173e5d-3eab-46a9-bf2a-604246f0239c None None] Starting request: 10.222.0.45 "GET /placement/" {{(pid=115411) __call__ /opt/stack/placement/placement/requestlog.py:55}}
Feb 02 19:19:34.457981 n-d-615180-54 devstack@placement-api.service[115411]: INFO placement.requestlog [None req-4f173e5d-3eab-46a9-bf2a-604246f0239c None None] 10.222.0.45 "GET /placement/" status: 200 len: 136 microversion: 1.0
Feb 02 19:19:34.458305 n-d-615180-54 devstack@placement-api.service[115411]: [pid: 115411|app: 0|req: 446/897] 10.222.0.45 () {54 vars in 916 bytes} [Wed Feb 2 19:19:34 2022] GET /placement => generated 136 bytes in 2 msecs (HTTP/1.1 200) 6 headers in 224 bytes (1 switches on core 0)
Feb 02 19:19:34.469483 n-d-615180-54 devstack@placement-api.service[115412]: DEBUG placement.requestlog [req-53e9bcef-8dff-455f-b8df-1db7eb91e765 req-b8a00eed-29b0-4cb6-8cb3-b1a4876ac6d0 None None] Starting request: 10.222.0.45 "GET /placement/allocations/5836ba8c-b327-4789-8a12-09c60728857e" {{(pid=115412) __call__ /opt/stack/placement/placement/requestlog.py:55}}
Feb 02 19:19:34.627527 n-d-615180-54 devstack@placement-api.service[115412]: INFO placement.requestlog [req-53e9bcef-8dff-455f-b8df-1db7eb91e765 req-b8a00eed-29b0-4cb6-8cb3-b1a4876ac6d0 service placement] 10.222.0.45 "GET /placement/allocations/5836ba8c-b327-4789-8a12-09c60728857e" status: 200 len: 259 microversion: 1.28
Feb 02 19:19:34.634268 n-d-615180-54 devstack@placement-api.service[115412]: [pid: 115412|app: 0|req: 452/898] 10.222.0.45 () {60 vars in 1380 bytes} [Wed Feb 2 19:19:34 2022] GET /placement/allocations/5836ba8c-b327-4789-8a12-09c60728857e => generated 259 bytes in 164 msecs (HTTP/1.1 200) 8 headers in 296 bytes (1 switches on core 0)
Feb 02 19:19:34.647223 n-d-615180-54 devstack@placement-api.service[115411]: DEBUG placement.requestlog [req-53e9bcef-8dff-455f-b8df-1db7eb91e765 req-3d4fadb6-b118-4217-b411-6aaa239b3dea None None] Starting request: 10.222.0.45 "GET /placement/allocations/5836ba8c-b327-4789-8a12-09c60728857e" {{(pid=115411) __call__ /opt/stack/placement/placement/requestlog.py:55}}
Feb 02 19:19:34.689959 n-d-615180-54 devstack@placement-api.service[115411]: INFO placement.requestlog [req-53e9bcef-8dff-455f-b8df-1db7eb91e765 req-3d4fadb6-b118-4217-b411-6aaa239b3dea service placement] 10.222.0.45 "GET /placement/allocations/5836ba8c-b327-4789-8a12-09c60728857e" status: 200 len: 259 microversion: 1.28
Feb 02 19:19:34.698316 n-d-615180-54 devstack@placement-api.service[115412]: DEBUG placement.requestlog [req-53e9bcef-8dff-455f-b8df-1db7eb91e765 req-25ace145-b721-456a-8601-7fa7a0915597 None None] Starting request: 10.222.0.45 "GET /placement/allocations/06d5ede8-248a-4047-86fe-fedf036d8c35" {{(pid=115412) __call__ /opt/stack/placement/placement/requestlog.py:55}}
Feb 02 19:19:34.699171 n-d-615180-54 devstack@placement-api.service[115411]: [pid: 115411|app: 0|req: 447/899] 10.222.0.45 () {60 vars in 1380 bytes} [Wed Feb 2 19:19:34 2022] GET /placement/allocations/5836ba8c-b327-4789-8a12-09c60728857e => generated 259 bytes in 52 msecs (HTTP/1.1 200) 8 headers in 296 bytes (1 switches on core 0)
Feb 02 19:19:34.724657 n-d-615180-54 devstack@placement-api.service[115412]: INFO placement.requestlog [req-53e9bcef-8dff-455f-b8df-1db7eb91e765 req-25ace145-b721-456a-8601-7fa7a0915597 service placement] 10.222.0.45 "GET /placement/allocations/06d5ede8-248a-4047-86fe-fedf036d8c35" status: 200 len: 19 microversion: 1.28
Feb 02 19:19:34.731348 n-d-615180-54 devstack@placement-api.service[115412]: [pid: 115412|app: 0|req: 453/900] 10.222.0.45 () {60 vars in 1380 bytes} [Wed Feb 2 19:19:34 2022] GET /placement/allocations/06d5ede8-248a-4047-86fe-fedf036d8c35 => generated 19 bytes in 33 msecs (HTTP/1.1 200) 8 headers in 295 bytes (1 switches on core 0)
Feb 02 19:19:34.744947 n-d-615180-54 devstack@placement-api.service[115411]: DEBUG placement.requestlog [req-53e9bcef-8dff-455f-b8df-1db7eb91e765 req-841cfbc5-a5d1-4807-b862-952c2fd06164 None None] Starting request: 10.222.0.45 "POST /placement/allocations" {{(pid=115411) __call__ /opt/stack/placement/placement/requestlog.py:55}}
Feb 02 19:19:34.946598 n-d-615180-54 devstack@placement-api.service[115411]: DEBUG placement.handlers.allocation [req-53e9bcef-8dff-455f-b8df-1db7eb91e765 req-841cfbc5-a5d1-4807-b862-952c2fd06164 service placement] Successfully wrote allocations [, , , , , ] {{(pid=115411) _update_consumers_and_create_allocations /opt/stack/placement/placement/handlers/allocation.py:572}}
Feb 02 19:19:34.954868 n-d-615180-54 devstack@placement-api.service[115411]: INFO placement.requestlog [req-53e9bcef-8dff-455f-b8df-1db7eb91e765 req-841cfbc5-a5d1-4807-b862-952c2fd06164 service placement] 10.222.0.45 "POST /placement/allocations" status: 204 len: 0 microversion: 1.28
Feb 02 19:19:34.955688 n-d-615180-54 devstack@placement-api.service[115411]: [pid: 115411|app: 0|req: 448/901] 10.222.0.45 () {64 vars in 1323 bytes} [Wed Feb 2 19:19:34 2022] POST /placement/allocations => generated 0 bytes in 211 msecs (HTTP/1.1 204) 5 headers in 199 bytes (1 switches on core 0)
Feb 02 19:19:34.980880 n-d-615180-54 devstack@placement-api.service[115412]: DEBUG placement.requestlog [req-53e9bcef-8dff-455f-b8df-1db7eb91e765 req-37a6b82a-f745-4f2f-a5d4-58a8f3f3897d None None] Starting request: 10.222.0.45 "GET /placement/allocation_candidates?limit=1000&resources=DISK_GB%3A1%2CMEMORY_MB%3A1024%2CVCPU%3A1&root_required=%21COMPUTE_STATUS_DISABLED" {{(pid=115412) __call__ /opt/stack/placement/placement/requestlog.py:55}}
Feb 02 19:19:35.028264 n-d-615180-54 devstack@placement-api.service[115412]: DEBUG placement.objects.research_context [req-53e9bcef-8dff-455f-b8df-1db7eb91e765 req-37a6b82a-f745-4f2f-a5d4-58a8f3f3897d service placement] getting providers with 1 DISK_GB {{(pid=115412) __init__ /opt/stack/placement/placement/objects/research_context.py:126}}
Feb 02 19:19:35.034816 n-d-615180-54 devstack@placement-api.service[115412]: DEBUG placement.objects.research_context [req-53e9bcef-8dff-455f-b8df-1db7eb91e765 req-37a6b82a-f745-4f2f-a5d4-58a8f3f3897d service placement] getting providers with 1024 MEMORY_MB {{(pid=115412) __init__ /opt/stack/placement/placement/objects/research_context.py:126}}
Feb 02 19:19:35.047661 n-d-615180-54 devstack@placement-api.service[115412]: DEBUG placement.objects.research_context [req-53e9bcef-8dff-455f-b8df-1db7eb91e765 req-37a6b82a-f745-4f2f-a5d4-58a8f3f3897d service placement] getting providers with 1 VCPU {{(pid=115412) __init__ /opt/stack/placement/placement/objects/research_context.py:126}}
Feb 02 19:19:35.061535 n-d-615180-54 devstack@placement-api.service[115412]: DEBUG placement.objects.research_context [req-53e9bcef-8dff-455f-b8df-1db7eb91e765 req-37a6b82a-f745-4f2f-a5d4-58a8f3f3897d service placement] found 2 providers with available 1 DISK_GB {{(pid=115412) get_provider_ids_matching /opt/stack/placement/placement/objects/research_context.py:549}}
Feb 02 19:19:35.062063 n-d-615180-54 devstack@placement-api.service[115412]: DEBUG placement.objects.research_context [req-53e9bcef-8dff-455f-b8df-1db7eb91e765 req-37a6b82a-f745-4f2f-a5d4-58a8f3f3897d service placement] found 2 providers with available 1024 MEMORY_MB {{(pid=115412) get_provider_ids_matching /opt/stack/placement/placement/objects/research_context.py:549}}
Feb 02 19:19:35.062706 n-d-615180-54 devstack@placement-api.service[115412]: DEBUG placement.objects.research_context [req-53e9bcef-8dff-455f-b8df-1db7eb91e765 req-37a6b82a-f745-4f2f-a5d4-58a8f3f3897d service placement] found 2 providers after filtering by previous result {{(pid=115412) get_provider_ids_matching /opt/stack/placement/placement/objects/research_context.py:580}}
Feb 02 19:19:35.063124 n-d-615180-54 devstack@placement-api.service[115412]: DEBUG placement.objects.research_context [req-53e9bcef-8dff-455f-b8df-1db7eb91e765 req-37a6b82a-f745-4f2f-a5d4-58a8f3f3897d service placement] found 2 providers with available 1 VCPU {{(pid=115412) get_provider_ids_matching /opt/stack/placement/placement/objects/research_context.py:549}}
Feb 02 19:19:35.063691 n-d-615180-54 devstack@placement-api.service[115412]: DEBUG placement.objects.research_context [req-53e9bcef-8dff-455f-b8df-1db7eb91e765 req-37a6b82a-f745-4f2f-a5d4-58a8f3f3897d service placement] found 2 providers after filtering by previous result {{(pid=115412) get_provider_ids_matching /opt/stack/placement/placement/objects/research_context.py:580}}
Feb 02 19:19:35.098372 n-d-615180-54 devstack@placement-api.service[115412]: DEBUG placement.objects.allocation_candidate [req-53e9bcef-8dff-455f-b8df-1db7eb91e765 req-37a6b82a-f745-4f2f-a5d4-58a8f3f3897d service placement] RequestGroup(use_same_provider=False, resources={DISK_GB:1, MEMORY_MB:1024, VCPU:1}, traits=[], aggregates=[]) (suffix '') returned 2 matches {{(pid=115412) _get_by_requests /opt/stack/placement/placement/objects/allocation_candidate.py:145}}
Feb 02 19:19:35.098984 n-d-615180-54 devstack@placement-api.service[115412]: DEBUG placement.objects.allocation_candidate [req-53e9bcef-8dff-455f-b8df-1db7eb91e765 req-37a6b82a-f745-4f2f-a5d4-58a8f3f3897d service placement] Merging candidates yields 2 allocation requests and 2 provider summaries {{(pid=115412) _merge_candidates /opt/stack/placement/placement/objects/allocation_candidate.py:783}}
Feb 02 19:19:35.102921 n-d-615180-54 devstack@placement-api.service[115412]: INFO placement.requestlog [req-53e9bcef-8dff-455f-b8df-1db7eb91e765 req-37a6b82a-f745-4f2f-a5d4-58a8f3f3897d service placement] 10.222.0.45 "GET /placement/allocation_candidates?limit=1000&resources=DISK_GB%3A1%2CMEMORY_MB%3A1024%2CVCPU%3A1&root_required=%21COMPUTE_STATUS_DISABLED" status: 200 len: 1306 microversion: 1.36
Feb 02 19:19:35.103587 n-d-615180-54 devstack@placement-api.service[115412]: [pid: 115412|app: 0|req: 454/902] 10.222.0.45 () {60 vars in 1506 bytes} [Wed Feb 2 19:19:34 2022] GET /placement/allocation_candidates?limit=1000&resources=DISK_GB%3A1%2CMEMORY_MB%3A1024%2CVCPU%3A1&root_required=%21COMPUTE_STATUS_DISABLED => generated 1306 bytes in 123 msecs (HTTP/1.1 200) 8 headers in 297 bytes (2 switches on core 0)
Feb 02 19:19:35.291871 n-d-615180-54 devstack@placement-api.service[115411]: DEBUG placement.requestlog [req-53e9bcef-8dff-455f-b8df-1db7eb91e765 req-015d32e4-7911-4f15-aaa2-8af679d02e3c None None] Starting request: 10.222.0.45 "GET /placement/allocations/5836ba8c-b327-4789-8a12-09c60728857e" {{(pid=115411) __call__ /opt/stack/placement/placement/requestlog.py:55}}
Feb 02 19:19:35.313888 n-d-615180-54 devstack@placement-api.service[115411]: INFO placement.requestlog [req-53e9bcef-8dff-455f-b8df-1db7eb91e765 req-015d32e4-7911-4f15-aaa2-8af679d02e3c service placement] 10.222.0.45 "GET /placement/allocations/5836ba8c-b327-4789-8a12-09c60728857e" status: 200 len: 19 microversion: 1.28
Feb 02 19:19:35.314534 n-d-615180-54 devstack@placement-api.service[115411]: [pid: 115411|app: 0|req: 449/903] 10.222.0.45 () {60 vars in 1380 bytes} [Wed Feb 2 19:19:35 2022] GET /placement/allocations/5836ba8c-b327-4789-8a12-09c60728857e => generated 19 bytes in 23 msecs (HTTP/1.1 200) 8 headers in 295 bytes (2 switches on core 0)
Feb 02 19:19:35.326334 n-d-615180-54 devstack@placement-api.service[115412]: DEBUG placement.requestlog [req-53e9bcef-8dff-455f-b8df-1db7eb91e765 req-06727a91-68eb-4ec4-9766-cdc4c2b9f570 None None] Starting request: 10.222.0.45 "PUT /placement/allocations/5836ba8c-b327-4789-8a12-09c60728857e" {{(pid=115412) __call__ /opt/stack/placement/placement/requestlog.py:55}}
Feb 02 19:19:35.413533 n-d-615180-54 devstack@placement-api.service[115412]: DEBUG placement.handlers.allocation [req-53e9bcef-8dff-455f-b8df-1db7eb91e765 req-06727a91-68eb-4ec4-9766-cdc4c2b9f570 service placement] Successfully wrote allocations [, , ] {{(pid=115412) _update_consumers_and_create_allocations /opt/stack/placement/placement/handlers/allocation.py:462}}
Feb 02 19:19:35.418454 n-d-615180-54 devstack@placement-api.service[115412]: INFO placement.requestlog [req-53e9bcef-8dff-455f-b8df-1db7eb91e765 req-06727a91-68eb-4ec4-9766-cdc4c2b9f570 service placement] 10.222.0.45 "PUT /placement/allocations/5836ba8c-b327-4789-8a12-09c60728857e" status: 204 len: 0 microversion: 1.36
Feb 02 19:19:35.419549 n-d-615180-54 devstack@placement-api.service[115412]: [pid: 115412|app: 0|req: 455/904] 10.222.0.45 () {64 vars in 1433 bytes} [Wed Feb 2 19:19:35 2022] PUT /placement/allocations/5836ba8c-b327-4789-8a12-09c60728857e => generated 0 bytes in 93 msecs (HTTP/1.1 204) 5 headers in 199 bytes (1 switches on core 0)
Feb 02 19:19:35.685755 n-d-615180-54 devstack@placement-api.service[115411]: DEBUG placement.requestlog [req-53e9bcef-8dff-455f-b8df-1db7eb91e765 req-87b99857-2ffa-474e-b8e3-585dbde71dde None None] Starting request: 10.222.0.46 "GET /placement/allocations/5836ba8c-b327-4789-8a12-09c60728857e" {{(pid=115411) __call__ /opt/stack/placement/placement/requestlog.py:55}}
Feb 02 19:19:35.720130 n-d-615180-54 devstack@placement-api.service[115411]: INFO placement.requestlog [req-53e9bcef-8dff-455f-b8df-1db7eb91e765 req-87b99857-2ffa-474e-b8e3-585dbde71dde service placement] 10.222.0.46 "GET /placement/allocations/5836ba8c-b327-4789-8a12-09c60728857e" status: 200 len: 259 microversion: 1.28
Feb 02 19:19:35.721348 n-d-615180-54 devstack@placement-api.service[115411]: [pid: 115411|app: 0|req: 450/905] 10.222.0.46 () {60 vars in 1377 bytes} [Wed Feb 2 19:19:35 2022] GET /placement/allocations/5836ba8c-b327-4789-8a12-09c60728857e => generated 259 bytes in 36 msecs (HTTP/1.1 200) 8 headers in 296 bytes (1 switches on core 0)
Feb 02 19:19:44.468828 n-d-615180-54 devstack@placement-api.service[115412]: DEBUG placement.requestlog [req-20b256b7-d2df-4284-befe-b28b58e89f6f req-98f7de23-da06-4a01-9e02-40058635e903 None None] Starting request: 10.222.0.46 "GET /placement/resource_providers/7194674b-399b-4aad-9bb2-0566aabfe38d/allocations" {{(pid=115412) __call__ /opt/stack/placement/placement/requestlog.py:55}}
Feb 02 19:19:44.590907 n-d-615180-54 devstack@placement-api.service[115412]: INFO placement.requestlog [req-20b256b7-d2df-4284-befe-b28b58e89f6f req-98f7de23-da06-4a01-9e02-40058635e903 service placement] 10.222.0.46 "GET /placement/resource_providers/7194674b-399b-4aad-9bb2-0566aabfe38d/allocations" status: 200 len: 154 microversion: 1.0
Feb 02 19:19:44.591553 n-d-615180-54 devstack@placement-api.service[115412]: [pid: 115412|app: 0|req: 456/906] 10.222.0.46 () {58 vars in 1390 bytes} [Wed Feb 2 19:19:44 2022] GET /placement/resource_providers/7194674b-399b-4aad-9bb2-0566aabfe38d/allocations => generated 154 bytes in 123 msecs (HTTP/1.1 200) 6 headers in 224 bytes (1 switches on core 0)
Feb 02 19:20:08.896127 n-d-615180-54 devstack@placement-api.service[115411]: DEBUG placement.requestlog [req-53e9bcef-8dff-455f-b8df-1db7eb91e765 req-0c5d4bd9-f859-43d6-b576-46e5de81a221 None None] Starting request: 10.222.0.46 "GET /placement/allocations/5836ba8c-b327-4789-8a12-09c60728857e" {{(pid=115411) __call__ /opt/stack/placement/placement/requestlog.py:55}}
Feb 02 19:20:08.920497 n-d-615180-54 devstack@placement-api.service[115411]: INFO placement.requestlog [req-53e9bcef-8dff-455f-b8df-1db7eb91e765 req-0c5d4bd9-f859-43d6-b576-46e5de81a221 service placement] 10.222.0.46 "GET /placement/allocations/5836ba8c-b327-4789-8a12-09c60728857e" status: 200 len: 259 microversion: 1.28
Feb 02 19:20:08.920878 n-d-615180-54 devstack@placement-api.service[115411]: [pid: 115411|app: 0|req: 451/907] 10.222.0.46 () {60 vars in 1377 bytes} [Wed Feb 2 19:20:08 2022] GET /placement/allocations/5836ba8c-b327-4789-8a12-09c60728857e => generated 259 bytes in 25 msecs (HTTP/1.1 200) 8 headers in 296 bytes (2 switches on core 0)
Feb 02 19:20:17.981197 n-d-615180-54 devstack@placement-api.service[115412]: DEBUG placement.requestlog [req-c3ca1ca2-dcf6-4351-a963-82c1f2d70296 req-a89984c9-cd8f-45a0-8a0d-73aca3f2835a None None] Starting request: 10.222.0.35 "GET /placement/allocations/06d5ede8-248a-4047-86fe-fedf036d8c35" {{(pid=115412) __call__ /opt/stack/placement/placement/requestlog.py:55}}
Feb 02 19:20:18.004153 n-d-615180-54 devstack@placement-api.service[115412]: INFO placement.requestlog [req-c3ca1ca2-dcf6-4351-a963-82c1f2d70296 req-a89984c9-cd8f-45a0-8a0d-73aca3f2835a service placement] 10.222.0.35 "GET /placement/allocations/06d5ede8-248a-4047-86fe-fedf036d8c35" status: 200 len: 259 microversion: 1.28
Feb 02 19:20:18.004833 n-d-615180-54 devstack@placement-api.service[115412]: [pid: 115412|app: 0|req: 457/908] 10.222.0.35 () {60 vars in 1377 bytes} [Wed Feb 2 19:20:17 2022] GET /placement/allocations/06d5ede8-248a-4047-86fe-fedf036d8c35 => generated 259 bytes in 24 msecs (HTTP/1.1 200) 8 headers in 296 bytes (1 switches on core 0)
Feb 02 19:20:18.020251 n-d-615180-54 devstack@placement-api.service[115411]: DEBUG placement.requestlog [req-c3ca1ca2-dcf6-4351-a963-82c1f2d70296 req-7e09524c-afaa-4519-89c0-39819a0ebcdc None None] Starting request: 10.222.0.35 "GET /placement/allocations/06d5ede8-248a-4047-86fe-fedf036d8c35" {{(pid=115411) __call__ /opt/stack/placement/placement/requestlog.py:55}}
Feb 02 19:20:18.050821 n-d-615180-54 devstack@placement-api.service[115411]: INFO placement.requestlog [req-c3ca1ca2-dcf6-4351-a963-82c1f2d70296 req-7e09524c-afaa-4519-89c0-39819a0ebcdc service placement] 10.222.0.35 "GET /placement/allocations/06d5ede8-248a-4047-86fe-fedf036d8c35" status: 200 len: 259 microversion: 1.28
Feb 02 19:20:18.051490 n-d-615180-54 devstack@placement-api.service[115411]: [pid: 115411|app: 0|req: 452/909] 10.222.0.35 () {60 vars in 1377 bytes} [Wed Feb 2 19:20:18 2022] GET /placement/allocations/06d5ede8-248a-4047-86fe-fedf036d8c35 => generated 259 bytes in 32 msecs (HTTP/1.1 200) 8 headers in 296 bytes (2 switches on core 0)
Feb 02 19:20:18.064126 n-d-615180-54 devstack@placement-api.service[115412]: DEBUG placement.requestlog [req-c3ca1ca2-dcf6-4351-a963-82c1f2d70296 req-30bdb5ba-44a5-49f5-bc09-536aff1d1387 None None] Starting request: 10.222.0.35 "GET /placement/allocations/5836ba8c-b327-4789-8a12-09c60728857e" {{(pid=115412) __call__ /opt/stack/placement/placement/requestlog.py:55}}
Feb 02 19:20:18.094462 n-d-615180-54 devstack@placement-api.service[115412]: INFO placement.requestlog [req-c3ca1ca2-dcf6-4351-a963-82c1f2d70296 req-30bdb5ba-44a5-49f5-bc09-536aff1d1387 service placement] 10.222.0.35 "GET /placement/allocations/5836ba8c-b327-4789-8a12-09c60728857e" status: 200 len: 259 microversion: 1.28
Feb 02 19:20:18.094849 n-d-615180-54 devstack@placement-api.service[115412]: [pid: 115412|app: 0|req: 458/910] 10.222.0.35 () {60 vars in 1377 bytes} [Wed Feb 2 19:20:18 2022] GET /placement/allocations/5836ba8c-b327-4789-8a12-09c60728857e => generated 259 bytes in 31 msecs (HTTP/1.1 200) 8 headers in 296 bytes (2 switches on core 0)
Feb 02 19:20:18.108344 n-d-615180-54 devstack@placement-api.service[115411]: DEBUG placement.requestlog [req-c3ca1ca2-dcf6-4351-a963-82c1f2d70296 req-b8d66929-840e-4f15-872a-c47ff4e8d19d None None] Starting request: 10.222.0.35 "POST /placement/allocations" {{(pid=115411) __call__ /opt/stack/placement/placement/requestlog.py:55}}
Feb 02 19:20:18.236134 n-d-615180-54 devstack@placement-api.service[115411]: DEBUG placement.handlers.allocation [req-c3ca1ca2-dcf6-4351-a963-82c1f2d70296 req-b8d66929-840e-4f15-872a-c47ff4e8d19d service placement] Successfully wrote allocations [, , , , , ] {{(pid=115411) _update_consumers_and_create_allocations /opt/stack/placement/placement/handlers/allocation.py:572}}
Feb 02 19:20:18.241000 n-d-615180-54 devstack@placement-api.service[115411]: INFO placement.requestlog [req-c3ca1ca2-dcf6-4351-a963-82c1f2d70296 req-b8d66929-840e-4f15-872a-c47ff4e8d19d service placement] 10.222.0.35 "POST /placement/allocations" status: 204 len: 0 microversion: 1.28
Feb 02 19:20:18.241678 n-d-615180-54 devstack@placement-api.service[115411]: [pid: 115411|app: 0|req: 453/911] 10.222.0.35 () {64 vars in 1320 bytes} [Wed Feb 2 19:20:18 2022] POST /placement/allocations => generated 0 bytes in 133 msecs (HTTP/1.1 204) 5 headers in 199 bytes (1 switches on core 0)
Feb 02 19:20:33.941458 n-d-615180-54 devstack@placement-api.service[115412]: DEBUG placement.requestlog [req-51466c4f-04b7-4c83-826e-667855b090e0 req-cb748d0b-3740-4bc9-818d-df6a6f381ef0 None None] Starting request: 10.222.0.45 "GET /placement/allocation_candidates?limit=1000&resources=DISK_GB%3A1%2CMEMORY_MB%3A1024%2CVCPU%3A1&root_required=%21COMPUTE_STATUS_DISABLED" {{(pid=115412) __call__ /opt/stack/placement/placement/requestlog.py:55}}
Feb 02 19:20:34.396937 n-d-615180-54 devstack@placement-api.service[115412]: DEBUG placement.objects.research_context [req-51466c4f-04b7-4c83-826e-667855b090e0 req-cb748d0b-3740-4bc9-818d-df6a6f381ef0 service placement] getting providers with 1 DISK_GB {{(pid=115412) __init__ /opt/stack/placement/placement/objects/research_context.py:126}}
Feb 02 19:20:34.409057 n-d-615180-54 devstack@placement-api.service[115412]: DEBUG placement.objects.research_context [req-51466c4f-04b7-4c83-826e-667855b090e0 req-cb748d0b-3740-4bc9-818d-df6a6f381ef0 service placement] getting providers with 1024 MEMORY_MB {{(pid=115412) __init__ /opt/stack/placement/placement/objects/research_context.py:126}}
Feb 02 19:20:34.417120 n-d-615180-54 devstack@placement-api.service[115412]: DEBUG placement.objects.research_context [req-51466c4f-04b7-4c83-826e-667855b090e0 req-cb748d0b-3740-4bc9-818d-df6a6f381ef0 service placement] getting providers with 1 VCPU {{(pid=115412) __init__ /opt/stack/placement/placement/objects/research_context.py:126}}
Feb 02 19:20:34.423968 n-d-615180-54 devstack@placement-api.service[115412]: DEBUG placement.objects.research_context [req-51466c4f-04b7-4c83-826e-667855b090e0 req-cb748d0b-3740-4bc9-818d-df6a6f381ef0 service placement] found 2 providers with available 1 DISK_GB {{(pid=115412) get_provider_ids_matching /opt/stack/placement/placement/objects/research_context.py:549}}
Feb 02 19:20:34.424431 n-d-615180-54 devstack@placement-api.service[115412]: DEBUG placement.objects.research_context [req-51466c4f-04b7-4c83-826e-667855b090e0 req-cb748d0b-3740-4bc9-818d-df6a6f381ef0 service placement] found 2 providers with available 1024 MEMORY_MB {{(pid=115412) get_provider_ids_matching /opt/stack/placement/placement/objects/research_context.py:549}}
Feb 02 19:20:34.425637 n-d-615180-54 devstack@placement-api.service[115412]: DEBUG placement.objects.research_context [req-51466c4f-04b7-4c83-826e-667855b090e0 req-cb748d0b-3740-4bc9-818d-df6a6f381ef0 service placement] found 2 providers after filtering by previous result {{(pid=115412) get_provider_ids_matching /opt/stack/placement/placement/objects/research_context.py:580}}
Feb 02 19:20:34.426230 n-d-615180-54 devstack@placement-api.service[115412]: DEBUG placement.objects.research_context [req-51466c4f-04b7-4c83-826e-667855b090e0 req-cb748d0b-3740-4bc9-818d-df6a6f381ef0 service placement] found 2 providers with available 1 VCPU {{(pid=115412) get_provider_ids_matching /opt/stack/placement/placement/objects/research_context.py:549}}
Feb 02 19:20:34.426637 n-d-615180-54 devstack@placement-api.service[115412]: DEBUG placement.objects.research_context [req-51466c4f-04b7-4c83-826e-667855b090e0 req-cb748d0b-3740-4bc9-818d-df6a6f381ef0 service placement] found 2 providers after filtering by previous result {{(pid=115412) get_provider_ids_matching /opt/stack/placement/placement/objects/research_context.py:580}}
Feb 02 19:20:34.439360 n-d-615180-54 devstack@placement-api.service[115412]: DEBUG placement.objects.allocation_candidate [req-51466c4f-04b7-4c83-826e-667855b090e0 req-cb748d0b-3740-4bc9-818d-df6a6f381ef0 service placement] RequestGroup(use_same_provider=False, resources={DISK_GB:1, MEMORY_MB:1024, VCPU:1}, traits=[], aggregates=[]) (suffix '') returned 2 matches {{(pid=115412) _get_by_requests /opt/stack/placement/placement/objects/allocation_candidate.py:145}}
Feb 02 19:20:34.439967 n-d-615180-54 devstack@placement-api.service[115412]: DEBUG placement.objects.allocation_candidate [req-51466c4f-04b7-4c83-826e-667855b090e0 req-cb748d0b-3740-4bc9-818d-df6a6f381ef0 service placement] Merging candidates yields 2 allocation requests and 2 provider summaries {{(pid=115412) _merge_candidates /opt/stack/placement/placement/objects/allocation_candidate.py:783}}
Feb 02 19:20:34.441770 n-d-615180-54 devstack@placement-api.service[115412]: INFO placement.requestlog [req-51466c4f-04b7-4c83-826e-667855b090e0 req-cb748d0b-3740-4bc9-818d-df6a6f381ef0 service placement] 10.222.0.45 "GET /placement/allocation_candidates?limit=1000&resources=DISK_GB%3A1%2CMEMORY_MB%3A1024%2CVCPU%3A1&root_required=%21COMPUTE_STATUS_DISABLED" status: 200 len: 1306 microversion: 1.36
Feb 02 19:20:34.442595 n-d-615180-54 devstack@placement-api.service[115412]: [pid: 115412|app: 0|req: 459/912] 10.222.0.45 () {60 vars in 1506 bytes} [Wed Feb 2 19:20:33 2022] GET /placement/allocation_candidates?limit=1000&resources=DISK_GB%3A1%2CMEMORY_MB%3A1024%2CVCPU%3A1&root_required=%21COMPUTE_STATUS_DISABLED => generated 1306 bytes in 501 msecs (HTTP/1.1 200) 8 headers in 297 bytes (1 switches on core 0)
Feb 02 19:20:34.543841 n-d-615180-54 devstack@placement-api.service[115411]: DEBUG placement.requestlog [req-51466c4f-04b7-4c83-826e-667855b090e0 req-49d17d76-86fe-4570-be7f-7a49e528fed5 None None] Starting request: 10.222.0.45 "GET /placement/allocations/13bb96d3-9bab-46df-b9ee-68eb4aa02a4f" {{(pid=115411) __call__ /opt/stack/placement/placement/requestlog.py:55}}
Feb 02 19:20:34.559929 n-d-615180-54 devstack@placement-api.service[115411]: INFO placement.requestlog [req-51466c4f-04b7-4c83-826e-667855b090e0 req-49d17d76-86fe-4570-be7f-7a49e528fed5 service placement] 10.222.0.45 "GET /placement/allocations/13bb96d3-9bab-46df-b9ee-68eb4aa02a4f" status: 200 len: 19 microversion: 1.28
Feb 02 19:20:34.560487 n-d-615180-54 devstack@placement-api.service[115411]: [pid: 115411|app: 0|req: 454/913] 10.222.0.45 () {60 vars in 1380 bytes} [Wed Feb 2 19:20:34 2022] GET /placement/allocations/13bb96d3-9bab-46df-b9ee-68eb4aa02a4f => generated 19 bytes in 17 msecs (HTTP/1.1 200) 8 headers in 295 bytes (1 switches on core 0)
Feb 02 19:20:34.567352 n-d-615180-54 devstack@placement-api.service[115412]: DEBUG placement.requestlog [req-51466c4f-04b7-4c83-826e-667855b090e0 req-5701a9ec-69b8-4ba2-835a-0c549dbbc014 None None] Starting request: 10.222.0.45 "PUT /placement/allocations/13bb96d3-9bab-46df-b9ee-68eb4aa02a4f" {{(pid=115412) __call__ /opt/stack/placement/placement/requestlog.py:55}}
Feb 02 19:20:34.676016 n-d-615180-54 devstack@placement-api.service[115412]: DEBUG placement.handlers.allocation [req-51466c4f-04b7-4c83-826e-667855b090e0 req-5701a9ec-69b8-4ba2-835a-0c549dbbc014 service placement] Successfully wrote allocations [, , ] {{(pid=115412) _update_consumers_and_create_allocations /opt/stack/placement/placement/handlers/allocation.py:462}}
Feb 02 19:20:34.684835 n-d-615180-54 devstack@placement-api.service[115412]: INFO placement.requestlog [req-51466c4f-04b7-4c83-826e-667855b090e0 req-5701a9ec-69b8-4ba2-835a-0c549dbbc014 service placement] 10.222.0.45 "PUT /placement/allocations/13bb96d3-9bab-46df-b9ee-68eb4aa02a4f" status: 204 len: 0 microversion: 1.36
Feb 02 19:20:34.685920 n-d-615180-54 devstack@placement-api.service[115412]: [pid: 115412|app: 0|req: 460/914] 10.222.0.45 () {64 vars in 1433 bytes} [Wed Feb 2 19:20:34 2022] PUT /placement/allocations/13bb96d3-9bab-46df-b9ee-68eb4aa02a4f => generated 0 bytes in 119 msecs (HTTP/1.1 204) 5 headers in 199 bytes (1 switches on core 0)
Feb 02 19:20:34.857198 n-d-615180-54 devstack@placement-api.service[115411]: DEBUG placement.requestlog [req-1ce3b14e-ed24-48af-a1df-eb9bb1415c88 req-89d6ef9d-7d6a-44ec-ac51-b5ffdc41e3c8 None None] Starting request: 10.222.0.35 "GET /placement/resource_providers/d3df9157-70c3-4756-a0ab-ca0529905cdc/allocations" {{(pid=115411) __call__ /opt/stack/placement/placement/requestlog.py:55}}
Feb 02 19:20:34.903942 n-d-615180-54 devstack@placement-api.service[115411]: INFO placement.requestlog [req-1ce3b14e-ed24-48af-a1df-eb9bb1415c88 req-89d6ef9d-7d6a-44ec-ac51-b5ffdc41e3c8 service placement] 10.222.0.35 "GET /placement/resource_providers/d3df9157-70c3-4756-a0ab-ca0529905cdc/allocations" status: 200 len: 443 microversion: 1.0
Feb 02 19:20:34.905159 n-d-615180-54 devstack@placement-api.service[115411]: [pid: 115411|app: 0|req: 455/915] 10.222.0.35 () {58 vars in 1390 bytes} [Wed Feb 2 19:20:34 2022] GET /placement/resource_providers/d3df9157-70c3-4756-a0ab-ca0529905cdc/allocations => generated 443 bytes in 48 msecs (HTTP/1.1 200) 6 headers in 224 bytes (1 switches on core 0)
Feb 02 19:20:35.199046 n-d-615180-54 devstack@placement-api.service[115412]: DEBUG placement.requestlog [req-51466c4f-04b7-4c83-826e-667855b090e0 req-30137a08-7d3e-4584-91b6-238ca689f050 None None] Starting request: 10.222.0.35 "GET /placement/allocations/13bb96d3-9bab-46df-b9ee-68eb4aa02a4f" {{(pid=115412) __call__ /opt/stack/placement/placement/requestlog.py:55}}
Feb 02 19:20:35.230770 n-d-615180-54 devstack@placement-api.service[115412]: INFO placement.requestlog [req-51466c4f-04b7-4c83-826e-667855b090e0 req-30137a08-7d3e-4584-91b6-238ca689f050 service placement] 10.222.0.35 "GET /placement/allocations/13bb96d3-9bab-46df-b9ee-68eb4aa02a4f" status: 200 len: 259 microversion: 1.28
Feb 02 19:20:35.232660 n-d-615180-54 devstack@placement-api.service[115412]: [pid: 115412|app: 0|req: 461/916] 10.222.0.35 () {60 vars in 1377 bytes} [Wed Feb 2 19:20:35 2022] GET /placement/allocations/13bb96d3-9bab-46df-b9ee-68eb4aa02a4f => generated 259 bytes in 34 msecs (HTTP/1.1 200) 8 headers in 296 bytes (1 switches on core 0)
Feb 02 19:20:45.370824 n-d-615180-54 devstack@placement-api.service[115411]: DEBUG placement.requestlog [req-7196e471-0ced-4c35-9ebd-a2b8acde025d req-03a0f215-3076-4d47-a64e-b8568f6a1ceb None None] Starting request: 10.222.0.46 "GET /placement/resource_providers/7194674b-399b-4aad-9bb2-0566aabfe38d/allocations" {{(pid=115411) __call__ /opt/stack/placement/placement/requestlog.py:55}}
Feb 02 19:20:45.410565 n-d-615180-54 devstack@placement-api.service[115411]: INFO placement.requestlog [req-7196e471-0ced-4c35-9ebd-a2b8acde025d req-03a0f215-3076-4d47-a64e-b8568f6a1ceb service placement] 10.222.0.46 "GET /placement/resource_providers/7194674b-399b-4aad-9bb2-0566aabfe38d/allocations" status: 200 len: 55 microversion: 1.0
Feb 02 19:20:45.411231 n-d-615180-54 devstack@placement-api.service[115411]: [pid: 115411|app: 0|req: 456/917] 10.222.0.46 () {58 vars in 1390 bytes} [Wed Feb 2 19:20:45 2022] GET /placement/resource_providers/7194674b-399b-4aad-9bb2-0566aabfe38d/allocations => generated 55 bytes in 41 msecs (HTTP/1.1 200) 6 headers in 223 bytes (1 switches on core 0)
Feb 02 19:21:06.998117 n-d-615180-54 devstack@placement-api.service[115412]: DEBUG placement.requestlog [req-e3a62db1-2a5a-4837-8789-5dfa7244ba7f req-a610981c-5f09-4c50-962c-3bd0047cb1c3 None None] Starting request: 10.222.0.35 "DELETE /placement/allocations/5836ba8c-b327-4789-8a12-09c60728857e" {{(pid=115412) __call__ /opt/stack/placement/placement/requestlog.py:55}}
Feb 02 19:21:07.050598 n-d-615180-54 devstack@placement-api.service[115412]: DEBUG placement.handlers.allocation [req-e3a62db1-2a5a-4837-8789-5dfa7244ba7f req-a610981c-5f09-4c50-962c-3bd0047cb1c3 service placement] Successfully deleted allocations [, , ] {{(pid=115412) delete_allocations /opt/stack/placement/placement/handlers/allocation.py:627}}
Feb 02 19:21:07.053925 n-d-615180-54 devstack@placement-api.service[115412]: INFO placement.requestlog [req-e3a62db1-2a5a-4837-8789-5dfa7244ba7f req-a610981c-5f09-4c50-962c-3bd0047cb1c3 service placement] 10.222.0.35 "DELETE /placement/allocations/5836ba8c-b327-4789-8a12-09c60728857e" status: 204 len: 0 microversion: 1.0
Feb 02 19:21:07.055247 n-d-615180-54 devstack@placement-api.service[115412]: [pid: 115412|app: 0|req: 462/918] 10.222.0.35 () {60 vars in 1355 bytes} [Wed Feb 2 19:21:06 2022] DELETE /placement/allocations/5836ba8c-b327-4789-8a12-09c60728857e => generated 0 bytes in 57 msecs (HTTP/1.1 204) 5 headers in 198 bytes (2 switches on core 0)
Feb 02 19:21:35.954047 n-d-615180-54 devstack@placement-api.service[115411]: DEBUG placement.requestlog [req-dc89dfe3-355a-4e31-a3fa-74f73546e16a req-90a68138-db4a-4550-b811-bd7fb1b24892 None None] Starting request: 10.222.0.35 "GET /placement/resource_providers/d3df9157-70c3-4756-a0ab-ca0529905cdc/allocations" {{(pid=115411) __call__ /opt/stack/placement/placement/requestlog.py:55}}
Feb 02 19:21:35.998263 n-d-615180-54 devstack@placement-api.service[115411]: INFO placement.requestlog [req-dc89dfe3-355a-4e31-a3fa-74f73546e16a req-90a68138-db4a-4550-b811-bd7fb1b24892 service placement] 10.222.0.35 "GET /placement/resource_providers/d3df9157-70c3-4756-a0ab-ca0529905cdc/allocations" status: 200 len: 342 microversion: 1.0
Feb 02 19:21:35.999774 n-d-615180-54 devstack@placement-api.service[115411]: [pid: 115411|app: 0|req: 457/919] 10.222.0.35 () {58 vars in 1390 bytes} [Wed Feb 2 19:21:35 2022] GET /placement/resource_providers/d3df9157-70c3-4756-a0ab-ca0529905cdc/allocations => generated 342 bytes in 46 msecs (HTTP/1.1 200) 6 headers in 224 bytes (1 switches on core 0)
Feb 02 19:21:42.704714 n-d-615180-54 devstack@placement-api.service[115412]: DEBUG placement.requestlog [req-d1abb71d-2078-4a87-a725-30faecb67991 req-320668dc-748e-4212-aa7e-4e29d8655919 None None] Starting request: 10.222.0.45 "GET /placement/allocation_candidates?limit=1000&resources=DISK_GB%3A1%2CMEMORY_MB%3A1024%2CVCPU%3A1&root_required=%21COMPUTE_STATUS_DISABLED" {{(pid=115412) __call__ /opt/stack/placement/placement/requestlog.py:55}}
Feb 02 19:21:42.848817 n-d-615180-54 devstack@placement-api.service[115412]: DEBUG placement.objects.research_context [req-d1abb71d-2078-4a87-a725-30faecb67991 req-320668dc-748e-4212-aa7e-4e29d8655919 service placement] getting providers with 1 DISK_GB {{(pid=115412) __init__ /opt/stack/placement/placement/objects/research_context.py:126}}
Feb 02 19:21:42.887636 n-d-615180-54 devstack@placement-api.service[115412]: DEBUG placement.objects.research_context [req-d1abb71d-2078-4a87-a725-30faecb67991 req-320668dc-748e-4212-aa7e-4e29d8655919 service placement] getting providers with 1024 MEMORY_MB {{(pid=115412) __init__ /opt/stack/placement/placement/objects/research_context.py:126}}
Feb 02 19:21:42.915050 n-d-615180-54 devstack@placement-api.service[115412]: DEBUG placement.objects.research_context [req-d1abb71d-2078-4a87-a725-30faecb67991 req-320668dc-748e-4212-aa7e-4e29d8655919 service placement] getting providers with 1 VCPU {{(pid=115412) __init__ /opt/stack/placement/placement/objects/research_context.py:126}}
Feb 02 19:21:42.959542 n-d-615180-54 devstack@placement-api.service[115412]: DEBUG placement.objects.research_context [req-d1abb71d-2078-4a87-a725-30faecb67991 req-320668dc-748e-4212-aa7e-4e29d8655919 service placement] found 2 providers with available 1 DISK_GB {{(pid=115412) get_provider_ids_matching /opt/stack/placement/placement/objects/research_context.py:549}}
