Feb 02 19:01:57.194622 n-d-615180-54 devstack@placement-api.service[115411]: DEBUG placement.requestlog [req-16f5c08c-892c-4984-b031-1057cfa5bf49 req-372dbd4d-b714-4755-8c60-2bef990dbe67 None None] Starting request: 10.222.0.45 "PUT /placement/allocations/4eca872f-8ebc-45f8-a7a5-4e87d84654c1" {{(pid=115411) __call__ /opt/stack/placement/placement/requestlog.py:55}}
Feb 02 19:01:57.255424 n-d-615180-54 devstack@placement-api.service[115411]: DEBUG placement.handlers.allocation [req-16f5c08c-892c-4984-b031-1057cfa5bf49 req-372dbd4d-b714-4755-8c60-2bef990dbe67 service placement] Successfully wrote allocations [, , ] {{(pid=115411) _update_consumers_and_create_allocations /opt/stack/placement/placement/handlers/allocation.py:462}}
Feb 02 19:01:57.259403 n-d-615180-54 devstack@placement-api.service[115411]: INFO placement.requestlog [req-16f5c08c-892c-4984-b031-1057cfa5bf49 req-372dbd4d-b714-4755-8c60-2bef990dbe67 service placement] 10.222.0.45 "PUT /placement/allocations/4eca872f-8ebc-45f8-a7a5-4e87d84654c1" status: 204 len: 0 microversion: 1.36
Feb 02 19:01:57.261009 n-d-615180-54 devstack@placement-api.service[115411]: [pid: 115411|app: 0|req: 217/436] 10.222.0.45 () {64 vars in 1433 bytes} [Wed Feb 2 19:01:57 2022] PUT /placement/allocations/4eca872f-8ebc-45f8-a7a5-4e87d84654c1 => generated 0 bytes in 67 msecs (HTTP/1.1 204) 5 headers in 199 bytes (2 switches on core 0)
Feb 02 19:01:57.658722 n-d-615180-54 devstack@placement-api.service[115412]: DEBUG placement.requestlog [req-16f5c08c-892c-4984-b031-1057cfa5bf49 req-0bcf654a-7f3d-49ed-ab75-0ea8172ebd83 None None] Starting request: 10.222.0.46 "GET /placement/allocations/4eca872f-8ebc-45f8-a7a5-4e87d84654c1" {{(pid=115412) __call__ /opt/stack/placement/placement/requestlog.py:55}}
Feb 02 19:01:57.676874 n-d-615180-54 devstack@placement-api.service[115412]: INFO placement.requestlog [req-16f5c08c-892c-4984-b031-1057cfa5bf49 req-0bcf654a-7f3d-49ed-ab75-0ea8172ebd83 service placement] 10.222.0.46 "GET /placement/allocations/4eca872f-8ebc-45f8-a7a5-4e87d84654c1" status: 200 len: 259 microversion: 1.28
Feb 02 19:01:57.678034 n-d-615180-54 devstack@placement-api.service[115412]: [pid: 115412|app: 0|req: 220/437] 10.222.0.46 () {60 vars in 1377 bytes} [Wed Feb 2 19:01:57 2022] GET /placement/allocations/4eca872f-8ebc-45f8-a7a5-4e87d84654c1 => generated 259 bytes in 20 msecs (HTTP/1.1 200) 8 headers in 296 bytes (1 switches on core 0)
Feb 02 19:01:58.615566 n-d-615180-54 devstack@placement-api.service[115411]: DEBUG placement.requestlog [req-6a5cd5d2-fd23-48c4-a41d-e65847b2ada0 req-e828affa-5917-41c9-a066-8fb27e8e74d2 None None] Starting request: 10.222.0.35 "DELETE /placement/allocations/59f3128f-4c99-4c3b-9dd6-e4e8e6ea9a55" {{(pid=115411) __call__ /opt/stack/placement/placement/requestlog.py:55}}
Feb 02 19:01:58.652154 n-d-615180-54 devstack@placement-api.service[115411]: DEBUG placement.handlers.allocation [req-6a5cd5d2-fd23-48c4-a41d-e65847b2ada0 req-e828affa-5917-41c9-a066-8fb27e8e74d2 service placement] Successfully deleted allocations [, , ] {{(pid=115411) delete_allocations /opt/stack/placement/placement/handlers/allocation.py:627}}
Feb 02 19:01:58.652849 n-d-615180-54 devstack@placement-api.service[115411]: INFO placement.requestlog [req-6a5cd5d2-fd23-48c4-a41d-e65847b2ada0 req-e828affa-5917-41c9-a066-8fb27e8e74d2 service placement] 10.222.0.35 "DELETE /placement/allocations/59f3128f-4c99-4c3b-9dd6-e4e8e6ea9a55" status: 204 len: 0 microversion: 1.0
Feb 02 19:01:58.653717 n-d-615180-54 devstack@placement-api.service[115411]: [pid: 115411|app: 0|req: 218/438] 10.222.0.35 () {60 vars in 1355 bytes} [Wed Feb 2 19:01:58 2022] DELETE /placement/allocations/59f3128f-4c99-4c3b-9dd6-e4e8e6ea9a55 => generated 0 bytes in 39 msecs (HTTP/1.1 204) 5 headers in 198 bytes (1 switches on core 0)
Feb 02 19:02:06.455290 n-d-615180-54 devstack@placement-api.service[115412]: DEBUG placement.requestlog [req-3da07e2e-1320-4519-9dd6-cf4c2329dcce req-8ab711d7-b07a-40d9-92bc-c753956bc072 None None] Starting request: 10.222.0.45 "GET /placement/allocation_candidates?resources=DISK_GB%3A1%2CMEMORY_MB%3A1024%2CVCPU%3A1&root_required=%21COMPUTE_STATUS_DISABLED" {{(pid=115412) __call__ /opt/stack/placement/placement/requestlog.py:55}}
Feb 02 19:02:06.514056 n-d-615180-54 devstack@placement-api.service[115412]: DEBUG placement.objects.research_context [req-3da07e2e-1320-4519-9dd6-cf4c2329dcce req-8ab711d7-b07a-40d9-92bc-c753956bc072 service placement] getting providers with 1 DISK_GB {{(pid=115412) __init__ /opt/stack/placement/placement/objects/research_context.py:126}}
Feb 02 19:02:06.521339 n-d-615180-54 devstack@placement-api.service[115412]: DEBUG placement.objects.research_context [req-3da07e2e-1320-4519-9dd6-cf4c2329dcce req-8ab711d7-b07a-40d9-92bc-c753956bc072 service placement] getting providers with 1024 MEMORY_MB {{(pid=115412) __init__ /opt/stack/placement/placement/objects/research_context.py:126}}
Feb 02 19:02:06.528646 n-d-615180-54 devstack@placement-api.service[115412]: DEBUG placement.objects.research_context [req-3da07e2e-1320-4519-9dd6-cf4c2329dcce req-8ab711d7-b07a-40d9-92bc-c753956bc072 service placement] getting providers with 1 VCPU {{(pid=115412) __init__ /opt/stack/placement/placement/objects/research_context.py:126}}
Feb 02 19:02:06.538918 n-d-615180-54 devstack@placement-api.service[115412]: DEBUG placement.objects.research_context [req-3da07e2e-1320-4519-9dd6-cf4c2329dcce req-8ab711d7-b07a-40d9-92bc-c753956bc072 service placement] found 2 providers with available 1 DISK_GB {{(pid=115412) get_provider_ids_matching /opt/stack/placement/placement/objects/research_context.py:549}}
Feb 02 19:02:06.542142 n-d-615180-54 devstack@placement-api.service[115412]: DEBUG placement.objects.research_context [req-3da07e2e-1320-4519-9dd6-cf4c2329dcce req-8ab711d7-b07a-40d9-92bc-c753956bc072 service placement] found 2 providers with available 1024 MEMORY_MB {{(pid=115412) get_provider_ids_matching /opt/stack/placement/placement/objects/research_context.py:549}}
Feb 02 19:02:06.542430 n-d-615180-54 devstack@placement-api.service[115412]: DEBUG placement.objects.research_context [req-3da07e2e-1320-4519-9dd6-cf4c2329dcce req-8ab711d7-b07a-40d9-92bc-c753956bc072 service placement] found 2 providers after filtering by previous result {{(pid=115412) get_provider_ids_matching /opt/stack/placement/placement/objects/research_context.py:580}}
Feb 02 19:02:06.542699 n-d-615180-54 devstack@placement-api.service[115412]: DEBUG placement.objects.research_context [req-3da07e2e-1320-4519-9dd6-cf4c2329dcce req-8ab711d7-b07a-40d9-92bc-c753956bc072 service placement] found 2 providers with available 1 VCPU {{(pid=115412) get_provider_ids_matching /opt/stack/placement/placement/objects/research_context.py:549}}
Feb 02 19:02:06.543018 n-d-615180-54 devstack@placement-api.service[115412]: DEBUG placement.objects.research_context [req-3da07e2e-1320-4519-9dd6-cf4c2329dcce req-8ab711d7-b07a-40d9-92bc-c753956bc072 service placement] found 2 providers after filtering by previous result {{(pid=115412) get_provider_ids_matching /opt/stack/placement/placement/objects/research_context.py:580}}
Feb 02 19:02:06.572092 n-d-615180-54 devstack@placement-api.service[115412]: DEBUG placement.objects.allocation_candidate [req-3da07e2e-1320-4519-9dd6-cf4c2329dcce req-8ab711d7-b07a-40d9-92bc-c753956bc072 service placement] RequestGroup(use_same_provider=False, resources={DISK_GB:1, MEMORY_MB:1024, VCPU:1}, traits=[], aggregates=[]) (suffix '') returned 2 matches {{(pid=115412) _get_by_requests /opt/stack/placement/placement/objects/allocation_candidate.py:145}}
Feb 02 19:02:06.573145 n-d-615180-54 devstack@placement-api.service[115412]: DEBUG placement.objects.allocation_candidate [req-3da07e2e-1320-4519-9dd6-cf4c2329dcce req-8ab711d7-b07a-40d9-92bc-c753956bc072 service placement] Merging candidates yields 2 allocation requests and 2 provider summaries {{(pid=115412) _merge_candidates /opt/stack/placement/placement/objects/allocation_candidate.py:783}}
Feb 02 19:02:06.576775 n-d-615180-54 devstack@placement-api.service[115412]: INFO placement.requestlog [req-3da07e2e-1320-4519-9dd6-cf4c2329dcce req-8ab711d7-b07a-40d9-92bc-c753956bc072 service placement] 10.222.0.45 "GET /placement/allocation_candidates?resources=DISK_GB%3A1%2CMEMORY_MB%3A1024%2CVCPU%3A1&root_required=%21COMPUTE_STATUS_DISABLED" status: 200 len: 1309 microversion: 1.36
Feb 02 19:02:06.592544 n-d-615180-54 devstack@placement-api.service[115412]: [pid: 115412|app: 0|req: 221/439] 10.222.0.45 () {60 vars in 1484 bytes} [Wed Feb 2 19:02:06 2022] GET /placement/allocation_candidates?resources=DISK_GB%3A1%2CMEMORY_MB%3A1024%2CVCPU%3A1&root_required=%21COMPUTE_STATUS_DISABLED => generated 1309 bytes in 135 msecs (HTTP/1.1 200) 8 headers in 297 bytes (1 switches on core 0)
Feb 02 19:02:06.655351 n-d-615180-54 devstack@placement-api.service[115411]: DEBUG placement.requestlog [req-3da07e2e-1320-4519-9dd6-cf4c2329dcce req-ff23ddba-0e52-442b-9099-78c3d520d6de None None] Starting request: 10.222.0.45 "GET /placement/allocations/68a92658-7f78-404c-b5bf-5dca534abd7e" {{(pid=115411) __call__ /opt/stack/placement/placement/requestlog.py:55}}
Feb 02 19:02:06.667788 n-d-615180-54 devstack@placement-api.service[115411]: INFO placement.requestlog [req-3da07e2e-1320-4519-9dd6-cf4c2329dcce req-ff23ddba-0e52-442b-9099-78c3d520d6de service placement] 10.222.0.45 "GET /placement/allocations/68a92658-7f78-404c-b5bf-5dca534abd7e" status: 200 len: 19 microversion: 1.28
Feb 02 19:02:06.673663 n-d-615180-54 devstack@placement-api.service[115411]: [pid: 115411|app: 0|req: 219/440] 10.222.0.45 () {60 vars in 1380 bytes} [Wed Feb 2 19:02:06 2022] GET /placement/allocations/68a92658-7f78-404c-b5bf-5dca534abd7e => generated 19 bytes in 18 msecs (HTTP/1.1 200) 8 headers in 295 bytes (1 switches on core 0)
Feb 02 19:02:06.675319 n-d-615180-54 devstack@placement-api.service[115412]: DEBUG placement.requestlog [req-3da07e2e-1320-4519-9dd6-cf4c2329dcce req-9bf6e9de-ffaf-40ec-a753-fcfac61183d1 None None] Starting request: 10.222.0.45 "PUT /placement/allocations/68a92658-7f78-404c-b5bf-5dca534abd7e" {{(pid=115412) __call__ /opt/stack/placement/placement/requestlog.py:55}}
Feb 02 19:02:06.750715 n-d-615180-54 devstack@placement-api.service[115412]: DEBUG placement.handlers.allocation [req-3da07e2e-1320-4519-9dd6-cf4c2329dcce req-9bf6e9de-ffaf-40ec-a753-fcfac61183d1 service placement] Successfully wrote allocations [, , ] {{(pid=115412) _update_consumers_and_create_allocations /opt/stack/placement/placement/handlers/allocation.py:462}}
Feb 02 19:02:06.761025 n-d-615180-54 devstack@placement-api.service[115412]: INFO placement.requestlog [req-3da07e2e-1320-4519-9dd6-cf4c2329dcce req-9bf6e9de-ffaf-40ec-a753-fcfac61183d1 service placement] 10.222.0.45 "PUT /placement/allocations/68a92658-7f78-404c-b5bf-5dca534abd7e" status: 204 len: 0 microversion: 1.36
Feb 02 19:02:06.762922 n-d-615180-54 devstack@placement-api.service[115412]: [pid: 115412|app: 0|req: 222/441] 10.222.0.45 () {64 vars in 1433 bytes} [Wed Feb 2 19:02:06 2022] PUT /placement/allocations/68a92658-7f78-404c-b5bf-5dca534abd7e => generated 0 bytes in 88 msecs (HTTP/1.1 204) 5 headers in 199 bytes (1 switches on core 0)
Feb 02 19:02:06.781201 n-d-615180-54 devstack@placement-api.service[115411]: DEBUG placement.requestlog [req-3da07e2e-1320-4519-9dd6-cf4c2329dcce req-33e98155-b6d8-44f4-9a72-c295c1f95856 None None] Starting request: 10.222.0.45 "GET /placement/allocations/b6f32feb-54a2-4520-ba85-e5e59299f3b9" {{(pid=115411) __call__ /opt/stack/placement/placement/requestlog.py:55}}
Feb 02 19:02:06.798621 n-d-615180-54 devstack@placement-api.service[115411]: INFO placement.requestlog [req-3da07e2e-1320-4519-9dd6-cf4c2329dcce req-33e98155-b6d8-44f4-9a72-c295c1f95856 service placement] 10.222.0.45 "GET /placement/allocations/b6f32feb-54a2-4520-ba85-e5e59299f3b9" status: 200 len: 19 microversion: 1.28
Feb 02 19:02:06.799072 n-d-615180-54 devstack@placement-api.service[115411]: [pid: 115411|app: 0|req: 220/442] 10.222.0.45 () {60 vars in 1380 bytes} [Wed Feb 2 19:02:06 2022] GET /placement/allocations/b6f32feb-54a2-4520-ba85-e5e59299f3b9 => generated 19 bytes in 18 msecs (HTTP/1.1 200) 8 headers in 295 bytes (1 switches on core 0)
Feb 02 19:02:06.808142 n-d-615180-54 devstack@placement-api.service[115412]: DEBUG placement.requestlog [req-3da07e2e-1320-4519-9dd6-cf4c2329dcce req-d0cbd37b-b47f-4164-ad9d-e885ea0c8864 None None] Starting request: 10.222.0.45 "PUT /placement/allocations/b6f32feb-54a2-4520-ba85-e5e59299f3b9" {{(pid=115412) __call__ /opt/stack/placement/placement/requestlog.py:55}}
Feb 02 19:02:06.925035 n-d-615180-54 devstack@placement-api.service[115412]: DEBUG placement.handlers.allocation [req-3da07e2e-1320-4519-9dd6-cf4c2329dcce req-d0cbd37b-b47f-4164-ad9d-e885ea0c8864 service placement] Successfully wrote allocations [, , ] {{(pid=115412) _update_consumers_and_create_allocations /opt/stack/placement/placement/handlers/allocation.py:462}}
Feb 02 19:02:06.930682 n-d-615180-54 devstack@placement-api.service[115412]: INFO placement.requestlog [req-3da07e2e-1320-4519-9dd6-cf4c2329dcce req-d0cbd37b-b47f-4164-ad9d-e885ea0c8864 service placement] 10.222.0.45 "PUT /placement/allocations/b6f32feb-54a2-4520-ba85-e5e59299f3b9" status: 204 len: 0 microversion: 1.36
Feb 02 19:02:06.945615 n-d-615180-54 devstack@placement-api.service[115412]: [pid: 115412|app: 0|req: 223/443] 10.222.0.45 () {64 vars in 1433 bytes} [Wed Feb 2 19:02:06 2022] PUT /placement/allocations/b6f32feb-54a2-4520-ba85-e5e59299f3b9 => generated 0 bytes in 124 msecs (HTTP/1.1 204) 5 headers in 199 bytes (2 switches on core 0)
Feb 02 19:02:07.432125 n-d-615180-54 devstack@placement-api.service[115411]: DEBUG placement.requestlog [req-3da07e2e-1320-4519-9dd6-cf4c2329dcce req-3c348bfb-c9d9-471b-aba9-ff5ed81731f9 None None] Starting request: 10.222.0.35 "GET /placement/allocations/68a92658-7f78-404c-b5bf-5dca534abd7e" {{(pid=115411) __call__ /opt/stack/placement/placement/requestlog.py:55}}
Feb 02 19:02:07.456706 n-d-615180-54 devstack@placement-api.service[115411]: INFO placement.requestlog [req-3da07e2e-1320-4519-9dd6-cf4c2329dcce req-3c348bfb-c9d9-471b-aba9-ff5ed81731f9 service placement] 10.222.0.35 "GET /placement/allocations/68a92658-7f78-404c-b5bf-5dca534abd7e" status: 200 len: 259 microversion: 1.28
Feb 02 19:02:07.457697 n-d-615180-54 devstack@placement-api.service[115411]: [pid: 115411|app: 0|req: 221/444] 10.222.0.35 () {60 vars in 1377 bytes} [Wed Feb 2 19:02:07 2022] GET /placement/allocations/68a92658-7f78-404c-b5bf-5dca534abd7e => generated 259 bytes in 26 msecs (HTTP/1.1 200) 8 headers in 296 bytes (1 switches on core 0)
Feb 02 19:02:07.507745 n-d-615180-54 devstack@placement-api.service[115412]: DEBUG placement.requestlog [req-3da07e2e-1320-4519-9dd6-cf4c2329dcce req-15e9c13f-30ff-48bc-bc18-0651d7261dd2 None None] Starting request: 10.222.0.35 "GET /placement/allocations/b6f32feb-54a2-4520-ba85-e5e59299f3b9" {{(pid=115412) __call__ /opt/stack/placement/placement/requestlog.py:55}}
Feb 02 19:02:07.547399 n-d-615180-54 devstack@placement-api.service[115412]: INFO placement.requestlog [req-3da07e2e-1320-4519-9dd6-cf4c2329dcce req-15e9c13f-30ff-48bc-bc18-0651d7261dd2 service placement] 10.222.0.35 "GET /placement/allocations/b6f32feb-54a2-4520-ba85-e5e59299f3b9" status: 200 len: 259 microversion: 1.28
Feb 02 19:02:07.549734 n-d-615180-54 devstack@placement-api.service[115412]: [pid: 115412|app: 0|req: 224/445] 10.222.0.35 () {60 vars in 1377 bytes} [Wed Feb 2 19:02:07 2022] GET /placement/allocations/b6f32feb-54a2-4520-ba85-e5e59299f3b9 => generated 259 bytes in 42 msecs (HTTP/1.1 200) 8 headers in 296 bytes (1 switches on core 0)
Feb 02 19:02:11.305173 n-d-615180-54 devstack@placement-api.service[115411]: DEBUG placement.requestlog [req-37871562-57dd-4ce9-935b-799ffe95372a req-eaddfb7e-854f-471f-8cc5-5e8aaa8b53e3 None None] Starting request: 10.222.0.35 "DELETE /placement/allocations/77c7d070-1a2d-4e6b-b618-b796275afa08" {{(pid=115411) __call__ /opt/stack/placement/placement/requestlog.py:55}}
Feb 02 19:02:11.367621 n-d-615180-54 devstack@placement-api.service[115411]: DEBUG placement.handlers.allocation [req-37871562-57dd-4ce9-935b-799ffe95372a req-eaddfb7e-854f-471f-8cc5-5e8aaa8b53e3 service placement] Successfully deleted allocations [, , ] {{(pid=115411) delete_allocations /opt/stack/placement/placement/handlers/allocation.py:627}}
Feb 02 19:02:11.368515 n-d-615180-54 devstack@placement-api.service[115411]: INFO placement.requestlog [req-37871562-57dd-4ce9-935b-799ffe95372a req-eaddfb7e-854f-471f-8cc5-5e8aaa8b53e3 service placement] 10.222.0.35 "DELETE /placement/allocations/77c7d070-1a2d-4e6b-b618-b796275afa08" status: 204 len: 0 microversion: 1.0
Feb 02 19:02:11.369382 n-d-615180-54 devstack@placement-api.service[115411]: [pid: 115411|app: 0|req: 222/446] 10.222.0.35 () {60 vars in 1355 bytes} [Wed Feb 2 19:02:11 2022] DELETE /placement/allocations/77c7d070-1a2d-4e6b-b618-b796275afa08 => generated 0 bytes in 64 msecs (HTTP/1.1 204) 5 headers in 198 bytes (1 switches on core 0)
Feb 02 19:02:17.420423 n-d-615180-54 devstack@placement-api.service[115412]: DEBUG placement.requestlog [req-6650d465-e06a-4a64-a762-6bbe91a7a9e5 req-9086d3ee-27a0-44d8-a2e7-0f449c828ec9 None None] Starting request: 10.222.0.35 "DELETE /placement/allocations/3782d1a4-f919-46b4-803f-6a2613f48b37" {{(pid=115412) __call__ /opt/stack/placement/placement/requestlog.py:55}}
Feb 02 19:02:17.469584 n-d-615180-54 devstack@placement-api.service[115412]: DEBUG placement.handlers.allocation [req-6650d465-e06a-4a64-a762-6bbe91a7a9e5 req-9086d3ee-27a0-44d8-a2e7-0f449c828ec9 service placement] Successfully deleted allocations [, , ] {{(pid=115412) delete_allocations /opt/stack/placement/placement/handlers/allocation.py:627}}
Feb 02 19:02:17.470342 n-d-615180-54 devstack@placement-api.service[115412]: INFO placement.requestlog [req-6650d465-e06a-4a64-a762-6bbe91a7a9e5 req-9086d3ee-27a0-44d8-a2e7-0f449c828ec9 service placement] 10.222.0.35 "DELETE /placement/allocations/3782d1a4-f919-46b4-803f-6a2613f48b37" status: 204 len: 0 microversion: 1.0
Feb 02 19:02:17.472139 n-d-615180-54 devstack@placement-api.service[115412]: [pid: 115412|app: 0|req: 225/447] 10.222.0.35 () {60 vars in 1355 bytes} [Wed Feb 2 19:02:17 2022] DELETE /placement/allocations/3782d1a4-f919-46b4-803f-6a2613f48b37 => generated 0 bytes in 52 msecs (HTTP/1.1 204) 5 headers in 198 bytes (1 switches on core 0)
Feb 02 19:02:18.291028 n-d-615180-54 devstack@placement-api.service[115411]: DEBUG placement.requestlog [req-ac6152c0-08c9-410b-a68a-00fe8e7c89f2 req-267792b4-fa00-4fb3-92e5-33f7f62d9c7c None None] Starting request: 10.222.0.45 "GET /placement/allocation_candidates?limit=1000&resources=DISK_GB%3A1%2CMEMORY_MB%3A1024%2CVCPU%3A1&root_required=%21COMPUTE_STATUS_DISABLED" {{(pid=115411) __call__ /opt/stack/placement/placement/requestlog.py:55}}
Feb 02 19:02:18.356996 n-d-615180-54 devstack@placement-api.service[115411]: DEBUG placement.objects.research_context [req-ac6152c0-08c9-410b-a68a-00fe8e7c89f2 req-267792b4-fa00-4fb3-92e5-33f7f62d9c7c service placement] getting providers with 1 DISK_GB {{(pid=115411) __init__ /opt/stack/placement/placement/objects/research_context.py:126}}
Feb 02 19:02:18.376532 n-d-615180-54 devstack@placement-api.service[115411]: DEBUG placement.objects.research_context [req-ac6152c0-08c9-410b-a68a-00fe8e7c89f2 req-267792b4-fa00-4fb3-92e5-33f7f62d9c7c service placement] getting providers with 1024 MEMORY_MB {{(pid=115411) __init__ /opt/stack/placement/placement/objects/research_context.py:126}}
Feb 02 19:02:18.401640 n-d-615180-54 devstack@placement-api.service[115411]: DEBUG placement.objects.research_context [req-ac6152c0-08c9-410b-a68a-00fe8e7c89f2 req-267792b4-fa00-4fb3-92e5-33f7f62d9c7c service placement] getting providers with 1 VCPU {{(pid=115411) __init__ /opt/stack/placement/placement/objects/research_context.py:126}}
Feb 02 19:02:18.422719 n-d-615180-54 devstack@placement-api.service[115411]: DEBUG placement.objects.research_context [req-ac6152c0-08c9-410b-a68a-00fe8e7c89f2 req-267792b4-fa00-4fb3-92e5-33f7f62d9c7c service placement] found 2 providers with available 1 DISK_GB {{(pid=115411) get_provider_ids_matching /opt/stack/placement/placement/objects/research_context.py:549}}
Feb 02 19:02:18.426561 n-d-615180-54 devstack@placement-api.service[115411]: DEBUG placement.objects.research_context [req-ac6152c0-08c9-410b-a68a-00fe8e7c89f2 req-267792b4-fa00-4fb3-92e5-33f7f62d9c7c service placement] found 2 providers with available 1024 MEMORY_MB {{(pid=115411) get_provider_ids_matching /opt/stack/placement/placement/objects/research_context.py:549}}
Feb 02 19:02:18.427355 n-d-615180-54 devstack@placement-api.service[115411]: DEBUG placement.objects.research_context [req-ac6152c0-08c9-410b-a68a-00fe8e7c89f2 req-267792b4-fa00-4fb3-92e5-33f7f62d9c7c service placement] found 2 providers after filtering by previous result {{(pid=115411) get_provider_ids_matching /opt/stack/placement/placement/objects/research_context.py:580}}
Feb 02 19:02:18.427942 n-d-615180-54 devstack@placement-api.service[115411]: DEBUG placement.objects.research_context [req-ac6152c0-08c9-410b-a68a-00fe8e7c89f2 req-267792b4-fa00-4fb3-92e5-33f7f62d9c7c service placement] found 2 providers with available 1 VCPU {{(pid=115411) get_provider_ids_matching /opt/stack/placement/placement/objects/research_context.py:549}}
Feb 02 19:02:18.428563 n-d-615180-54 devstack@placement-api.service[115411]: DEBUG placement.objects.research_context [req-ac6152c0-08c9-410b-a68a-00fe8e7c89f2 req-267792b4-fa00-4fb3-92e5-33f7f62d9c7c service placement] found 2 providers after filtering by previous result {{(pid=115411) get_provider_ids_matching /opt/stack/placement/placement/objects/research_context.py:580}}
Feb 02 19:02:18.471022 n-d-615180-54 devstack@placement-api.service[115411]: DEBUG placement.objects.allocation_candidate [req-ac6152c0-08c9-410b-a68a-00fe8e7c89f2 req-267792b4-fa00-4fb3-92e5-33f7f62d9c7c service placement] RequestGroup(use_same_provider=False, resources={DISK_GB:1, MEMORY_MB:1024, VCPU:1}, traits=[], aggregates=[]) (suffix '') returned 2 matches {{(pid=115411) _get_by_requests /opt/stack/placement/placement/objects/allocation_candidate.py:145}}
Feb 02 19:02:18.472213 n-d-615180-54 devstack@placement-api.service[115411]: DEBUG placement.objects.allocation_candidate [req-ac6152c0-08c9-410b-a68a-00fe8e7c89f2 req-267792b4-fa00-4fb3-92e5-33f7f62d9c7c service placement] Merging candidates yields 2 allocation requests and 2 provider summaries {{(pid=115411) _merge_candidates /opt/stack/placement/placement/objects/allocation_candidate.py:783}}
Feb 02 19:02:18.479334 n-d-615180-54 devstack@placement-api.service[115411]: INFO placement.requestlog [req-ac6152c0-08c9-410b-a68a-00fe8e7c89f2 req-267792b4-fa00-4fb3-92e5-33f7f62d9c7c service placement] 10.222.0.45 "GET /placement/allocation_candidates?limit=1000&resources=DISK_GB%3A1%2CMEMORY_MB%3A1024%2CVCPU%3A1&root_required=%21COMPUTE_STATUS_DISABLED" status: 200 len: 1309 microversion: 1.36
Feb 02 19:02:18.481537 n-d-615180-54 devstack@placement-api.service[115411]: [pid: 115411|app: 0|req: 223/448] 10.222.0.45 () {60 vars in 1506 bytes} [Wed Feb 2 19:02:18 2022] GET /placement/allocation_candidates?limit=1000&resources=DISK_GB%3A1%2CMEMORY_MB%3A1024%2CVCPU%3A1&root_required=%21COMPUTE_STATUS_DISABLED => generated 1309 bytes in 191 msecs (HTTP/1.1 200) 8 headers in 297 bytes (2 switches on core 0)
Feb 02 19:02:18.558942 n-d-615180-54 devstack@placement-api.service[115412]: DEBUG placement.requestlog [req-ac6152c0-08c9-410b-a68a-00fe8e7c89f2 req-a647bc8e-08f1-4f03-8aac-da6f14b9e61b None None] Starting request: 10.222.0.45 "GET /placement/allocations/7fada4bb-a9fe-4c6d-9a6e-897cca228e6d" {{(pid=115412) __call__ /opt/stack/placement/placement/requestlog.py:55}}
Feb 02 19:02:18.577015 n-d-615180-54 devstack@placement-api.service[115412]: INFO placement.requestlog [req-ac6152c0-08c9-410b-a68a-00fe8e7c89f2 req-a647bc8e-08f1-4f03-8aac-da6f14b9e61b service placement] 10.222.0.45 "GET /placement/allocations/7fada4bb-a9fe-4c6d-9a6e-897cca228e6d" status: 200 len: 19 microversion: 1.28
Feb 02 19:02:18.577589 n-d-615180-54 devstack@placement-api.service[115412]: [pid: 115412|app: 0|req: 226/449] 10.222.0.45 () {60 vars in 1380 bytes} [Wed Feb 2 19:02:18 2022] GET /placement/allocations/7fada4bb-a9fe-4c6d-9a6e-897cca228e6d => generated 19 bytes in 19 msecs (HTTP/1.1 200) 8 headers in 295 bytes (1 switches on core 0)
Feb 02 19:02:18.583654 n-d-615180-54 devstack@placement-api.service[115411]: DEBUG placement.requestlog [req-ac6152c0-08c9-410b-a68a-00fe8e7c89f2 req-bb7104a6-d51c-4ee3-8cea-e07e4413673b None None] Starting request: 10.222.0.45 "PUT /placement/allocations/7fada4bb-a9fe-4c6d-9a6e-897cca228e6d" {{(pid=115411) __call__ /opt/stack/placement/placement/requestlog.py:55}}
Feb 02 19:02:18.694180 n-d-615180-54 devstack@placement-api.service[115411]: DEBUG placement.handlers.allocation [req-ac6152c0-08c9-410b-a68a-00fe8e7c89f2 req-bb7104a6-d51c-4ee3-8cea-e07e4413673b service placement] Successfully wrote allocations [, , ] {{(pid=115411) _update_consumers_and_create_allocations /opt/stack/placement/placement/handlers/allocation.py:462}}
Feb 02 19:02:18.698433 n-d-615180-54 devstack@placement-api.service[115411]: INFO placement.requestlog [req-ac6152c0-08c9-410b-a68a-00fe8e7c89f2 req-bb7104a6-d51c-4ee3-8cea-e07e4413673b service placement] 10.222.0.45 "PUT /placement/allocations/7fada4bb-a9fe-4c6d-9a6e-897cca228e6d" status: 204 len: 0 microversion: 1.36
Feb 02 19:02:18.699257 n-d-615180-54 devstack@placement-api.service[115411]: [pid: 115411|app: 0|req: 224/450] 10.222.0.45 () {64 vars in 1433 bytes} [Wed Feb 2 19:02:18 2022] PUT /placement/allocations/7fada4bb-a9fe-4c6d-9a6e-897cca228e6d => generated 0 bytes in 116 msecs (HTTP/1.1 204) 5 headers in 199 bytes (1 switches on core 0)
Feb 02 19:02:19.131663 n-d-615180-54 devstack@placement-api.service[115412]: DEBUG placement.requestlog [req-ac6152c0-08c9-410b-a68a-00fe8e7c89f2 req-89c462f2-7bc5-4e6d-8619-3231c100f0c9 None None] Starting request: 10.222.0.46 "GET /placement/allocations/7fada4bb-a9fe-4c6d-9a6e-897cca228e6d" {{(pid=115412) __call__ /opt/stack/placement/placement/requestlog.py:55}}
Feb 02 19:02:19.154257 n-d-615180-54 devstack@placement-api.service[115412]: INFO placement.requestlog [req-ac6152c0-08c9-410b-a68a-00fe8e7c89f2 req-89c462f2-7bc5-4e6d-8619-3231c100f0c9 service placement] 10.222.0.46 "GET /placement/allocations/7fada4bb-a9fe-4c6d-9a6e-897cca228e6d" status: 200 len: 259 microversion: 1.28
Feb 02 19:02:19.155553 n-d-615180-54 devstack@placement-api.service[115412]: [pid: 115412|app: 0|req: 227/451] 10.222.0.46 () {60 vars in 1377 bytes} [Wed Feb 2 19:02:19 2022] GET /placement/allocations/7fada4bb-a9fe-4c6d-9a6e-897cca228e6d => generated 259 bytes in 26 msecs (HTTP/1.1 200) 8 headers in 296 bytes (1 switches on core 0)
Feb 02 19:02:23.209790 n-d-615180-54 devstack@placement-api.service[115411]: DEBUG placement.requestlog [req-99b646f8-0644-4c5c-82b6-69d9c8f7adcb req-41370f2a-dc6e-4e17-9746-34429618d9a2 None None] Starting request: 10.222.0.46 "DELETE /placement/allocations/6640e1b4-85a0-442b-87bc-af09f8289218" {{(pid=115411) __call__ /opt/stack/placement/placement/requestlog.py:55}}
Feb 02 19:02:23.265594 n-d-615180-54 devstack@placement-api.service[115411]: DEBUG placement.handlers.allocation [req-99b646f8-0644-4c5c-82b6-69d9c8f7adcb req-41370f2a-dc6e-4e17-9746-34429618d9a2 service placement] Successfully deleted allocations [, , ] {{(pid=115411) delete_allocations /opt/stack/placement/placement/handlers/allocation.py:627}}
Feb 02 19:02:23.266713 n-d-615180-54 devstack@placement-api.service[115411]: INFO placement.requestlog [req-99b646f8-0644-4c5c-82b6-69d9c8f7adcb req-41370f2a-dc6e-4e17-9746-34429618d9a2 service placement] 10.222.0.46 "DELETE /placement/allocations/6640e1b4-85a0-442b-87bc-af09f8289218" status: 204 len: 0 microversion: 1.0
Feb 02 19:02:23.267196 n-d-615180-54 devstack@placement-api.service[115411]: [pid: 115411|app: 0|req: 225/452] 10.222.0.46 () {60 vars in 1355 bytes} [Wed Feb 2 19:02:23 2022] DELETE /placement/allocations/6640e1b4-85a0-442b-87bc-af09f8289218 => generated 0 bytes in 58 msecs (HTTP/1.1 204) 5 headers in 198 bytes (1 switches on core 0)
Feb 02 19:02:24.780977 n-d-615180-54 devstack@placement-api.service[115412]: DEBUG placement.requestlog [req-cd05fc9d-3a84-4587-8183-2326a5d558b5 req-428f81d1-3c97-44ea-9ea9-437939c4de48 None None] Starting request: 10.222.0.35 "GET /placement/resource_providers/d3df9157-70c3-4756-a0ab-ca0529905cdc/allocations" {{(pid=115412) __call__ /opt/stack/placement/placement/requestlog.py:55}}
Feb 02 19:02:25.036462 n-d-615180-54 devstack@placement-api.service[115412]: INFO placement.requestlog [req-cd05fc9d-3a84-4587-8183-2326a5d558b5 req-428f81d1-3c97-44ea-9ea9-437939c4de48 service placement] 10.222.0.35 "GET /placement/resource_providers/d3df9157-70c3-4756-a0ab-ca0529905cdc/allocations" status: 200 len: 948 microversion: 1.0
Feb 02 19:02:25.040127 n-d-615180-54 devstack@placement-api.service[115412]: [pid: 115412|app: 0|req: 228/453] 10.222.0.35 () {58 vars in 1390 bytes} [Wed Feb 2 19:02:24 2022] GET /placement/resource_providers/d3df9157-70c3-4756-a0ab-ca0529905cdc/allocations => generated 948 bytes in 260 msecs (HTTP/1.1 200) 6 headers in 224 bytes (1 switches on core 0)
Feb 02 19:02:27.262284 n-d-615180-54 devstack@placement-api.service[115411]: DEBUG placement.requestlog [req-d8658c13-72f7-4d3c-ad6d-4511d3876ef5 req-283656db-ef3b-4142-9c20-b720b64876b9 None None] Starting request: 10.222.0.46 "DELETE /placement/allocations/0c70a4e8-9bf6-485a-b6c2-1d9049e61fcd" {{(pid=115411) __call__ /opt/stack/placement/placement/requestlog.py:55}}
Feb 02 19:02:27.307689 n-d-615180-54 devstack@placement-api.service[115411]: DEBUG placement.handlers.allocation [req-d8658c13-72f7-4d3c-ad6d-4511d3876ef5 req-283656db-ef3b-4142-9c20-b720b64876b9 service placement] Successfully deleted allocations [, , ] {{(pid=115411) delete_allocations /opt/stack/placement/placement/handlers/allocation.py:627}}
Feb 02 19:02:27.308344 n-d-615180-54 devstack@placement-api.service[115411]: INFO placement.requestlog [req-d8658c13-72f7-4d3c-ad6d-4511d3876ef5 req-283656db-ef3b-4142-9c20-b720b64876b9 service placement] 10.222.0.46 "DELETE /placement/allocations/0c70a4e8-9bf6-485a-b6c2-1d9049e61fcd" status: 204 len: 0 microversion: 1.0
Feb 02 19:02:27.309188 n-d-615180-54 devstack@placement-api.service[115411]: [pid: 115411|app: 0|req: 226/454] 10.222.0.46 () {60 vars in 1355 bytes} [Wed Feb 2 19:02:27 2022] DELETE /placement/allocations/0c70a4e8-9bf6-485a-b6c2-1d9049e61fcd => generated 0 bytes in 47 msecs (HTTP/1.1 204) 5 headers in 198 bytes (1 switches on core 0)
Feb 02 19:02:27.821328 n-d-615180-54 devstack@placement-api.service[115412]: DEBUG placement.requestlog [req-ad80e4a0-d8f7-4d74-8d6b-1cc1bc2c490e req-8afe1deb-baaf-4e36-a754-f63896a7c1f1 None None] Starting request: 10.222.0.46 "GET /placement/resource_providers/7194674b-399b-4aad-9bb2-0566aabfe38d/allocations" {{(pid=115412) __call__ /opt/stack/placement/placement/requestlog.py:55}}
Feb 02 19:02:27.854675 n-d-615180-54 devstack@placement-api.service[115412]: INFO placement.requestlog [req-ad80e4a0-d8f7-4d74-8d6b-1cc1bc2c490e req-8afe1deb-baaf-4e36-a754-f63896a7c1f1 service placement] 10.222.0.46 "GET /placement/resource_providers/7194674b-399b-4aad-9bb2-0566aabfe38d/allocations" status: 200 len: 631 microversion: 1.0
Feb 02 19:02:27.855412 n-d-615180-54 devstack@placement-api.service[115412]: [pid: 115412|app: 0|req: 229/455] 10.222.0.46 () {58 vars in 1390 bytes} [Wed Feb 2 19:02:27 2022] GET /placement/resource_providers/7194674b-399b-4aad-9bb2-0566aabfe38d/allocations => generated 631 bytes in 34 msecs (HTTP/1.1 200) 6 headers in 224 bytes (1 switches on core 0)
Feb 02 19:02:36.184078 n-d-615180-54 devstack@placement-api.service[115411]: DEBUG placement.requestlog [req-6ab28ee3-73fc-449c-941f-fd31921e1c22 req-9e70ff95-037a-4f89-8941-8d7e2b32ef95 None None] Starting request: 10.222.0.45 "GET /placement/allocation_candidates?limit=1000&resources=DISK_GB%3A1%2CMEMORY_MB%3A1024%2CVCPU%3A1&root_required=%21COMPUTE_STATUS_DISABLED" {{(pid=115411) __call__ /opt/stack/placement/placement/requestlog.py:55}}
Feb 02 19:02:36.250371 n-d-615180-54 devstack@placement-api.service[115411]: DEBUG placement.objects.research_context [req-6ab28ee3-73fc-449c-941f-fd31921e1c22 req-9e70ff95-037a-4f89-8941-8d7e2b32ef95 service placement] getting providers with 1 DISK_GB {{(pid=115411) __init__ /opt/stack/placement/placement/objects/research_context.py:126}}
Feb 02 19:02:36.268065 n-d-615180-54 devstack@placement-api.service[115411]: DEBUG placement.objects.research_context [req-6ab28ee3-73fc-449c-941f-fd31921e1c22 req-9e70ff95-037a-4f89-8941-8d7e2b32ef95 service placement] getting providers with 1024 MEMORY_MB {{(pid=115411) __init__ /opt/stack/placement/placement/objects/research_context.py:126}}
Feb 02 19:02:36.282695 n-d-615180-54 devstack@placement-api.service[115411]: DEBUG placement.objects.research_context [req-6ab28ee3-73fc-449c-941f-fd31921e1c22 req-9e70ff95-037a-4f89-8941-8d7e2b32ef95 service placement] getting providers with 1 VCPU {{(pid=115411) __init__ /opt/stack/placement/placement/objects/research_context.py:126}}
Feb 02 19:02:36.300973 n-d-615180-54 devstack@placement-api.service[115411]: DEBUG placement.objects.research_context [req-6ab28ee3-73fc-449c-941f-fd31921e1c22 req-9e70ff95-037a-4f89-8941-8d7e2b32ef95 service placement] found 2 providers with available 1 DISK_GB {{(pid=115411) get_provider_ids_matching /opt/stack/placement/placement/objects/research_context.py:549}}
Feb 02 19:02:36.301564 n-d-615180-54 devstack@placement-api.service[115411]: DEBUG placement.objects.research_context [req-6ab28ee3-73fc-449c-941f-fd31921e1c22 req-9e70ff95-037a-4f89-8941-8d7e2b32ef95 service placement] found 2 providers with available 1024 MEMORY_MB {{(pid=115411) get_provider_ids_matching /opt/stack/placement/placement/objects/research_context.py:549}}
Feb 02 19:02:36.302008 n-d-615180-54 devstack@placement-api.service[115411]: DEBUG placement.objects.research_context [req-6ab28ee3-73fc-449c-941f-fd31921e1c22 req-9e70ff95-037a-4f89-8941-8d7e2b32ef95 service placement] found 2 providers after filtering by previous result {{(pid=115411) get_provider_ids_matching /opt/stack/placement/placement/objects/research_context.py:580}}
Feb 02 19:02:36.302448 n-d-615180-54 devstack@placement-api.service[115411]: DEBUG placement.objects.research_context [req-6ab28ee3-73fc-449c-941f-fd31921e1c22 req-9e70ff95-037a-4f89-8941-8d7e2b32ef95 service placement] found 2 providers with available 1 VCPU {{(pid=115411) get_provider_ids_matching /opt/stack/placement/placement/objects/research_context.py:549}}
Feb 02 19:02:36.302889 n-d-615180-54 devstack@placement-api.service[115411]: DEBUG placement.objects.research_context [req-6ab28ee3-73fc-449c-941f-fd31921e1c22 req-9e70ff95-037a-4f89-8941-8d7e2b32ef95 service placement] found 2 providers after filtering by previous result {{(pid=115411) get_provider_ids_matching /opt/stack/placement/placement/objects/research_context.py:580}}
Feb 02 19:02:36.318205 n-d-615180-54 devstack@placement-api.service[115411]: DEBUG placement.objects.allocation_candidate [req-6ab28ee3-73fc-449c-941f-fd31921e1c22 req-9e70ff95-037a-4f89-8941-8d7e2b32ef95 service placement] RequestGroup(use_same_provider=False, resources={DISK_GB:1, MEMORY_MB:1024, VCPU:1}, traits=[], aggregates=[]) (suffix '') returned 2 matches {{(pid=115411) _get_by_requests /opt/stack/placement/placement/objects/allocation_candidate.py:145}}
Feb 02 19:02:36.324256 n-d-615180-54 devstack@placement-api.service[115411]: DEBUG placement.objects.allocation_candidate [req-6ab28ee3-73fc-449c-941f-fd31921e1c22 req-9e70ff95-037a-4f89-8941-8d7e2b32ef95 service placement] Merging candidates yields 2 allocation requests and 2 provider summaries {{(pid=115411) _merge_candidates /opt/stack/placement/placement/objects/allocation_candidate.py:783}}
Feb 02 19:02:36.326115 n-d-615180-54 devstack@placement-api.service[115411]: INFO placement.requestlog [req-6ab28ee3-73fc-449c-941f-fd31921e1c22 req-9e70ff95-037a-4f89-8941-8d7e2b32ef95 service placement] 10.222.0.45 "GET /placement/allocation_candidates?limit=1000&resources=DISK_GB%3A1%2CMEMORY_MB%3A1024%2CVCPU%3A1&root_required=%21COMPUTE_STATUS_DISABLED" status: 200 len: 1309 microversion: 1.36
Feb 02 19:02:36.326687 n-d-615180-54 devstack@placement-api.service[115411]: [pid: 115411|app: 0|req: 227/456] 10.222.0.45 () {60 vars in 1506 bytes} [Wed Feb 2 19:02:36 2022] GET /placement/allocation_candidates?limit=1000&resources=DISK_GB%3A1%2CMEMORY_MB%3A1024%2CVCPU%3A1&root_required=%21COMPUTE_STATUS_DISABLED => generated 1309 bytes in 143 msecs (HTTP/1.1 200) 8 headers in 297 bytes (1 switches on core 0)
Feb 02 19:02:36.402245 n-d-615180-54 devstack@placement-api.service[115412]: DEBUG placement.requestlog [req-6ab28ee3-73fc-449c-941f-fd31921e1c22 req-de37bd43-a3a7-4a10-88bf-01772a98ae71 None None] Starting request: 10.222.0.45 "GET /placement/allocations/483b3945-01aa-4cdf-9628-95f334f23c82" {{(pid=115412) __call__ /opt/stack/placement/placement/requestlog.py:55}}
Feb 02 19:02:36.422282 n-d-615180-54 devstack@placement-api.service[115412]: INFO placement.requestlog [req-6ab28ee3-73fc-449c-941f-fd31921e1c22 req-de37bd43-a3a7-4a10-88bf-01772a98ae71 service placement] 10.222.0.45 "GET /placement/allocations/483b3945-01aa-4cdf-9628-95f334f23c82" status: 200 len: 19 microversion: 1.28
Feb 02 19:02:36.422723 n-d-615180-54 devstack@placement-api.service[115412]: [pid: 115412|app: 0|req: 230/457] 10.222.0.45 () {60 vars in 1380 bytes} [Wed Feb 2 19:02:36 2022] GET /placement/allocations/483b3945-01aa-4cdf-9628-95f334f23c82 => generated 19 bytes in 21 msecs (HTTP/1.1 200) 8 headers in 295 bytes (1 switches on core 0)
Feb 02 19:02:36.430715 n-d-615180-54 devstack@placement-api.service[115411]: DEBUG placement.requestlog [req-6ab28ee3-73fc-449c-941f-fd31921e1c22 req-79eec860-85e7-4a0b-a796-f55f07ecc6f9 None None] Starting request: 10.222.0.45 "PUT /placement/allocations/483b3945-01aa-4cdf-9628-95f334f23c82" {{(pid=115411) __call__ /opt/stack/placement/placement/requestlog.py:55}}
Feb 02 19:02:36.560577 n-d-615180-54 devstack@placement-api.service[115411]: DEBUG placement.handlers.allocation [req-6ab28ee3-73fc-449c-941f-fd31921e1c22 req-79eec860-85e7-4a0b-a796-f55f07ecc6f9 service placement] Successfully wrote allocations [, , ] {{(pid=115411) _update_consumers_and_create_allocations /opt/stack/placement/placement/handlers/allocation.py:462}}
Feb 02 19:02:36.565996 n-d-615180-54 devstack@placement-api.service[115411]: INFO placement.requestlog [req-6ab28ee3-73fc-449c-941f-fd31921e1c22 req-79eec860-85e7-4a0b-a796-f55f07ecc6f9 service placement] 10.222.0.45 "PUT /placement/allocations/483b3945-01aa-4cdf-9628-95f334f23c82" status: 204 len: 0 microversion: 1.36
Feb 02 19:02:36.566943 n-d-615180-54 devstack@placement-api.service[115411]: [pid: 115411|app: 0|req: 228/458] 10.222.0.45 () {64 vars in 1433 bytes} [Wed Feb 2 19:02:36 2022] PUT /placement/allocations/483b3945-01aa-4cdf-9628-95f334f23c82 => generated 0 bytes in 136 msecs (HTTP/1.1 204) 5 headers in 199 bytes (1 switches on core 0)
Feb 02 19:02:36.819378 n-d-615180-54 devstack@placement-api.service[115412]: DEBUG placement.requestlog [req-9b22941a-fae2-4e27-bac8-b6ddd419de9c req-886f8d5d-870d-4f88-b47f-098be35bb953 None None] Starting request: 10.222.0.45 "GET /placement/allocation_candidates?resources=DISK_GB%3A1%2CMEMORY_MB%3A1024%2CVCPU%3A1&root_required=%21COMPUTE_STATUS_DISABLED" {{(pid=115412) __call__ /opt/stack/placement/placement/requestlog.py:55}}
Feb 02 19:02:36.882851 n-d-615180-54 devstack@placement-api.service[115412]: DEBUG placement.objects.research_context [req-9b22941a-fae2-4e27-bac8-b6ddd419de9c req-886f8d5d-870d-4f88-b47f-098be35bb953 service placement] getting providers with 1 DISK_GB {{(pid=115412) __init__ /opt/stack/placement/placement/objects/research_context.py:126}}
Feb 02 19:02:36.896849 n-d-615180-54 devstack@placement-api.service[115412]: DEBUG placement.objects.research_context [req-9b22941a-fae2-4e27-bac8-b6ddd419de9c req-886f8d5d-870d-4f88-b47f-098be35bb953 service placement] getting providers with 1024 MEMORY_MB {{(pid=115412) __init__ /opt/stack/placement/placement/objects/research_context.py:126}}
Feb 02 19:02:36.911220 n-d-615180-54 devstack@placement-api.service[115412]: DEBUG placement.objects.research_context [req-9b22941a-fae2-4e27-bac8-b6ddd419de9c req-886f8d5d-870d-4f88-b47f-098be35bb953 service placement] getting providers with 1 VCPU {{(pid=115412) __init__ /opt/stack/placement/placement/objects/research_context.py:126}}
Feb 02 19:02:36.928645 n-d-615180-54 devstack@placement-api.service[115412]: DEBUG placement.objects.research_context [req-9b22941a-fae2-4e27-bac8-b6ddd419de9c req-886f8d5d-870d-4f88-b47f-098be35bb953 service placement] found 2 providers with available 1 DISK_GB {{(pid=115412) get_provider_ids_matching /opt/stack/placement/placement/objects/research_context.py:549}}
Feb 02 19:02:36.929205 n-d-615180-54 devstack@placement-api.service[115412]: DEBUG placement.objects.research_context [req-9b22941a-fae2-4e27-bac8-b6ddd419de9c req-886f8d5d-870d-4f88-b47f-098be35bb953 service placement] found 2 providers with available 1024 MEMORY_MB {{(pid=115412) get_provider_ids_matching /opt/stack/placement/placement/objects/research_context.py:549}}
Feb 02 19:02:36.930122 n-d-615180-54 devstack@placement-api.service[115412]: DEBUG placement.objects.research_context [req-9b22941a-fae2-4e27-bac8-b6ddd419de9c req-886f8d5d-870d-4f88-b47f-098be35bb953 service placement] found 2 providers after filtering by previous result {{(pid=115412) get_provider_ids_matching /opt/stack/placement/placement/objects/research_context.py:580}}
Feb 02 19:02:36.930122 n-d-615180-54 devstack@placement-api.service[115412]: DEBUG placement.objects.research_context [req-9b22941a-fae2-4e27-bac8-b6ddd419de9c req-886f8d5d-870d-4f88-b47f-098be35bb953 service placement] found 2 providers with available 1 VCPU {{(pid=115412) get_provider_ids_matching /opt/stack/placement/placement/objects/research_context.py:549}}
Feb 02 19:02:36.930348 n-d-615180-54 devstack@placement-api.service[115412]: DEBUG placement.objects.research_context [req-9b22941a-fae2-4e27-bac8-b6ddd419de9c req-886f8d5d-870d-4f88-b47f-098be35bb953 service placement] found 2 providers after filtering by previous result {{(pid=115412) get_provider_ids_matching /opt/stack/placement/placement/objects/research_context.py:580}}
Feb 02 19:02:36.956262 n-d-615180-54 devstack@placement-api.service[115412]: DEBUG placement.objects.allocation_candidate [req-9b22941a-fae2-4e27-bac8-b6ddd419de9c req-886f8d5d-870d-4f88-b47f-098be35bb953 service placement] RequestGroup(use_same_provider=False, resources={DISK_GB:1, MEMORY_MB:1024, VCPU:1}, traits=[], aggregates=[]) (suffix '') returned 2 matches {{(pid=115412) _get_by_requests /opt/stack/placement/placement/objects/allocation_candidate.py:145}}
Feb 02 19:02:36.956641 n-d-615180-54 devstack@placement-api.service[115412]: DEBUG placement.objects.allocation_candidate [req-9b22941a-fae2-4e27-bac8-b6ddd419de9c req-886f8d5d-870d-4f88-b47f-098be35bb953 service placement] Merging candidates yields 2 allocation requests and 2 provider summaries {{(pid=115412) _merge_candidates /opt/stack/placement/placement/objects/allocation_candidate.py:783}}
Feb 02 19:02:36.959566 n-d-615180-54 devstack@placement-api.service[115412]: INFO placement.requestlog [req-9b22941a-fae2-4e27-bac8-b6ddd419de9c req-886f8d5d-870d-4f88-b47f-098be35bb953 service placement] 10.222.0.45 "GET /placement/allocation_candidates?resources=DISK_GB%3A1%2CMEMORY_MB%3A1024%2CVCPU%3A1&root_required=%21COMPUTE_STATUS_DISABLED" status: 200 len: 1309 microversion: 1.36
Feb 02 19:02:36.962070 n-d-615180-54 devstack@placement-api.service[115412]: [pid: 115412|app: 0|req: 231/459] 10.222.0.45 () {60 vars in 1484 bytes} [Wed Feb 2 19:02:36 2022] GET /placement/allocation_candidates?resources=DISK_GB%3A1%2CMEMORY_MB%3A1024%2CVCPU%3A1&root_required=%21COMPUTE_STATUS_DISABLED => generated 1309 bytes in 143 msecs (HTTP/1.1 200) 8 headers in 297 bytes (1 switches on core 0)
Feb 02 19:02:37.057142 n-d-615180-54 devstack@placement-api.service[115411]: DEBUG placement.requestlog [req-9b22941a-fae2-4e27-bac8-b6ddd419de9c req-05088787-3292-41d5-834f-ee1db6d1a0c0 None None] Starting request: 10.222.0.45 "GET /placement/allocations/112c488e-6062-4f05-8676-daac33d171cb" {{(pid=115411) __call__ /opt/stack/placement/placement/requestlog.py:55}}
Feb 02 19:02:37.073994 n-d-615180-54 devstack@placement-api.service[115411]: INFO placement.requestlog [req-9b22941a-fae2-4e27-bac8-b6ddd419de9c req-05088787-3292-41d5-834f-ee1db6d1a0c0 service placement] 10.222.0.45 "GET /placement/allocations/112c488e-6062-4f05-8676-daac33d171cb" status: 200 len: 19 microversion: 1.28
Feb 02 19:02:37.078090 n-d-615180-54 devstack@placement-api.service[115411]: [pid: 115411|app: 0|req: 229/460] 10.222.0.45 () {60 vars in 1380 bytes} [Wed Feb 2 19:02:37 2022] GET /placement/allocations/112c488e-6062-4f05-8676-daac33d171cb => generated 19 bytes in 22 msecs (HTTP/1.1 200) 8 headers in 295 bytes (1 switches on core 0)
Feb 02 19:02:37.086483 n-d-615180-54 devstack@placement-api.service[115412]: DEBUG placement.requestlog [req-9b22941a-fae2-4e27-bac8-b6ddd419de9c req-e1a8a335-10e3-4b56-b0fd-85dcfd5a2367 None None] Starting request: 10.222.0.45 "PUT /placement/allocations/112c488e-6062-4f05-8676-daac33d171cb" {{(pid=115412) __call__ /opt/stack/placement/placement/requestlog.py:55}}
Feb 02 19:02:37.180521 n-d-615180-54 devstack@placement-api.service[115412]: DEBUG placement.handlers.allocation [req-9b22941a-fae2-4e27-bac8-b6ddd419de9c req-e1a8a335-10e3-4b56-b0fd-85dcfd5a2367 service placement] Successfully wrote allocations [, , ] {{(pid=115412) _update_consumers_and_create_allocations /opt/stack/placement/placement/handlers/allocation.py:462}}
Feb 02 19:02:37.186437 n-d-615180-54 devstack@placement-api.service[115412]: INFO placement.requestlog [req-9b22941a-fae2-4e27-bac8-b6ddd419de9c req-e1a8a335-10e3-4b56-b0fd-85dcfd5a2367 service placement] 10.222.0.45 "PUT /placement/allocations/112c488e-6062-4f05-8676-daac33d171cb" status: 204 len: 0 microversion: 1.36
Feb 02 19:02:37.187477 n-d-615180-54 devstack@placement-api.service[115412]: [pid: 115412|app: 0|req: 232/461] 10.222.0.45 () {64 vars in 1433 bytes} [Wed Feb 2 19:02:37 2022] PUT /placement/allocations/112c488e-6062-4f05-8676-daac33d171cb => generated 0 bytes in 101 msecs (HTTP/1.1 204) 5 headers in 199 bytes (2 switches on core 0)
Feb 02 19:02:37.199570 n-d-615180-54 devstack@placement-api.service[115411]: DEBUG placement.requestlog [req-9b22941a-fae2-4e27-bac8-b6ddd419de9c req-de4f5d40-2c90-4b8a-a49c-fe7a79d15115 None None] Starting request: 10.222.0.45 "GET /placement/allocations/bb99c3b8-6ff3-44d8-bb0b-e3eee8085ff2" {{(pid=115411) __call__ /opt/stack/placement/placement/requestlog.py:55}}
Feb 02 19:02:37.216212 n-d-615180-54 devstack@placement-api.service[115411]: INFO placement.requestlog [req-9b22941a-fae2-4e27-bac8-b6ddd419de9c req-de4f5d40-2c90-4b8a-a49c-fe7a79d15115 service placement] 10.222.0.45 "GET /placement/allocations/bb99c3b8-6ff3-44d8-bb0b-e3eee8085ff2" status: 200 len: 19 microversion: 1.28
Feb 02 19:02:37.217742 n-d-615180-54 devstack@placement-api.service[115411]: [pid: 115411|app: 0|req: 230/462] 10.222.0.45 () {60 vars in 1380 bytes} [Wed Feb 2 19:02:37 2022] GET /placement/allocations/bb99c3b8-6ff3-44d8-bb0b-e3eee8085ff2 => generated 19 bytes in 18 msecs (HTTP/1.1 200) 8 headers in 295 bytes (1 switches on core 0)
Feb 02 19:02:37.219550 n-d-615180-54 devstack@placement-api.service[115412]: DEBUG placement.requestlog [req-6ab28ee3-73fc-449c-941f-fd31921e1c22 req-a3a5049b-0e45-4a5e-a2b4-bd67561c5f37 None None] Starting request: 10.222.0.46 "GET /placement/allocations/483b3945-01aa-4cdf-9628-95f334f23c82" {{(pid=115412) __call__ /opt/stack/placement/placement/requestlog.py:55}}
Feb 02 19:02:37.230639 n-d-615180-54 devstack@placement-api.service[115411]: DEBUG placement.requestlog [req-9b22941a-fae2-4e27-bac8-b6ddd419de9c req-d1f72b6a-d138-4abf-8376-7b5a80821a8a None None] Starting request: 10.222.0.45 "PUT /placement/allocations/bb99c3b8-6ff3-44d8-bb0b-e3eee8085ff2" {{(pid=115411) __call__ /opt/stack/placement/placement/requestlog.py:55}}
Feb 02 19:02:37.258092 n-d-615180-54 devstack@placement-api.service[115412]: INFO placement.requestlog [req-6ab28ee3-73fc-449c-941f-fd31921e1c22 req-a3a5049b-0e45-4a5e-a2b4-bd67561c5f37 service placement] 10.222.0.46 "GET /placement/allocations/483b3945-01aa-4cdf-9628-95f334f23c82" status: 200 len: 259 microversion: 1.28
Feb 02 19:02:37.259004 n-d-615180-54 devstack@placement-api.service[115412]: [pid: 115412|app: 0|req: 233/463] 10.222.0.46 () {60 vars in 1377 bytes} [Wed Feb 2 19:02:37 2022] GET /placement/allocations/483b3945-01aa-4cdf-9628-95f334f23c82 => generated 259 bytes in 40 msecs (HTTP/1.1 200) 8 headers in 296 bytes (2 switches on core 0)
Feb 02 19:02:37.331501 n-d-615180-54 devstack@placement-api.service[115411]: DEBUG placement.handlers.allocation [req-9b22941a-fae2-4e27-bac8-b6ddd419de9c req-d1f72b6a-d138-4abf-8376-7b5a80821a8a service placement] Successfully wrote allocations [, , ] {{(pid=115411) _update_consumers_and_create_allocations /opt/stack/placement/placement/handlers/allocation.py:462}}
Feb 02 19:02:37.336829 n-d-615180-54 devstack@placement-api.service[115411]: INFO placement.requestlog [req-9b22941a-fae2-4e27-bac8-b6ddd419de9c req-d1f72b6a-d138-4abf-8376-7b5a80821a8a service placement] 10.222.0.45 "PUT /placement/allocations/bb99c3b8-6ff3-44d8-bb0b-e3eee8085ff2" status: 204 len: 0 microversion: 1.36
