Feb 02 18:54:34.882562 n-d-615180-54 devstack@n-api.service[129373]: DEBUG nova.api.openstack.wsgi [None req-d004c088-3196-4247-8920-648cfc6a85b7 tempest-FlavorsAdminTestJSON-534751371 tempest-FlavorsAdminTestJSON-534751371-project-admin] Calling method '>' {{(pid=129373) _process_stack /opt/stack/nova/nova/api/openstack/wsgi.py:513}}
Feb 02 18:54:34.907145 n-d-615180-54 devstack@n-api.service[129373]: INFO nova.api.openstack.requestlog [None req-d004c088-3196-4247-8920-648cfc6a85b7 tempest-FlavorsAdminTestJSON-534751371 tempest-FlavorsAdminTestJSON-534751371-project-admin] 10.222.0.45 "GET /compute/v2.1/flavors/detail?is_public=yes" status: 200 len: 5392 microversion: 2.1 time: 0.029332
Feb 02 18:54:34.908690 n-d-615180-54 devstack@n-api.service[129373]: [pid: 129373|app: 0|req: 57/109] 10.222.0.45 () {58 vars in 1172 bytes} [Wed Feb 2 18:54:34 2022] GET /compute/v2.1/flavors/detail?is_public=yes => generated 5392 bytes in 32 msecs (HTTP/1.1 200) 9 headers in 358 bytes (1 switches on core 0)
Feb 02 18:54:34.924755 n-d-615180-54 devstack@n-api.service[129372]: DEBUG nova.api.openstack.wsgi [None req-d1d5a55c-ae96-4d2f-8a68-a1e9472f492e tempest-FlavorsAdminTestJSON-534751371 tempest-FlavorsAdminTestJSON-534751371-project-admin] Calling method '>' {{(pid=129372) _process_stack /opt/stack/nova/nova/api/openstack/wsgi.py:513}}
Feb 02 18:54:34.951166 n-d-615180-54 devstack@n-api.service[129372]: INFO nova.api.openstack.requestlog [None req-d1d5a55c-ae96-4d2f-8a68-a1e9472f492e tempest-FlavorsAdminTestJSON-534751371 tempest-FlavorsAdminTestJSON-534751371-project-admin] 10.222.0.45 "GET /compute/v2.1/flavors/detail?is_public=1" status: 200 len: 5392 microversion: 2.1 time: 0.030855
Feb 02 18:54:34.951713 n-d-615180-54 devstack@n-api.service[129372]: [pid: 129372|app: 0|req: 53/110] 10.222.0.45 () {58 vars in 1168 bytes} [Wed Feb 2 18:54:34 2022] GET /compute/v2.1/flavors/detail?is_public=1 => generated 5392 bytes in 32 msecs (HTTP/1.1 200) 9 headers in 358 bytes (1 switches on core 0)
Feb 02 18:54:34.966513 n-d-615180-54 devstack@n-api.service[129373]: DEBUG nova.api.openstack.wsgi [None req-00030d25-6653-494c-9d7a-f4032cd7af09 tempest-FlavorsAdminTestJSON-534751371 tempest-FlavorsAdminTestJSON-534751371-project-admin] Calling method '>' {{(pid=129373) _process_stack /opt/stack/nova/nova/api/openstack/wsgi.py:513}}
Feb 02 18:54:34.967264 n-d-615180-54 devstack@n-api.service[129373]: /usr/local/lib/python3.8/dist-packages/oslo_policy/policy.py:1119: UserWarning: Policy "os_compute_api:os-flavor-manage:delete": "rule:system_admin_api" failed scope check. The token used to make the request was project scoped but the policy requires ['system'] scope. This behavior may change in the future where using the intended scope is required
Feb 02 18:54:34.967264 n-d-615180-54 devstack@n-api.service[129373]: warnings.warn(msg)
Feb 02 18:54:34.987192 n-d-615180-54 devstack@n-api.service[129373]: INFO nova.api.openstack.requestlog [None req-00030d25-6653-494c-9d7a-f4032cd7af09 tempest-FlavorsAdminTestJSON-534751371 tempest-FlavorsAdminTestJSON-534751371-project-admin] 10.222.0.45 "DELETE /compute/v2.1/flavors/565709611" status: 202 len: 0 microversion: 2.1 time: 0.024717
Feb 02 18:54:34.988306 n-d-615180-54 devstack@n-api.service[129373]: [pid: 129373|app: 0|req: 58/111] 10.222.0.45 () {58 vars in 1157 bytes} [Wed Feb 2 18:54:34 2022] DELETE /compute/v2.1/flavors/565709611 => generated 0 bytes in 27 msecs (HTTP/1.1 202) 9 headers in 361 bytes (1 switches on core 0)
Feb 02 18:54:34.998651 n-d-615180-54 devstack@n-api.service[129372]: DEBUG nova.api.openstack.wsgi [None req-5330d04c-511b-4c65-bf27-bdb28c3d8d1a tempest-FlavorsAdminTestJSON-534751371 tempest-FlavorsAdminTestJSON-534751371-project-admin] Calling method '>' {{(pid=129372) _process_stack /opt/stack/nova/nova/api/openstack/wsgi.py:513}}
Feb 02 18:54:35.019309 n-d-615180-54 devstack@n-api.service[129372]: INFO nova.api.openstack.requestlog [None req-5330d04c-511b-4c65-bf27-bdb28c3d8d1a tempest-FlavorsAdminTestJSON-534751371 tempest-FlavorsAdminTestJSON-534751371-project-admin] 10.222.0.45 "GET /compute/v2.1/flavors/detail" status: 200 len: 4991 microversion: 2.1 time: 0.025695
Feb 02 18:54:35.020446 n-d-615180-54 devstack@n-api.service[129372]: [pid: 129372|app: 0|req: 54/112] 10.222.0.45 () {58 vars in 1145 bytes} [Wed Feb 2 18:54:34 2022] GET /compute/v2.1/flavors/detail => generated 4991 bytes in 28 msecs (HTTP/1.1 200) 9 headers in 358 bytes (1 switches on core 0)
Feb 02 18:54:35.034716 n-d-615180-54 devstack@n-api.service[129373]: DEBUG nova.api.openstack.wsgi [None req-5c4185fc-e601-49be-873e-29ba142d3260 tempest-FlavorsAdminTestJSON-534751371 tempest-FlavorsAdminTestJSON-534751371-project-admin] Calling method '>' {{(pid=129373) _process_stack /opt/stack/nova/nova/api/openstack/wsgi.py:513}}
Feb 02 18:54:35.053591 n-d-615180-54 devstack@n-api.service[129373]: INFO nova.api.openstack.requestlog [None req-5c4185fc-e601-49be-873e-29ba142d3260 tempest-FlavorsAdminTestJSON-534751371 tempest-FlavorsAdminTestJSON-534751371-project-admin] 10.222.0.45 "DELETE /compute/v2.1/flavors/729480279" status: 202 len: 0 microversion: 2.1 time: 0.022943
Feb 02 18:54:35.054484 n-d-615180-54 devstack@n-api.service[129373]: [pid: 129373|app: 0|req: 59/113] 10.222.0.45 () {58 vars in 1157 bytes} [Wed Feb 2 18:54:35 2022] DELETE /compute/v2.1/flavors/729480279 => generated 0 bytes in 24 msecs (HTTP/1.1 202) 9 headers in 361 bytes (1 switches on core 0)
Feb 02 18:54:35.064098 n-d-615180-54 devstack@n-api.service[129372]: DEBUG nova.api.openstack.wsgi [None req-c7872242-0cd2-4ed7-9b35-2f591df28af7 tempest-FlavorsAdminTestJSON-534751371 tempest-FlavorsAdminTestJSON-534751371-project-admin] Calling method '>' {{(pid=129372) _process_stack /opt/stack/nova/nova/api/openstack/wsgi.py:513}}
Feb 02 18:54:35.086976 n-d-615180-54 devstack@n-api.service[129372]: INFO nova.api.openstack.requestlog [None req-c7872242-0cd2-4ed7-9b35-2f591df28af7 tempest-FlavorsAdminTestJSON-534751371 tempest-FlavorsAdminTestJSON-534751371-project-admin] 10.222.0.45 "GET /compute/v2.1/flavors/detail" status: 200 len: 4991 microversion: 2.1 time: 0.028199
Feb 02 18:54:35.087547 n-d-615180-54 devstack@n-api.service[129372]: [pid: 129372|app: 0|req: 55/114] 10.222.0.45 () {58 vars in 1145 bytes} [Wed Feb 2 18:54:35 2022] GET /compute/v2.1/flavors/detail => generated 4991 bytes in 29 msecs (HTTP/1.1 200) 9 headers in 358 bytes (2 switches on core 0)
Feb 02 18:54:35.105565 n-d-615180-54 devstack@n-api.service[129372]: DEBUG nova.api.openstack.wsgi [None req-2030894e-d329-4b55-aa3d-667e419cf12b tempest-DeleteServersAdminTestJSON-136299341 tempest-DeleteServersAdminTestJSON-136299341-project] Calling method '>' {{(pid=129372) _process_stack /opt/stack/nova/nova/api/openstack/wsgi.py:513}}
Feb 02 18:54:35.106349 n-d-615180-54 devstack@n-api.service[129372]: DEBUG nova.compute.api [None req-2030894e-d329-4b55-aa3d-667e419cf12b tempest-DeleteServersAdminTestJSON-136299341 tempest-DeleteServersAdminTestJSON-136299341-project] [instance: 248026f7-5d34-402b-881a-7f5d6256fab6] Fetching instance by UUID {{(pid=129372) get /opt/stack/nova/nova/compute/api.py:2865}}
Feb 02 18:54:35.110844 n-d-615180-54 devstack@n-api.service[129373]: DEBUG nova.api.openstack.wsgi [None req-29adfd6b-d53c-492a-a47c-5b8f8de019de tempest-FlavorsAdminTestJSON-534751371 tempest-FlavorsAdminTestJSON-534751371-project-admin] Action: 'create', calling method: >, body: {"flavor": {"ram": 512, "vcpus": 1, "disk": 10, "name": "tempest-test_flavor_-560618637", "id": 84021352, "os-flavor-access:is_public": "False"}} {{(pid=129373) _process_stack /opt/stack/nova/nova/api/openstack/wsgi.py:511}}
Feb 02 18:54:35.114482 n-d-615180-54 devstack@n-api.service[129372]: DEBUG oslo_concurrency.lockutils [None req-2030894e-d329-4b55-aa3d-667e419cf12b tempest-DeleteServersAdminTestJSON-136299341 tempest-DeleteServersAdminTestJSON-136299341-project] Lock "58245989-f841-4aeb-a2e2-4fb2b10286cd" acquired by "nova.context.set_target_cell..get_or_set_cached_cell_and_set_connections" :: waited 0.000s {{(pid=129372) inner /usr/local/lib/python3.8/dist-packages/oslo_concurrency/lockutils.py:386}}
Feb 02 18:54:35.115102 n-d-615180-54 devstack@n-api.service[129372]: DEBUG oslo_concurrency.lockutils [None req-2030894e-d329-4b55-aa3d-667e419cf12b tempest-DeleteServersAdminTestJSON-136299341 tempest-DeleteServersAdminTestJSON-136299341-project] Lock "58245989-f841-4aeb-a2e2-4fb2b10286cd" "released" by "nova.context.set_target_cell..get_or_set_cached_cell_and_set_connections" :: held 0.001s {{(pid=129372) inner /usr/local/lib/python3.8/dist-packages/oslo_concurrency/lockutils.py:400}}
Feb 02 18:54:35.116247 n-d-615180-54 devstack@n-api.service[129372]: DEBUG oslo_concurrency.lockutils [None req-2030894e-d329-4b55-aa3d-667e419cf12b tempest-DeleteServersAdminTestJSON-136299341 tempest-DeleteServersAdminTestJSON-136299341-project] Lock "58245989-f841-4aeb-a2e2-4fb2b10286cd" acquired by "nova.context.set_target_cell..get_or_set_cached_cell_and_set_connections" :: waited 0.000s {{(pid=129372) inner /usr/local/lib/python3.8/dist-packages/oslo_concurrency/lockutils.py:386}}
Feb 02 18:54:35.116763 n-d-615180-54 devstack@n-api.service[129373]: /usr/local/lib/python3.8/dist-packages/oslo_policy/policy.py:1119: UserWarning: Policy "os_compute_api:os-flavor-manage:create": "rule:system_admin_api" failed scope check. The token used to make the request was project scoped but the policy requires ['system'] scope. This behavior may change in the future where using the intended scope is required
Feb 02 18:54:35.116763 n-d-615180-54 devstack@n-api.service[129373]: warnings.warn(msg)
Feb 02 18:54:35.116967 n-d-615180-54 devstack@n-api.service[129372]: DEBUG oslo_concurrency.lockutils [None req-2030894e-d329-4b55-aa3d-667e419cf12b tempest-DeleteServersAdminTestJSON-136299341 tempest-DeleteServersAdminTestJSON-136299341-project] Lock "58245989-f841-4aeb-a2e2-4fb2b10286cd" "released" by "nova.context.set_target_cell..get_or_set_cached_cell_and_set_connections" :: held 0.000s {{(pid=129372) inner /usr/local/lib/python3.8/dist-packages/oslo_concurrency/lockutils.py:400}}
Feb 02 18:54:35.138427 n-d-615180-54 devstack@n-api.service[129373]: INFO nova.api.openstack.requestlog [None req-29adfd6b-d53c-492a-a47c-5b8f8de019de tempest-FlavorsAdminTestJSON-534751371 tempest-FlavorsAdminTestJSON-534751371-project-admin] 10.222.0.45 "POST /compute/v2.1/flavors" status: 200 len: 408 microversion: 2.1 time: 0.037097
Feb 02 18:54:35.142693 n-d-615180-54 devstack@n-api.service[129373]: [pid: 129373|app: 0|req: 60/115] 10.222.0.45 () {60 vars in 1146 bytes} [Wed Feb 2 18:54:35 2022] POST /compute/v2.1/flavors => generated 408 bytes in 41 msecs (HTTP/1.1 200) 9 headers in 357 bytes (1 switches on core 0)
Feb 02 18:54:35.152851 n-d-615180-54 devstack@n-api.service[129373]: DEBUG nova.api.openstack.wsgi [None req-73a1dfd8-47a8-49d3-8d77-16f1a38ef0f5 tempest-FlavorsAdminTestJSON-534751371 tempest-FlavorsAdminTestJSON-534751371-project-admin] Calling method '>' {{(pid=129373) _process_stack /opt/stack/nova/nova/api/openstack/wsgi.py:513}}
Feb 02 18:54:35.173304 n-d-615180-54 devstack@n-api.service[129373]: INFO nova.api.openstack.requestlog [None req-73a1dfd8-47a8-49d3-8d77-16f1a38ef0f5 tempest-FlavorsAdminTestJSON-534751371 tempest-FlavorsAdminTestJSON-534751371-project-admin] 10.222.0.45 "GET /compute/v2.1/flavors/detail" status: 200 len: 4991 microversion: 2.1 time: 0.023942
Feb 02 18:54:35.174374 n-d-615180-54 devstack@n-api.service[129373]: [pid: 129373|app: 0|req: 61/116] 10.222.0.45 () {58 vars in 1145 bytes} [Wed Feb 2 18:54:35 2022] GET /compute/v2.1/flavors/detail => generated 4991 bytes in 27 msecs (HTTP/1.1 200) 9 headers in 358 bytes (2 switches on core 0)
Feb 02 18:54:35.190174 n-d-615180-54 devstack@n-api.service[129373]: DEBUG nova.api.openstack.wsgi [None req-37488df4-55ec-4d38-b6cc-015783aa0225 tempest-FlavorsAdminTestJSON-763906050 tempest-FlavorsAdminTestJSON-763906050-project] Calling method '>' {{(pid=129373) _process_stack /opt/stack/nova/nova/api/openstack/wsgi.py:513}}
Feb 02 18:54:35.217048 n-d-615180-54 devstack@n-api.service[129373]: INFO nova.api.openstack.requestlog [None req-37488df4-55ec-4d38-b6cc-015783aa0225 tempest-FlavorsAdminTestJSON-763906050 tempest-FlavorsAdminTestJSON-763906050-project] 10.222.0.45 "GET /compute/v2.1/flavors/detail" status: 200 len: 4991 microversion: 2.1 time: 0.032197
Feb 02 18:54:35.225302 n-d-615180-54 devstack@n-api.service[129373]: [pid: 129373|app: 0|req: 62/117] 10.222.0.45 () {58 vars in 1145 bytes} [Wed Feb 2 18:54:35 2022] GET /compute/v2.1/flavors/detail => generated 4991 bytes in 41 msecs (HTTP/1.1 200) 9 headers in 358 bytes (2 switches on core 0)
Feb 02 18:54:35.233209 n-d-615180-54 devstack@n-api.service[129373]: DEBUG nova.api.openstack.wsgi [None req-f17b18e1-2eaa-46ce-b3e0-790f46222190 tempest-FlavorsAdminTestJSON-534751371 tempest-FlavorsAdminTestJSON-534751371-project-admin] Calling method '>' {{(pid=129373) _process_stack /opt/stack/nova/nova/api/openstack/wsgi.py:513}}
Feb 02 18:54:35.255694 n-d-615180-54 devstack@n-api.service[129373]: INFO nova.api.openstack.requestlog [None req-f17b18e1-2eaa-46ce-b3e0-790f46222190 tempest-FlavorsAdminTestJSON-534751371 tempest-FlavorsAdminTestJSON-534751371-project-admin] 10.222.0.45 "DELETE /compute/v2.1/flavors/84021352" status: 202 len: 0 microversion: 2.1 time: 0.026472
Feb 02 18:54:35.256419 n-d-615180-54 devstack@n-api.service[129373]: [pid: 129373|app: 0|req: 63/118] 10.222.0.45 () {58 vars in 1154 bytes} [Wed Feb 2 18:54:35 2022] DELETE /compute/v2.1/flavors/84021352 => generated 0 bytes in 28 msecs (HTTP/1.1 202) 9 headers in 361 bytes (2 switches on core 0)
Feb 02 18:54:35.267356 n-d-615180-54 devstack@n-api.service[129373]: DEBUG nova.api.openstack.wsgi [None req-43c1808e-0270-4dde-a65e-a6e1bb7fcb26 tempest-FlavorsAdminTestJSON-534751371 tempest-FlavorsAdminTestJSON-534751371-project-admin] Calling method '>' {{(pid=129373) _process_stack /opt/stack/nova/nova/api/openstack/wsgi.py:513}}
Feb 02 18:54:35.289544 n-d-615180-54 devstack@n-api.service[129373]: INFO nova.api.openstack.requestlog [None req-43c1808e-0270-4dde-a65e-a6e1bb7fcb26 tempest-FlavorsAdminTestJSON-534751371 tempest-FlavorsAdminTestJSON-534751371-project-admin] 10.222.0.45 "GET /compute/v2.1/flavors/detail" status: 200 len: 4991 microversion: 2.1 time: 0.027472
Feb 02 18:54:35.301370 n-d-615180-54 devstack@n-api.service[129373]: [pid: 129373|app: 0|req: 64/119] 10.222.0.45 () {58 vars in 1145 bytes} [Wed Feb 2 18:54:35 2022] GET /compute/v2.1/flavors/detail => generated 4991 bytes in 40 msecs (HTTP/1.1 200) 9 headers in 358 bytes (1 switches on core 0)
Feb 02 18:54:35.306421 n-d-615180-54 devstack@n-api.service[129373]: DEBUG nova.api.openstack.wsgi [None req-a55a0eee-c84e-45b3-a1ed-1ca4ff70b272 tempest-FlavorsAdminTestJSON-534751371 tempest-FlavorsAdminTestJSON-534751371-project-admin] Action: 'create', calling method: >, body: {"flavor": {"ram": 512, "vcpus": 1, "disk": 10, "name": "tempest-test_flavor_-262356350", "id": 645767626, "os-flavor-access:is_public": "True"}} {{(pid=129373) _process_stack /opt/stack/nova/nova/api/openstack/wsgi.py:511}}
Feb 02 18:54:35.331833 n-d-615180-54 devstack@n-api.service[129373]: INFO nova.api.openstack.requestlog [None req-a55a0eee-c84e-45b3-a1ed-1ca4ff70b272 tempest-FlavorsAdminTestJSON-534751371 tempest-FlavorsAdminTestJSON-534751371-project-admin] 10.222.0.45 "POST /compute/v2.1/flavors" status: 200 len: 410 microversion: 2.1 time: 0.029131
Feb 02 18:54:35.333343 n-d-615180-54 devstack@n-api.service[129373]: [pid: 129373|app: 0|req: 65/120] 10.222.0.45 () {60 vars in 1146 bytes} [Wed Feb 2 18:54:35 2022] POST /compute/v2.1/flavors => generated 410 bytes in 31 msecs (HTTP/1.1 200) 9 headers in 357 bytes (1 switches on core 0)
Feb 02 18:54:35.343469 n-d-615180-54 devstack@n-api.service[129373]: DEBUG nova.api.openstack.wsgi [None req-72b63614-03f6-469a-a3e5-61fc9133d864 tempest-FlavorsAdminTestJSON-763906050 tempest-FlavorsAdminTestJSON-763906050-project] Calling method '>' {{(pid=129373) _process_stack /opt/stack/nova/nova/api/openstack/wsgi.py:513}}
Feb 02 18:54:35.361751 n-d-615180-54 devstack@n-api.service[129372]: DEBUG nova.policy [None req-2030894e-d329-4b55-aa3d-667e419cf12b tempest-DeleteServersAdminTestJSON-136299341 tempest-DeleteServersAdminTestJSON-136299341-project] Policy check for os_compute_api:os-extended-server-attributes failed with credentials {'is_admin': False, 'user_id': '1b14c40b83884e79b74821c67e287358', 'user_domain_id': 'default', 'system_scope': None, 'domain_id': None, 'project_id': '466d04ff62234990bec667b69cbbf0ef', 'project_domain_id': 'default', 'roles': ['member', 'reader'], 'is_admin_project': True, 'service_user_id': None, 'service_user_domain_id': None, 'service_project_id': None, 'service_project_domain_id': None, 'service_roles': []} {{(pid=129372) authorize /opt/stack/nova/nova/policy.py:199}}
Feb 02 18:54:35.367174 n-d-615180-54 devstack@n-api.service[129373]: INFO nova.api.openstack.requestlog [None req-72b63614-03f6-469a-a3e5-61fc9133d864 tempest-FlavorsAdminTestJSON-763906050 tempest-FlavorsAdminTestJSON-763906050-project] 10.222.0.45 "GET /compute/v2.1/flavors/detail" status: 200 len: 5391 microversion: 2.1 time: 0.027331
Feb 02 18:54:35.367935 n-d-615180-54 devstack@n-api.service[129373]: [pid: 129373|app: 0|req: 66/121] 10.222.0.45 () {58 vars in 1145 bytes} [Wed Feb 2 18:54:35 2022] GET /compute/v2.1/flavors/detail => generated 5391 bytes in 29 msecs (HTTP/1.1 200) 9 headers in 358 bytes (1 switches on core 0)
Feb 02 18:54:35.377933 n-d-615180-54 devstack@n-api.service[129372]: INFO nova.api.openstack.requestlog [None req-2030894e-d329-4b55-aa3d-667e419cf12b tempest-DeleteServersAdminTestJSON-136299341 tempest-DeleteServersAdminTestJSON-136299341-project] 10.222.0.45 "GET /compute/v2.1/servers/248026f7-5d34-402b-881a-7f5d6256fab6" status: 200 len: 1341 microversion: 2.1 time: 0.269943
Feb 02 18:54:35.377933 n-d-615180-54 devstack@n-api.service[129372]: [pid: 129372|app: 0|req: 56/122] 10.222.0.45 () {58 vars in 1235 bytes} [Wed Feb 2 18:54:35 2022] GET /compute/v2.1/servers/248026f7-5d34-402b-881a-7f5d6256fab6 => generated 1341 bytes in 274 msecs (HTTP/1.1 200) 9 headers in 358 bytes (1 switches on core 0)
Feb 02 18:54:35.384356 n-d-615180-54 devstack@n-api.service[129372]: DEBUG nova.api.openstack.wsgi [None req-30fa4b2a-8b71-44b6-afd2-086493f59fbe tempest-FlavorsAdminTestJSON-534751371 tempest-FlavorsAdminTestJSON-534751371-project-admin] Calling method '>' {{(pid=129372) _process_stack /opt/stack/nova/nova/api/openstack/wsgi.py:513}}
Feb 02 18:54:35.385750 n-d-615180-54 devstack@n-api.service[129372]: /usr/local/lib/python3.8/dist-packages/oslo_policy/policy.py:1119: UserWarning: Policy "os_compute_api:os-flavor-manage:delete": "rule:system_admin_api" failed scope check. The token used to make the request was project scoped but the policy requires ['system'] scope. This behavior may change in the future where using the intended scope is required
Feb 02 18:54:35.385750 n-d-615180-54 devstack@n-api.service[129372]: warnings.warn(msg)
Feb 02 18:54:35.405693 n-d-615180-54 devstack@n-api.service[129373]: DEBUG nova.api.openstack.wsgi [None req-f5a349f6-afd5-4b30-94c3-7ee8c5500f6a tempest-AggregatesAdminTestJSON-1654765295 tempest-AggregatesAdminTestJSON-1654765295-project] Calling method '>' {{(pid=129373) _process_stack /opt/stack/nova/nova/api/openstack/wsgi.py:513}}
Feb 02 18:54:35.407244 n-d-615180-54 devstack@n-api.service[129373]: DEBUG nova.compute.api [None req-f5a349f6-afd5-4b30-94c3-7ee8c5500f6a tempest-AggregatesAdminTestJSON-1654765295 tempest-AggregatesAdminTestJSON-1654765295-project] [instance: 28d7aede-0c8e-440f-a519-de75183c87d6] Fetching instance by UUID {{(pid=129373) get /opt/stack/nova/nova/compute/api.py:2865}}
Feb 02 18:54:35.416119 n-d-615180-54 devstack@n-api.service[129372]: INFO nova.api.openstack.requestlog [None req-30fa4b2a-8b71-44b6-afd2-086493f59fbe tempest-FlavorsAdminTestJSON-534751371 tempest-FlavorsAdminTestJSON-534751371-project-admin] 10.222.0.45 "DELETE /compute/v2.1/flavors/645767626" status: 202 len: 0 microversion: 2.1 time: 0.035843
Feb 02 18:54:35.416869 n-d-615180-54 devstack@n-api.service[129373]: DEBUG oslo_concurrency.lockutils [None req-f5a349f6-afd5-4b30-94c3-7ee8c5500f6a tempest-AggregatesAdminTestJSON-1654765295 tempest-AggregatesAdminTestJSON-1654765295-project] Lock "58245989-f841-4aeb-a2e2-4fb2b10286cd" acquired by "nova.context.set_target_cell..get_or_set_cached_cell_and_set_connections" :: waited 0.000s {{(pid=129373) inner /usr/local/lib/python3.8/dist-packages/oslo_concurrency/lockutils.py:386}}
Feb 02 18:54:35.421456 n-d-615180-54 devstack@n-api.service[129373]: DEBUG oslo_concurrency.lockutils [None req-f5a349f6-afd5-4b30-94c3-7ee8c5500f6a tempest-AggregatesAdminTestJSON-1654765295 tempest-AggregatesAdminTestJSON-1654765295-project] Lock "58245989-f841-4aeb-a2e2-4fb2b10286cd" "released" by "nova.context.set_target_cell..get_or_set_cached_cell_and_set_connections" :: held 0.007s {{(pid=129373) inner /usr/local/lib/python3.8/dist-packages/oslo_concurrency/lockutils.py:400}}
Feb 02 18:54:35.421631 n-d-615180-54 devstack@n-api.service[129372]: [pid: 129372|app: 0|req: 57/123] 10.222.0.45 () {58 vars in 1157 bytes} [Wed Feb 2 18:54:35 2022] DELETE /compute/v2.1/flavors/645767626 => generated 0 bytes in 38 msecs (HTTP/1.1 202) 9 headers in 361 bytes (1 switches on core 0)
Feb 02 18:54:35.424210 n-d-615180-54 devstack@n-api.service[129373]: DEBUG oslo_concurrency.lockutils [None req-f5a349f6-afd5-4b30-94c3-7ee8c5500f6a tempest-AggregatesAdminTestJSON-1654765295 tempest-AggregatesAdminTestJSON-1654765295-project] Lock "58245989-f841-4aeb-a2e2-4fb2b10286cd" acquired by "nova.context.set_target_cell..get_or_set_cached_cell_and_set_connections" :: waited 0.000s {{(pid=129373) inner /usr/local/lib/python3.8/dist-packages/oslo_concurrency/lockutils.py:386}}
Feb 02 18:54:35.427687 n-d-615180-54 devstack@n-api.service[129372]: DEBUG nova.api.openstack.wsgi [None req-1c26b55c-4e63-48d6-af4b-ba52f1d1af71 tempest-FlavorsAdminTestJSON-534751371 tempest-FlavorsAdminTestJSON-534751371-project-admin] Calling method '>' {{(pid=129372) _process_stack /opt/stack/nova/nova/api/openstack/wsgi.py:513}}
Feb 02 18:54:35.429810 n-d-615180-54 devstack@n-api.service[129373]: DEBUG oslo_concurrency.lockutils [None req-f5a349f6-afd5-4b30-94c3-7ee8c5500f6a tempest-AggregatesAdminTestJSON-1654765295 tempest-AggregatesAdminTestJSON-1654765295-project] Lock "58245989-f841-4aeb-a2e2-4fb2b10286cd" "released" by "nova.context.set_target_cell..get_or_set_cached_cell_and_set_connections" :: held 0.006s {{(pid=129373) inner /usr/local/lib/python3.8/dist-packages/oslo_concurrency/lockutils.py:400}}
Feb 02 18:54:35.463379 n-d-615180-54 devstack@n-api.service[129372]: INFO nova.api.openstack.requestlog [None req-1c26b55c-4e63-48d6-af4b-ba52f1d1af71 tempest-FlavorsAdminTestJSON-534751371 tempest-FlavorsAdminTestJSON-534751371-project-admin] 10.222.0.45 "GET /compute/v2.1/flavors/detail" status: 200 len: 4991 microversion: 2.1 time: 0.040433
Feb 02 18:54:35.485769 n-d-615180-54 devstack@n-api.service[129372]: [pid: 129372|app: 0|req: 58/124] 10.222.0.45 () {58 vars in 1145 bytes} [Wed Feb 2 18:54:35 2022] GET /compute/v2.1/flavors/detail => generated 4991 bytes in 63 msecs (HTTP/1.1 200) 9 headers in 358 bytes (1 switches on core 0)
Feb 02 18:54:35.609097 n-d-615180-54 devstack@n-api.service[129373]: DEBUG nova.policy [None req-f5a349f6-afd5-4b30-94c3-7ee8c5500f6a tempest-AggregatesAdminTestJSON-1654765295 tempest-AggregatesAdminTestJSON-1654765295-project] Policy check for os_compute_api:os-extended-server-attributes failed with credentials {'is_admin': False, 'user_id': 'd99d8432a7a24c4e85b627ea65fd534a', 'user_domain_id': 'default', 'system_scope': None, 'domain_id': None, 'project_id': '6c5f4cdab6f242c5aa8ae1f929482ce2', 'project_domain_id': 'default', 'roles': ['member', 'reader'], 'is_admin_project': True, 'service_user_id': None, 'service_user_domain_id': None, 'service_project_id': None, 'service_project_domain_id': None, 'service_roles': []} {{(pid=129373) authorize /opt/stack/nova/nova/policy.py:199}}
Feb 02 18:54:35.618912 n-d-615180-54 devstack@n-api.service[129373]: INFO nova.api.openstack.requestlog [None req-f5a349f6-afd5-4b30-94c3-7ee8c5500f6a tempest-AggregatesAdminTestJSON-1654765295 tempest-AggregatesAdminTestJSON-1654765295-project] 10.222.0.45 "GET /compute/v2.1/servers/28d7aede-0c8e-440f-a519-de75183c87d6" status: 200 len: 1337 microversion: 2.1 time: 0.218371
Feb 02 18:54:35.619922 n-d-615180-54 devstack@n-api.service[129373]: [pid: 129373|app: 0|req: 67/125] 10.222.0.45 () {58 vars in 1235 bytes} [Wed Feb 2 18:54:35 2022] GET /compute/v2.1/servers/28d7aede-0c8e-440f-a519-de75183c87d6 => generated 1337 bytes in 220 msecs (HTTP/1.1 200) 9 headers in 358 bytes (2 switches on core 0)
Feb 02 18:54:36.387294 n-d-615180-54 devstack@n-api.service[129372]: DEBUG nova.api.openstack.wsgi [None req-af99afea-def9-426b-abd3-cc0992b19791 tempest-DeleteServersAdminTestJSON-136299341 tempest-DeleteServersAdminTestJSON-136299341-project] Calling method '>' {{(pid=129372) _process_stack /opt/stack/nova/nova/api/openstack/wsgi.py:513}}
Feb 02 18:54:36.388445 n-d-615180-54 devstack@n-api.service[129372]: DEBUG nova.compute.api [None req-af99afea-def9-426b-abd3-cc0992b19791 tempest-DeleteServersAdminTestJSON-136299341 tempest-DeleteServersAdminTestJSON-136299341-project] [instance: 248026f7-5d34-402b-881a-7f5d6256fab6] Fetching instance by UUID {{(pid=129372) get /opt/stack/nova/nova/compute/api.py:2865}}
Feb 02 18:54:36.395950 n-d-615180-54 devstack@n-api.service[129372]: DEBUG oslo_concurrency.lockutils [None req-af99afea-def9-426b-abd3-cc0992b19791 tempest-DeleteServersAdminTestJSON-136299341 tempest-DeleteServersAdminTestJSON-136299341-project] Lock "58245989-f841-4aeb-a2e2-4fb2b10286cd" acquired by "nova.context.set_target_cell..get_or_set_cached_cell_and_set_connections" :: waited 0.000s {{(pid=129372) inner /usr/local/lib/python3.8/dist-packages/oslo_concurrency/lockutils.py:386}}
Feb 02 18:54:36.396399 n-d-615180-54 devstack@n-api.service[129372]: DEBUG oslo_concurrency.lockutils [None req-af99afea-def9-426b-abd3-cc0992b19791 tempest-DeleteServersAdminTestJSON-136299341 tempest-DeleteServersAdminTestJSON-136299341-project] Lock "58245989-f841-4aeb-a2e2-4fb2b10286cd" "released" by "nova.context.set_target_cell..get_or_set_cached_cell_and_set_connections" :: held 0.001s {{(pid=129372) inner /usr/local/lib/python3.8/dist-packages/oslo_concurrency/lockutils.py:400}}
Feb 02 18:54:36.397419 n-d-615180-54 devstack@n-api.service[129372]: DEBUG oslo_concurrency.lockutils [None req-af99afea-def9-426b-abd3-cc0992b19791 tempest-DeleteServersAdminTestJSON-136299341 tempest-DeleteServersAdminTestJSON-136299341-project] Lock "58245989-f841-4aeb-a2e2-4fb2b10286cd" acquired by "nova.context.set_target_cell..get_or_set_cached_cell_and_set_connections" :: waited 0.000s {{(pid=129372) inner /usr/local/lib/python3.8/dist-packages/oslo_concurrency/lockutils.py:386}}
Feb 02 18:54:36.398091 n-d-615180-54 devstack@n-api.service[129372]: DEBUG oslo_concurrency.lockutils [None req-af99afea-def9-426b-abd3-cc0992b19791 tempest-DeleteServersAdminTestJSON-136299341 tempest-DeleteServersAdminTestJSON-136299341-project] Lock "58245989-f841-4aeb-a2e2-4fb2b10286cd" "released" by "nova.context.set_target_cell..get_or_set_cached_cell_and_set_connections" :: held 0.001s {{(pid=129372) inner /usr/local/lib/python3.8/dist-packages/oslo_concurrency/lockutils.py:400}}
Feb 02 18:54:36.627280 n-d-615180-54 devstack@n-api.service[129372]: DEBUG nova.policy [None req-af99afea-def9-426b-abd3-cc0992b19791 tempest-DeleteServersAdminTestJSON-136299341 tempest-DeleteServersAdminTestJSON-136299341-project] Policy check for os_compute_api:os-extended-server-attributes failed with credentials {'is_admin': False, 'user_id': '1b14c40b83884e79b74821c67e287358', 'user_domain_id': 'default', 'system_scope': None, 'domain_id': None, 'project_id': '466d04ff62234990bec667b69cbbf0ef', 'project_domain_id': 'default', 'roles': ['member', 'reader'], 'is_admin_project': True, 'service_user_id': None, 'service_user_domain_id': None, 'service_project_id': None, 'service_project_domain_id': None, 'service_roles': []} {{(pid=129372) authorize /opt/stack/nova/nova/policy.py:199}}
Feb 02 18:54:36.635667 n-d-615180-54 devstack@n-api.service[129373]: DEBUG nova.api.openstack.wsgi [None req-f9ae1373-1f10-4a07-914c-753d46a6d723 tempest-AggregatesAdminTestJSON-1654765295 tempest-AggregatesAdminTestJSON-1654765295-project] Calling method '>' {{(pid=129373) _process_stack /opt/stack/nova/nova/api/openstack/wsgi.py:513}}
Feb 02 18:54:36.636405 n-d-615180-54 devstack@n-api.service[129373]: DEBUG nova.compute.api [None req-f9ae1373-1f10-4a07-914c-753d46a6d723 tempest-AggregatesAdminTestJSON-1654765295 tempest-AggregatesAdminTestJSON-1654765295-project] [instance: 28d7aede-0c8e-440f-a519-de75183c87d6] Fetching instance by UUID {{(pid=129373) get /opt/stack/nova/nova/compute/api.py:2865}}
Feb 02 18:54:36.647088 n-d-615180-54 devstack@n-api.service[129373]: DEBUG oslo_concurrency.lockutils [None req-f9ae1373-1f10-4a07-914c-753d46a6d723 tempest-AggregatesAdminTestJSON-1654765295 tempest-AggregatesAdminTestJSON-1654765295-project] Lock "58245989-f841-4aeb-a2e2-4fb2b10286cd" acquired by "nova.context.set_target_cell..get_or_set_cached_cell_and_set_connections" :: waited 0.000s {{(pid=129373) inner /usr/local/lib/python3.8/dist-packages/oslo_concurrency/lockutils.py:386}}
Feb 02 18:54:36.647547 n-d-615180-54 devstack@n-api.service[129373]: DEBUG oslo_concurrency.lockutils [None req-f9ae1373-1f10-4a07-914c-753d46a6d723 tempest-AggregatesAdminTestJSON-1654765295 tempest-AggregatesAdminTestJSON-1654765295-project] Lock "58245989-f841-4aeb-a2e2-4fb2b10286cd" "released" by "nova.context.set_target_cell..get_or_set_cached_cell_and_set_connections" :: held 0.001s {{(pid=129373) inner /usr/local/lib/python3.8/dist-packages/oslo_concurrency/lockutils.py:400}}
Feb 02 18:54:36.648918 n-d-615180-54 devstack@n-api.service[129372]: INFO nova.api.openstack.requestlog [None req-af99afea-def9-426b-abd3-cc0992b19791 tempest-DeleteServersAdminTestJSON-136299341 tempest-DeleteServersAdminTestJSON-136299341-project] 10.222.0.45 "GET /compute/v2.1/servers/248026f7-5d34-402b-881a-7f5d6256fab6" status: 200 len: 1341 microversion: 2.1 time: 0.264954
Feb 02 18:54:36.662364 n-d-615180-54 devstack@n-api.service[129372]: [pid: 129372|app: 0|req: 59/126] 10.222.0.45 () {58 vars in 1235 bytes} [Wed Feb 2 18:54:36 2022] GET /compute/v2.1/servers/248026f7-5d34-402b-881a-7f5d6256fab6 => generated 1341 bytes in 278 msecs (HTTP/1.1 200) 9 headers in 358 bytes (1 switches on core 0)
Feb 02 18:54:36.662873 n-d-615180-54 devstack@n-api.service[129373]: DEBUG oslo_concurrency.lockutils [None req-f9ae1373-1f10-4a07-914c-753d46a6d723 tempest-AggregatesAdminTestJSON-1654765295 tempest-AggregatesAdminTestJSON-1654765295-project] Lock "58245989-f841-4aeb-a2e2-4fb2b10286cd" acquired by "nova.context.set_target_cell..get_or_set_cached_cell_and_set_connections" :: waited 0.000s {{(pid=129373) inner /usr/local/lib/python3.8/dist-packages/oslo_concurrency/lockutils.py:386}}
Feb 02 18:54:36.663599 n-d-615180-54 devstack@n-api.service[129373]: DEBUG oslo_concurrency.lockutils [None req-f9ae1373-1f10-4a07-914c-753d46a6d723 tempest-AggregatesAdminTestJSON-1654765295 tempest-AggregatesAdminTestJSON-1654765295-project] Lock "58245989-f841-4aeb-a2e2-4fb2b10286cd" "released" by "nova.context.set_target_cell..get_or_set_cached_cell_and_set_connections" :: held 0.001s {{(pid=129373) inner /usr/local/lib/python3.8/dist-packages/oslo_concurrency/lockutils.py:400}}
Feb 02 18:54:36.850625 n-d-615180-54 devstack@n-api.service[129373]: DEBUG nova.policy [None req-f9ae1373-1f10-4a07-914c-753d46a6d723 tempest-AggregatesAdminTestJSON-1654765295 tempest-AggregatesAdminTestJSON-1654765295-project] Policy check for os_compute_api:os-extended-server-attributes failed with credentials {'is_admin': False, 'user_id': 'd99d8432a7a24c4e85b627ea65fd534a', 'user_domain_id': 'default', 'system_scope': None, 'domain_id': None, 'project_id': '6c5f4cdab6f242c5aa8ae1f929482ce2', 'project_domain_id': 'default', 'roles': ['member', 'reader'], 'is_admin_project': True, 'service_user_id': None, 'service_user_domain_id': None, 'service_project_id': None, 'service_project_domain_id': None, 'service_roles': []} {{(pid=129373) authorize /opt/stack/nova/nova/policy.py:199}}
Feb 02 18:54:36.861414 n-d-615180-54 devstack@n-api.service[129373]: INFO nova.api.openstack.requestlog [None req-f9ae1373-1f10-4a07-914c-753d46a6d723 tempest-AggregatesAdminTestJSON-1654765295 tempest-AggregatesAdminTestJSON-1654765295-project] 10.222.0.45 "GET /compute/v2.1/servers/28d7aede-0c8e-440f-a519-de75183c87d6" status: 200 len: 1337 microversion: 2.1 time: 0.229228
Feb 02 18:54:36.862143 n-d-615180-54 devstack@n-api.service[129373]: [pid: 129373|app: 0|req: 68/127] 10.222.0.45 () {58 vars in 1235 bytes} [Wed Feb 2 18:54:36 2022] GET /compute/v2.1/servers/28d7aede-0c8e-440f-a519-de75183c87d6 => generated 1337 bytes in 231 msecs (HTTP/1.1 200) 9 headers in 358 bytes (1 switches on core 0)
Feb 02 18:54:37.666102 n-d-615180-54 devstack@n-api.service[129372]: DEBUG nova.api.openstack.wsgi [None req-b7c3a9a0-08fc-48c9-ae74-93bfb205cccb tempest-DeleteServersAdminTestJSON-136299341 tempest-DeleteServersAdminTestJSON-136299341-project] Calling method '>' {{(pid=129372) _process_stack /opt/stack/nova/nova/api/openstack/wsgi.py:513}}
Feb 02 18:54:37.666768 n-d-615180-54 devstack@n-api.service[129372]: DEBUG nova.compute.api [None req-b7c3a9a0-08fc-48c9-ae74-93bfb205cccb tempest-DeleteServersAdminTestJSON-136299341 tempest-DeleteServersAdminTestJSON-136299341-project] [instance: 248026f7-5d34-402b-881a-7f5d6256fab6] Fetching instance by UUID {{(pid=129372) get /opt/stack/nova/nova/compute/api.py:2865}}
Feb 02 18:54:37.675006 n-d-615180-54 devstack@n-api.service[129372]: DEBUG oslo_concurrency.lockutils [None req-b7c3a9a0-08fc-48c9-ae74-93bfb205cccb tempest-DeleteServersAdminTestJSON-136299341 tempest-DeleteServersAdminTestJSON-136299341-project] Lock "58245989-f841-4aeb-a2e2-4fb2b10286cd" acquired by "nova.context.set_target_cell..get_or_set_cached_cell_and_set_connections" :: waited 0.000s {{(pid=129372) inner /usr/local/lib/python3.8/dist-packages/oslo_concurrency/lockutils.py:386}}
Feb 02 18:54:37.675467 n-d-615180-54 devstack@n-api.service[129372]: DEBUG oslo_concurrency.lockutils [None req-b7c3a9a0-08fc-48c9-ae74-93bfb205cccb tempest-DeleteServersAdminTestJSON-136299341 tempest-DeleteServersAdminTestJSON-136299341-project] Lock "58245989-f841-4aeb-a2e2-4fb2b10286cd" "released" by "nova.context.set_target_cell..get_or_set_cached_cell_and_set_connections" :: held 0.001s {{(pid=129372) inner /usr/local/lib/python3.8/dist-packages/oslo_concurrency/lockutils.py:400}}
Feb 02 18:54:37.676275 n-d-615180-54 devstack@n-api.service[129372]: DEBUG oslo_concurrency.lockutils [None req-b7c3a9a0-08fc-48c9-ae74-93bfb205cccb tempest-DeleteServersAdminTestJSON-136299341 tempest-DeleteServersAdminTestJSON-136299341-project] Lock "58245989-f841-4aeb-a2e2-4fb2b10286cd" acquired by "nova.context.set_target_cell..get_or_set_cached_cell_and_set_connections" :: waited 0.000s {{(pid=129372) inner /usr/local/lib/python3.8/dist-packages/oslo_concurrency/lockutils.py:386}}
Feb 02 18:54:37.676717 n-d-615180-54 devstack@n-api.service[129372]: DEBUG oslo_concurrency.lockutils [None req-b7c3a9a0-08fc-48c9-ae74-93bfb205cccb tempest-DeleteServersAdminTestJSON-136299341 tempest-DeleteServersAdminTestJSON-136299341-project] Lock "58245989-f841-4aeb-a2e2-4fb2b10286cd" "released" by "nova.context.set_target_cell..get_or_set_cached_cell_and_set_connections" :: held 0.000s {{(pid=129372) inner /usr/local/lib/python3.8/dist-packages/oslo_concurrency/lockutils.py:400}}
Feb 02 18:54:37.858079 n-d-615180-54 devstack@n-api.service[129372]: DEBUG nova.policy [None req-b7c3a9a0-08fc-48c9-ae74-93bfb205cccb tempest-DeleteServersAdminTestJSON-136299341 tempest-DeleteServersAdminTestJSON-136299341-project] Policy check for os_compute_api:os-extended-server-attributes failed with credentials {'is_admin': False, 'user_id': '1b14c40b83884e79b74821c67e287358', 'user_domain_id': 'default', 'system_scope': None, 'domain_id': None, 'project_id': '466d04ff62234990bec667b69cbbf0ef', 'project_domain_id': 'default', 'roles': ['member', 'reader'], 'is_admin_project': True, 'service_user_id': None, 'service_user_domain_id': None, 'service_project_id': None, 'service_project_domain_id': None, 'service_roles': []} {{(pid=129372) authorize /opt/stack/nova/nova/policy.py:199}}
Feb 02 18:54:37.871642 n-d-615180-54 devstack@n-api.service[129372]: INFO nova.api.openstack.requestlog [None req-b7c3a9a0-08fc-48c9-ae74-93bfb205cccb tempest-DeleteServersAdminTestJSON-136299341 tempest-DeleteServersAdminTestJSON-136299341-project] 10.222.0.45 "GET /compute/v2.1/servers/248026f7-5d34-402b-881a-7f5d6256fab6" status: 200 len: 1341 microversion: 2.1 time: 0.208986
Feb 02 18:54:37.880069 n-d-615180-54 devstack@n-api.service[129373]: DEBUG nova.api.openstack.wsgi [None req-30b3afe4-d7a1-4113-9cbc-7de8b84332d1 tempest-AggregatesAdminTestJSON-1654765295 tempest-AggregatesAdminTestJSON-1654765295-project] Calling method '>' {{(pid=129373) _process_stack /opt/stack/nova/nova/api/openstack/wsgi.py:513}}
Feb 02 18:54:37.880959 n-d-615180-54 devstack@n-api.service[129373]: DEBUG nova.compute.api [None req-30b3afe4-d7a1-4113-9cbc-7de8b84332d1 tempest-AggregatesAdminTestJSON-1654765295 tempest-AggregatesAdminTestJSON-1654765295-project] [instance: 28d7aede-0c8e-440f-a519-de75183c87d6] Fetching instance by UUID {{(pid=129373) get /opt/stack/nova/nova/compute/api.py:2865}}
Feb 02 18:54:37.883133 n-d-615180-54 devstack@n-api.service[129372]: [pid: 129372|app: 0|req: 60/128] 10.222.0.45 () {58 vars in 1235 bytes} [Wed Feb 2 18:54:37 2022] GET /compute/v2.1/servers/248026f7-5d34-402b-881a-7f5d6256fab6 => generated 1341 bytes in 221 msecs (HTTP/1.1 200) 9 headers in 358 bytes (1 switches on core 0)
Feb 02 18:54:37.898410 n-d-615180-54 devstack@n-api.service[129373]: DEBUG oslo_concurrency.lockutils [None req-30b3afe4-d7a1-4113-9cbc-7de8b84332d1 tempest-AggregatesAdminTestJSON-1654765295 tempest-AggregatesAdminTestJSON-1654765295-project] Lock "58245989-f841-4aeb-a2e2-4fb2b10286cd" acquired by "nova.context.set_target_cell..get_or_set_cached_cell_and_set_connections" :: waited 0.000s {{(pid=129373) inner /usr/local/lib/python3.8/dist-packages/oslo_concurrency/lockutils.py:386}}
Feb 02 18:54:37.899136 n-d-615180-54 devstack@n-api.service[129373]: DEBUG oslo_concurrency.lockutils [None req-30b3afe4-d7a1-4113-9cbc-7de8b84332d1 tempest-AggregatesAdminTestJSON-1654765295 tempest-AggregatesAdminTestJSON-1654765295-project] Lock "58245989-f841-4aeb-a2e2-4fb2b10286cd" "released" by "nova.context.set_target_cell..get_or_set_cached_cell_and_set_connections" :: held 0.001s {{(pid=129373) inner /usr/local/lib/python3.8/dist-packages/oslo_concurrency/lockutils.py:400}}
Feb 02 18:54:37.900113 n-d-615180-54 devstack@n-api.service[129373]: DEBUG oslo_concurrency.lockutils [None req-30b3afe4-d7a1-4113-9cbc-7de8b84332d1 tempest-AggregatesAdminTestJSON-1654765295 tempest-AggregatesAdminTestJSON-1654765295-project] Lock "58245989-f841-4aeb-a2e2-4fb2b10286cd" acquired by "nova.context.set_target_cell..get_or_set_cached_cell_and_set_connections" :: waited 0.000s {{(pid=129373) inner /usr/local/lib/python3.8/dist-packages/oslo_concurrency/lockutils.py:386}}
Feb 02 18:54:37.900727 n-d-615180-54 devstack@n-api.service[129373]: DEBUG oslo_concurrency.lockutils [None req-30b3afe4-d7a1-4113-9cbc-7de8b84332d1 tempest-AggregatesAdminTestJSON-1654765295 tempest-AggregatesAdminTestJSON-1654765295-project] Lock "58245989-f841-4aeb-a2e2-4fb2b10286cd" "released" by "nova.context.set_target_cell..get_or_set_cached_cell_and_set_connections" :: held 0.001s {{(pid=129373) inner /usr/local/lib/python3.8/dist-packages/oslo_concurrency/lockutils.py:400}}
Feb 02 18:54:38.111384 n-d-615180-54 devstack@n-api.service[129373]: DEBUG nova.policy [None req-30b3afe4-d7a1-4113-9cbc-7de8b84332d1 tempest-AggregatesAdminTestJSON-1654765295 tempest-AggregatesAdminTestJSON-1654765295-project] Policy check for os_compute_api:os-extended-server-attributes failed with credentials {'is_admin': False, 'user_id': 'd99d8432a7a24c4e85b627ea65fd534a', 'user_domain_id': 'default', 'system_scope': None, 'domain_id': None, 'project_id': '6c5f4cdab6f242c5aa8ae1f929482ce2', 'project_domain_id': 'default', 'roles': ['member', 'reader'], 'is_admin_project': True, 'service_user_id': None, 'service_user_domain_id': None, 'service_project_id': None, 'service_project_domain_id': None, 'service_roles': []} {{(pid=129373) authorize /opt/stack/nova/nova/policy.py:199}}
Feb 02 18:54:38.121171 n-d-615180-54 devstack@n-api.service[129373]: INFO nova.api.openstack.requestlog [None req-30b3afe4-d7a1-4113-9cbc-7de8b84332d1 tempest-AggregatesAdminTestJSON-1654765295 tempest-AggregatesAdminTestJSON-1654765295-project] 10.222.0.45 "GET /compute/v2.1/servers/28d7aede-0c8e-440f-a519-de75183c87d6" status: 200 len: 1337 microversion: 2.1 time: 0.245254
Feb 02 18:54:38.123749 n-d-615180-54 devstack@n-api.service[129373]: [pid: 129373|app: 0|req: 69/129] 10.222.0.45 () {58 vars in 1235 bytes} [Wed Feb 2 18:54:37 2022] GET /compute/v2.1/servers/28d7aede-0c8e-440f-a519-de75183c87d6 => generated 1337 bytes in 249 msecs (HTTP/1.1 200) 9 headers in 358 bytes (1 switches on core 0)
Feb 02 18:54:38.889024 n-d-615180-54 devstack@n-api.service[129372]: DEBUG nova.api.openstack.wsgi [None req-cda04308-7307-4796-a44e-5276246299ee tempest-DeleteServersAdminTestJSON-136299341 tempest-DeleteServersAdminTestJSON-136299341-project] Calling method '>' {{(pid=129372) _process_stack /opt/stack/nova/nova/api/openstack/wsgi.py:513}}
Feb 02 18:54:38.889841 n-d-615180-54 devstack@n-api.service[129372]: DEBUG nova.compute.api [None req-cda04308-7307-4796-a44e-5276246299ee tempest-DeleteServersAdminTestJSON-136299341 tempest-DeleteServersAdminTestJSON-136299341-project] [instance: 248026f7-5d34-402b-881a-7f5d6256fab6] Fetching instance by UUID {{(pid=129372) get /opt/stack/nova/nova/compute/api.py:2865}}
Feb 02 18:54:38.902976 n-d-615180-54 devstack@n-api.service[129372]: DEBUG oslo_concurrency.lockutils [None req-cda04308-7307-4796-a44e-5276246299ee tempest-DeleteServersAdminTestJSON-136299341 tempest-DeleteServersAdminTestJSON-136299341-project] Lock "58245989-f841-4aeb-a2e2-4fb2b10286cd" acquired by "nova.context.set_target_cell..get_or_set_cached_cell_and_set_connections" :: waited 0.000s {{(pid=129372) inner /usr/local/lib/python3.8/dist-packages/oslo_concurrency/lockutils.py:386}}
Feb 02 18:54:38.903432 n-d-615180-54 devstack@n-api.service[129372]: DEBUG oslo_concurrency.lockutils [None req-cda04308-7307-4796-a44e-5276246299ee tempest-DeleteServersAdminTestJSON-136299341 tempest-DeleteServersAdminTestJSON-136299341-project] Lock "58245989-f841-4aeb-a2e2-4fb2b10286cd" "released" by "nova.context.set_target_cell..get_or_set_cached_cell_and_set_connections" :: held 0.001s {{(pid=129372) inner /usr/local/lib/python3.8/dist-packages/oslo_concurrency/lockutils.py:400}}
Feb 02 18:54:38.909156 n-d-615180-54 devstack@n-api.service[129372]: DEBUG oslo_concurrency.lockutils [None req-cda04308-7307-4796-a44e-5276246299ee tempest-DeleteServersAdminTestJSON-136299341 tempest-DeleteServersAdminTestJSON-136299341-project] Lock "58245989-f841-4aeb-a2e2-4fb2b10286cd" acquired by "nova.context.set_target_cell..get_or_set_cached_cell_and_set_connections" :: waited 0.000s {{(pid=129372) inner /usr/local/lib/python3.8/dist-packages/oslo_concurrency/lockutils.py:386}}
Feb 02 18:54:38.909623 n-d-615180-54 devstack@n-api.service[129372]: DEBUG oslo_concurrency.lockutils [None req-cda04308-7307-4796-a44e-5276246299ee tempest-DeleteServersAdminTestJSON-136299341 tempest-DeleteServersAdminTestJSON-136299341-project] Lock "58245989-f841-4aeb-a2e2-4fb2b10286cd" "released" by "nova.context.set_target_cell..get_or_set_cached_cell_and_set_connections" :: held 0.001s {{(pid=129372) inner /usr/local/lib/python3.8/dist-packages/oslo_concurrency/lockutils.py:400}}
Feb 02 18:54:39.144431 n-d-615180-54 devstack@n-api.service[129373]: DEBUG nova.api.openstack.wsgi [None req-8353adac-9fa7-4863-9ee9-b873836e014c tempest-AggregatesAdminTestJSON-1654765295 tempest-AggregatesAdminTestJSON-1654765295-project] Calling method '>' {{(pid=129373) _process_stack /opt/stack/nova/nova/api/openstack/wsgi.py:513}}
Feb 02 18:54:39.145201 n-d-615180-54 devstack@n-api.service[129373]: DEBUG nova.compute.api [None req-8353adac-9fa7-4863-9ee9-b873836e014c tempest-AggregatesAdminTestJSON-1654765295 tempest-AggregatesAdminTestJSON-1654765295-project] [instance: 28d7aede-0c8e-440f-a519-de75183c87d6] Fetching instance by UUID {{(pid=129373) get /opt/stack/nova/nova/compute/api.py:2865}}
Feb 02 18:54:39.153695 n-d-615180-54 devstack@n-api.service[129373]: DEBUG oslo_concurrency.lockutils [None req-8353adac-9fa7-4863-9ee9-b873836e014c tempest-AggregatesAdminTestJSON-1654765295 tempest-AggregatesAdminTestJSON-1654765295-project] Lock "58245989-f841-4aeb-a2e2-4fb2b10286cd" acquired by "nova.context.set_target_cell..get_or_set_cached_cell_and_set_connections" :: waited 0.000s {{(pid=129373) inner /usr/local/lib/python3.8/dist-packages/oslo_concurrency/lockutils.py:386}}
Feb 02 18:54:39.154758 n-d-615180-54 devstack@n-api.service[129373]: DEBUG oslo_concurrency.lockutils [None req-8353adac-9fa7-4863-9ee9-b873836e014c tempest-AggregatesAdminTestJSON-1654765295 tempest-AggregatesAdminTestJSON-1654765295-project] Lock "58245989-f841-4aeb-a2e2-4fb2b10286cd" "released" by "nova.context.set_target_cell..get_or_set_cached_cell_and_set_connections" :: held 0.001s {{(pid=129373) inner /usr/local/lib/python3.8/dist-packages/oslo_concurrency/lockutils.py:400}}
Feb 02 18:54:39.157151 n-d-615180-54 devstack@n-api.service[129373]: DEBUG oslo_concurrency.lockutils [None req-8353adac-9fa7-4863-9ee9-b873836e014c tempest-AggregatesAdminTestJSON-1654765295 tempest-AggregatesAdminTestJSON-1654765295-project] Lock "58245989-f841-4aeb-a2e2-4fb2b10286cd" acquired by "nova.context.set_target_cell..get_or_set_cached_cell_and_set_connections" :: waited 0.000s {{(pid=129373) inner /usr/local/lib/python3.8/dist-packages/oslo_concurrency/lockutils.py:386}}
Feb 02 18:54:39.157647 n-d-615180-54 devstack@n-api.service[129373]: DEBUG oslo_concurrency.lockutils [None req-8353adac-9fa7-4863-9ee9-b873836e014c tempest-AggregatesAdminTestJSON-1654765295 tempest-AggregatesAdminTestJSON-1654765295-project] Lock "58245989-f841-4aeb-a2e2-4fb2b10286cd" "released" by "nova.context.set_target_cell..get_or_set_cached_cell_and_set_connections" :: held 0.001s {{(pid=129373) inner /usr/local/lib/python3.8/dist-packages/oslo_concurrency/lockutils.py:400}}
Feb 02 18:54:39.242171 n-d-615180-54 devstack@n-api.service[129372]: DEBUG nova.policy [None req-cda04308-7307-4796-a44e-5276246299ee tempest-DeleteServersAdminTestJSON-136299341 tempest-DeleteServersAdminTestJSON-136299341-project] Policy check for os_compute_api:os-extended-server-attributes failed with credentials {'is_admin': False, 'user_id': '1b14c40b83884e79b74821c67e287358', 'user_domain_id': 'default', 'system_scope': None, 'domain_id': None, 'project_id': '466d04ff62234990bec667b69cbbf0ef', 'project_domain_id': 'default', 'roles': ['member', 'reader'], 'is_admin_project': True, 'service_user_id': None, 'service_user_domain_id': None, 'service_project_id': None, 'service_project_domain_id': None, 'service_roles': []} {{(pid=129372) authorize /opt/stack/nova/nova/policy.py:199}}
Feb 02 18:54:39.250753 n-d-615180-54 devstack@n-api.service[129372]: INFO nova.api.openstack.requestlog [None req-cda04308-7307-4796-a44e-5276246299ee tempest-DeleteServersAdminTestJSON-136299341 tempest-DeleteServersAdminTestJSON-136299341-project] 10.222.0.45 "GET /compute/v2.1/servers/248026f7-5d34-402b-881a-7f5d6256fab6" status: 200 len: 1341 microversion: 2.1 time: 0.365188
Feb 02 18:54:39.255279 n-d-615180-54 devstack@n-api.service[129372]: [pid: 129372|app: 0|req: 61/130] 10.222.0.45 () {58 vars in 1235 bytes} [Wed Feb 2 18:54:38 2022] GET /compute/v2.1/servers/248026f7-5d34-402b-881a-7f5d6256fab6 => generated 1341 bytes in 370 msecs (HTTP/1.1 200) 9 headers in 358 bytes (1 switches on core 0)
Feb 02 18:54:39.508430 n-d-615180-54 devstack@n-api.service[129373]: DEBUG nova.policy [None req-8353adac-9fa7-4863-9ee9-b873836e014c tempest-AggregatesAdminTestJSON-1654765295 tempest-AggregatesAdminTestJSON-1654765295-project] Policy check for os_compute_api:os-extended-server-attributes failed with credentials {'is_admin': False, 'user_id': 'd99d8432a7a24c4e85b627ea65fd534a', 'user_domain_id': 'default', 'system_scope': None, 'domain_id': None, 'project_id': '6c5f4cdab6f242c5aa8ae1f929482ce2', 'project_domain_id': 'default', 'roles': ['member', 'reader'], 'is_admin_project': True, 'service_user_id': None, 'service_user_domain_id': None, 'service_project_id': None, 'service_project_domain_id': None, 'service_roles': []} {{(pid=129373) authorize /opt/stack/nova/nova/policy.py:199}}
Feb 02 18:54:39.520576 n-d-615180-54 devstack@n-api.service[129373]: INFO nova.api.openstack.requestlog [None req-8353adac-9fa7-4863-9ee9-b873836e014c tempest-AggregatesAdminTestJSON-1654765295 tempest-AggregatesAdminTestJSON-1654765295-project] 10.222.0.45 "GET /compute/v2.1/servers/28d7aede-0c8e-440f-a519-de75183c87d6" status: 200 len: 1337 microversion: 2.1 time: 0.379731
