Jan 28 03:12:31.025618 n-d-615180-53 devstack@n-api.service[118352]: WARNING keystonemiddleware.auth_token [None req-6e0a72b8-6715-44ca-9b5d-6249b4b9150e None None] AuthToken middleware is set with keystone_authtoken.service_token_roles_required set to False. This is backwards compatible but deprecated behaviour. Please set this to True.
Jan 28 03:12:31.033065 n-d-615180-53 devstack@n-api.service[118352]: WARNING keystonemiddleware.auth_token [None req-6e0a72b8-6715-44ca-9b5d-6249b4b9150e None None] Configuring www_authenticate_uri to point to the public identity endpoint is required; clients may not be able to authenticate against an admin endpoint
Jan 28 03:12:31.052031 n-d-615180-53 devstack@n-api.service[118351]: WARNING keystonemiddleware.auth_token [None req-98ae3a2a-1d4d-4aea-a036-9edd7d245086 None None] AuthToken middleware is set with keystone_authtoken.service_token_roles_required set to False. This is backwards compatible but deprecated behaviour. Please set this to True.
Jan 28 03:12:31.059106 n-d-615180-53 devstack@n-api.service[118351]: WARNING keystonemiddleware.auth_token [None req-98ae3a2a-1d4d-4aea-a036-9edd7d245086 None None] Configuring www_authenticate_uri to point to the public identity endpoint is required; clients may not be able to authenticate against an admin endpoint
Jan 28 03:12:31.379198 n-d-615180-53 devstack@n-api.service[118352]: WARNING keystonemiddleware.auth_token [None req-6e0a72b8-6715-44ca-9b5d-6249b4b9150e None None] AuthToken middleware is set with keystone_authtoken.service_token_roles_required set to False. This is backwards compatible but deprecated behaviour. Please set this to True.
Jan 28 03:12:31.384265 n-d-615180-53 devstack@n-api.service[118352]: WARNING keystonemiddleware.auth_token [None req-6e0a72b8-6715-44ca-9b5d-6249b4b9150e None None] Configuring www_authenticate_uri to point to the public identity endpoint is required; clients may not be able to authenticate against an admin endpoint
Jan 28 03:12:31.389733 n-d-615180-53 devstack@n-api.service[118352]: WSGI app 0 (mountpoint='') ready in 6 seconds on interpreter 0x556b34a339c0 pid: 118352 (default app)
Jan 28 03:12:31.402491 n-d-615180-53 devstack@n-api.service[118351]: WARNING keystonemiddleware.auth_token [None req-98ae3a2a-1d4d-4aea-a036-9edd7d245086 None None] AuthToken middleware is set with keystone_authtoken.service_token_roles_required set to False. This is backwards compatible but deprecated behaviour. Please set this to True.
Jan 28 03:12:31.408193 n-d-615180-53 devstack@n-api.service[118351]: WARNING keystonemiddleware.auth_token [None req-98ae3a2a-1d4d-4aea-a036-9edd7d245086 None None] Configuring www_authenticate_uri to point to the public identity endpoint is required; clients may not be able to authenticate against an admin endpoint
Jan 28 03:12:31.413549 n-d-615180-53 devstack@n-api.service[118351]: WSGI app 0 (mountpoint='') ready in 6 seconds on interpreter 0x556b34a339c0 pid: 118351 (default app)
Jan 28 03:13:13.277461 n-d-615180-53 devstack@n-api.service[118352]: DEBUG nova.api.openstack.wsgi [None req-75cd9fa9-f1fc-4a74-aa74-cdc7340b16fd tempest-FlavorsAccessTestJSON-531789771 tempest-FlavorsAccessTestJSON-531789771-project-admin] Action: 'create', calling method: >, body: {"flavor": {"ram": 512, "vcpus": 1, "disk": 10, "name": "tempest-FlavorsAccessTestJSON-flavor-809905390", "id": 2094528607, "os-flavor-access:is_public": "False"}} {{(pid=118352) _process_stack /opt/stack/nova/nova/api/openstack/wsgi.py:511}}
Jan 28 03:13:13.307177 n-d-615180-53 devstack@n-api.service[118352]: /usr/local/lib/python3.8/dist-packages/oslo_policy/policy.py:1119: UserWarning: Policy "os_compute_api:os-flavor-manage:create": "rule:system_admin_api" failed scope check. The token used to make the request was project scoped but the policy requires ['system'] scope. This behavior may change in the future where using the intended scope is required
Jan 28 03:13:13.307177 n-d-615180-53 devstack@n-api.service[118352]: warnings.warn(msg)
Jan 28 03:13:13.420815 n-d-615180-53 devstack@n-api.service[118352]: INFO nova.api.openstack.requestlog [None req-75cd9fa9-f1fc-4a74-aa74-cdc7340b16fd tempest-FlavorsAccessTestJSON-531789771 tempest-FlavorsAccessTestJSON-531789771-project-admin] 10.222.0.32 "POST /compute/v2.1/flavors" status: 200 len: 430 microversion: 2.1 time: 1.805901
Jan 28 03:13:13.421530 n-d-615180-53 devstack@n-api.service[118352]: [pid: 118352|app: 0|req: 1/1] 10.222.0.32 () {60 vars in 1146 bytes} [Fri Jan 28 03:13:11 2022] POST /compute/v2.1/flavors => generated 430 bytes in 1809 msecs (HTTP/1.1 200) 9 headers in 357 bytes (1 switches on core 0)
Jan 28 03:13:13.697957 n-d-615180-53 devstack@n-api.service[118351]: DEBUG nova.api.openstack.wsgi [None req-0185c7d4-8a7c-44b6-9490-001dee60d2e1 tempest-AggregatesAdminTestJSON-1828483585 tempest-AggregatesAdminTestJSON-1828483585-project-admin] Calling method '.version_select at 0x7f5ad92e4d30>' {{(pid=118351) _process_stack /opt/stack/nova/nova/api/openstack/wsgi.py:513}}
Jan 28 03:13:13.700717 n-d-615180-53 devstack@n-api.service[118351]: /usr/local/lib/python3.8/dist-packages/oslo_policy/policy.py:1119: UserWarning: Policy "os_compute_api:os-hypervisors:list-detail": "rule:system_reader_api" failed scope check. The token used to make the request was project scoped but the policy requires ['system'] scope. This behavior may change in the future where using the intended scope is required
Jan 28 03:13:13.700717 n-d-615180-53 devstack@n-api.service[118351]: warnings.warn(msg)
Jan 28 03:13:13.708116 n-d-615180-53 devstack@n-api.service[118351]: DEBUG nova.compute.api [None req-0185c7d4-8a7c-44b6-9490-001dee60d2e1 tempest-AggregatesAdminTestJSON-1828483585 tempest-AggregatesAdminTestJSON-1828483585-project-admin] Found 2 cells: 00000000-0000-0000-0000-000000000000(cell0),a93a1a7f-90be-4b3e-bf6d-0ef38739f597(cell1) {{(pid=118351) load_cells /opt/stack/nova/nova/compute/api.py:302}}
Jan 28 03:13:13.715120 n-d-615180-53 devstack@n-api.service[118351]: DEBUG oslo_concurrency.lockutils [None req-0185c7d4-8a7c-44b6-9490-001dee60d2e1 tempest-AggregatesAdminTestJSON-1828483585 tempest-AggregatesAdminTestJSON-1828483585-project-admin] Lock "a93a1a7f-90be-4b3e-bf6d-0ef38739f597" acquired by "nova.context.set_target_cell..get_or_set_cached_cell_and_set_connections" :: waited 0.000s {{(pid=118351) inner /usr/local/lib/python3.8/dist-packages/oslo_concurrency/lockutils.py:386}}
Jan 28 03:13:13.715831 n-d-615180-53 devstack@n-api.service[118351]: DEBUG oslo_concurrency.lockutils [None req-0185c7d4-8a7c-44b6-9490-001dee60d2e1 tempest-AggregatesAdminTestJSON-1828483585 tempest-AggregatesAdminTestJSON-1828483585-project-admin] Lock "a93a1a7f-90be-4b3e-bf6d-0ef38739f597" "released" by "nova.context.set_target_cell..get_or_set_cached_cell_and_set_connections" :: held 0.001s {{(pid=118351) inner /usr/local/lib/python3.8/dist-packages/oslo_concurrency/lockutils.py:400}}
Jan 28 03:13:13.766545 n-d-615180-53 devstack@n-api.service[118351]: DEBUG oslo_concurrency.lockutils [None req-0185c7d4-8a7c-44b6-9490-001dee60d2e1 tempest-AggregatesAdminTestJSON-1828483585 tempest-AggregatesAdminTestJSON-1828483585-project-admin] Lock "a93a1a7f-90be-4b3e-bf6d-0ef38739f597" acquired by "nova.context.set_target_cell..get_or_set_cached_cell_and_set_connections" :: waited 0.000s {{(pid=118351) inner /usr/local/lib/python3.8/dist-packages/oslo_concurrency/lockutils.py:386}}
Jan 28 03:13:13.767268 n-d-615180-53 devstack@n-api.service[118351]: DEBUG oslo_concurrency.lockutils [None req-0185c7d4-8a7c-44b6-9490-001dee60d2e1 tempest-AggregatesAdminTestJSON-1828483585 tempest-AggregatesAdminTestJSON-1828483585-project-admin] Lock "a93a1a7f-90be-4b3e-bf6d-0ef38739f597" "released" by "nova.context.set_target_cell..get_or_set_cached_cell_and_set_connections" :: held 0.001s {{(pid=118351) inner /usr/local/lib/python3.8/dist-packages/oslo_concurrency/lockutils.py:400}}
Jan 28 03:13:13.783961 n-d-615180-53 devstack@n-api.service[118351]: DEBUG oslo_concurrency.lockutils [None req-0185c7d4-8a7c-44b6-9490-001dee60d2e1 tempest-AggregatesAdminTestJSON-1828483585 tempest-AggregatesAdminTestJSON-1828483585-project-admin] Lock "a93a1a7f-90be-4b3e-bf6d-0ef38739f597" acquired by "nova.context.set_target_cell..get_or_set_cached_cell_and_set_connections" :: waited 0.000s {{(pid=118351) inner /usr/local/lib/python3.8/dist-packages/oslo_concurrency/lockutils.py:386}}
Jan 28 03:13:13.784671 n-d-615180-53 devstack@n-api.service[118351]: DEBUG oslo_concurrency.lockutils [None req-0185c7d4-8a7c-44b6-9490-001dee60d2e1 tempest-AggregatesAdminTestJSON-1828483585 tempest-AggregatesAdminTestJSON-1828483585-project-admin] Lock "a93a1a7f-90be-4b3e-bf6d-0ef38739f597" "released" by "nova.context.set_target_cell..get_or_set_cached_cell_and_set_connections" :: held 0.001s {{(pid=118351) inner /usr/local/lib/python3.8/dist-packages/oslo_concurrency/lockutils.py:400}}
Jan 28 03:13:13.793128 n-d-615180-53 devstack@n-api.service[118351]: INFO nova.api.openstack.requestlog [None req-0185c7d4-8a7c-44b6-9490-001dee60d2e1 tempest-AggregatesAdminTestJSON-1828483585 tempest-AggregatesAdminTestJSON-1828483585-project-admin] 10.222.0.32 "GET /compute/v2.1/os-hypervisors/detail" status: 200 len: 1507 microversion: 2.1 time: 1.590025
Jan 28 03:13:13.794852 n-d-615180-53 devstack@n-api.service[118351]: [pid: 118351|app: 0|req: 1/2] 10.222.0.32 () {58 vars in 1166 bytes} [Fri Jan 28 03:13:12 2022] GET /compute/v2.1/os-hypervisors/detail => generated 1507 bytes in 1594 msecs (HTTP/1.1 200) 9 headers in 358 bytes (2 switches on core 0)
Jan 28 03:13:13.954068 n-d-615180-53 devstack@n-api.service[118351]: DEBUG nova.api.openstack.wsgi [None req-e649c355-f024-4d35-8ee4-2546fb42e1d5 tempest-AggregatesAdminNegativeTestJSON-123871590 tempest-AggregatesAdminNegativeTestJSON-123871590-project-admin] Calling method '>' {{(pid=118351) _process_stack /opt/stack/nova/nova/api/openstack/wsgi.py:513}}
Jan 28 03:13:13.956450 n-d-615180-53 devstack@n-api.service[118351]: /usr/local/lib/python3.8/dist-packages/oslo_policy/policy.py:1119: UserWarning: Policy "os_compute_api:os-services:list": "rule:system_reader_api" failed scope check. The token used to make the request was project scoped but the policy requires ['system'] scope. This behavior may change in the future where using the intended scope is required
Jan 28 03:13:13.956450 n-d-615180-53 devstack@n-api.service[118351]: warnings.warn(msg)
Jan 28 03:13:13.958506 n-d-615180-53 devstack@n-api.service[118351]: DEBUG oslo_concurrency.lockutils [None req-e649c355-f024-4d35-8ee4-2546fb42e1d5 tempest-AggregatesAdminNegativeTestJSON-123871590 tempest-AggregatesAdminNegativeTestJSON-123871590-project-admin] Lock "00000000-0000-0000-0000-000000000000" acquired by "nova.context.set_target_cell..get_or_set_cached_cell_and_set_connections" :: waited 0.000s {{(pid=118351) inner /usr/local/lib/python3.8/dist-packages/oslo_concurrency/lockutils.py:386}}
Jan 28 03:13:13.958962 n-d-615180-53 devstack@n-api.service[118351]: DEBUG oslo_concurrency.lockutils [None req-e649c355-f024-4d35-8ee4-2546fb42e1d5 tempest-AggregatesAdminNegativeTestJSON-123871590 tempest-AggregatesAdminNegativeTestJSON-123871590-project-admin] Lock "00000000-0000-0000-0000-000000000000" "released" by "nova.context.set_target_cell..get_or_set_cached_cell_and_set_connections" :: held 0.001s {{(pid=118351) inner /usr/local/lib/python3.8/dist-packages/oslo_concurrency/lockutils.py:400}}
Jan 28 03:13:13.959766 n-d-615180-53 devstack@n-api.service[118351]: DEBUG oslo_concurrency.lockutils [None req-e649c355-f024-4d35-8ee4-2546fb42e1d5 tempest-AggregatesAdminNegativeTestJSON-123871590 tempest-AggregatesAdminNegativeTestJSON-123871590-project-admin] Lock "a93a1a7f-90be-4b3e-bf6d-0ef38739f597" acquired by "nova.context.set_target_cell..get_or_set_cached_cell_and_set_connections" :: waited 0.000s {{(pid=118351) inner /usr/local/lib/python3.8/dist-packages/oslo_concurrency/lockutils.py:386}}
Jan 28 03:13:13.960203 n-d-615180-53 devstack@n-api.service[118351]: DEBUG oslo_concurrency.lockutils [None req-e649c355-f024-4d35-8ee4-2546fb42e1d5 tempest-AggregatesAdminNegativeTestJSON-123871590 tempest-AggregatesAdminNegativeTestJSON-123871590-project-admin] Lock "a93a1a7f-90be-4b3e-bf6d-0ef38739f597" "released" by "nova.context.set_target_cell..get_or_set_cached_cell_and_set_connections" :: held 0.000s {{(pid=118351) inner /usr/local/lib/python3.8/dist-packages/oslo_concurrency/lockutils.py:400}}
Jan 28 03:13:13.980742 n-d-615180-53 devstack@n-api.service[118352]: DEBUG nova.api.openstack.wsgi [None req-f46a3b20-dd02-4628-91ad-49bf72a39ca8 tempest-FlavorsAdminTestJSON-1349688737 tempest-FlavorsAdminTestJSON-1349688737-project-admin] Action: 'create', calling method: >, body: {"flavor": {"ram": "1024", "vcpus": 1, "disk": 10, "name": "tempest-FlavorsAdminTestJSON-flavor-1888407621", "id": 1679468155, "os-flavor-access:is_public": "True"}} {{(pid=118352) _process_stack /opt/stack/nova/nova/api/openstack/wsgi.py:511}}
Jan 28 03:13:14.010447 n-d-615180-53 devstack@n-api.service[118351]: INFO nova.api.openstack.requestlog [None req-e649c355-f024-4d35-8ee4-2546fb42e1d5 tempest-AggregatesAdminNegativeTestJSON-123871590 tempest-AggregatesAdminNegativeTestJSON-123871590-project-admin] 10.222.0.32 "GET /compute/v2.1/os-services?binary=nova-compute" status: 200 len: 382 microversion: 2.1 time: 0.214361
Jan 28 03:13:14.011036 n-d-615180-53 devstack@n-api.service[118351]: [pid: 118351|app: 0|req: 2/3] 10.222.0.32 () {58 vars in 1175 bytes} [Fri Jan 28 03:13:13 2022] GET /compute/v2.1/os-services?binary=nova-compute => generated 382 bytes in 216 msecs (HTTP/1.1 200) 9 headers in 357 bytes (1 switches on core 0)
Jan 28 03:13:14.015773 n-d-615180-53 devstack@n-api.service[118351]: DEBUG nova.api.openstack.wsgi [None req-bda4f15a-0c43-4252-96b7-2668f563a918 tempest-FlavorsAccessTestJSON-531789771 tempest-FlavorsAccessTestJSON-531789771-project-admin] Action: 'action', calling method: >, body: {"addTenantAccess": {"tenant": "1b478c909bc141cf97d1a5d780900a9e"}} {{(pid=118351) _process_stack /opt/stack/nova/nova/api/openstack/wsgi.py:511}}
Jan 28 03:13:14.017228 n-d-615180-53 devstack@n-api.service[118351]: /usr/local/lib/python3.8/dist-packages/oslo_policy/policy.py:1119: UserWarning: Policy "os_compute_api:os-flavor-access:add_tenant_access": "rule:system_admin_api" failed scope check. The token used to make the request was project scoped but the policy requires ['system'] scope. This behavior may change in the future where using the intended scope is required
Jan 28 03:13:14.017228 n-d-615180-53 devstack@n-api.service[118351]: warnings.warn(msg)
Jan 28 03:13:14.083870 n-d-615180-53 devstack@n-api.service[118352]: INFO nova.api.openstack.requestlog [None req-f46a3b20-dd02-4628-91ad-49bf72a39ca8 tempest-FlavorsAdminTestJSON-1349688737 tempest-FlavorsAdminTestJSON-1349688737-project-admin] 10.222.0.32 "POST /compute/v2.1/flavors" status: 200 len: 430 microversion: 2.1 time: 0.661185
Jan 28 03:13:14.084469 n-d-615180-53 devstack@n-api.service[118352]: [pid: 118352|app: 0|req: 2/4] 10.222.0.32 () {60 vars in 1146 bytes} [Fri Jan 28 03:13:13 2022] POST /compute/v2.1/flavors => generated 430 bytes in 662 msecs (HTTP/1.1 200) 9 headers in 357 bytes (1 switches on core 0)
Jan 28 03:13:14.152341 n-d-615180-53 devstack@n-api.service[118352]: DEBUG nova.api.openstack.wsgi [None req-78841979-fef2-4ac6-8091-f01d985632af tempest-FlavorMetadataValidation-1941878930 tempest-FlavorMetadataValidation-1941878930-project-admin] Action: 'create', calling method: >, body: {"flavor": {"ram": 512, "vcpus": 1, "disk": 10, "name": "tempest-test_flavor_validate_metadata_-1492527116", "id": 1217479528, "os-flavor-access:is_public": "True"}} {{(pid=118352) _process_stack /opt/stack/nova/nova/api/openstack/wsgi.py:511}}
Jan 28 03:13:14.263422 n-d-615180-53 devstack@n-api.service[118351]: INFO nova.api.openstack.requestlog [None req-bda4f15a-0c43-4252-96b7-2668f563a918 tempest-FlavorsAccessTestJSON-531789771 tempest-FlavorsAccessTestJSON-531789771-project-admin] 10.222.0.32 "POST /compute/v2.1/flavors/2094528607/action" status: 200 len: 97 microversion: 2.1 time: 0.251024
Jan 28 03:13:14.264418 n-d-615180-53 devstack@n-api.service[118351]: [pid: 118351|app: 0|req: 3/5] 10.222.0.32 () {60 vars in 1199 bytes} [Fri Jan 28 03:13:14 2022] POST /compute/v2.1/flavors/2094528607/action => generated 97 bytes in 252 msecs (HTTP/1.1 200) 9 headers in 356 bytes (1 switches on core 0)
Jan 28 03:13:14.291763 n-d-615180-53 devstack@n-api.service[118352]: INFO nova.api.openstack.requestlog [None req-78841979-fef2-4ac6-8091-f01d985632af tempest-FlavorMetadataValidation-1941878930 tempest-FlavorMetadataValidation-1941878930-project-admin] 10.222.0.32 "POST /compute/v2.1/flavors" status: 200 len: 471 microversion: 2.86 time: 0.206021
Jan 28 03:13:14.293131 n-d-615180-53 devstack@n-api.service[118352]: [pid: 118352|app: 0|req: 3/6] 10.222.0.32 () {62 vars in 1187 bytes} [Fri Jan 28 03:13:14 2022] POST /compute/v2.1/flavors => generated 471 bytes in 208 msecs (HTTP/1.1 200) 9 headers in 359 bytes (1 switches on core 0)
Jan 28 03:13:14.353907 n-d-615180-53 devstack@n-api.service[118352]: DEBUG nova.api.openstack.wsgi [None req-cf87b1e4-170e-49c5-aae8-d4d0afb78506 tempest-AggregatesAdminTestV241-416493726 tempest-AggregatesAdminTestV241-416493726-project-admin] Calling method '.version_select at 0x7f5ad914b160>' {{(pid=118352) _process_stack /opt/stack/nova/nova/api/openstack/wsgi.py:513}}
Jan 28 03:13:14.355207 n-d-615180-53 devstack@n-api.service[118352]: /usr/local/lib/python3.8/dist-packages/oslo_policy/policy.py:1119: UserWarning: Policy "os_compute_api:os-hypervisors:list-detail": "rule:system_reader_api" failed scope check. The token used to make the request was project scoped but the policy requires ['system'] scope. This behavior may change in the future where using the intended scope is required
Jan 28 03:13:14.355207 n-d-615180-53 devstack@n-api.service[118352]: warnings.warn(msg)
Jan 28 03:13:14.363088 n-d-615180-53 devstack@n-api.service[118352]: DEBUG nova.compute.api [None req-cf87b1e4-170e-49c5-aae8-d4d0afb78506 tempest-AggregatesAdminTestV241-416493726 tempest-AggregatesAdminTestV241-416493726-project-admin] Found 2 cells: 00000000-0000-0000-0000-000000000000(cell0),a93a1a7f-90be-4b3e-bf6d-0ef38739f597(cell1) {{(pid=118352) load_cells /opt/stack/nova/nova/compute/api.py:302}}
Jan 28 03:13:14.363943 n-d-615180-53 devstack@n-api.service[118352]: DEBUG oslo_concurrency.lockutils [None req-cf87b1e4-170e-49c5-aae8-d4d0afb78506 tempest-AggregatesAdminTestV241-416493726 tempest-AggregatesAdminTestV241-416493726-project-admin] Lock "a93a1a7f-90be-4b3e-bf6d-0ef38739f597" acquired by "nova.context.set_target_cell..get_or_set_cached_cell_and_set_connections" :: waited 0.000s {{(pid=118352) inner /usr/local/lib/python3.8/dist-packages/oslo_concurrency/lockutils.py:386}}
Jan 28 03:13:14.364391 n-d-615180-53 devstack@n-api.service[118352]: DEBUG oslo_concurrency.lockutils [None req-cf87b1e4-170e-49c5-aae8-d4d0afb78506 tempest-AggregatesAdminTestV241-416493726 tempest-AggregatesAdminTestV241-416493726-project-admin] Lock "a93a1a7f-90be-4b3e-bf6d-0ef38739f597" "released" by "nova.context.set_target_cell..get_or_set_cached_cell_and_set_connections" :: held 0.000s {{(pid=118352) inner /usr/local/lib/python3.8/dist-packages/oslo_concurrency/lockutils.py:400}}
Jan 28 03:13:14.394365 n-d-615180-53 devstack@n-api.service[118351]: DEBUG nova.api.openstack.wsgi [None req-c4646d14-43ec-4ada-b7b7-f2104bc40896 tempest-AZAdminNegativeTestJSON-1866135814 tempest-AZAdminNegativeTestJSON-1866135814-project] Calling method '>' {{(pid=118351) _process_stack /opt/stack/nova/nova/api/openstack/wsgi.py:513}}
Jan 28 03:13:14.395411 n-d-615180-53 devstack@n-api.service[118351]: /usr/local/lib/python3.8/dist-packages/oslo_policy/policy.py:1119: UserWarning: Policy "os_compute_api:os-availability-zone:detail": "rule:system_reader_api" failed scope check. The token used to make the request was project scoped but the policy requires ['system'] scope. This behavior may change in the future where using the intended scope is required
Jan 28 03:13:14.395411 n-d-615180-53 devstack@n-api.service[118351]: warnings.warn(msg)
Jan 28 03:13:14.396034 n-d-615180-53 devstack@n-api.service[118352]: DEBUG oslo_concurrency.lockutils [None req-cf87b1e4-170e-49c5-aae8-d4d0afb78506 tempest-AggregatesAdminTestV241-416493726 tempest-AggregatesAdminTestV241-416493726-project-admin] Lock "a93a1a7f-90be-4b3e-bf6d-0ef38739f597" acquired by "nova.context.set_target_cell..get_or_set_cached_cell_and_set_connections" :: waited 0.000s {{(pid=118352) inner /usr/local/lib/python3.8/dist-packages/oslo_concurrency/lockutils.py:386}}
Jan 28 03:13:14.399266 n-d-615180-53 devstack@n-api.service[118352]: DEBUG oslo_concurrency.lockutils [None req-cf87b1e4-170e-49c5-aae8-d4d0afb78506 tempest-AggregatesAdminTestV241-416493726 tempest-AggregatesAdminTestV241-416493726-project-admin] Lock "a93a1a7f-90be-4b3e-bf6d-0ef38739f597" "released" by "nova.context.set_target_cell..get_or_set_cached_cell_and_set_connections" :: held 0.001s {{(pid=118352) inner /usr/local/lib/python3.8/dist-packages/oslo_concurrency/lockutils.py:400}}
Jan 28 03:13:14.399370 n-d-615180-53 devstack@n-api.service[118351]: DEBUG nova.policy [None req-c4646d14-43ec-4ada-b7b7-f2104bc40896 tempest-AZAdminNegativeTestJSON-1866135814 tempest-AZAdminNegativeTestJSON-1866135814-project] Policy check for os_compute_api:os-availability-zone:detail failed with credentials {'is_admin': False, 'user_id': '4835b6ce82d84d8da9305de5536097f0', 'user_domain_id': 'default', 'system_scope': None, 'domain_id': None, 'project_id': '6698f617eb434d9d90982219d5ee74b5', 'project_domain_id': 'default', 'roles': ['member', 'reader'], 'is_admin_project': True, 'service_user_id': None, 'service_user_domain_id': None, 'service_project_id': None, 'service_project_domain_id': None, 'service_roles': []} {{(pid=118351) authorize /opt/stack/nova/nova/policy.py:199}}
Jan 28 03:13:14.399370 n-d-615180-53 devstack@n-api.service[118351]: DEBUG nova.api.openstack.wsgi [None req-c4646d14-43ec-4ada-b7b7-f2104bc40896 tempest-AZAdminNegativeTestJSON-1866135814 tempest-AZAdminNegativeTestJSON-1866135814-project] Returning 403 to user: Policy doesn't allow os_compute_api:os-availability-zone:detail to be performed. {{(pid=118351) __call__ /opt/stack/nova/nova/api/openstack/wsgi.py:936}}
Jan 28 03:13:14.399370 n-d-615180-53 devstack@n-api.service[118351]: INFO nova.api.openstack.requestlog [None req-c4646d14-43ec-4ada-b7b7-f2104bc40896 tempest-AZAdminNegativeTestJSON-1866135814 tempest-AZAdminNegativeTestJSON-1866135814-project] 10.222.0.32 "GET /compute/v2.1/os-availability-zone/detail" status: 403 len: 123 microversion: 2.1 time: 0.132646
Jan 28 03:13:14.399370 n-d-615180-53 devstack@n-api.service[118351]: [pid: 118351|app: 0|req: 4/7] 10.222.0.32 () {58 vars in 1184 bytes} [Fri Jan 28 03:13:14 2022] GET /compute/v2.1/os-availability-zone/detail => generated 123 bytes in 134 msecs (HTTP/1.1 403) 9 headers in 379 bytes (1 switches on core 0)
Jan 28 03:13:14.404990 n-d-615180-53 devstack@n-api.service[118351]: DEBUG nova.api.openstack.wsgi [None req-89a51881-1356-4e54-9175-57448939cd66 tempest-AggregatesAdminTestJSON-1828483585 tempest-AggregatesAdminTestJSON-1828483585-project-admin] Action: 'create', calling method: >, body: {"aggregate": {"availability_zone": "tempest-test_az-37966883", "name": "tempest-test_aggregate-1677368265"}} {{(pid=118351) _process_stack /opt/stack/nova/nova/api/openstack/wsgi.py:511}}
Jan 28 03:13:14.411634 n-d-615180-53 devstack@n-api.service[118352]: DEBUG oslo_concurrency.lockutils [None req-cf87b1e4-170e-49c5-aae8-d4d0afb78506 tempest-AggregatesAdminTestV241-416493726 tempest-AggregatesAdminTestV241-416493726-project-admin] Lock "a93a1a7f-90be-4b3e-bf6d-0ef38739f597" acquired by "nova.context.set_target_cell..get_or_set_cached_cell_and_set_connections" :: waited 0.000s {{(pid=118352) inner /usr/local/lib/python3.8/dist-packages/oslo_concurrency/lockutils.py:386}}
Jan 28 03:13:14.412279 n-d-615180-53 devstack@n-api.service[118352]: DEBUG oslo_concurrency.lockutils [None req-cf87b1e4-170e-49c5-aae8-d4d0afb78506 tempest-AggregatesAdminTestV241-416493726 tempest-AggregatesAdminTestV241-416493726-project-admin] Lock "a93a1a7f-90be-4b3e-bf6d-0ef38739f597" "released" by "nova.context.set_target_cell..get_or_set_cached_cell_and_set_connections" :: held 0.001s {{(pid=118352) inner /usr/local/lib/python3.8/dist-packages/oslo_concurrency/lockutils.py:400}}
Jan 28 03:13:14.419315 n-d-615180-53 devstack@n-api.service[118352]: INFO nova.api.openstack.requestlog [None req-cf87b1e4-170e-49c5-aae8-d4d0afb78506 tempest-AggregatesAdminTestV241-416493726 tempest-AggregatesAdminTestV241-416493726-project-admin] 10.222.0.32 "GET /compute/v2.1/os-hypervisors/detail" status: 200 len: 1427 microversion: 2.41 time: 0.123969
Jan 28 03:13:14.420425 n-d-615180-53 devstack@n-api.service[118352]: [pid: 118352|app: 0|req: 4/8] 10.222.0.32 () {60 vars in 1207 bytes} [Fri Jan 28 03:13:14 2022] GET /compute/v2.1/os-hypervisors/detail => generated 1427 bytes in 127 msecs (HTTP/1.1 200) 9 headers in 360 bytes (1 switches on core 0)
Jan 28 03:13:14.424802 n-d-615180-53 devstack@n-api.service[118352]: DEBUG nova.api.openstack.wsgi [None req-93838617-9b03-4086-9ac5-a74a7cd8ffae tempest-FlavorsAdminTestJSON-1349688737 tempest-FlavorsAdminTestJSON-1349688737-project-admin] Calling method '>' {{(pid=118352) _process_stack /opt/stack/nova/nova/api/openstack/wsgi.py:513}}
Jan 28 03:13:14.425593 n-d-615180-53 devstack@n-api.service[118352]: /usr/local/lib/python3.8/dist-packages/oslo_policy/policy.py:1119: UserWarning: Policy "os_compute_api:os-flavor-manage:delete": "rule:system_admin_api" failed scope check. The token used to make the request was project scoped but the policy requires ['system'] scope. This behavior may change in the future where using the intended scope is required
Jan 28 03:13:14.425593 n-d-615180-53 devstack@n-api.service[118352]: warnings.warn(msg)
Jan 28 03:13:14.477394 n-d-615180-53 devstack@n-api.service[118351]: /usr/local/lib/python3.8/dist-packages/oslo_policy/policy.py:1119: UserWarning: Policy "os_compute_api:os-aggregates:create": "rule:system_admin_api" failed scope check. The token used to make the request was project scoped but the policy requires ['system'] scope. This behavior may change in the future where using the intended scope is required
Jan 28 03:13:14.477394 n-d-615180-53 devstack@n-api.service[118351]: warnings.warn(msg)
Jan 28 03:13:14.479255 n-d-615180-53 devstack@n-api.service[118351]: DEBUG nova.objects.aggregate [None req-89a51881-1356-4e54-9175-57448939cd66 tempest-AggregatesAdminTestJSON-1828483585 tempest-AggregatesAdminTestJSON-1828483585-project-admin] Generated uuid 88e46ea6-b289-4db0-a671-e37e37aaf7d9 for aggregate {{(pid=118351) create /opt/stack/nova/nova/objects/aggregate.py:298}}
Jan 28 03:13:14.511086 n-d-615180-53 devstack@n-api.service[118352]: INFO nova.api.openstack.requestlog [None req-93838617-9b03-4086-9ac5-a74a7cd8ffae tempest-FlavorsAdminTestJSON-1349688737 tempest-FlavorsAdminTestJSON-1349688737-project-admin] 10.222.0.32 "DELETE /compute/v2.1/flavors/1679468155" status: 202 len: 0 microversion: 2.1 time: 0.088832
Jan 28 03:13:14.512338 n-d-615180-53 devstack@n-api.service[118352]: [pid: 118352|app: 0|req: 5/9] 10.222.0.32 () {58 vars in 1160 bytes} [Fri Jan 28 03:13:14 2022] DELETE /compute/v2.1/flavors/1679468155 => generated 0 bytes in 91 msecs (HTTP/1.1 202) 9 headers in 361 bytes (1 switches on core 0)
Jan 28 03:13:14.652748 n-d-615180-53 devstack@n-api.service[118352]: DEBUG nova.api.openstack.wsgi [None req-c232f4ca-6a15-4fdb-b791-9e50835000d3 tempest-FlavorsAccessTestJSON-336987898 tempest-FlavorsAccessTestJSON-336987898-project] Calling method '>' {{(pid=118352) _process_stack /opt/stack/nova/nova/api/openstack/wsgi.py:513}}
Jan 28 03:13:14.655708 n-d-615180-53 devstack@n-api.service[118351]: INFO nova.api.openstack.requestlog [None req-89a51881-1356-4e54-9175-57448939cd66 tempest-AggregatesAdminTestJSON-1828483585 tempest-AggregatesAdminTestJSON-1828483585-project-admin] 10.222.0.32 "POST /compute/v2.1/os-aggregates" status: 200 len: 220 microversion: 2.1 time: 0.256095
Jan 28 03:13:14.661748 n-d-615180-53 devstack@n-api.service[118351]: [pid: 118351|app: 0|req: 5/10] 10.222.0.32 () {60 vars in 1164 bytes} [Fri Jan 28 03:13:14 2022] POST /compute/v2.1/os-aggregates => generated 220 bytes in 263 msecs (HTTP/1.1 200) 9 headers in 357 bytes (1 switches on core 0)
Jan 28 03:13:14.667782 n-d-615180-53 devstack@n-api.service[118351]: DEBUG nova.api.openstack.wsgi [None req-bd4b74dd-492a-484a-9762-4c3e3e7d39cc tempest-FlavorMetadataValidation-1941878930 tempest-FlavorMetadataValidation-1941878930-project-admin] Action: 'create', calling method: >, body: {"extra_specs": {"hw:cpu_policy": "shared", "foo:bar": "baz"}} {{(pid=118351) _process_stack /opt/stack/nova/nova/api/openstack/wsgi.py:511}}
Jan 28 03:13:14.669891 n-d-615180-53 devstack@n-api.service[118351]: /usr/local/lib/python3.8/dist-packages/oslo_policy/policy.py:1119: UserWarning: Policy "os_compute_api:os-flavor-extra-specs:create": "rule:system_admin_api" failed scope check. The token used to make the request was project scoped but the policy requires ['system'] scope. This behavior may change in the future where using the intended scope is required
Jan 28 03:13:14.669891 n-d-615180-53 devstack@n-api.service[118351]: warnings.warn(msg)
Jan 28 03:13:14.692632 n-d-615180-53 devstack@n-api.service[118352]: INFO nova.api.openstack.requestlog [None req-c232f4ca-6a15-4fdb-b791-9e50835000d3 tempest-FlavorsAccessTestJSON-336987898 tempest-FlavorsAccessTestJSON-336987898-project] 10.222.0.32 "GET /compute/v2.1/flavors/detail" status: 200 len: 5833 microversion: 2.1 time: 0.178643
Jan 28 03:13:14.705496 n-d-615180-53 devstack@n-api.service[118352]: [pid: 118352|app: 0|req: 6/11] 10.222.0.32 () {58 vars in 1145 bytes} [Fri Jan 28 03:13:14 2022] GET /compute/v2.1/flavors/detail => generated 5833 bytes in 192 msecs (HTTP/1.1 200) 9 headers in 358 bytes (1 switches on core 0)
Jan 28 03:13:14.710676 n-d-615180-53 devstack@n-api.service[118352]: DEBUG nova.api.openstack.wsgi [None req-e6e73a4f-b801-447b-aecc-1e5e6812df82 tempest-FlavorsAdminTestJSON-1349688737 tempest-FlavorsAdminTestJSON-1349688737-project-admin] Calling method '>' {{(pid=118352) _process_stack /opt/stack/nova/nova/api/openstack/wsgi.py:513}}
Jan 28 03:13:14.739087 n-d-615180-53 devstack@n-api.service[118352]: INFO nova.api.openstack.requestlog [None req-e6e73a4f-b801-447b-aecc-1e5e6812df82 tempest-FlavorsAdminTestJSON-1349688737 tempest-FlavorsAdminTestJSON-1349688737-project-admin] 10.222.0.32 "GET /compute/v2.1/flavors/detail" status: 200 len: 5413 microversion: 2.1 time: 0.032226
Jan 28 03:13:14.740504 n-d-615180-53 devstack@n-api.service[118352]: [pid: 118352|app: 0|req: 7/12] 10.222.0.32 () {58 vars in 1145 bytes} [Fri Jan 28 03:13:14 2022] GET /compute/v2.1/flavors/detail => generated 5413 bytes in 34 msecs (HTTP/1.1 200) 9 headers in 358 bytes (1 switches on core 0)
Jan 28 03:13:14.755819 n-d-615180-53 devstack@n-api.service[118352]: DEBUG nova.api.openstack.wsgi [None req-8f166a10-1ef1-4f39-b688-7608bff8330f tempest-AggregatesAdminTestJSON-1828483585 tempest-AggregatesAdminTestJSON-1828483585-project-admin] Calling method '>' {{(pid=118352) _process_stack /opt/stack/nova/nova/api/openstack/wsgi.py:513}}
Jan 28 03:13:14.756805 n-d-615180-53 devstack@n-api.service[118352]: /usr/local/lib/python3.8/dist-packages/oslo_policy/policy.py:1119: UserWarning: Policy "os_compute_api:os-aggregates:index": "rule:system_reader_api" failed scope check. The token used to make the request was project scoped but the policy requires ['system'] scope. This behavior may change in the future where using the intended scope is required
Jan 28 03:13:14.756805 n-d-615180-53 devstack@n-api.service[118352]: warnings.warn(msg)
Jan 28 03:13:14.790980 n-d-615180-53 devstack@n-api.service[118352]: INFO nova.api.openstack.requestlog [None req-8f166a10-1ef1-4f39-b688-7608bff8330f tempest-AggregatesAdminTestJSON-1828483585 tempest-AggregatesAdminTestJSON-1828483585-project-admin] 10.222.0.32 "GET /compute/v2.1/os-aggregates" status: 200 len: 299 microversion: 2.1 time: 0.049236
Jan 28 03:13:14.798111 n-d-615180-53 devstack@n-api.service[118352]: [pid: 118352|app: 0|req: 8/13] 10.222.0.32 () {58 vars in 1142 bytes} [Fri Jan 28 03:13:14 2022] GET /compute/v2.1/os-aggregates => generated 299 bytes in 57 msecs (HTTP/1.1 200) 9 headers in 357 bytes (1 switches on core 0)
Jan 28 03:13:14.805418 n-d-615180-53 devstack@n-api.service[118352]: DEBUG nova.api.openstack.wsgi [None req-2ec7cd24-a947-488e-a90f-4e3c0da8145b tempest-FlavorsAccessTestJSON-531789771 tempest-FlavorsAccessTestJSON-531789771-project-admin] Action: 'action', calling method: >, body: {"removeTenantAccess": {"tenant": "1b478c909bc141cf97d1a5d780900a9e"}} {{(pid=118352) _process_stack /opt/stack/nova/nova/api/openstack/wsgi.py:511}}
Jan 28 03:13:14.806977 n-d-615180-53 devstack@n-api.service[118352]: /usr/local/lib/python3.8/dist-packages/oslo_policy/policy.py:1119: UserWarning: Policy "os_compute_api:os-flavor-access:remove_tenant_access": "rule:system_admin_api" failed scope check. The token used to make the request was project scoped but the policy requires ['system'] scope. This behavior may change in the future where using the intended scope is required
Jan 28 03:13:14.806977 n-d-615180-53 devstack@n-api.service[118352]: warnings.warn(msg)
Jan 28 03:13:14.974669 n-d-615180-53 devstack@n-api.service[118351]: INFO nova.api.openstack.requestlog [None req-bd4b74dd-492a-484a-9762-4c3e3e7d39cc tempest-FlavorMetadataValidation-1941878930 tempest-FlavorMetadataValidation-1941878930-project-admin] 10.222.0.32 "POST /compute/v2.1/flavors/1217479528/os-extra_specs" status: 200 len: 62 microversion: 2.86 time: 0.311765
Jan 28 03:13:14.981323 n-d-615180-53 devstack@n-api.service[118351]: [pid: 118351|app: 0|req: 6/14] 10.222.0.32 () {62 vars in 1264 bytes} [Fri Jan 28 03:13:14 2022] POST /compute/v2.1/flavors/1217479528/os-extra_specs => generated 62 bytes in 319 msecs (HTTP/1.1 200) 9 headers in 358 bytes (1 switches on core 0)
Jan 28 03:13:14.987120 n-d-615180-53 devstack@n-api.service[118351]: DEBUG nova.api.openstack.wsgi [None req-22e38e54-51ef-44c8-a542-e1d5e4eae968 tempest-FlavorsAdminTestJSON-1349688737 tempest-FlavorsAdminTestJSON-1349688737-project-admin] Action: 'create', calling method: >, body: {"flavor": {"ram": 512, "vcpus": 1, "disk": 10, "name": "tempest-test_flavor_-2032834195", "id": 1424999897, "swap": 1024, "rxtx_factor": 2, "OS-FLV-EXT-DATA:ephemeral": 10, "os-flavor-access:is_public": "True"}} {{(pid=118351) _process_stack /opt/stack/nova/nova/api/openstack/wsgi.py:511}}
Jan 28 03:13:14.989105 n-d-615180-53 devstack@n-api.service[118351]: /usr/local/lib/python3.8/dist-packages/oslo_policy/policy.py:1119: UserWarning: Policy "os_compute_api:os-flavor-manage:create": "rule:system_admin_api" failed scope check. The token used to make the request was project scoped but the policy requires ['system'] scope. This behavior may change in the future where using the intended scope is required
Jan 28 03:13:14.989105 n-d-615180-53 devstack@n-api.service[118351]: warnings.warn(msg)
Jan 28 03:13:14.997095 n-d-615180-53 devstack@n-api.service[118352]: INFO nova.api.openstack.requestlog [None req-2ec7cd24-a947-488e-a90f-4e3c0da8145b tempest-FlavorsAccessTestJSON-531789771 tempest-FlavorsAccessTestJSON-531789771-project-admin] 10.222.0.32 "POST /compute/v2.1/flavors/2094528607/action" status: 200 len: 21 microversion: 2.1 time: 0.196883
Jan 28 03:13:15.001114 n-d-615180-53 devstack@n-api.service[118352]: [pid: 118352|app: 0|req: 9/15] 10.222.0.32 () {60 vars in 1199 bytes} [Fri Jan 28 03:13:14 2022] POST /compute/v2.1/flavors/2094528607/action => generated 21 bytes in 199 msecs (HTTP/1.1 200) 9 headers in 356 bytes (1 switches on core 0)
Jan 28 03:13:15.004518 n-d-615180-53 devstack@n-api.service[118352]: DEBUG nova.api.openstack.wsgi [None req-86e47784-7a5b-4379-83a6-a8051aacd897 tempest-AggregatesAdminTestJSON-1828483585 tempest-AggregatesAdminTestJSON-1828483585-project-admin] Action: 'action', calling method: >, body: {"add_host": {"host": "n-h2-615180-53"}} {{(pid=118352) _process_stack /opt/stack/nova/nova/api/openstack/wsgi.py:511}}
Jan 28 03:13:15.006333 n-d-615180-53 devstack@n-api.service[118352]: /usr/local/lib/python3.8/dist-packages/oslo_policy/policy.py:1119: UserWarning: Policy "os_compute_api:os-aggregates:add_host": "rule:system_admin_api" failed scope check. The token used to make the request was project scoped but the policy requires ['system'] scope. This behavior may change in the future where using the intended scope is required
Jan 28 03:13:15.006333 n-d-615180-53 devstack@n-api.service[118352]: warnings.warn(msg)
Jan 28 03:13:15.064069 n-d-615180-53 devstack@n-api.service[118352]: DEBUG oslo_concurrency.lockutils [None req-86e47784-7a5b-4379-83a6-a8051aacd897 tempest-AggregatesAdminTestJSON-1828483585 tempest-AggregatesAdminTestJSON-1828483585-project-admin] Lock "a93a1a7f-90be-4b3e-bf6d-0ef38739f597" acquired by "nova.context.set_target_cell..get_or_set_cached_cell_and_set_connections" :: waited 0.000s {{(pid=118352) inner /usr/local/lib/python3.8/dist-packages/oslo_concurrency/lockutils.py:386}}
Jan 28 03:13:15.064069 n-d-615180-53 devstack@n-api.service[118352]: DEBUG oslo_concurrency.lockutils [None req-86e47784-7a5b-4379-83a6-a8051aacd897 tempest-AggregatesAdminTestJSON-1828483585 tempest-AggregatesAdminTestJSON-1828483585-project-admin] Lock "a93a1a7f-90be-4b3e-bf6d-0ef38739f597" "released" by "nova.context.set_target_cell..get_or_set_cached_cell_and_set_connections" :: held 0.001s {{(pid=118352) inner /usr/local/lib/python3.8/dist-packages/oslo_concurrency/lockutils.py:400}}
Jan 28 03:13:15.089787 n-d-615180-53 devstack@n-api.service[118351]: INFO nova.api.openstack.requestlog [None req-22e38e54-51ef-44c8-a542-e1d5e4eae968 tempest-FlavorsAdminTestJSON-1349688737 tempest-FlavorsAdminTestJSON-1349688737-project-admin] 10.222.0.32 "POST /compute/v2.1/flavors" status: 200 len: 417 microversion: 2.1 time: 0.106607
Jan 28 03:13:15.090701 n-d-615180-53 devstack@n-api.service[118351]: [pid: 118351|app: 0|req: 7/16] 10.222.0.32 () {60 vars in 1146 bytes} [Fri Jan 28 03:13:14 2022] POST /compute/v2.1/flavors => generated 417 bytes in 109 msecs (HTTP/1.1 200) 9 headers in 357 bytes (1 switches on core 0)
Jan 28 03:13:15.099671 n-d-615180-53 devstack@n-api.service[118351]: DEBUG nova.api.openstack.wsgi [None req-feb93286-aa3e-4e3e-836c-2e8fab769471 tempest-FlavorMetadataValidation-1941878930 tempest-FlavorMetadataValidation-1941878930-project-admin] Calling method '>' {{(pid=118351) _process_stack /opt/stack/nova/nova/api/openstack/wsgi.py:513}}
Jan 28 03:13:15.101279 n-d-615180-53 devstack@n-api.service[118351]: /usr/local/lib/python3.8/dist-packages/oslo_policy/policy.py:1119: UserWarning: Policy "os_compute_api:os-flavor-manage:delete": "rule:system_admin_api" failed scope check. The token used to make the request was project scoped but the policy requires ['system'] scope. This behavior may change in the future where using the intended scope is required
Jan 28 03:13:15.101279 n-d-615180-53 devstack@n-api.service[118351]: warnings.warn(msg)
Jan 28 03:13:15.234239 n-d-615180-53 devstack@n-api.service[118351]: INFO nova.api.openstack.requestlog [None req-feb93286-aa3e-4e3e-836c-2e8fab769471 tempest-FlavorMetadataValidation-1941878930 tempest-FlavorMetadataValidation-1941878930-project-admin] 10.222.0.32 "DELETE /compute/v2.1/flavors/1217479528" status: 202 len: 0 microversion: 2.86 time: 0.142299
Jan 28 03:13:15.234790 n-d-615180-53 devstack@n-api.service[118351]: [pid: 118351|app: 0|req: 8/17] 10.222.0.32 () {60 vars in 1201 bytes} [Fri Jan 28 03:13:15 2022] DELETE /compute/v2.1/flavors/1217479528 => generated 0 bytes in 143 msecs (HTTP/1.1 202) 9 headers in 363 bytes (1 switches on core 0)
Jan 28 03:13:15.242188 n-d-615180-53 devstack@n-api.service[118351]: DEBUG nova.api.openstack.wsgi [None req-fb0ca55f-c115-43ae-8700-6ae5874eb2bb tempest-FlavorsAccessTestJSON-336987898 tempest-FlavorsAccessTestJSON-336987898-project] Calling method '>' {{(pid=118351) _process_stack /opt/stack/nova/nova/api/openstack/wsgi.py:513}}
Jan 28 03:13:15.287703 n-d-615180-53 devstack@n-api.service[118351]: INFO nova.api.openstack.requestlog [None req-fb0ca55f-c115-43ae-8700-6ae5874eb2bb tempest-FlavorsAccessTestJSON-336987898 tempest-FlavorsAccessTestJSON-336987898-project] 10.222.0.32 "GET /compute/v2.1/flavors/detail" status: 200 len: 5398 microversion: 2.1 time: 0.051762
Jan 28 03:13:15.294537 n-d-615180-53 devstack@n-api.service[118351]: [pid: 118351|app: 0|req: 9/18] 10.222.0.32 () {58 vars in 1145 bytes} [Fri Jan 28 03:13:15 2022] GET /compute/v2.1/flavors/detail => generated 5398 bytes in 59 msecs (HTTP/1.1 200) 9 headers in 358 bytes (1 switches on core 0)
Jan 28 03:13:15.308417 n-d-615180-53 devstack@n-api.service[118351]: DEBUG nova.api.openstack.wsgi [None req-fa1489e1-1219-4bc9-8226-637b7dafd91f tempest-FlavorsAdminTestJSON-1349688737 tempest-FlavorsAdminTestJSON-1349688737-project-admin] Calling method '>' {{(pid=118351) _process_stack /opt/stack/nova/nova/api/openstack/wsgi.py:513}}
Jan 28 03:13:15.406798 n-d-615180-53 devstack@n-api.service[118351]: INFO nova.api.openstack.requestlog [None req-fa1489e1-1219-4bc9-8226-637b7dafd91f tempest-FlavorsAdminTestJSON-1349688737 tempest-FlavorsAdminTestJSON-1349688737-project-admin] 10.222.0.32 "GET /compute/v2.1/flavors/detail" status: 200 len: 5398 microversion: 2.1 time: 0.110570
Jan 28 03:13:15.417598 n-d-615180-53 devstack@n-api.service[118351]: [pid: 118351|app: 0|req: 10/19] 10.222.0.32 () {58 vars in 1145 bytes} [Fri Jan 28 03:13:15 2022] GET /compute/v2.1/flavors/detail => generated 5398 bytes in 122 msecs (HTTP/1.1 200) 9 headers in 358 bytes (1 switches on core 0)
Jan 28 03:13:15.424007 n-d-615180-53 devstack@n-api.service[118351]: DEBUG nova.api.openstack.wsgi [None req-5ee65a4c-58fd-4c47-a918-ad7c9c38c03a tempest-FlavorMetadataValidation-1941878930 tempest-FlavorMetadataValidation-1941878930-project-admin] Calling method '>' {{(pid=118351) _process_stack /opt/stack/nova/nova/api/openstack/wsgi.py:513}}
Jan 28 03:13:15.472147 n-d-615180-53 devstack@n-api.service[118351]: INFO nova.api.openstack.requestlog [None req-5ee65a4c-58fd-4c47-a918-ad7c9c38c03a tempest-FlavorMetadataValidation-1941878930 tempest-FlavorMetadataValidation-1941878930-project-admin] 10.222.0.32 "GET /compute/v2.1/flavors/detail" status: 200 len: 6224 microversion: 2.86 time: 0.053018
Jan 28 03:13:15.473043 n-d-615180-53 devstack@n-api.service[118351]: [pid: 118351|app: 0|req: 11/20] 10.222.0.32 () {60 vars in 1186 bytes} [Fri Jan 28 03:13:15 2022] GET /compute/v2.1/flavors/detail => generated 6224 bytes in 55 msecs (HTTP/1.1 200) 9 headers in 360 bytes (1 switches on core 0)
Jan 28 03:13:15.481401 n-d-615180-53 devstack@n-api.service[118351]: DEBUG nova.api.openstack.wsgi [None req-1ca63b04-8939-4774-ba4f-1c2d82072216 tempest-FlavorsAccessTestJSON-531789771 tempest-FlavorsAccessTestJSON-531789771-project-admin] Calling method '>' {{(pid=118351) _process_stack /opt/stack/nova/nova/api/openstack/wsgi.py:513}}
Jan 28 03:13:15.580471 n-d-615180-53 devstack@n-api.service[118351]: INFO nova.api.openstack.requestlog [None req-1ca63b04-8939-4774-ba4f-1c2d82072216 tempest-FlavorsAccessTestJSON-531789771 tempest-FlavorsAccessTestJSON-531789771-project-admin] 10.222.0.32 "DELETE /compute/v2.1/flavors/2094528607" status: 202 len: 0 microversion: 2.1 time: 0.104539
Jan 28 03:13:15.581516 n-d-615180-53 devstack@n-api.service[118351]: [pid: 118351|app: 0|req: 12/21] 10.222.0.32 () {58 vars in 1160 bytes} [Fri Jan 28 03:13:15 2022] DELETE /compute/v2.1/flavors/2094528607 => generated 0 bytes in 106 msecs (HTTP/1.1 202) 9 headers in 361 bytes (1 switches on core 0)
Jan 28 03:13:15.586446 n-d-615180-53 devstack@n-api.service[118351]: DEBUG nova.api.openstack.wsgi [None req-ad245a7d-dccb-4aa9-9df8-a7157135e4c4 tempest-FlavorsAdminTestJSON-1349688737 tempest-FlavorsAdminTestJSON-1349688737-project-admin] Calling method '>' {{(pid=118351) _process_stack /opt/stack/nova/nova/api/openstack/wsgi.py:513}}
Jan 28 03:13:15.665721 n-d-615180-53 devstack@n-api.service[118351]: INFO nova.api.openstack.requestlog [None req-ad245a7d-dccb-4aa9-9df8-a7157135e4c4 tempest-FlavorsAdminTestJSON-1349688737 tempest-FlavorsAdminTestJSON-1349688737-project-admin] 10.222.0.32 "DELETE /compute/v2.1/flavors/1424999897" status: 202 len: 0 microversion: 2.1 time: 0.082919
Jan 28 03:13:15.668168 n-d-615180-53 devstack@n-api.service[118351]: [pid: 118351|app: 0|req: 13/22] 10.222.0.32 () {58 vars in 1160 bytes} [Fri Jan 28 03:13:15 2022] DELETE /compute/v2.1/flavors/1424999897 => generated 0 bytes in 86 msecs (HTTP/1.1 202) 9 headers in 361 bytes (1 switches on core 0)
Jan 28 03:13:15.673830 n-d-615180-53 devstack@n-api.service[118351]: DEBUG nova.api.openstack.wsgi [None req-1b294952-72ef-4dc7-90f6-1d3903a06e06 tempest-FlavorsAccessTestJSON-531789771 tempest-FlavorsAccessTestJSON-531789771-project-admin] Calling method '>' {{(pid=118351) _process_stack /opt/stack/nova/nova/api/openstack/wsgi.py:513}}
Jan 28 03:13:15.715494 n-d-615180-53 devstack@n-api.service[118351]: INFO nova.api.openstack.requestlog [None req-1b294952-72ef-4dc7-90f6-1d3903a06e06 tempest-FlavorsAccessTestJSON-531789771 tempest-FlavorsAccessTestJSON-531789771-project-admin] 10.222.0.32 "GET /compute/v2.1/flavors/detail" status: 200 len: 4991 microversion: 2.1 time: 0.044546
Jan 28 03:13:15.716133 n-d-615180-53 devstack@n-api.service[118351]: [pid: 118351|app: 0|req: 14/23] 10.222.0.32 () {58 vars in 1145 bytes} [Fri Jan 28 03:13:15 2022] GET /compute/v2.1/flavors/detail => generated 4991 bytes in 47 msecs (HTTP/1.1 200) 9 headers in 358 bytes (1 switches on core 0)
Jan 28 03:13:15.733159 n-d-615180-53 devstack@n-api.service[118351]: DEBUG nova.api.openstack.wsgi [None req-2198f1ad-9206-4175-92b5-1f67b334d5b3 tempest-FlavorsAdminTestJSON-1349688737 tempest-FlavorsAdminTestJSON-1349688737-project-admin] Calling method '>' {{(pid=118351) _process_stack /opt/stack/nova/nova/api/openstack/wsgi.py:513}}
Jan 28 03:13:15.766910 n-d-615180-53 devstack@n-api.service[118351]: INFO nova.api.openstack.requestlog [None req-2198f1ad-9206-4175-92b5-1f67b334d5b3 tempest-FlavorsAdminTestJSON-1349688737 tempest-FlavorsAdminTestJSON-1349688737-project-admin] 10.222.0.32 "GET /compute/v2.1/flavors/detail" status: 200 len: 4991 microversion: 2.1 time: 0.049644
Jan 28 03:13:15.778011 n-d-615180-53 devstack@n-api.service[118351]: [pid: 118351|app: 0|req: 15/24] 10.222.0.32 () {58 vars in 1145 bytes} [Fri Jan 28 03:13:15 2022] GET /compute/v2.1/flavors/detail => generated 4991 bytes in 61 msecs (HTTP/1.1 200) 9 headers in 358 bytes (1 switches on core 0)
Jan 28 03:13:15.783760 n-d-615180-53 devstack@n-api.service[118351]: DEBUG nova.api.openstack.wsgi [None req-f41be23a-4414-4841-b1e7-cfd9a7131fc2 tempest-FlavorsAccessTestJSON-531789771 tempest-FlavorsAccessTestJSON-531789771-project-admin] Action: 'create', calling method: >, body: {"flavor": {"ram": 512, "vcpus": 1, "disk": 10, "name": "tempest-FlavorsAccessTestJSON-flavor-1135236447", "id": 484799107, "os-flavor-access:is_public": "False"}} {{(pid=118351) _process_stack /opt/stack/nova/nova/api/openstack/wsgi.py:511}}
Jan 28 03:13:15.819675 n-d-615180-53 devstack@n-api.service[118352]: INFO nova.api.openstack.requestlog [None req-86e47784-7a5b-4379-83a6-a8051aacd897 tempest-AggregatesAdminTestJSON-1828483585 tempest-AggregatesAdminTestJSON-1828483585-project-admin] 10.222.0.32 "POST /compute/v2.1/os-aggregates/1/action" status: 200 len: 312 microversion: 2.1 time: 0.820498
Jan 28 03:13:15.832518 n-d-615180-53 devstack@n-api.service[118352]: [pid: 118352|app: 0|req: 10/25] 10.222.0.32 () {60 vars in 1190 bytes} [Fri Jan 28 03:13:14 2022] POST /compute/v2.1/os-aggregates/1/action => generated 312 bytes in 834 msecs (HTTP/1.1 200) 9 headers in 357 bytes (1 switches on core 0)
Jan 28 03:13:15.838520 n-d-615180-53 devstack@n-api.service[118352]: DEBUG nova.api.openstack.wsgi [None req-02cf715d-bcbd-4af4-ad1c-ccd5cc613875 tempest-FlavorsAdminTestJSON-1349688737 tempest-FlavorsAdminTestJSON-1349688737-project-admin] Action: 'create', calling method: >, body: {"flavor": {"ram": 512, "vcpus": 1, "disk": 10, "name": "tempest-FlavorsAdminTestJSON-flavor-180610749", "id": 503308373, "os-flavor-access:is_public": "True"}} {{(pid=118352) _process_stack /opt/stack/nova/nova/api/openstack/wsgi.py:511}}
Jan 28 03:13:15.840639 n-d-615180-53 devstack@n-api.service[118352]: /usr/local/lib/python3.8/dist-packages/oslo_policy/policy.py:1119: UserWarning: Policy "os_compute_api:os-flavor-manage:create": "rule:system_admin_api" failed scope check. The token used to make the request was project scoped but the policy requires ['system'] scope. This behavior may change in the future where using the intended scope is required
Jan 28 03:13:15.840639 n-d-615180-53 devstack@n-api.service[118352]: warnings.warn(msg)
Jan 28 03:13:15.891020 n-d-615180-53 devstack@n-api.service[118351]: INFO nova.api.openstack.requestlog [None req-f41be23a-4414-4841-b1e7-cfd9a7131fc2 tempest-FlavorsAccessTestJSON-531789771 tempest-FlavorsAccessTestJSON-531789771-project-admin] 10.222.0.32 "POST /compute/v2.1/flavors" status: 200 len: 428 microversion: 2.1 time: 0.111770
Jan 28 03:13:15.892973 n-d-615180-53 devstack@n-api.service[118351]: [pid: 118351|app: 0|req: 16/26] 10.222.0.32 () {60 vars in 1146 bytes} [Fri Jan 28 03:13:15 2022] POST /compute/v2.1/flavors => generated 428 bytes in 114 msecs (HTTP/1.1 200) 9 headers in 357 bytes (1 switches on core 0)
