Aug 11 07:19:55.019913 n-d-615180-34 devstack@n-api.service[109455]: warnings.warn(msg)
Aug 11 07:19:55.021723 n-d-615180-34 devstack@n-api.service[109455]: DEBUG nova.policy [None req-a9ff454d-0ec9-4b8d-b047-95eb2da2efe2 tempest-AggregatesAdminNegativeTestJSON-1095752954 tempest-AggregatesAdminNegativeTestJSON-1095752954-project] Policy check for os_compute_api:os-aggregates:create failed with credentials {'is_admin': False, 'user_id': '261c5018f27546a3bf614ba0f422cac4', 'user_domain_id': 'default', 'system_scope': None, 'domain_id': None, 'project_id': '2f19dcac45e34aa9925c7c7a97e21c5e', 'project_domain_id': 'default', 'roles': ['reader', 'member'], 'is_admin_project': True, 'service_user_id': None, 'service_user_domain_id': None, 'service_project_id': None, 'service_project_domain_id': None, 'service_roles': []} {{(pid=109455) authorize /opt/stack/nova/nova/policy.py:199}}
Aug 11 07:19:55.022532 n-d-615180-34 devstack@n-api.service[109455]: DEBUG nova.api.openstack.wsgi [None req-a9ff454d-0ec9-4b8d-b047-95eb2da2efe2 tempest-AggregatesAdminNegativeTestJSON-1095752954 tempest-AggregatesAdminNegativeTestJSON-1095752954-project] Returning 403 to user: Policy doesn't allow os_compute_api:os-aggregates:create to be performed. {{(pid=109455) __call__ /opt/stack/nova/nova/api/openstack/wsgi.py:927}}
Aug 11 07:19:55.023375 n-d-615180-34 devstack@n-api.service[109455]: INFO nova.api.openstack.requestlog [None req-a9ff454d-0ec9-4b8d-b047-95eb2da2efe2 tempest-AggregatesAdminNegativeTestJSON-1095752954 tempest-AggregatesAdminNegativeTestJSON-1095752954-project] 10.222.0.25 "POST /compute/v2.1/os-aggregates" status: 403 len: 116 microversion: 2.1 time: 0.019771
Aug 11 07:19:55.028467 n-d-615180-34 devstack@n-api.service[109455]: [pid: 109455|app: 0|req: 184/353] 10.222.0.25 () {60 vars in 1164 bytes} [Wed Aug 11 07:19:55 2021] POST /compute/v2.1/os-aggregates => generated 116 bytes in 25 msecs (HTTP/1.1 403) 9 headers in 379 bytes (1 switches on core 0)
Aug 11 07:19:55.029130 n-d-615180-34 devstack@n-api.service[109454]: INFO nova.api.openstack.requestlog [None req-41272794-120f-4bf8-8a84-7df9b95cb471 tempest-ServersWithSpecificFlavorTestJSON-35518100 tempest-ServersWithSpecificFlavorTestJSON-35518100-project] 10.222.0.25 "POST /compute/v2.1/servers/a1ecf7de-21f6-45eb-92ad-6b920824b902/action" status: 200 len: 16401 microversion: 2.1 time: 0.145063
Aug 11 07:19:55.029930 n-d-615180-34 devstack@n-api.service[109454]: [pid: 109454|app: 0|req: 170/354] 10.222.0.25 () {60 vars in 1278 bytes} [Wed Aug 11 07:19:54 2021] POST /compute/v2.1/servers/a1ecf7de-21f6-45eb-92ad-6b920824b902/action => generated 16401 bytes in 146 msecs (HTTP/1.1 200) 9 headers in 359 bytes (1 switches on core 0)
Aug 11 07:19:55.033895 n-d-615180-34 devstack@n-api.service[109455]: DEBUG nova.api.openstack.wsgi [None req-ec51bbe7-f8e4-42e9-9699-0197e5162590 tempest-MigrationsAdminTest-768456213 tempest-MigrationsAdminTest-768456213-project] Calling method '>' {{(pid=109455) _process_stack /opt/stack/nova/nova/api/openstack/wsgi.py:513}}
Aug 11 07:19:55.038699 n-d-615180-34 devstack@n-api.service[109455]: DEBUG nova.compute.api [None req-ec51bbe7-f8e4-42e9-9699-0197e5162590 tempest-MigrationsAdminTest-768456213 tempest-MigrationsAdminTest-768456213-project] [instance: eafe69f2-a2c7-4baa-9d66-2a3e1850814c] Fetching instance by UUID {{(pid=109455) get /opt/stack/nova/nova/compute/api.py:2809}}
Aug 11 07:19:55.042709 n-d-615180-34 devstack@n-api.service[109454]: DEBUG nova.api.openstack.wsgi [None req-ac21d181-6e39-4fba-97b5-8a45517c62e7 tempest-AggregatesAdminNegativeTestJSON-417441098 tempest-AggregatesAdminNegativeTestJSON-417441098-project-admin] Action: 'create', calling method: >, body: {"aggregate": {"name": "tempest-test_aggregate-2124036350"}} {{(pid=109454) _process_stack /opt/stack/nova/nova/api/openstack/wsgi.py:511}}
Aug 11 07:19:55.055080 n-d-615180-34 devstack@n-api.service[109454]: /usr/local/lib/python3.8/dist-packages/oslo_policy/policy.py:1064: UserWarning: Policy os_compute_api:os-aggregates:create failed scope check. The token used to make the request was project scoped but the policy requires ['system'] scope. This behavior may change in the future where using the intended scope is required
Aug 11 07:19:55.055080 n-d-615180-34 devstack@n-api.service[109454]: warnings.warn(msg)
Aug 11 07:19:55.057096 n-d-615180-34 devstack@n-api.service[109454]: DEBUG nova.objects.aggregate [None req-ac21d181-6e39-4fba-97b5-8a45517c62e7 tempest-AggregatesAdminNegativeTestJSON-417441098 tempest-AggregatesAdminNegativeTestJSON-417441098-project-admin] Generated uuid 352f448a-a32b-48e1-95b4-c27c07ea9248 for aggregate {{(pid=109454) create /opt/stack/nova/nova/objects/aggregate.py:298}}
Aug 11 07:19:55.069619 n-d-615180-34 devstack@n-api.service[109455]: DEBUG oslo_concurrency.lockutils [None req-ec51bbe7-f8e4-42e9-9699-0197e5162590 tempest-MigrationsAdminTest-768456213 tempest-MigrationsAdminTest-768456213-project] Lock "d4b279c6-1a0d-43fd-a222-299c4efeaad0" acquired by "nova.context.set_target_cell..get_or_set_cached_cell_and_set_connections" :: waited 0.000s {{(pid=109455) inner /usr/local/lib/python3.8/dist-packages/oslo_concurrency/lockutils.py:355}}
Aug 11 07:19:55.069619 n-d-615180-34 devstack@n-api.service[109455]: DEBUG oslo_concurrency.lockutils [None req-ec51bbe7-f8e4-42e9-9699-0197e5162590 tempest-MigrationsAdminTest-768456213 tempest-MigrationsAdminTest-768456213-project] Lock "d4b279c6-1a0d-43fd-a222-299c4efeaad0" released by "nova.context.set_target_cell..get_or_set_cached_cell_and_set_connections" :: held 0.004s {{(pid=109455) inner /usr/local/lib/python3.8/dist-packages/oslo_concurrency/lockutils.py:367}}
Aug 11 07:19:55.069619 n-d-615180-34 devstack@n-api.service[109455]: DEBUG oslo_concurrency.lockutils [None req-ec51bbe7-f8e4-42e9-9699-0197e5162590 tempest-MigrationsAdminTest-768456213 tempest-MigrationsAdminTest-768456213-project] Lock "d4b279c6-1a0d-43fd-a222-299c4efeaad0" acquired by "nova.context.set_target_cell..get_or_set_cached_cell_and_set_connections" :: waited 0.000s {{(pid=109455) inner /usr/local/lib/python3.8/dist-packages/oslo_concurrency/lockutils.py:355}}
Aug 11 07:19:55.070004 n-d-615180-34 devstack@n-api.service[109455]: DEBUG oslo_concurrency.lockutils [None req-ec51bbe7-f8e4-42e9-9699-0197e5162590 tempest-MigrationsAdminTest-768456213 tempest-MigrationsAdminTest-768456213-project] Lock "d4b279c6-1a0d-43fd-a222-299c4efeaad0" released by "nova.context.set_target_cell..get_or_set_cached_cell_and_set_connections" :: held 0.000s {{(pid=109455) inner /usr/local/lib/python3.8/dist-packages/oslo_concurrency/lockutils.py:367}}
Aug 11 07:19:55.117641 n-d-615180-34 devstack@n-api.service[109454]: INFO nova.api.openstack.requestlog [None req-ac21d181-6e39-4fba-97b5-8a45517c62e7 tempest-AggregatesAdminNegativeTestJSON-417441098 tempest-AggregatesAdminNegativeTestJSON-417441098-project-admin] 10.222.0.25 "POST /compute/v2.1/os-aggregates" status: 200 len: 199 microversion: 2.1 time: 0.083135
Aug 11 07:19:55.118243 n-d-615180-34 devstack@n-api.service[109454]: [pid: 109454|app: 0|req: 171/355] 10.222.0.25 () {60 vars in 1164 bytes} [Wed Aug 11 07:19:55 2021] POST /compute/v2.1/os-aggregates => generated 199 bytes in 88 msecs (HTTP/1.1 200) 9 headers in 357 bytes (1 switches on core 0)
Aug 11 07:19:55.130325 n-d-615180-34 devstack@n-api.service[109454]: DEBUG nova.api.openstack.wsgi [None req-7bcad821-980d-4197-a206-18d06b0a4228 tempest-AggregatesAdminNegativeTestJSON-417441098 tempest-AggregatesAdminNegativeTestJSON-417441098-project-admin] Action: 'create', calling method: >, body: {"aggregate": {"name": "tempest-test_aggregate-2124036350"}} {{(pid=109454) _process_stack /opt/stack/nova/nova/api/openstack/wsgi.py:511}}
Aug 11 07:19:55.136678 n-d-615180-34 devstack@n-api.service[109454]: /usr/local/lib/python3.8/dist-packages/oslo_policy/policy.py:1064: UserWarning: Policy os_compute_api:os-aggregates:create failed scope check. The token used to make the request was project scoped but the policy requires ['system'] scope. This behavior may change in the future where using the intended scope is required
Aug 11 07:19:55.136678 n-d-615180-34 devstack@n-api.service[109454]: warnings.warn(msg)
Aug 11 07:19:55.138190 n-d-615180-34 devstack@n-api.service[109454]: DEBUG nova.objects.aggregate [None req-7bcad821-980d-4197-a206-18d06b0a4228 tempest-AggregatesAdminNegativeTestJSON-417441098 tempest-AggregatesAdminNegativeTestJSON-417441098-project-admin] Generated uuid bcfb5919-4a0b-4e14-a41e-64592948b05a for aggregate {{(pid=109454) create /opt/stack/nova/nova/objects/aggregate.py:298}}
Aug 11 07:19:55.167783 n-d-615180-34 devstack@n-api.service[109454]: INFO nova.api.openstack.wsgi [None req-7bcad821-980d-4197-a206-18d06b0a4228 tempest-AggregatesAdminNegativeTestJSON-417441098 tempest-AggregatesAdminNegativeTestJSON-417441098-project-admin] HTTP exception thrown: Aggregate tempest-test_aggregate-2124036350 already exists.
Aug 11 07:19:55.168900 n-d-615180-34 devstack@n-api.service[109454]: DEBUG nova.api.openstack.wsgi [None req-7bcad821-980d-4197-a206-18d06b0a4228 tempest-AggregatesAdminNegativeTestJSON-417441098 tempest-AggregatesAdminNegativeTestJSON-417441098-project-admin] Returning 409 to user: Aggregate tempest-test_aggregate-2124036350 already exists. {{(pid=109454) __call__ /opt/stack/nova/nova/api/openstack/wsgi.py:927}}
Aug 11 07:19:55.169967 n-d-615180-34 devstack@n-api.service[109454]: INFO nova.api.openstack.requestlog [None req-7bcad821-980d-4197-a206-18d06b0a4228 tempest-AggregatesAdminNegativeTestJSON-417441098 tempest-AggregatesAdminNegativeTestJSON-417441098-project-admin] 10.222.0.25 "POST /compute/v2.1/os-aggregates" status: 409 len: 111 microversion: 2.1 time: 0.043833
Aug 11 07:19:55.173449 n-d-615180-34 devstack@n-api.service[109454]: [pid: 109454|app: 0|req: 172/356] 10.222.0.25 () {60 vars in 1164 bytes} [Wed Aug 11 07:19:55 2021] POST /compute/v2.1/os-aggregates => generated 111 bytes in 48 msecs (HTTP/1.1 409) 9 headers in 378 bytes (1 switches on core 0)
Aug 11 07:19:55.190633 n-d-615180-34 devstack@n-api.service[109454]: DEBUG nova.api.openstack.wsgi [None req-878cdda5-b791-4078-87dc-da421b890d93 tempest-AggregatesAdminNegativeTestJSON-417441098 tempest-AggregatesAdminNegativeTestJSON-417441098-project-admin] Calling method '>' {{(pid=109454) _process_stack /opt/stack/nova/nova/api/openstack/wsgi.py:513}}
Aug 11 07:19:55.199092 n-d-615180-34 devstack@n-api.service[109454]: /usr/local/lib/python3.8/dist-packages/oslo_policy/policy.py:1064: UserWarning: Policy os_compute_api:os-aggregates:delete failed scope check. The token used to make the request was project scoped but the policy requires ['system'] scope. This behavior may change in the future where using the intended scope is required
Aug 11 07:19:55.199092 n-d-615180-34 devstack@n-api.service[109454]: warnings.warn(msg)
Aug 11 07:19:55.231768 n-d-615180-34 devstack@n-api.service[109455]: DEBUG nova.policy [None req-ec51bbe7-f8e4-42e9-9699-0197e5162590 tempest-MigrationsAdminTest-768456213 tempest-MigrationsAdminTest-768456213-project] Policy check for os_compute_api:os-extended-server-attributes failed with credentials {'is_admin': False, 'user_id': '92fa3d4dea344e56a471294a31cadafa', 'user_domain_id': 'default', 'system_scope': None, 'domain_id': None, 'project_id': 'c8ec5c1cba3b4be98d52ddd24f8247ae', 'project_domain_id': 'default', 'roles': ['reader', 'member'], 'is_admin_project': True, 'service_user_id': None, 'service_user_domain_id': None, 'service_project_id': None, 'service_project_domain_id': None, 'service_roles': []} {{(pid=109455) authorize /opt/stack/nova/nova/policy.py:199}}
Aug 11 07:19:55.246931 n-d-615180-34 devstack@n-api.service[109454]: INFO nova.api.openstack.requestlog [None req-878cdda5-b791-4078-87dc-da421b890d93 tempest-AggregatesAdminNegativeTestJSON-417441098 tempest-AggregatesAdminNegativeTestJSON-417441098-project-admin] 10.222.0.25 "DELETE /compute/v2.1/os-aggregates/14" status: 200 len: 0 microversion: 2.1 time: 0.069139
Aug 11 07:19:55.248960 n-d-615180-34 devstack@n-api.service[109454]: [pid: 109454|app: 0|req: 173/357] 10.222.0.25 () {58 vars in 1155 bytes} [Wed Aug 11 07:19:55 2021] DELETE /compute/v2.1/os-aggregates/14 => generated 0 bytes in 72 msecs (HTTP/1.1 200) 9 headers in 355 bytes (1 switches on core 0)
Aug 11 07:19:55.252886 n-d-615180-34 devstack@n-api.service[109455]: INFO nova.api.openstack.requestlog [None req-ec51bbe7-f8e4-42e9-9699-0197e5162590 tempest-MigrationsAdminTest-768456213 tempest-MigrationsAdminTest-768456213-project] 10.222.0.25 "GET /compute/v2.1/servers/eafe69f2-a2c7-4baa-9d66-2a3e1850814c" status: 200 len: 1270 microversion: 2.1 time: 0.223314
Aug 11 07:19:55.261297 n-d-615180-34 devstack@n-api.service[109455]: [pid: 109455|app: 0|req: 185/358] 10.222.0.25 () {58 vars in 1236 bytes} [Wed Aug 11 07:19:55 2021] GET /compute/v2.1/servers/eafe69f2-a2c7-4baa-9d66-2a3e1850814c => generated 1270 bytes in 232 msecs (HTTP/1.1 200) 9 headers in 358 bytes (1 switches on core 0)
Aug 11 07:19:55.272059 n-d-615180-34 devstack@n-api.service[109454]: DEBUG nova.api.openstack.wsgi [None req-0d014495-64e6-4e65-957c-f7c0de801006 tempest-AggregatesAdminNegativeTestJSON-417441098 tempest-AggregatesAdminNegativeTestJSON-417441098-project-admin] Action: 'create', calling method: >, body: {"aggregate": {"name": "tempest-test_aggregate-183958407"}} {{(pid=109454) _process_stack /opt/stack/nova/nova/api/openstack/wsgi.py:511}}
Aug 11 07:19:55.281967 n-d-615180-34 devstack@n-api.service[109454]: /usr/local/lib/python3.8/dist-packages/oslo_policy/policy.py:1064: UserWarning: Policy os_compute_api:os-aggregates:create failed scope check. The token used to make the request was project scoped but the policy requires ['system'] scope. This behavior may change in the future where using the intended scope is required
Aug 11 07:19:55.281967 n-d-615180-34 devstack@n-api.service[109454]: warnings.warn(msg)
Aug 11 07:19:55.283562 n-d-615180-34 devstack@n-api.service[109454]: DEBUG nova.objects.aggregate [None req-0d014495-64e6-4e65-957c-f7c0de801006 tempest-AggregatesAdminNegativeTestJSON-417441098 tempest-AggregatesAdminNegativeTestJSON-417441098-project-admin] Generated uuid 73530744-799e-49b1-b36b-8172c6b668e3 for aggregate {{(pid=109454) create /opt/stack/nova/nova/objects/aggregate.py:298}}
Aug 11 07:19:55.320957 n-d-615180-34 devstack@n-api.service[109454]: INFO nova.api.openstack.requestlog [None req-0d014495-64e6-4e65-957c-f7c0de801006 tempest-AggregatesAdminNegativeTestJSON-417441098 tempest-AggregatesAdminNegativeTestJSON-417441098-project-admin] 10.222.0.25 "POST /compute/v2.1/os-aggregates" status: 200 len: 198 microversion: 2.1 time: 0.066205
Aug 11 07:19:55.321783 n-d-615180-34 devstack@n-api.service[109454]: [pid: 109454|app: 0|req: 174/359] 10.222.0.25 () {60 vars in 1164 bytes} [Wed Aug 11 07:19:55 2021] POST /compute/v2.1/os-aggregates => generated 198 bytes in 68 msecs (HTTP/1.1 200) 9 headers in 357 bytes (1 switches on core 0)
Aug 11 07:19:55.331679 n-d-615180-34 devstack@n-api.service[109455]: DEBUG nova.api.openstack.wsgi [None req-5d29310f-ccc4-41c2-b0a2-780c5b9422a7 tempest-AggregatesAdminNegativeTestJSON-1095752954 tempest-AggregatesAdminNegativeTestJSON-1095752954-project] Calling method '>' {{(pid=109455) _process_stack /opt/stack/nova/nova/api/openstack/wsgi.py:513}}
Aug 11 07:19:55.332471 n-d-615180-34 devstack@n-api.service[109455]: /usr/local/lib/python3.8/dist-packages/oslo_policy/policy.py:1064: UserWarning: Policy os_compute_api:os-aggregates:delete failed scope check. The token used to make the request was project scoped but the policy requires ['system'] scope. This behavior may change in the future where using the intended scope is required
Aug 11 07:19:55.332471 n-d-615180-34 devstack@n-api.service[109455]: warnings.warn(msg)
Aug 11 07:19:55.334555 n-d-615180-34 devstack@n-api.service[109455]: DEBUG nova.policy [None req-5d29310f-ccc4-41c2-b0a2-780c5b9422a7 tempest-AggregatesAdminNegativeTestJSON-1095752954 tempest-AggregatesAdminNegativeTestJSON-1095752954-project] Policy check for os_compute_api:os-aggregates:delete failed with credentials {'is_admin': False, 'user_id': '261c5018f27546a3bf614ba0f422cac4', 'user_domain_id': 'default', 'system_scope': None, 'domain_id': None, 'project_id': '2f19dcac45e34aa9925c7c7a97e21c5e', 'project_domain_id': 'default', 'roles': ['reader', 'member'], 'is_admin_project': True, 'service_user_id': None, 'service_user_domain_id': None, 'service_project_id': None, 'service_project_domain_id': None, 'service_roles': []} {{(pid=109455) authorize /opt/stack/nova/nova/policy.py:199}}
Aug 11 07:19:55.335793 n-d-615180-34 devstack@n-api.service[109455]: DEBUG nova.api.openstack.wsgi [None req-5d29310f-ccc4-41c2-b0a2-780c5b9422a7 tempest-AggregatesAdminNegativeTestJSON-1095752954 tempest-AggregatesAdminNegativeTestJSON-1095752954-project] Returning 403 to user: Policy doesn't allow os_compute_api:os-aggregates:delete to be performed. {{(pid=109455) __call__ /opt/stack/nova/nova/api/openstack/wsgi.py:927}}
Aug 11 07:19:55.336278 n-d-615180-34 devstack@n-api.service[109455]: INFO nova.api.openstack.requestlog [None req-5d29310f-ccc4-41c2-b0a2-780c5b9422a7 tempest-AggregatesAdminNegativeTestJSON-1095752954 tempest-AggregatesAdminNegativeTestJSON-1095752954-project] 10.222.0.25 "DELETE /compute/v2.1/os-aggregates/15" status: 403 len: 116 microversion: 2.1 time: 0.008507
Aug 11 07:19:55.336930 n-d-615180-34 devstack@n-api.service[109455]: [pid: 109455|app: 0|req: 186/360] 10.222.0.25 () {58 vars in 1155 bytes} [Wed Aug 11 07:19:55 2021] DELETE /compute/v2.1/os-aggregates/15 => generated 116 bytes in 10 msecs (HTTP/1.1 403) 9 headers in 379 bytes (1 switches on core 0)
Aug 11 07:19:55.345683 n-d-615180-34 devstack@n-api.service[109454]: DEBUG nova.api.openstack.wsgi [None req-aab9965f-8bd0-4fea-a6ce-9299ac857229 tempest-AggregatesAdminNegativeTestJSON-417441098 tempest-AggregatesAdminNegativeTestJSON-417441098-project-admin] Calling method '>' {{(pid=109454) _process_stack /opt/stack/nova/nova/api/openstack/wsgi.py:513}}
Aug 11 07:19:55.346626 n-d-615180-34 devstack@n-api.service[109454]: /usr/local/lib/python3.8/dist-packages/oslo_policy/policy.py:1064: UserWarning: Policy os_compute_api:os-aggregates:delete failed scope check. The token used to make the request was project scoped but the policy requires ['system'] scope. This behavior may change in the future where using the intended scope is required
Aug 11 07:19:55.346626 n-d-615180-34 devstack@n-api.service[109454]: warnings.warn(msg)
Aug 11 07:19:55.382509 n-d-615180-34 devstack@n-api.service[109454]: INFO nova.api.openstack.requestlog [None req-aab9965f-8bd0-4fea-a6ce-9299ac857229 tempest-AggregatesAdminNegativeTestJSON-417441098 tempest-AggregatesAdminNegativeTestJSON-417441098-project-admin] 10.222.0.25 "DELETE /compute/v2.1/os-aggregates/15" status: 200 len: 0 microversion: 2.1 time: 0.040676
Aug 11 07:19:55.383669 n-d-615180-34 devstack@n-api.service[109454]: [pid: 109454|app: 0|req: 175/361] 10.222.0.25 () {58 vars in 1155 bytes} [Wed Aug 11 07:19:55 2021] DELETE /compute/v2.1/os-aggregates/15 => generated 0 bytes in 42 msecs (HTTP/1.1 200) 9 headers in 355 bytes (1 switches on core 0)
Aug 11 07:19:55.395201 n-d-615180-34 devstack@n-api.service[109455]: DEBUG nova.api.openstack.wsgi [None req-be1c49c4-f88a-400b-a032-12c716d29dc6 tempest-AggregatesAdminNegativeTestJSON-417441098 tempest-AggregatesAdminNegativeTestJSON-417441098-project-admin] Calling method '>' {{(pid=109455) _process_stack /opt/stack/nova/nova/api/openstack/wsgi.py:513}}
Aug 11 07:19:55.415604 n-d-615180-34 devstack@n-api.service[109455]: INFO nova.api.openstack.wsgi [None req-be1c49c4-f88a-400b-a032-12c716d29dc6 tempest-AggregatesAdminNegativeTestJSON-417441098 tempest-AggregatesAdminNegativeTestJSON-417441098-project-admin] HTTP exception thrown: Aggregate -1 could not be found.
Aug 11 07:19:55.416901 n-d-615180-34 devstack@n-api.service[109455]: DEBUG nova.api.openstack.wsgi [None req-be1c49c4-f88a-400b-a032-12c716d29dc6 tempest-AggregatesAdminNegativeTestJSON-417441098 tempest-AggregatesAdminNegativeTestJSON-417441098-project-admin] Returning 404 to user: Aggregate -1 could not be found. {{(pid=109455) __call__ /opt/stack/nova/nova/api/openstack/wsgi.py:927}}
Aug 11 07:19:55.417863 n-d-615180-34 devstack@n-api.service[109455]: INFO nova.api.openstack.requestlog [None req-be1c49c4-f88a-400b-a032-12c716d29dc6 tempest-AggregatesAdminNegativeTestJSON-417441098 tempest-AggregatesAdminNegativeTestJSON-417441098-project-admin] 10.222.0.25 "DELETE /compute/v2.1/os-aggregates/-1" status: 404 len: 78 microversion: 2.1 time: 0.028744
Aug 11 07:19:55.418523 n-d-615180-34 devstack@n-api.service[109455]: [pid: 109455|app: 0|req: 187/362] 10.222.0.25 () {58 vars in 1155 bytes} [Wed Aug 11 07:19:55 2021] DELETE /compute/v2.1/os-aggregates/-1 => generated 78 bytes in 30 msecs (HTTP/1.1 404) 9 headers in 378 bytes (1 switches on core 0)
Aug 11 07:19:55.428412 n-d-615180-34 devstack@n-api.service[109454]: DEBUG nova.api.openstack.wsgi [None req-a9a47cd6-5c15-450c-abb3-72df3fe8e4e5 tempest-AggregatesAdminNegativeTestJSON-417441098 tempest-AggregatesAdminNegativeTestJSON-417441098-project-admin] Action: 'create', calling method: >, body: {"aggregate": {"name": "tempest-test_aggregate-1521066651"}} {{(pid=109454) _process_stack /opt/stack/nova/nova/api/openstack/wsgi.py:511}}
Aug 11 07:19:55.430167 n-d-615180-34 devstack@n-api.service[109454]: /usr/local/lib/python3.8/dist-packages/oslo_policy/policy.py:1064: UserWarning: Policy os_compute_api:os-aggregates:create failed scope check. The token used to make the request was project scoped but the policy requires ['system'] scope. This behavior may change in the future where using the intended scope is required
Aug 11 07:19:55.430167 n-d-615180-34 devstack@n-api.service[109454]: warnings.warn(msg)
Aug 11 07:19:55.432172 n-d-615180-34 devstack@n-api.service[109454]: DEBUG nova.objects.aggregate [None req-a9a47cd6-5c15-450c-abb3-72df3fe8e4e5 tempest-AggregatesAdminNegativeTestJSON-417441098 tempest-AggregatesAdminNegativeTestJSON-417441098-project-admin] Generated uuid 5e81398b-7639-4743-8fbc-115695c4518e for aggregate {{(pid=109454) create /opt/stack/nova/nova/objects/aggregate.py:298}}
Aug 11 07:19:55.476101 n-d-615180-34 devstack@n-api.service[109454]: INFO nova.api.openstack.requestlog [None req-a9a47cd6-5c15-450c-abb3-72df3fe8e4e5 tempest-AggregatesAdminNegativeTestJSON-417441098 tempest-AggregatesAdminNegativeTestJSON-417441098-project-admin] 10.222.0.25 "POST /compute/v2.1/os-aggregates" status: 200 len: 199 microversion: 2.1 time: 0.051628
Aug 11 07:19:55.477216 n-d-615180-34 devstack@n-api.service[109454]: [pid: 109454|app: 0|req: 176/363] 10.222.0.25 () {60 vars in 1164 bytes} [Wed Aug 11 07:19:55 2021] POST /compute/v2.1/os-aggregates => generated 199 bytes in 53 msecs (HTTP/1.1 200) 9 headers in 357 bytes (1 switches on core 0)
Aug 11 07:19:55.488174 n-d-615180-34 devstack@n-api.service[109455]: DEBUG nova.api.openstack.wsgi [None req-ca04ad47-454e-4886-b437-10dc49f47f23 tempest-AggregatesAdminNegativeTestJSON-1095752954 tempest-AggregatesAdminNegativeTestJSON-1095752954-project] Calling method '>' {{(pid=109455) _process_stack /opt/stack/nova/nova/api/openstack/wsgi.py:513}}
Aug 11 07:19:55.491846 n-d-615180-34 devstack@n-api.service[109455]: /usr/local/lib/python3.8/dist-packages/oslo_policy/policy.py:1064: UserWarning: Policy os_compute_api:os-aggregates:show failed scope check. The token used to make the request was project scoped but the policy requires ['system'] scope. This behavior may change in the future where using the intended scope is required
Aug 11 07:19:55.491846 n-d-615180-34 devstack@n-api.service[109455]: warnings.warn(msg)
Aug 11 07:19:55.493388 n-d-615180-34 devstack@n-api.service[109455]: DEBUG nova.policy [None req-ca04ad47-454e-4886-b437-10dc49f47f23 tempest-AggregatesAdminNegativeTestJSON-1095752954 tempest-AggregatesAdminNegativeTestJSON-1095752954-project] Policy check for os_compute_api:os-aggregates:show failed with credentials {'is_admin': False, 'user_id': '261c5018f27546a3bf614ba0f422cac4', 'user_domain_id': 'default', 'system_scope': None, 'domain_id': None, 'project_id': '2f19dcac45e34aa9925c7c7a97e21c5e', 'project_domain_id': 'default', 'roles': ['reader', 'member'], 'is_admin_project': True, 'service_user_id': None, 'service_user_domain_id': None, 'service_project_id': None, 'service_project_domain_id': None, 'service_roles': []} {{(pid=109455) authorize /opt/stack/nova/nova/policy.py:199}}
Aug 11 07:19:55.494439 n-d-615180-34 devstack@n-api.service[109455]: DEBUG nova.api.openstack.wsgi [None req-ca04ad47-454e-4886-b437-10dc49f47f23 tempest-AggregatesAdminNegativeTestJSON-1095752954 tempest-AggregatesAdminNegativeTestJSON-1095752954-project] Returning 403 to user: Policy doesn't allow os_compute_api:os-aggregates:show to be performed. {{(pid=109455) __call__ /opt/stack/nova/nova/api/openstack/wsgi.py:927}}
Aug 11 07:19:55.495507 n-d-615180-34 devstack@n-api.service[109455]: INFO nova.api.openstack.requestlog [None req-ca04ad47-454e-4886-b437-10dc49f47f23 tempest-AggregatesAdminNegativeTestJSON-1095752954 tempest-AggregatesAdminNegativeTestJSON-1095752954-project] 10.222.0.25 "GET /compute/v2.1/os-aggregates/16" status: 403 len: 114 microversion: 2.1 time: 0.011694
Aug 11 07:19:55.499133 n-d-615180-34 devstack@n-api.service[109455]: [pid: 109455|app: 0|req: 188/364] 10.222.0.25 () {58 vars in 1152 bytes} [Wed Aug 11 07:19:55 2021] GET /compute/v2.1/os-aggregates/16 => generated 114 bytes in 16 msecs (HTTP/1.1 403) 9 headers in 379 bytes (2 switches on core 0)
Aug 11 07:19:55.508463 n-d-615180-34 devstack@n-api.service[109454]: DEBUG nova.api.openstack.wsgi [None req-27cdaf16-cc6c-4aa3-bfeb-8d34fd117d42 tempest-AggregatesAdminNegativeTestJSON-417441098 tempest-AggregatesAdminNegativeTestJSON-417441098-project-admin] Calling method '>' {{(pid=109454) _process_stack /opt/stack/nova/nova/api/openstack/wsgi.py:513}}
Aug 11 07:19:55.509992 n-d-615180-34 devstack@n-api.service[109454]: /usr/local/lib/python3.8/dist-packages/oslo_policy/policy.py:1064: UserWarning: Policy os_compute_api:os-aggregates:delete failed scope check. The token used to make the request was project scoped but the policy requires ['system'] scope. This behavior may change in the future where using the intended scope is required
Aug 11 07:19:55.509992 n-d-615180-34 devstack@n-api.service[109454]: warnings.warn(msg)
Aug 11 07:19:55.535831 n-d-615180-34 devstack@n-api.service[109454]: INFO nova.api.openstack.requestlog [None req-27cdaf16-cc6c-4aa3-bfeb-8d34fd117d42 tempest-AggregatesAdminNegativeTestJSON-417441098 tempest-AggregatesAdminNegativeTestJSON-417441098-project-admin] 10.222.0.25 "DELETE /compute/v2.1/os-aggregates/16" status: 200 len: 0 microversion: 2.1 time: 0.031120
Aug 11 07:19:55.542629 n-d-615180-34 devstack@n-api.service[109455]: DEBUG nova.api.openstack.wsgi [None req-53121d91-7648-439f-bf4f-1fb764b33d90 tempest-ServersOnMultiNodesTest-1953539425 tempest-ServersOnMultiNodesTest-1953539425-project] Calling method '>' {{(pid=109455) _process_stack /opt/stack/nova/nova/api/openstack/wsgi.py:513}}
Aug 11 07:19:55.546560 n-d-615180-34 devstack@n-api.service[109455]: DEBUG nova.compute.api [None req-53121d91-7648-439f-bf4f-1fb764b33d90 tempest-ServersOnMultiNodesTest-1953539425 tempest-ServersOnMultiNodesTest-1953539425-project] [instance: a1c8122f-262d-41fc-8682-02a85e70b976] Fetching instance by UUID {{(pid=109455) get /opt/stack/nova/nova/compute/api.py:2809}}
Aug 11 07:19:55.554652 n-d-615180-34 devstack@n-api.service[109454]: [pid: 109454|app: 0|req: 177/365] 10.222.0.25 () {58 vars in 1155 bytes} [Wed Aug 11 07:19:55 2021] DELETE /compute/v2.1/os-aggregates/16 => generated 0 bytes in 51 msecs (HTTP/1.1 200) 9 headers in 355 bytes (1 switches on core 0)
Aug 11 07:19:55.566925 n-d-615180-34 devstack@n-api.service[109455]: DEBUG oslo_concurrency.lockutils [None req-53121d91-7648-439f-bf4f-1fb764b33d90 tempest-ServersOnMultiNodesTest-1953539425 tempest-ServersOnMultiNodesTest-1953539425-project] Lock "d4b279c6-1a0d-43fd-a222-299c4efeaad0" acquired by "nova.context.set_target_cell..get_or_set_cached_cell_and_set_connections" :: waited 0.000s {{(pid=109455) inner /usr/local/lib/python3.8/dist-packages/oslo_concurrency/lockutils.py:355}}
Aug 11 07:19:55.567807 n-d-615180-34 devstack@n-api.service[109455]: DEBUG oslo_concurrency.lockutils [None req-53121d91-7648-439f-bf4f-1fb764b33d90 tempest-ServersOnMultiNodesTest-1953539425 tempest-ServersOnMultiNodesTest-1953539425-project] Lock "d4b279c6-1a0d-43fd-a222-299c4efeaad0" released by "nova.context.set_target_cell..get_or_set_cached_cell_and_set_connections" :: held 0.001s {{(pid=109455) inner /usr/local/lib/python3.8/dist-packages/oslo_concurrency/lockutils.py:367}}
Aug 11 07:19:55.568848 n-d-615180-34 devstack@n-api.service[109455]: DEBUG oslo_concurrency.lockutils [None req-53121d91-7648-439f-bf4f-1fb764b33d90 tempest-ServersOnMultiNodesTest-1953539425 tempest-ServersOnMultiNodesTest-1953539425-project] Lock "d4b279c6-1a0d-43fd-a222-299c4efeaad0" acquired by "nova.context.set_target_cell..get_or_set_cached_cell_and_set_connections" :: waited 0.000s {{(pid=109455) inner /usr/local/lib/python3.8/dist-packages/oslo_concurrency/lockutils.py:355}}
Aug 11 07:19:55.570507 n-d-615180-34 devstack@n-api.service[109454]: DEBUG nova.api.openstack.wsgi [None req-c94ae0e5-7045-4540-bbb7-6eb540234411 tempest-AggregatesAdminNegativeTestJSON-417441098 tempest-AggregatesAdminNegativeTestJSON-417441098-project-admin] Calling method '>' {{(pid=109454) _process_stack /opt/stack/nova/nova/api/openstack/wsgi.py:513}}
Aug 11 07:19:55.582366 n-d-615180-34 devstack@n-api.service[109454]: /usr/local/lib/python3.8/dist-packages/oslo_policy/policy.py:1064: UserWarning: Policy os_compute_api:os-aggregates:show failed scope check. The token used to make the request was project scoped but the policy requires ['system'] scope. This behavior may change in the future where using the intended scope is required
Aug 11 07:19:55.582366 n-d-615180-34 devstack@n-api.service[109454]: warnings.warn(msg)
Aug 11 07:19:55.591715 n-d-615180-34 devstack@n-api.service[109455]: DEBUG oslo_concurrency.lockutils [None req-53121d91-7648-439f-bf4f-1fb764b33d90 tempest-ServersOnMultiNodesTest-1953539425 tempest-ServersOnMultiNodesTest-1953539425-project] Lock "d4b279c6-1a0d-43fd-a222-299c4efeaad0" released by "nova.context.set_target_cell..get_or_set_cached_cell_and_set_connections" :: held 0.022s {{(pid=109455) inner /usr/local/lib/python3.8/dist-packages/oslo_concurrency/lockutils.py:367}}
Aug 11 07:19:55.601139 n-d-615180-34 devstack@n-api.service[109454]: INFO nova.api.openstack.wsgi [None req-c94ae0e5-7045-4540-bbb7-6eb540234411 tempest-AggregatesAdminNegativeTestJSON-417441098 tempest-AggregatesAdminNegativeTestJSON-417441098-project-admin] HTTP exception thrown: Aggregate -1 could not be found.
Aug 11 07:19:55.602281 n-d-615180-34 devstack@n-api.service[109454]: DEBUG nova.api.openstack.wsgi [None req-c94ae0e5-7045-4540-bbb7-6eb540234411 tempest-AggregatesAdminNegativeTestJSON-417441098 tempest-AggregatesAdminNegativeTestJSON-417441098-project-admin] Returning 404 to user: Aggregate -1 could not be found. {{(pid=109454) __call__ /opt/stack/nova/nova/api/openstack/wsgi.py:927}}
Aug 11 07:19:55.603829 n-d-615180-34 devstack@n-api.service[109454]: INFO nova.api.openstack.requestlog [None req-c94ae0e5-7045-4540-bbb7-6eb540234411 tempest-AggregatesAdminNegativeTestJSON-417441098 tempest-AggregatesAdminNegativeTestJSON-417441098-project-admin] 10.222.0.25 "GET /compute/v2.1/os-aggregates/-1" status: 404 len: 78 microversion: 2.1 time: 0.047209
Aug 11 07:19:55.606685 n-d-615180-34 devstack@n-api.service[109454]: [pid: 109454|app: 0|req: 178/366] 10.222.0.25 () {58 vars in 1152 bytes} [Wed Aug 11 07:19:55 2021] GET /compute/v2.1/os-aggregates/-1 => generated 78 bytes in 51 msecs (HTTP/1.1 404) 9 headers in 378 bytes (1 switches on core 0)
Aug 11 07:19:55.618804 n-d-615180-34 devstack@n-api.service[109454]: DEBUG nova.api.openstack.wsgi [None req-3aa96e7e-d3bd-4ecd-b4de-87149716bff7 tempest-AggregatesAdminNegativeTestJSON-1095752954 tempest-AggregatesAdminNegativeTestJSON-1095752954-project] Calling method '>' {{(pid=109454) _process_stack /opt/stack/nova/nova/api/openstack/wsgi.py:513}}
Aug 11 07:19:55.623272 n-d-615180-34 devstack@n-api.service[109454]: /usr/local/lib/python3.8/dist-packages/oslo_policy/policy.py:1064: UserWarning: Policy os_compute_api:os-aggregates:index failed scope check. The token used to make the request was project scoped but the policy requires ['system'] scope. This behavior may change in the future where using the intended scope is required
Aug 11 07:19:55.623272 n-d-615180-34 devstack@n-api.service[109454]: warnings.warn(msg)
Aug 11 07:19:55.625278 n-d-615180-34 devstack@n-api.service[109454]: DEBUG nova.policy [None req-3aa96e7e-d3bd-4ecd-b4de-87149716bff7 tempest-AggregatesAdminNegativeTestJSON-1095752954 tempest-AggregatesAdminNegativeTestJSON-1095752954-project] Policy check for os_compute_api:os-aggregates:index failed with credentials {'is_admin': False, 'user_id': '261c5018f27546a3bf614ba0f422cac4', 'user_domain_id': 'default', 'system_scope': None, 'domain_id': None, 'project_id': '2f19dcac45e34aa9925c7c7a97e21c5e', 'project_domain_id': 'default', 'roles': ['reader', 'member'], 'is_admin_project': True, 'service_user_id': None, 'service_user_domain_id': None, 'service_project_id': None, 'service_project_domain_id': None, 'service_roles': []} {{(pid=109454) authorize /opt/stack/nova/nova/policy.py:199}}
Aug 11 07:19:55.627292 n-d-615180-34 devstack@n-api.service[109454]: DEBUG nova.api.openstack.wsgi [None req-3aa96e7e-d3bd-4ecd-b4de-87149716bff7 tempest-AggregatesAdminNegativeTestJSON-1095752954 tempest-AggregatesAdminNegativeTestJSON-1095752954-project] Returning 403 to user: Policy doesn't allow os_compute_api:os-aggregates:index to be performed. {{(pid=109454) __call__ /opt/stack/nova/nova/api/openstack/wsgi.py:927}}
Aug 11 07:19:55.629544 n-d-615180-34 devstack@n-api.service[109454]: INFO nova.api.openstack.requestlog [None req-3aa96e7e-d3bd-4ecd-b4de-87149716bff7 tempest-AggregatesAdminNegativeTestJSON-1095752954 tempest-AggregatesAdminNegativeTestJSON-1095752954-project] 10.222.0.25 "GET /compute/v2.1/os-aggregates" status: 403 len: 115 microversion: 2.1 time: 0.019467
Aug 11 07:19:55.631705 n-d-615180-34 devstack@n-api.service[109454]: [pid: 109454|app: 0|req: 179/367] 10.222.0.25 () {58 vars in 1143 bytes} [Wed Aug 11 07:19:55 2021] GET /compute/v2.1/os-aggregates => generated 115 bytes in 22 msecs (HTTP/1.1 403) 9 headers in 379 bytes (1 switches on core 0)
Aug 11 07:19:55.641896 n-d-615180-34 devstack@n-api.service[109454]: DEBUG nova.api.openstack.wsgi [None req-8ed86c3d-348c-45d7-bad7-8837306d9819 tempest-AggregatesAdminNegativeTestJSON-417441098 tempest-AggregatesAdminNegativeTestJSON-417441098-project-admin] Action: 'create', calling method: >, body: {"aggregate": {"name": "tempest-test_aggregate-1603424228"}} {{(pid=109454) _process_stack /opt/stack/nova/nova/api/openstack/wsgi.py:511}}
Aug 11 07:19:55.648369 n-d-615180-34 devstack@n-api.service[109454]: /usr/local/lib/python3.8/dist-packages/oslo_policy/policy.py:1064: UserWarning: Policy os_compute_api:os-aggregates:create failed scope check. The token used to make the request was project scoped but the policy requires ['system'] scope. This behavior may change in the future where using the intended scope is required
Aug 11 07:19:55.648369 n-d-615180-34 devstack@n-api.service[109454]: warnings.warn(msg)
Aug 11 07:19:55.656028 n-d-615180-34 devstack@n-api.service[109454]: DEBUG nova.objects.aggregate [None req-8ed86c3d-348c-45d7-bad7-8837306d9819 tempest-AggregatesAdminNegativeTestJSON-417441098 tempest-AggregatesAdminNegativeTestJSON-417441098-project-admin] Generated uuid 58cdc45a-4bb1-4373-bcc4-288eefc6996d for aggregate {{(pid=109454) create /opt/stack/nova/nova/objects/aggregate.py:298}}
Aug 11 07:19:55.742540 n-d-615180-34 devstack@n-api.service[109454]: INFO nova.api.openstack.requestlog [None req-8ed86c3d-348c-45d7-bad7-8837306d9819 tempest-AggregatesAdminNegativeTestJSON-417441098 tempest-AggregatesAdminNegativeTestJSON-417441098-project-admin] 10.222.0.25 "POST /compute/v2.1/os-aggregates" status: 200 len: 199 microversion: 2.1 time: 0.102235
Aug 11 07:19:55.750008 n-d-615180-34 devstack@n-api.service[109454]: [pid: 109454|app: 0|req: 180/368] 10.222.0.25 () {60 vars in 1164 bytes} [Wed Aug 11 07:19:55 2021] POST /compute/v2.1/os-aggregates => generated 199 bytes in 112 msecs (HTTP/1.1 200) 9 headers in 357 bytes (2 switches on core 0)
Aug 11 07:19:55.763587 n-d-615180-34 devstack@n-api.service[109454]: DEBUG nova.api.openstack.wsgi [None req-70a34dac-51e1-4d27-8eca-ff9f02290168 tempest-AggregatesAdminNegativeTestJSON-417441098 tempest-AggregatesAdminNegativeTestJSON-417441098-project-admin] Action: 'action', calling method: >, body: {"add_host": {"host": "n-h1-615180-34"}} {{(pid=109454) _process_stack /opt/stack/nova/nova/api/openstack/wsgi.py:511}}
Aug 11 07:19:55.776658 n-d-615180-34 devstack@n-api.service[109454]: /usr/local/lib/python3.8/dist-packages/oslo_policy/policy.py:1064: UserWarning: Policy os_compute_api:os-aggregates:add_host failed scope check. The token used to make the request was project scoped but the policy requires ['system'] scope. This behavior may change in the future where using the intended scope is required
Aug 11 07:19:55.776658 n-d-615180-34 devstack@n-api.service[109454]: warnings.warn(msg)
Aug 11 07:19:55.804611 n-d-615180-34 devstack@n-api.service[109454]: DEBUG oslo_concurrency.lockutils [None req-70a34dac-51e1-4d27-8eca-ff9f02290168 tempest-AggregatesAdminNegativeTestJSON-417441098 tempest-AggregatesAdminNegativeTestJSON-417441098-project-admin] Lock "d4b279c6-1a0d-43fd-a222-299c4efeaad0" acquired by "nova.context.set_target_cell..get_or_set_cached_cell_and_set_connections" :: waited 0.000s {{(pid=109454) inner /usr/local/lib/python3.8/dist-packages/oslo_concurrency/lockutils.py:355}}
Aug 11 07:19:55.805350 n-d-615180-34 devstack@n-api.service[109454]: DEBUG oslo_concurrency.lockutils [None req-70a34dac-51e1-4d27-8eca-ff9f02290168 tempest-AggregatesAdminNegativeTestJSON-417441098 tempest-AggregatesAdminNegativeTestJSON-417441098-project-admin] Lock "d4b279c6-1a0d-43fd-a222-299c4efeaad0" released by "nova.context.set_target_cell..get_or_set_cached_cell_and_set_connections" :: held 0.001s {{(pid=109454) inner /usr/local/lib/python3.8/dist-packages/oslo_concurrency/lockutils.py:367}}
Aug 11 07:19:56.071988 n-d-615180-34 devstack@n-api.service[109455]: DEBUG nova.policy [None req-53121d91-7648-439f-bf4f-1fb764b33d90 tempest-ServersOnMultiNodesTest-1953539425 tempest-ServersOnMultiNodesTest-1953539425-project] Policy check for os_compute_api:os-extended-server-attributes failed with credentials {'is_admin': False, 'user_id': '7e54b517dbc54af1abc0e5de093321fd', 'user_domain_id': 'default', 'system_scope': None, 'domain_id': None, 'project_id': 'e413e90c5bd543909c3f10da89985313', 'project_domain_id': 'default', 'roles': ['reader', 'member'], 'is_admin_project': True, 'service_user_id': None, 'service_user_domain_id': None, 'service_project_id': None, 'service_project_domain_id': None, 'service_roles': []} {{(pid=109455) authorize /opt/stack/nova/nova/policy.py:199}}
Aug 11 07:19:56.072977 n-d-615180-34 devstack@n-api.service[109454]: INFO nova.api.openstack.requestlog [None req-70a34dac-51e1-4d27-8eca-ff9f02290168 tempest-AggregatesAdminNegativeTestJSON-417441098 tempest-AggregatesAdminNegativeTestJSON-417441098-project-admin] 10.222.0.25 "POST /compute/v2.1/os-aggregates/17/action" status: 200 len: 244 microversion: 2.1 time: 0.315523
Aug 11 07:19:56.074095 n-d-615180-34 devstack@n-api.service[109454]: [pid: 109454|app: 0|req: 181/369] 10.222.0.25 () {60 vars in 1194 bytes} [Wed Aug 11 07:19:55 2021] POST /compute/v2.1/os-aggregates/17/action => generated 244 bytes in 318 msecs (HTTP/1.1 200) 9 headers in 357 bytes (1 switches on core 0)
Aug 11 07:19:56.082281 n-d-615180-34 devstack@n-api.service[109454]: DEBUG nova.api.openstack.wsgi [None req-a7351e8d-f7d9-44ca-943a-c75ea1dc1051 tempest-ServersAdminTestJSON-1635244288 tempest-ServersAdminTestJSON-1635244288-project] Calling method '>' {{(pid=109454) _process_stack /opt/stack/nova/nova/api/openstack/wsgi.py:513}}
Aug 11 07:19:56.082947 n-d-615180-34 devstack@n-api.service[109454]: DEBUG nova.compute.api [None req-a7351e8d-f7d9-44ca-943a-c75ea1dc1051 tempest-ServersAdminTestJSON-1635244288 tempest-ServersAdminTestJSON-1635244288-project] [instance: 80753dd8-4699-4558-b7f6-5f4b446ce4db] Fetching instance by UUID {{(pid=109454) get /opt/stack/nova/nova/compute/api.py:2809}}
Aug 11 07:19:56.089444 n-d-615180-34 devstack@n-api.service[109455]: INFO nova.api.openstack.requestlog [None req-53121d91-7648-439f-bf4f-1fb764b33d90 tempest-ServersOnMultiNodesTest-1953539425 tempest-ServersOnMultiNodesTest-1953539425-project] 10.222.0.25 "GET /compute/v2.1/servers/a1c8122f-262d-41fc-8682-02a85e70b976" status: 200 len: 1319 microversion: 2.1 time: 0.551073
Aug 11 07:19:56.100620 n-d-615180-34 devstack@n-api.service[109454]: DEBUG oslo_concurrency.lockutils [None req-a7351e8d-f7d9-44ca-943a-c75ea1dc1051 tempest-ServersAdminTestJSON-1635244288 tempest-ServersAdminTestJSON-1635244288-project] Lock "d4b279c6-1a0d-43fd-a222-299c4efeaad0" acquired by "nova.context.set_target_cell..get_or_set_cached_cell_and_set_connections" :: waited 0.000s {{(pid=109454) inner /usr/local/lib/python3.8/dist-packages/oslo_concurrency/lockutils.py:355}}
Aug 11 07:19:56.101052 n-d-615180-34 devstack@n-api.service[109454]: DEBUG oslo_concurrency.lockutils [None req-a7351e8d-f7d9-44ca-943a-c75ea1dc1051 tempest-ServersAdminTestJSON-1635244288 tempest-ServersAdminTestJSON-1635244288-project] Lock "d4b279c6-1a0d-43fd-a222-299c4efeaad0" released by "nova.context.set_target_cell..get_or_set_cached_cell_and_set_connections" :: held 0.001s {{(pid=109454) inner /usr/local/lib/python3.8/dist-packages/oslo_concurrency/lockutils.py:367}}
Aug 11 07:19:56.104773 n-d-615180-34 devstack@n-api.service[109454]: DEBUG oslo_concurrency.lockutils [None req-a7351e8d-f7d9-44ca-943a-c75ea1dc1051 tempest-ServersAdminTestJSON-1635244288 tempest-ServersAdminTestJSON-1635244288-project] Lock "d4b279c6-1a0d-43fd-a222-299c4efeaad0" acquired by "nova.context.set_target_cell..get_or_set_cached_cell_and_set_connections" :: waited 0.000s {{(pid=109454) inner /usr/local/lib/python3.8/dist-packages/oslo_concurrency/lockutils.py:355}}
Aug 11 07:19:56.105418 n-d-615180-34 devstack@n-api.service[109454]: DEBUG oslo_concurrency.lockutils [None req-a7351e8d-f7d9-44ca-943a-c75ea1dc1051 tempest-ServersAdminTestJSON-1635244288 tempest-ServersAdminTestJSON-1635244288-project] Lock "d4b279c6-1a0d-43fd-a222-299c4efeaad0" released by "nova.context.set_target_cell..get_or_set_cached_cell_and_set_connections" :: held 0.001s {{(pid=109454) inner /usr/local/lib/python3.8/dist-packages/oslo_concurrency/lockutils.py:367}}
Aug 11 07:19:56.107801 n-d-615180-34 devstack@n-api.service[109455]: [pid: 109455|app: 0|req: 189/370] 10.222.0.25 () {58 vars in 1236 bytes} [Wed Aug 11 07:19:55 2021] GET /compute/v2.1/servers/a1c8122f-262d-41fc-8682-02a85e70b976 => generated 1319 bytes in 570 msecs (HTTP/1.1 200) 9 headers in 358 bytes (1 switches on core 0)
Aug 11 07:19:56.119016 n-d-615180-34 devstack@n-api.service[109455]: DEBUG nova.api.openstack.wsgi [None req-f9501619-eeee-42db-aaa4-45d867db9425 tempest-ImagesTestJSON-499261331 tempest-ImagesTestJSON-499261331-project] Calling method '.version_select at 0x7f1898b8ff70>' {{(pid=109455) _process_stack /opt/stack/nova/nova/api/openstack/wsgi.py:513}}
Aug 11 07:19:56.205883 n-d-615180-34 devstack@n-api.service[109455]: INFO nova.api.openstack.requestlog [None req-f9501619-eeee-42db-aaa4-45d867db9425 tempest-ImagesTestJSON-499261331 tempest-ImagesTestJSON-499261331-project] 10.222.0.25 "GET /compute/v2.1/images/ef6afb33-cfe8-4976-bc02-5f5c2a7e2abf" status: 200 len: 1410 microversion: 2.1 time: 0.097131
Aug 11 07:19:56.214147 n-d-615180-34 devstack@n-api.service[109455]: [pid: 109455|app: 0|req: 190/371] 10.222.0.25 () {58 vars in 1233 bytes} [Wed Aug 11 07:19:56 2021] GET /compute/v2.1/images/ef6afb33-cfe8-4976-bc02-5f5c2a7e2abf => generated 1410 bytes in 106 msecs (HTTP/1.1 200) 9 headers in 358 bytes (1 switches on core 0)
Aug 11 07:19:56.234714 n-d-615180-34 devstack@n-api.service[109455]: DEBUG nova.api.openstack.wsgi [None req-7d946e52-efc4-4f83-a63c-8f813d61bbdc tempest-LiveMigrationTest-1924946241 tempest-LiveMigrationTest-1924946241-project] Calling method '>' {{(pid=109455) _process_stack /opt/stack/nova/nova/api/openstack/wsgi.py:513}}
Aug 11 07:19:56.238709 n-d-615180-34 devstack@n-api.service[109455]: DEBUG nova.compute.api [None req-7d946e52-efc4-4f83-a63c-8f813d61bbdc tempest-LiveMigrationTest-1924946241 tempest-LiveMigrationTest-1924946241-project] [instance: 01a4de7e-16c8-4804-8c9e-b6634ddd8545] Fetching instance by UUID {{(pid=109455) get /opt/stack/nova/nova/compute/api.py:2809}}
Aug 11 07:19:56.254847 n-d-615180-34 devstack@n-api.service[109455]: DEBUG oslo_concurrency.lockutils [None req-7d946e52-efc4-4f83-a63c-8f813d61bbdc tempest-LiveMigrationTest-1924946241 tempest-LiveMigrationTest-1924946241-project] Lock "d4b279c6-1a0d-43fd-a222-299c4efeaad0" acquired by "nova.context.set_target_cell..get_or_set_cached_cell_and_set_connections" :: waited 0.000s {{(pid=109455) inner /usr/local/lib/python3.8/dist-packages/oslo_concurrency/lockutils.py:355}}
Aug 11 07:19:56.255915 n-d-615180-34 devstack@n-api.service[109455]: DEBUG oslo_concurrency.lockutils [None req-7d946e52-efc4-4f83-a63c-8f813d61bbdc tempest-LiveMigrationTest-1924946241 tempest-LiveMigrationTest-1924946241-project] Lock "d4b279c6-1a0d-43fd-a222-299c4efeaad0" released by "nova.context.set_target_cell..get_or_set_cached_cell_and_set_connections" :: held 0.007s {{(pid=109455) inner /usr/local/lib/python3.8/dist-packages/oslo_concurrency/lockutils.py:367}}
Aug 11 07:19:56.257001 n-d-615180-34 devstack@n-api.service[109455]: DEBUG oslo_concurrency.lockutils [None req-7d946e52-efc4-4f83-a63c-8f813d61bbdc tempest-LiveMigrationTest-1924946241 tempest-LiveMigrationTest-1924946241-project] Lock "d4b279c6-1a0d-43fd-a222-299c4efeaad0" acquired by "nova.context.set_target_cell..get_or_set_cached_cell_and_set_connections" :: waited 0.000s {{(pid=109455) inner /usr/local/lib/python3.8/dist-packages/oslo_concurrency/lockutils.py:355}}
Aug 11 07:19:56.257782 n-d-615180-34 devstack@n-api.service[109455]: DEBUG oslo_concurrency.lockutils [None req-7d946e52-efc4-4f83-a63c-8f813d61bbdc tempest-LiveMigrationTest-1924946241 tempest-LiveMigrationTest-1924946241-project] Lock "d4b279c6-1a0d-43fd-a222-299c4efeaad0" released by "nova.context.set_target_cell..get_or_set_cached_cell_and_set_connections" :: held 0.001s {{(pid=109455) inner /usr/local/lib/python3.8/dist-packages/oslo_concurrency/lockutils.py:367}}
Aug 11 07:19:56.795626 n-d-615180-34 devstack@n-api.service[109454]: DEBUG nova.policy [None req-a7351e8d-f7d9-44ca-943a-c75ea1dc1051 tempest-ServersAdminTestJSON-1635244288 tempest-ServersAdminTestJSON-1635244288-project] Policy check for os_compute_api:os-extended-server-attributes failed with credentials {'is_admin': False, 'user_id': '057b1288badf493c869abc5e74e62e5d', 'user_domain_id': 'default', 'system_scope': None, 'domain_id': None, 'project_id': 'd520f15ecc59495e90a1b2797f462189', 'project_domain_id': 'default', 'roles': ['reader', 'member'], 'is_admin_project': True, 'service_user_id': None, 'service_user_domain_id': None, 'service_project_id': None, 'service_project_domain_id': None, 'service_roles': []} {{(pid=109454) authorize /opt/stack/nova/nova/policy.py:199}}
Aug 11 07:19:56.803987 n-d-615180-34 devstack@n-api.service[109454]: INFO nova.api.openstack.requestlog [None req-a7351e8d-f7d9-44ca-943a-c75ea1dc1051 tempest-ServersAdminTestJSON-1635244288 tempest-ServersAdminTestJSON-1635244288-project] 10.222.0.25 "GET /compute/v2.1/servers/80753dd8-4699-4558-b7f6-5f4b446ce4db" status: 200 len: 1313 microversion: 2.1 time: 0.728662
Aug 11 07:19:56.816193 n-d-615180-34 devstack@n-api.service[109454]: [pid: 109454|app: 0|req: 182/372] 10.222.0.25 () {58 vars in 1236 bytes} [Wed Aug 11 07:19:56 2021] GET /compute/v2.1/servers/80753dd8-4699-4558-b7f6-5f4b446ce4db => generated 1313 bytes in 741 msecs (HTTP/1.1 200) 9 headers in 358 bytes (1 switches on core 0)
Aug 11 07:19:56.821356 n-d-615180-34 devstack@n-api.service[109454]: DEBUG nova.api.openstack.wsgi [None req-aa036677-a86a-4aad-bcf5-4aefba780baa tempest-ServersWithSpecificFlavorTestJSON-35518100 tempest-ServersWithSpecificFlavorTestJSON-35518100-project] Action: 'action', calling method: >, body: {"os-getConsoleOutput": {}} {{(pid=109454) _process_stack /opt/stack/nova/nova/api/openstack/wsgi.py:511}}
Aug 11 07:19:56.823278 n-d-615180-34 devstack@n-api.service[109454]: DEBUG nova.compute.api [None req-aa036677-a86a-4aad-bcf5-4aefba780baa tempest-ServersWithSpecificFlavorTestJSON-35518100 tempest-ServersWithSpecificFlavorTestJSON-35518100-project] [instance: a1ecf7de-21f6-45eb-92ad-6b920824b902] Fetching instance by UUID {{(pid=109454) get /opt/stack/nova/nova/compute/api.py:2809}}
Aug 11 07:19:56.830349 n-d-615180-34 devstack@n-api.service[109454]: DEBUG oslo_concurrency.lockutils [None req-aa036677-a86a-4aad-bcf5-4aefba780baa tempest-ServersWithSpecificFlavorTestJSON-35518100 tempest-ServersWithSpecificFlavorTestJSON-35518100-project] Lock "d4b279c6-1a0d-43fd-a222-299c4efeaad0" acquired by "nova.context.set_target_cell..get_or_set_cached_cell_and_set_connections" :: waited 0.000s {{(pid=109454) inner /usr/local/lib/python3.8/dist-packages/oslo_concurrency/lockutils.py:355}}
