May 04 21:28:17.622236 n-d-615180-31 devstack@placement-api.service[75621]: DEBUG placement.objects.allocation_candidate [req-0ae5e79c-a6c5-429d-9518-2b456a0b30ac req-c872ce8e-ec9a-4c4e-ba42-73746606e54a service placement] Merging candidates yields 2 allocation requests and 2 provider summaries {{(pid=75621) _merge_candidates /opt/stack/placement/placement/objects/allocation_candidate.py:783}}
May 04 21:28:17.625349 n-d-615180-31 devstack@placement-api.service[75621]: INFO placement.requestlog [req-0ae5e79c-a6c5-429d-9518-2b456a0b30ac req-c872ce8e-ec9a-4c4e-ba42-73746606e54a service placement] 10.222.0.54 "GET /placement/allocation_candidates?limit=1000&resources=DISK_GB%3A1%2CMEMORY_MB%3A1024%2CVCPU%3A1&root_required=%21COMPUTE_STATUS_DISABLED" status: 200 len: 1309 microversion: 1.35
May 04 21:28:17.640924 n-d-615180-31 devstack@placement-api.service[75621]: [pid: 75621|app: 0|req: 32/62] 10.222.0.54 () {60 vars in 1506 bytes} [Tue May 4 21:28:17 2021] GET /placement/allocation_candidates?limit=1000&resources=DISK_GB%3A1%2CMEMORY_MB%3A1024%2CVCPU%3A1&root_required=%21COMPUTE_STATUS_DISABLED => generated 1309 bytes in 205 msecs (HTTP/1.1 200) 8 headers in 297 bytes (1 switches on core 0)
May 04 21:28:17.721062 n-d-615180-31 devstack@placement-api.service[75620]: DEBUG placement.requestlog [req-c2b26a8d-8efc-4ac1-ad58-52ce136f140a req-073b0765-f849-4542-a478-a427776e9496 None None] Starting request: 10.222.0.54 "GET /placement/resource_providers?name=n-h1-615180-31" {{(pid=75620) __call__ /opt/stack/placement/placement/requestlog.py:55}}
May 04 21:28:17.728054 n-d-615180-31 devstack@placement-api.service[75621]: DEBUG placement.requestlog [req-0ae5e79c-a6c5-429d-9518-2b456a0b30ac req-83574d5c-ac93-4fe0-bf93-514aed9d9e5f None None] Starting request: 10.222.0.54 "GET /placement/allocations/684d1f55-909c-4751-bcf0-3f1d11507c4b" {{(pid=75621) __call__ /opt/stack/placement/placement/requestlog.py:55}}
May 04 21:28:17.737912 n-d-615180-31 devstack@placement-api.service[75620]: INFO placement.requestlog [req-c2b26a8d-8efc-4ac1-ad58-52ce136f140a req-073b0765-f849-4542-a478-a427776e9496 service placement] 10.222.0.54 "GET /placement/resource_providers?name=n-h1-615180-31" status: 200 len: 442 microversion: 1.0
May 04 21:28:17.738184 n-d-615180-31 devstack@placement-api.service[75620]: [pid: 75620|app: 0|req: 31/63] 10.222.0.54 () {58 vars in 1276 bytes} [Tue May 4 21:28:17 2021] GET /placement/resource_providers?name=n-h1-615180-31 => generated 442 bytes in 18 msecs (HTTP/1.1 200) 6 headers in 224 bytes (1 switches on core 0)
May 04 21:28:17.741623 n-d-615180-31 devstack@placement-api.service[75621]: INFO placement.requestlog [req-0ae5e79c-a6c5-429d-9518-2b456a0b30ac req-83574d5c-ac93-4fe0-bf93-514aed9d9e5f service placement] 10.222.0.54 "GET /placement/allocations/684d1f55-909c-4751-bcf0-3f1d11507c4b" status: 200 len: 19 microversion: 1.28
May 04 21:28:17.746467 n-d-615180-31 devstack@placement-api.service[75621]: [pid: 75621|app: 0|req: 33/64] 10.222.0.54 () {60 vars in 1380 bytes} [Tue May 4 21:28:17 2021] GET /placement/allocations/684d1f55-909c-4751-bcf0-3f1d11507c4b => generated 19 bytes in 18 msecs (HTTP/1.1 200) 8 headers in 295 bytes (2 switches on core 0)
May 04 21:28:17.747362 n-d-615180-31 devstack@placement-api.service[75620]: DEBUG placement.requestlog [req-c2b26a8d-8efc-4ac1-ad58-52ce136f140a req-66f9ccec-8d5f-4b4e-add5-59dfa24c0d49 None None] Starting request: 10.222.0.54 "GET /placement/resource_providers/0faa5a34-c176-437f-9e77-57fd321205b7/aggregates" {{(pid=75620) __call__ /opt/stack/placement/placement/requestlog.py:55}}
May 04 21:28:17.749741 n-d-615180-31 devstack@placement-api.service[75621]: DEBUG placement.requestlog [req-0ae5e79c-a6c5-429d-9518-2b456a0b30ac req-7c034233-1da4-465f-9e2c-193c6936b6a9 None None] Starting request: 10.222.0.54 "PUT /placement/allocations/684d1f55-909c-4751-bcf0-3f1d11507c4b" {{(pid=75621) __call__ /opt/stack/placement/placement/requestlog.py:55}}
May 04 21:28:17.790018 n-d-615180-31 devstack@placement-api.service[75620]: INFO placement.requestlog [req-c2b26a8d-8efc-4ac1-ad58-52ce136f140a req-66f9ccec-8d5f-4b4e-add5-59dfa24c0d49 service placement] 10.222.0.54 "GET /placement/resource_providers/0faa5a34-c176-437f-9e77-57fd321205b7/aggregates" status: 200 len: 54 microversion: 1.19
May 04 21:28:17.793367 n-d-615180-31 devstack@placement-api.service[75620]: [pid: 75620|app: 0|req: 32/65] 10.222.0.54 () {60 vars in 1425 bytes} [Tue May 4 21:28:17 2021] GET /placement/resource_providers/0faa5a34-c176-437f-9e77-57fd321205b7/aggregates => generated 54 bytes in 46 msecs (HTTP/1.1 200) 8 headers in 295 bytes (2 switches on core 0)
May 04 21:28:17.803124 n-d-615180-31 devstack@placement-api.service[75620]: DEBUG placement.requestlog [req-c2b26a8d-8efc-4ac1-ad58-52ce136f140a req-b37dc1ba-3878-4798-90be-2d95ffa53cd5 None None] Starting request: 10.222.0.54 "PUT /placement/resource_providers/0faa5a34-c176-437f-9e77-57fd321205b7/aggregates" {{(pid=75620) __call__ /opt/stack/placement/placement/requestlog.py:55}}
May 04 21:28:17.844041 n-d-615180-31 devstack@placement-api.service[75620]: DEBUG placement.objects.resource_provider [req-c2b26a8d-8efc-4ac1-ad58-52ce136f140a req-b37dc1ba-3878-4798-90be-2d95ffa53cd5 service placement] _ensure_aggregate() did not find aggregate 6d72d305-3744-4e46-8852-b555b6ad892b. Attempting to create it. {{(pid=75620) _ensure_aggregate /opt/stack/placement/placement/objects/resource_provider.py:319}}
May 04 21:28:17.846011 n-d-615180-31 devstack@placement-api.service[75620]: DEBUG placement.objects.resource_provider [req-c2b26a8d-8efc-4ac1-ad58-52ce136f140a req-b37dc1ba-3878-4798-90be-2d95ffa53cd5 service placement] _ensure_aggregate() created new aggregate 6d72d305-3744-4e46-8852-b555b6ad892b (id=5). {{(pid=75620) _ensure_aggregate /opt/stack/placement/placement/objects/resource_provider.py:325}}
May 04 21:28:17.847333 n-d-615180-31 devstack@placement-api.service[75620]: DEBUG placement.objects.resource_provider [req-c2b26a8d-8efc-4ac1-ad58-52ce136f140a req-b37dc1ba-3878-4798-90be-2d95ffa53cd5 service placement] Setting aggregates for provider 0faa5a34-c176-437f-9e77-57fd321205b7. Successfully associated aggregate 6d72d305-3744-4e46-8852-b555b6ad892b. {{(pid=75620) _set_aggregates /opt/stack/placement/placement/objects/resource_provider.py:387}}
May 04 21:28:17.953614 n-d-615180-31 devstack@placement-api.service[75620]: INFO placement.requestlog [req-c2b26a8d-8efc-4ac1-ad58-52ce136f140a req-b37dc1ba-3878-4798-90be-2d95ffa53cd5 service placement] 10.222.0.54 "PUT /placement/resource_providers/0faa5a34-c176-437f-9e77-57fd321205b7/aggregates" status: 200 len: 92 microversion: 1.19
May 04 21:28:17.955584 n-d-615180-31 devstack@placement-api.service[75620]: [pid: 75620|app: 0|req: 33/66] 10.222.0.54 () {64 vars in 1477 bytes} [Tue May 4 21:28:17 2021] PUT /placement/resource_providers/0faa5a34-c176-437f-9e77-57fd321205b7/aggregates => generated 92 bytes in 153 msecs (HTTP/1.1 200) 8 headers in 295 bytes (2 switches on core 0)
May 04 21:28:17.956303 n-d-615180-31 devstack@placement-api.service[75620]: DEBUG placement.requestlog [req-c4038e08-8c8a-42ac-afd5-1f1009d0e1ae req-38e4fd86-22a5-44f0-b448-9866142bc581 None None] Starting request: 10.222.0.46 "GET /placement/allocations/5a1b51ba-5049-4fcc-b229-b70892124527" {{(pid=75620) __call__ /opt/stack/placement/placement/requestlog.py:55}}
May 04 21:28:17.987965 n-d-615180-31 devstack@placement-api.service[75620]: INFO placement.requestlog [req-c4038e08-8c8a-42ac-afd5-1f1009d0e1ae req-38e4fd86-22a5-44f0-b448-9866142bc581 service placement] 10.222.0.46 "GET /placement/allocations/5a1b51ba-5049-4fcc-b229-b70892124527" status: 200 len: 258 microversion: 1.28
May 04 21:28:17.988926 n-d-615180-31 devstack@placement-api.service[75620]: [pid: 75620|app: 0|req: 34/67] 10.222.0.46 () {60 vars in 1378 bytes} [Tue May 4 21:28:17 2021] GET /placement/allocations/5a1b51ba-5049-4fcc-b229-b70892124527 => generated 258 bytes in 33 msecs (HTTP/1.1 200) 8 headers in 296 bytes (1 switches on core 0)
May 04 21:28:17.997993 n-d-615180-31 devstack@placement-api.service[75620]: DEBUG placement.requestlog [req-c4038e08-8c8a-42ac-afd5-1f1009d0e1ae req-a826106c-84d1-4228-9550-1f359c6d8602 None None] Starting request: 10.222.0.46 "PUT /placement/allocations/5a1b51ba-5049-4fcc-b229-b70892124527" {{(pid=75620) __call__ /opt/stack/placement/placement/requestlog.py:55}}
May 04 21:28:18.081073 n-d-615180-31 devstack@placement-api.service[75621]: DEBUG placement.handlers.allocation [req-0ae5e79c-a6c5-429d-9518-2b456a0b30ac req-7c034233-1da4-465f-9e2c-193c6936b6a9 service placement] Successfully wrote allocations [, , ] {{(pid=75621) _create_allocations /opt/stack/placement/placement/handlers/allocation.py:435}}
May 04 21:28:18.081982 n-d-615180-31 devstack@placement-api.service[75621]: INFO placement.requestlog [req-0ae5e79c-a6c5-429d-9518-2b456a0b30ac req-7c034233-1da4-465f-9e2c-193c6936b6a9 service placement] 10.222.0.54 "PUT /placement/allocations/684d1f55-909c-4751-bcf0-3f1d11507c4b" status: 204 len: 0 microversion: 1.35
May 04 21:28:18.082729 n-d-615180-31 devstack@placement-api.service[75621]: [pid: 75621|app: 0|req: 34/68] 10.222.0.54 () {64 vars in 1433 bytes} [Tue May 4 21:28:17 2021] PUT /placement/allocations/684d1f55-909c-4751-bcf0-3f1d11507c4b => generated 0 bytes in 333 msecs (HTTP/1.1 204) 5 headers in 199 bytes (1 switches on core 0)
May 04 21:28:18.127411 n-d-615180-31 devstack@placement-api.service[75621]: DEBUG placement.requestlog [req-03596e6e-daab-4420-896c-fdfd52df4657 req-65775419-1758-47ac-bcf4-c16b6d3460a5 None None] Starting request: 10.222.0.54 "GET /placement/resource_providers?name=n-h1-615180-31" {{(pid=75621) __call__ /opt/stack/placement/placement/requestlog.py:55}}
May 04 21:28:18.143911 n-d-615180-31 devstack@placement-api.service[75620]: DEBUG placement.objects.allocation [req-c4038e08-8c8a-42ac-afd5-1f1009d0e1ae req-a826106c-84d1-4228-9550-1f359c6d8602 service placement] Retrying allocations write on resource provider generation conflict {{(pid=75620) replace_all /opt/stack/placement/placement/objects/allocation.py:505}}
May 04 21:28:18.149727 n-d-615180-31 devstack@placement-api.service[75621]: INFO placement.requestlog [req-03596e6e-daab-4420-896c-fdfd52df4657 req-65775419-1758-47ac-bcf4-c16b6d3460a5 service placement] 10.222.0.54 "GET /placement/resource_providers?name=n-h1-615180-31" status: 200 len: 442 microversion: 1.0
May 04 21:28:18.151156 n-d-615180-31 devstack@placement-api.service[75621]: [pid: 75621|app: 0|req: 35/69] 10.222.0.54 () {58 vars in 1276 bytes} [Tue May 4 21:28:18 2021] GET /placement/resource_providers?name=n-h1-615180-31 => generated 442 bytes in 23 msecs (HTTP/1.1 200) 6 headers in 224 bytes (1 switches on core 0)
May 04 21:28:18.157328 n-d-615180-31 devstack@placement-api.service[75621]: DEBUG placement.requestlog [req-03596e6e-daab-4420-896c-fdfd52df4657 req-27e5f535-a531-4d9e-9c91-6904f37abf2b None None] Starting request: 10.222.0.54 "GET /placement/resource_providers/0faa5a34-c176-437f-9e77-57fd321205b7/aggregates" {{(pid=75621) __call__ /opt/stack/placement/placement/requestlog.py:55}}
May 04 21:28:18.214053 n-d-615180-31 devstack@placement-api.service[75621]: INFO placement.requestlog [req-03596e6e-daab-4420-896c-fdfd52df4657 req-27e5f535-a531-4d9e-9c91-6904f37abf2b service placement] 10.222.0.54 "GET /placement/resource_providers/0faa5a34-c176-437f-9e77-57fd321205b7/aggregates" status: 200 len: 92 microversion: 1.19
May 04 21:28:18.215724 n-d-615180-31 devstack@placement-api.service[75621]: [pid: 75621|app: 0|req: 36/70] 10.222.0.54 () {60 vars in 1425 bytes} [Tue May 4 21:28:18 2021] GET /placement/resource_providers/0faa5a34-c176-437f-9e77-57fd321205b7/aggregates => generated 92 bytes in 59 msecs (HTTP/1.1 200) 8 headers in 295 bytes (1 switches on core 0)
May 04 21:28:18.221875 n-d-615180-31 devstack@placement-api.service[75621]: DEBUG placement.requestlog [req-03596e6e-daab-4420-896c-fdfd52df4657 req-701afb84-2cce-472e-bc0a-be3fc62f9f50 None None] Starting request: 10.222.0.54 "PUT /placement/resource_providers/0faa5a34-c176-437f-9e77-57fd321205b7/aggregates" {{(pid=75621) __call__ /opt/stack/placement/placement/requestlog.py:55}}
May 04 21:28:18.272472 n-d-615180-31 devstack@placement-api.service[75621]: DEBUG placement.objects.resource_provider [req-03596e6e-daab-4420-896c-fdfd52df4657 req-701afb84-2cce-472e-bc0a-be3fc62f9f50 service placement] Setting aggregates for provider 0faa5a34-c176-437f-9e77-57fd321205b7. Successfully disassociated aggregate 6d72d305-3744-4e46-8852-b555b6ad892b. {{(pid=75621) _set_aggregates /opt/stack/placement/placement/objects/resource_provider.py:402}}
May 04 21:28:18.438159 n-d-615180-31 devstack@placement-api.service[75620]: DEBUG placement.handlers.allocation [req-c4038e08-8c8a-42ac-afd5-1f1009d0e1ae req-a826106c-84d1-4228-9550-1f359c6d8602 service placement] Successfully wrote allocations [, , ] {{(pid=75620) _create_allocations /opt/stack/placement/placement/handlers/allocation.py:435}}
May 04 21:28:18.442699 n-d-615180-31 devstack@placement-api.service[75621]: INFO placement.requestlog [req-03596e6e-daab-4420-896c-fdfd52df4657 req-701afb84-2cce-472e-bc0a-be3fc62f9f50 service placement] 10.222.0.54 "PUT /placement/resource_providers/0faa5a34-c176-437f-9e77-57fd321205b7/aggregates" status: 200 len: 54 microversion: 1.19
May 04 21:28:18.442699 n-d-615180-31 devstack@placement-api.service[75621]: [pid: 75621|app: 0|req: 37/71] 10.222.0.54 () {64 vars in 1477 bytes} [Tue May 4 21:28:18 2021] PUT /placement/resource_providers/0faa5a34-c176-437f-9e77-57fd321205b7/aggregates => generated 54 bytes in 220 msecs (HTTP/1.1 200) 8 headers in 295 bytes (1 switches on core 0)
May 04 21:28:18.444529 n-d-615180-31 devstack@placement-api.service[75620]: INFO placement.requestlog [req-c4038e08-8c8a-42ac-afd5-1f1009d0e1ae req-a826106c-84d1-4228-9550-1f359c6d8602 service placement] 10.222.0.46 "PUT /placement/allocations/5a1b51ba-5049-4fcc-b229-b70892124527" status: 204 len: 0 microversion: 1.28
May 04 21:28:18.445157 n-d-615180-31 devstack@placement-api.service[75620]: [pid: 75620|app: 0|req: 35/72] 10.222.0.46 () {64 vars in 1431 bytes} [Tue May 4 21:28:17 2021] PUT /placement/allocations/5a1b51ba-5049-4fcc-b229-b70892124527 => generated 0 bytes in 448 msecs (HTTP/1.1 204) 5 headers in 199 bytes (1 switches on core 0)
May 04 21:28:18.461699 n-d-615180-31 devstack@placement-api.service[75621]: DEBUG placement.requestlog [req-3ec0d599-35b0-4676-9156-4fc3ba984761 req-eeb7822a-17c4-4490-9adc-8593a3e89e97 None None] Starting request: 10.222.0.58 "GET /placement/allocations/14356c3b-da4f-4d74-8eaa-c23138b2f39b" {{(pid=75621) __call__ /opt/stack/placement/placement/requestlog.py:55}}
May 04 21:28:18.504579 n-d-615180-31 devstack@placement-api.service[75621]: INFO placement.requestlog [req-3ec0d599-35b0-4676-9156-4fc3ba984761 req-eeb7822a-17c4-4490-9adc-8593a3e89e97 service placement] 10.222.0.58 "GET /placement/allocations/14356c3b-da4f-4d74-8eaa-c23138b2f39b" status: 200 len: 259 microversion: 1.28
May 04 21:28:18.505270 n-d-615180-31 devstack@placement-api.service[75621]: [pid: 75621|app: 0|req: 38/73] 10.222.0.58 () {60 vars in 1378 bytes} [Tue May 4 21:28:18 2021] GET /placement/allocations/14356c3b-da4f-4d74-8eaa-c23138b2f39b => generated 259 bytes in 47 msecs (HTTP/1.1 200) 8 headers in 296 bytes (2 switches on core 0)
May 04 21:28:19.298901 n-d-615180-31 devstack@placement-api.service[75620]: DEBUG placement.requestlog [req-35948f9d-c5b9-40f0-96d8-1559ec62af40 req-7b90a120-2ce0-4883-a38d-3155b1cfff26 None None] Starting request: 10.222.0.54 "GET /placement/resource_providers?name=n-h1-615180-31" {{(pid=75620) __call__ /opt/stack/placement/placement/requestlog.py:55}}
May 04 21:28:19.319816 n-d-615180-31 devstack@placement-api.service[75620]: INFO placement.requestlog [req-35948f9d-c5b9-40f0-96d8-1559ec62af40 req-7b90a120-2ce0-4883-a38d-3155b1cfff26 service placement] 10.222.0.54 "GET /placement/resource_providers?name=n-h1-615180-31" status: 200 len: 442 microversion: 1.0
May 04 21:28:19.327235 n-d-615180-31 devstack@placement-api.service[75621]: DEBUG placement.requestlog [req-35948f9d-c5b9-40f0-96d8-1559ec62af40 req-0e5c27d6-765b-4176-ac16-c4308f59ce9b None None] Starting request: 10.222.0.54 "GET /placement/resource_providers/0faa5a34-c176-437f-9e77-57fd321205b7/aggregates" {{(pid=75621) __call__ /opt/stack/placement/placement/requestlog.py:55}}
May 04 21:28:19.338642 n-d-615180-31 devstack@placement-api.service[75620]: [pid: 75620|app: 0|req: 36/74] 10.222.0.54 () {58 vars in 1276 bytes} [Tue May 4 21:28:19 2021] GET /placement/resource_providers?name=n-h1-615180-31 => generated 442 bytes in 39 msecs (HTTP/1.1 200) 6 headers in 224 bytes (1 switches on core 0)
May 04 21:28:19.345007 n-d-615180-31 devstack@placement-api.service[75621]: INFO placement.requestlog [req-35948f9d-c5b9-40f0-96d8-1559ec62af40 req-0e5c27d6-765b-4176-ac16-c4308f59ce9b service placement] 10.222.0.54 "GET /placement/resource_providers/0faa5a34-c176-437f-9e77-57fd321205b7/aggregates" status: 200 len: 54 microversion: 1.19
May 04 21:28:19.353709 n-d-615180-31 devstack@placement-api.service[75620]: DEBUG placement.requestlog [req-35948f9d-c5b9-40f0-96d8-1559ec62af40 req-191867ab-d80d-4c79-a6bb-d6a37003bca0 None None] Starting request: 10.222.0.54 "PUT /placement/resource_providers/0faa5a34-c176-437f-9e77-57fd321205b7/aggregates" {{(pid=75620) __call__ /opt/stack/placement/placement/requestlog.py:55}}
May 04 21:28:19.360893 n-d-615180-31 devstack@placement-api.service[75621]: [pid: 75621|app: 0|req: 39/75] 10.222.0.54 () {60 vars in 1425 bytes} [Tue May 4 21:28:19 2021] GET /placement/resource_providers/0faa5a34-c176-437f-9e77-57fd321205b7/aggregates => generated 54 bytes in 33 msecs (HTTP/1.1 200) 8 headers in 295 bytes (1 switches on core 0)
May 04 21:28:19.395591 n-d-615180-31 devstack@placement-api.service[75620]: DEBUG placement.objects.resource_provider [req-35948f9d-c5b9-40f0-96d8-1559ec62af40 req-191867ab-d80d-4c79-a6bb-d6a37003bca0 service placement] _ensure_aggregate() did not find aggregate 4d970b6d-ff27-4afb-8487-fd63e6a63193. Attempting to create it. {{(pid=75620) _ensure_aggregate /opt/stack/placement/placement/objects/resource_provider.py:319}}
May 04 21:28:19.399105 n-d-615180-31 devstack@placement-api.service[75620]: DEBUG placement.objects.resource_provider [req-35948f9d-c5b9-40f0-96d8-1559ec62af40 req-191867ab-d80d-4c79-a6bb-d6a37003bca0 service placement] _ensure_aggregate() created new aggregate 4d970b6d-ff27-4afb-8487-fd63e6a63193 (id=6). {{(pid=75620) _ensure_aggregate /opt/stack/placement/placement/objects/resource_provider.py:325}}
May 04 21:28:19.401754 n-d-615180-31 devstack@placement-api.service[75620]: DEBUG placement.objects.resource_provider [req-35948f9d-c5b9-40f0-96d8-1559ec62af40 req-191867ab-d80d-4c79-a6bb-d6a37003bca0 service placement] Setting aggregates for provider 0faa5a34-c176-437f-9e77-57fd321205b7. Successfully associated aggregate 4d970b6d-ff27-4afb-8487-fd63e6a63193. {{(pid=75620) _set_aggregates /opt/stack/placement/placement/objects/resource_provider.py:387}}
May 04 21:28:19.462090 n-d-615180-31 devstack@placement-api.service[75620]: INFO placement.requestlog [req-35948f9d-c5b9-40f0-96d8-1559ec62af40 req-191867ab-d80d-4c79-a6bb-d6a37003bca0 service placement] 10.222.0.54 "PUT /placement/resource_providers/0faa5a34-c176-437f-9e77-57fd321205b7/aggregates" status: 200 len: 92 microversion: 1.19
May 04 21:28:19.462665 n-d-615180-31 devstack@placement-api.service[75620]: [pid: 75620|app: 0|req: 37/76] 10.222.0.54 () {64 vars in 1477 bytes} [Tue May 4 21:28:19 2021] PUT /placement/resource_providers/0faa5a34-c176-437f-9e77-57fd321205b7/aggregates => generated 92 bytes in 110 msecs (HTTP/1.1 200) 8 headers in 295 bytes (1 switches on core 0)
May 04 21:28:19.564931 n-d-615180-31 devstack@placement-api.service[75621]: DEBUG placement.requestlog [req-0ae5e79c-a6c5-429d-9518-2b456a0b30ac req-1f244432-f35f-4198-8ee6-4361083df03d None None] Starting request: 10.222.0.46 "GET /placement/allocations/684d1f55-909c-4751-bcf0-3f1d11507c4b" {{(pid=75621) __call__ /opt/stack/placement/placement/requestlog.py:55}}
May 04 21:28:19.583547 n-d-615180-31 devstack@placement-api.service[75621]: INFO placement.requestlog [req-0ae5e79c-a6c5-429d-9518-2b456a0b30ac req-1f244432-f35f-4198-8ee6-4361083df03d service placement] 10.222.0.46 "GET /placement/allocations/684d1f55-909c-4751-bcf0-3f1d11507c4b" status: 200 len: 258 microversion: 1.28
May 04 21:28:19.590936 n-d-615180-31 devstack@placement-api.service[75621]: [pid: 75621|app: 0|req: 40/77] 10.222.0.46 () {60 vars in 1378 bytes} [Tue May 4 21:28:19 2021] GET /placement/allocations/684d1f55-909c-4751-bcf0-3f1d11507c4b => generated 258 bytes in 20 msecs (HTTP/1.1 200) 8 headers in 296 bytes (2 switches on core 0)
May 04 21:28:19.869699 n-d-615180-31 devstack@placement-api.service[75620]: DEBUG placement.requestlog [req-6c04f8ff-1d0e-40bb-845f-2580496bdc6d req-1ec21747-58e2-4aa6-a1d9-142246e65e62 None None] Starting request: 10.222.0.54 "GET /placement/allocation_candidates?limit=1000&resources=DISK_GB%3A1%2CMEMORY_MB%3A1024%2CVCPU%3A1&root_required=%21COMPUTE_STATUS_DISABLED" {{(pid=75620) __call__ /opt/stack/placement/placement/requestlog.py:55}}
May 04 21:28:19.944329 n-d-615180-31 devstack@placement-api.service[75620]: DEBUG placement.objects.research_context [req-6c04f8ff-1d0e-40bb-845f-2580496bdc6d req-1ec21747-58e2-4aa6-a1d9-142246e65e62 service placement] getting providers with 1 DISK_GB {{(pid=75620) __init__ /opt/stack/placement/placement/objects/research_context.py:126}}
May 04 21:28:19.953007 n-d-615180-31 devstack@placement-api.service[75620]: DEBUG placement.objects.research_context [req-6c04f8ff-1d0e-40bb-845f-2580496bdc6d req-1ec21747-58e2-4aa6-a1d9-142246e65e62 service placement] getting providers with 1024 MEMORY_MB {{(pid=75620) __init__ /opt/stack/placement/placement/objects/research_context.py:126}}
May 04 21:28:19.960486 n-d-615180-31 devstack@placement-api.service[75620]: DEBUG placement.objects.research_context [req-6c04f8ff-1d0e-40bb-845f-2580496bdc6d req-1ec21747-58e2-4aa6-a1d9-142246e65e62 service placement] getting providers with 1 VCPU {{(pid=75620) __init__ /opt/stack/placement/placement/objects/research_context.py:126}}
May 04 21:28:19.980995 n-d-615180-31 devstack@placement-api.service[75621]: DEBUG placement.requestlog [req-2e0af020-f164-4bb4-b761-c0ba604d7e4d req-092c04c5-4641-4cfd-9dff-94473e6e8f70 None None] Starting request: 10.222.0.54 "GET /placement/resource_providers?name=n-h1-615180-31" {{(pid=75621) __call__ /opt/stack/placement/placement/requestlog.py:55}}
May 04 21:28:19.981988 n-d-615180-31 devstack@placement-api.service[75620]: DEBUG placement.objects.research_context [req-6c04f8ff-1d0e-40bb-845f-2580496bdc6d req-1ec21747-58e2-4aa6-a1d9-142246e65e62 service placement] found 2 providers with available 1 DISK_GB {{(pid=75620) get_provider_ids_matching /opt/stack/placement/placement/objects/research_context.py:549}}
May 04 21:28:19.982360 n-d-615180-31 devstack@placement-api.service[75620]: DEBUG placement.objects.research_context [req-6c04f8ff-1d0e-40bb-845f-2580496bdc6d req-1ec21747-58e2-4aa6-a1d9-142246e65e62 service placement] found 2 providers with available 1024 MEMORY_MB {{(pid=75620) get_provider_ids_matching /opt/stack/placement/placement/objects/research_context.py:549}}
May 04 21:28:19.982645 n-d-615180-31 devstack@placement-api.service[75620]: DEBUG placement.objects.research_context [req-6c04f8ff-1d0e-40bb-845f-2580496bdc6d req-1ec21747-58e2-4aa6-a1d9-142246e65e62 service placement] found 2 providers after filtering by previous result {{(pid=75620) get_provider_ids_matching /opt/stack/placement/placement/objects/research_context.py:580}}
May 04 21:28:19.982917 n-d-615180-31 devstack@placement-api.service[75620]: DEBUG placement.objects.research_context [req-6c04f8ff-1d0e-40bb-845f-2580496bdc6d req-1ec21747-58e2-4aa6-a1d9-142246e65e62 service placement] found 2 providers with available 1 VCPU {{(pid=75620) get_provider_ids_matching /opt/stack/placement/placement/objects/research_context.py:549}}
May 04 21:28:19.983177 n-d-615180-31 devstack@placement-api.service[75620]: DEBUG placement.objects.research_context [req-6c04f8ff-1d0e-40bb-845f-2580496bdc6d req-1ec21747-58e2-4aa6-a1d9-142246e65e62 service placement] found 2 providers after filtering by previous result {{(pid=75620) get_provider_ids_matching /opt/stack/placement/placement/objects/research_context.py:580}}
May 04 21:28:19.996221 n-d-615180-31 devstack@placement-api.service[75620]: DEBUG placement.objects.allocation_candidate [req-6c04f8ff-1d0e-40bb-845f-2580496bdc6d req-1ec21747-58e2-4aa6-a1d9-142246e65e62 service placement] RequestGroup(use_same_provider=False, resources={DISK_GB:1, MEMORY_MB:1024, VCPU:1}, traits=[], aggregates=[]) (suffix '') returned 2 matches {{(pid=75620) _get_by_requests /opt/stack/placement/placement/objects/allocation_candidate.py:145}}
May 04 21:28:19.996653 n-d-615180-31 devstack@placement-api.service[75620]: DEBUG placement.objects.allocation_candidate [req-6c04f8ff-1d0e-40bb-845f-2580496bdc6d req-1ec21747-58e2-4aa6-a1d9-142246e65e62 service placement] Merging candidates yields 2 allocation requests and 2 provider summaries {{(pid=75620) _merge_candidates /opt/stack/placement/placement/objects/allocation_candidate.py:783}}
May 04 21:28:19.998620 n-d-615180-31 devstack@placement-api.service[75620]: INFO placement.requestlog [req-6c04f8ff-1d0e-40bb-845f-2580496bdc6d req-1ec21747-58e2-4aa6-a1d9-142246e65e62 service placement] 10.222.0.54 "GET /placement/allocation_candidates?limit=1000&resources=DISK_GB%3A1%2CMEMORY_MB%3A1024%2CVCPU%3A1&root_required=%21COMPUTE_STATUS_DISABLED" status: 200 len: 1309 microversion: 1.35
May 04 21:28:19.999339 n-d-615180-31 devstack@placement-api.service[75620]: [pid: 75620|app: 0|req: 38/78] 10.222.0.54 () {60 vars in 1506 bytes} [Tue May 4 21:28:19 2021] GET /placement/allocation_candidates?limit=1000&resources=DISK_GB%3A1%2CMEMORY_MB%3A1024%2CVCPU%3A1&root_required=%21COMPUTE_STATUS_DISABLED => generated 1309 bytes in 130 msecs (HTTP/1.1 200) 8 headers in 297 bytes (1 switches on core 0)
May 04 21:28:20.001172 n-d-615180-31 devstack@placement-api.service[75621]: INFO placement.requestlog [req-2e0af020-f164-4bb4-b761-c0ba604d7e4d req-092c04c5-4641-4cfd-9dff-94473e6e8f70 service placement] 10.222.0.54 "GET /placement/resource_providers?name=n-h1-615180-31" status: 200 len: 442 microversion: 1.0
May 04 21:28:20.005880 n-d-615180-31 devstack@placement-api.service[75621]: [pid: 75621|app: 0|req: 41/79] 10.222.0.54 () {58 vars in 1276 bytes} [Tue May 4 21:28:19 2021] GET /placement/resource_providers?name=n-h1-615180-31 => generated 442 bytes in 25 msecs (HTTP/1.1 200) 6 headers in 224 bytes (2 switches on core 0)
May 04 21:28:20.013791 n-d-615180-31 devstack@placement-api.service[75620]: DEBUG placement.requestlog [req-2e0af020-f164-4bb4-b761-c0ba604d7e4d req-47f2d7e2-f51c-4f30-b857-d47913e08210 None None] Starting request: 10.222.0.54 "GET /placement/resource_providers/0faa5a34-c176-437f-9e77-57fd321205b7/aggregates" {{(pid=75620) __call__ /opt/stack/placement/placement/requestlog.py:55}}
May 04 21:28:20.043932 n-d-615180-31 devstack@placement-api.service[75620]: INFO placement.requestlog [req-2e0af020-f164-4bb4-b761-c0ba604d7e4d req-47f2d7e2-f51c-4f30-b857-d47913e08210 service placement] 10.222.0.54 "GET /placement/resource_providers/0faa5a34-c176-437f-9e77-57fd321205b7/aggregates" status: 200 len: 92 microversion: 1.19
May 04 21:28:20.044993 n-d-615180-31 devstack@placement-api.service[75620]: [pid: 75620|app: 0|req: 39/80] 10.222.0.54 () {60 vars in 1425 bytes} [Tue May 4 21:28:20 2021] GET /placement/resource_providers/0faa5a34-c176-437f-9e77-57fd321205b7/aggregates => generated 92 bytes in 32 msecs (HTTP/1.1 200) 8 headers in 295 bytes (1 switches on core 0)
May 04 21:28:20.052350 n-d-615180-31 devstack@placement-api.service[75621]: DEBUG placement.requestlog [req-2e0af020-f164-4bb4-b761-c0ba604d7e4d req-38b773ca-a48c-4cd3-a7d2-4d159a68b7bc None None] Starting request: 10.222.0.54 "PUT /placement/resource_providers/0faa5a34-c176-437f-9e77-57fd321205b7/aggregates" {{(pid=75621) __call__ /opt/stack/placement/placement/requestlog.py:55}}
May 04 21:28:20.081448 n-d-615180-31 devstack@placement-api.service[75621]: DEBUG placement.objects.resource_provider [req-2e0af020-f164-4bb4-b761-c0ba604d7e4d req-38b773ca-a48c-4cd3-a7d2-4d159a68b7bc service placement] Setting aggregates for provider 0faa5a34-c176-437f-9e77-57fd321205b7. Successfully disassociated aggregate 4d970b6d-ff27-4afb-8487-fd63e6a63193. {{(pid=75621) _set_aggregates /opt/stack/placement/placement/objects/resource_provider.py:402}}
May 04 21:28:20.105749 n-d-615180-31 devstack@placement-api.service[75620]: DEBUG placement.requestlog [req-6c04f8ff-1d0e-40bb-845f-2580496bdc6d req-3b7e99ab-91dd-42d8-92ab-189e40b9777a None None] Starting request: 10.222.0.54 "GET /placement/allocations/bc0258d5-2300-4d5c-9214-b4a7c0ee0e51" {{(pid=75620) __call__ /opt/stack/placement/placement/requestlog.py:55}}
May 04 21:28:20.125889 n-d-615180-31 devstack@placement-api.service[75620]: INFO placement.requestlog [req-6c04f8ff-1d0e-40bb-845f-2580496bdc6d req-3b7e99ab-91dd-42d8-92ab-189e40b9777a service placement] 10.222.0.54 "GET /placement/allocations/bc0258d5-2300-4d5c-9214-b4a7c0ee0e51" status: 200 len: 19 microversion: 1.28
May 04 21:28:20.126701 n-d-615180-31 devstack@placement-api.service[75620]: [pid: 75620|app: 0|req: 40/81] 10.222.0.54 () {60 vars in 1380 bytes} [Tue May 4 21:28:20 2021] GET /placement/allocations/bc0258d5-2300-4d5c-9214-b4a7c0ee0e51 => generated 19 bytes in 21 msecs (HTTP/1.1 200) 8 headers in 295 bytes (1 switches on core 0)
May 04 21:28:20.132592 n-d-615180-31 devstack@placement-api.service[75620]: DEBUG placement.requestlog [req-6c04f8ff-1d0e-40bb-845f-2580496bdc6d req-3799c83c-9108-4e98-a279-f69da3fa789b None None] Starting request: 10.222.0.54 "PUT /placement/allocations/bc0258d5-2300-4d5c-9214-b4a7c0ee0e51" {{(pid=75620) __call__ /opt/stack/placement/placement/requestlog.py:55}}
May 04 21:28:20.211255 n-d-615180-31 devstack@placement-api.service[75621]: INFO placement.requestlog [req-2e0af020-f164-4bb4-b761-c0ba604d7e4d req-38b773ca-a48c-4cd3-a7d2-4d159a68b7bc service placement] 10.222.0.54 "PUT /placement/resource_providers/0faa5a34-c176-437f-9e77-57fd321205b7/aggregates" status: 200 len: 54 microversion: 1.19
May 04 21:28:20.211507 n-d-615180-31 devstack@placement-api.service[75621]: [pid: 75621|app: 0|req: 42/82] 10.222.0.54 () {64 vars in 1477 bytes} [Tue May 4 21:28:20 2021] PUT /placement/resource_providers/0faa5a34-c176-437f-9e77-57fd321205b7/aggregates => generated 54 bytes in 159 msecs (HTTP/1.1 200) 8 headers in 295 bytes (1 switches on core 0)
May 04 21:28:20.582004 n-d-615180-31 devstack@placement-api.service[75620]: DEBUG placement.handlers.allocation [req-6c04f8ff-1d0e-40bb-845f-2580496bdc6d req-3799c83c-9108-4e98-a279-f69da3fa789b service placement] Successfully wrote allocations [, , ] {{(pid=75620) _create_allocations /opt/stack/placement/placement/handlers/allocation.py:435}}
May 04 21:28:20.582617 n-d-615180-31 devstack@placement-api.service[75620]: INFO placement.requestlog [req-6c04f8ff-1d0e-40bb-845f-2580496bdc6d req-3799c83c-9108-4e98-a279-f69da3fa789b service placement] 10.222.0.54 "PUT /placement/allocations/bc0258d5-2300-4d5c-9214-b4a7c0ee0e51" status: 204 len: 0 microversion: 1.35
May 04 21:28:20.583293 n-d-615180-31 devstack@placement-api.service[75620]: [pid: 75620|app: 0|req: 41/83] 10.222.0.54 () {64 vars in 1433 bytes} [Tue May 4 21:28:20 2021] PUT /placement/allocations/bc0258d5-2300-4d5c-9214-b4a7c0ee0e51 => generated 0 bytes in 451 msecs (HTTP/1.1 204) 5 headers in 199 bytes (2 switches on core 0)
May 04 21:28:20.887310 n-d-615180-31 devstack@placement-api.service[75621]: DEBUG placement.requestlog [req-c78aa711-1e28-45f2-bbf3-6d86c898433f req-8adb6d14-c5e3-4240-8d55-b6ad2264b603 None None] Starting request: 10.222.0.54 "GET /placement/allocation_candidates?limit=1000&resources=DISK_GB%3A1%2CMEMORY_MB%3A1024%2CVCPU%3A1&root_required=%21COMPUTE_STATUS_DISABLED" {{(pid=75621) __call__ /opt/stack/placement/placement/requestlog.py:55}}
May 04 21:28:21.038807 n-d-615180-31 devstack@placement-api.service[75621]: DEBUG placement.objects.research_context [req-c78aa711-1e28-45f2-bbf3-6d86c898433f req-8adb6d14-c5e3-4240-8d55-b6ad2264b603 service placement] getting providers with 1 DISK_GB {{(pid=75621) __init__ /opt/stack/placement/placement/objects/research_context.py:126}}
May 04 21:28:21.066941 n-d-615180-31 devstack@placement-api.service[75621]: DEBUG placement.objects.research_context [req-c78aa711-1e28-45f2-bbf3-6d86c898433f req-8adb6d14-c5e3-4240-8d55-b6ad2264b603 service placement] getting providers with 1024 MEMORY_MB {{(pid=75621) __init__ /opt/stack/placement/placement/objects/research_context.py:126}}
May 04 21:28:21.084374 n-d-615180-31 devstack@placement-api.service[75621]: DEBUG placement.objects.research_context [req-c78aa711-1e28-45f2-bbf3-6d86c898433f req-8adb6d14-c5e3-4240-8d55-b6ad2264b603 service placement] getting providers with 1 VCPU {{(pid=75621) __init__ /opt/stack/placement/placement/objects/research_context.py:126}}
May 04 21:28:21.091412 n-d-615180-31 devstack@placement-api.service[75621]: DEBUG placement.objects.research_context [req-c78aa711-1e28-45f2-bbf3-6d86c898433f req-8adb6d14-c5e3-4240-8d55-b6ad2264b603 service placement] found 2 providers with available 1 DISK_GB {{(pid=75621) get_provider_ids_matching /opt/stack/placement/placement/objects/research_context.py:549}}
May 04 21:28:21.091903 n-d-615180-31 devstack@placement-api.service[75621]: DEBUG placement.objects.research_context [req-c78aa711-1e28-45f2-bbf3-6d86c898433f req-8adb6d14-c5e3-4240-8d55-b6ad2264b603 service placement] found 2 providers with available 1024 MEMORY_MB {{(pid=75621) get_provider_ids_matching /opt/stack/placement/placement/objects/research_context.py:549}}
May 04 21:28:21.092381 n-d-615180-31 devstack@placement-api.service[75621]: DEBUG placement.objects.research_context [req-c78aa711-1e28-45f2-bbf3-6d86c898433f req-8adb6d14-c5e3-4240-8d55-b6ad2264b603 service placement] found 2 providers after filtering by previous result {{(pid=75621) get_provider_ids_matching /opt/stack/placement/placement/objects/research_context.py:580}}
May 04 21:28:21.092796 n-d-615180-31 devstack@placement-api.service[75621]: DEBUG placement.objects.research_context [req-c78aa711-1e28-45f2-bbf3-6d86c898433f req-8adb6d14-c5e3-4240-8d55-b6ad2264b603 service placement] found 2 providers with available 1 VCPU {{(pid=75621) get_provider_ids_matching /opt/stack/placement/placement/objects/research_context.py:549}}
May 04 21:28:21.093482 n-d-615180-31 devstack@placement-api.service[75621]: DEBUG placement.objects.research_context [req-c78aa711-1e28-45f2-bbf3-6d86c898433f req-8adb6d14-c5e3-4240-8d55-b6ad2264b603 service placement] found 2 providers after filtering by previous result {{(pid=75621) get_provider_ids_matching /opt/stack/placement/placement/objects/research_context.py:580}}
May 04 21:28:21.113094 n-d-615180-31 devstack@placement-api.service[75621]: DEBUG placement.objects.allocation_candidate [req-c78aa711-1e28-45f2-bbf3-6d86c898433f req-8adb6d14-c5e3-4240-8d55-b6ad2264b603 service placement] RequestGroup(use_same_provider=False, resources={DISK_GB:1, MEMORY_MB:1024, VCPU:1}, traits=[], aggregates=[]) (suffix '') returned 2 matches {{(pid=75621) _get_by_requests /opt/stack/placement/placement/objects/allocation_candidate.py:145}}
May 04 21:28:21.113680 n-d-615180-31 devstack@placement-api.service[75621]: DEBUG placement.objects.allocation_candidate [req-c78aa711-1e28-45f2-bbf3-6d86c898433f req-8adb6d14-c5e3-4240-8d55-b6ad2264b603 service placement] Merging candidates yields 2 allocation requests and 2 provider summaries {{(pid=75621) _merge_candidates /opt/stack/placement/placement/objects/allocation_candidate.py:783}}
May 04 21:28:21.115669 n-d-615180-31 devstack@placement-api.service[75621]: INFO placement.requestlog [req-c78aa711-1e28-45f2-bbf3-6d86c898433f req-8adb6d14-c5e3-4240-8d55-b6ad2264b603 service placement] 10.222.0.54 "GET /placement/allocation_candidates?limit=1000&resources=DISK_GB%3A1%2CMEMORY_MB%3A1024%2CVCPU%3A1&root_required=%21COMPUTE_STATUS_DISABLED" status: 200 len: 1309 microversion: 1.35
May 04 21:28:21.116379 n-d-615180-31 devstack@placement-api.service[75621]: [pid: 75621|app: 0|req: 43/84] 10.222.0.54 () {60 vars in 1506 bytes} [Tue May 4 21:28:20 2021] GET /placement/allocation_candidates?limit=1000&resources=DISK_GB%3A1%2CMEMORY_MB%3A1024%2CVCPU%3A1&root_required=%21COMPUTE_STATUS_DISABLED => generated 1309 bytes in 229 msecs (HTTP/1.1 200) 8 headers in 297 bytes (1 switches on core 0)
May 04 21:28:21.195349 n-d-615180-31 devstack@placement-api.service[75620]: DEBUG placement.requestlog [req-c78aa711-1e28-45f2-bbf3-6d86c898433f req-46b8bbb7-f557-4cb0-b5b1-6f7612f5753d None None] Starting request: 10.222.0.54 "GET /placement/allocations/0be1ad18-d9dc-43fc-9d04-2afc3319182d" {{(pid=75620) __call__ /opt/stack/placement/placement/requestlog.py:55}}
May 04 21:28:21.211676 n-d-615180-31 devstack@placement-api.service[75620]: INFO placement.requestlog [req-c78aa711-1e28-45f2-bbf3-6d86c898433f req-46b8bbb7-f557-4cb0-b5b1-6f7612f5753d service placement] 10.222.0.54 "GET /placement/allocations/0be1ad18-d9dc-43fc-9d04-2afc3319182d" status: 200 len: 19 microversion: 1.28
May 04 21:28:21.217973 n-d-615180-31 devstack@placement-api.service[75620]: [pid: 75620|app: 0|req: 42/85] 10.222.0.54 () {60 vars in 1380 bytes} [Tue May 4 21:28:21 2021] GET /placement/allocations/0be1ad18-d9dc-43fc-9d04-2afc3319182d => generated 19 bytes in 23 msecs (HTTP/1.1 200) 8 headers in 295 bytes (1 switches on core 0)
May 04 21:28:21.219727 n-d-615180-31 devstack@placement-api.service[75621]: DEBUG placement.requestlog [req-c78aa711-1e28-45f2-bbf3-6d86c898433f req-1c6f3d48-160d-486a-8ba5-91d562e87b24 None None] Starting request: 10.222.0.54 "PUT /placement/allocations/0be1ad18-d9dc-43fc-9d04-2afc3319182d" {{(pid=75621) __call__ /opt/stack/placement/placement/requestlog.py:55}}
May 04 21:28:21.737836 n-d-615180-31 devstack@placement-api.service[75621]: DEBUG placement.handlers.allocation [req-c78aa711-1e28-45f2-bbf3-6d86c898433f req-1c6f3d48-160d-486a-8ba5-91d562e87b24 service placement] Successfully wrote allocations [, , ] {{(pid=75621) _create_allocations /opt/stack/placement/placement/handlers/allocation.py:435}}
May 04 21:28:21.738667 n-d-615180-31 devstack@placement-api.service[75621]: INFO placement.requestlog [req-c78aa711-1e28-45f2-bbf3-6d86c898433f req-1c6f3d48-160d-486a-8ba5-91d562e87b24 service placement] 10.222.0.54 "PUT /placement/allocations/0be1ad18-d9dc-43fc-9d04-2afc3319182d" status: 204 len: 0 microversion: 1.35
May 04 21:28:21.739245 n-d-615180-31 devstack@placement-api.service[75621]: [pid: 75621|app: 0|req: 44/86] 10.222.0.54 () {64 vars in 1433 bytes} [Tue May 4 21:28:21 2021] PUT /placement/allocations/0be1ad18-d9dc-43fc-9d04-2afc3319182d => generated 0 bytes in 520 msecs (HTTP/1.1 204) 5 headers in 199 bytes (2 switches on core 0)
May 04 21:28:22.367749 n-d-615180-31 devstack@placement-api.service[75620]: DEBUG placement.requestlog [req-6c04f8ff-1d0e-40bb-845f-2580496bdc6d req-e4ff9fb3-9666-4107-b937-4846bb33704e None None] Starting request: 10.222.0.46 "GET /placement/allocations/bc0258d5-2300-4d5c-9214-b4a7c0ee0e51" {{(pid=75620) __call__ /opt/stack/placement/placement/requestlog.py:55}}
May 04 21:28:22.383744 n-d-615180-31 devstack@placement-api.service[75620]: INFO placement.requestlog [req-6c04f8ff-1d0e-40bb-845f-2580496bdc6d req-e4ff9fb3-9666-4107-b937-4846bb33704e service placement] 10.222.0.46 "GET /placement/allocations/bc0258d5-2300-4d5c-9214-b4a7c0ee0e51" status: 200 len: 258 microversion: 1.28
May 04 21:28:22.384733 n-d-615180-31 devstack@placement-api.service[75620]: [pid: 75620|app: 0|req: 43/87] 10.222.0.46 () {60 vars in 1378 bytes} [Tue May 4 21:28:22 2021] GET /placement/allocations/bc0258d5-2300-4d5c-9214-b4a7c0ee0e51 => generated 258 bytes in 17 msecs (HTTP/1.1 200) 8 headers in 296 bytes (1 switches on core 0)
May 04 21:28:22.415045 n-d-615180-31 devstack@placement-api.service[75621]: DEBUG placement.requestlog [req-998f237e-5a34-466c-baf3-8a17c6d7eaa2 req-cf120715-f495-4927-bae4-6d5d0407b71f None None] Starting request: 10.222.0.54 "GET /placement/resource_providers?name=n-h1-615180-31" {{(pid=75621) __call__ /opt/stack/placement/placement/requestlog.py:55}}
May 04 21:28:22.438689 n-d-615180-31 devstack@placement-api.service[75621]: INFO placement.requestlog [req-998f237e-5a34-466c-baf3-8a17c6d7eaa2 req-cf120715-f495-4927-bae4-6d5d0407b71f service placement] 10.222.0.54 "GET /placement/resource_providers?name=n-h1-615180-31" status: 200 len: 442 microversion: 1.0
May 04 21:28:22.442782 n-d-615180-31 devstack@placement-api.service[75621]: [pid: 75621|app: 0|req: 45/88] 10.222.0.54 () {58 vars in 1276 bytes} [Tue May 4 21:28:22 2021] GET /placement/resource_providers?name=n-h1-615180-31 => generated 442 bytes in 28 msecs (HTTP/1.1 200) 6 headers in 224 bytes (1 switches on core 0)
May 04 21:28:22.449848 n-d-615180-31 devstack@placement-api.service[75620]: DEBUG placement.requestlog [req-998f237e-5a34-466c-baf3-8a17c6d7eaa2 req-56839ef6-a969-49b1-a1e6-f345a8814e28 None None] Starting request: 10.222.0.54 "GET /placement/resource_providers/0faa5a34-c176-437f-9e77-57fd321205b7/aggregates" {{(pid=75620) __call__ /opt/stack/placement/placement/requestlog.py:55}}
May 04 21:28:22.473632 n-d-615180-31 devstack@placement-api.service[75620]: INFO placement.requestlog [req-998f237e-5a34-466c-baf3-8a17c6d7eaa2 req-56839ef6-a969-49b1-a1e6-f345a8814e28 service placement] 10.222.0.54 "GET /placement/resource_providers/0faa5a34-c176-437f-9e77-57fd321205b7/aggregates" status: 200 len: 54 microversion: 1.19
May 04 21:28:22.474341 n-d-615180-31 devstack@placement-api.service[75620]: [pid: 75620|app: 0|req: 44/89] 10.222.0.54 () {60 vars in 1425 bytes} [Tue May 4 21:28:22 2021] GET /placement/resource_providers/0faa5a34-c176-437f-9e77-57fd321205b7/aggregates => generated 54 bytes in 24 msecs (HTTP/1.1 200) 8 headers in 295 bytes (1 switches on core 0)
May 04 21:28:22.482152 n-d-615180-31 devstack@placement-api.service[75621]: DEBUG placement.requestlog [req-998f237e-5a34-466c-baf3-8a17c6d7eaa2 req-e2909381-3a64-49b8-813f-bab1177d8a8f None None] Starting request: 10.222.0.54 "PUT /placement/resource_providers/0faa5a34-c176-437f-9e77-57fd321205b7/aggregates" {{(pid=75621) __call__ /opt/stack/placement/placement/requestlog.py:55}}
May 04 21:28:22.524015 n-d-615180-31 devstack@placement-api.service[75621]: DEBUG placement.objects.resource_provider [req-998f237e-5a34-466c-baf3-8a17c6d7eaa2 req-e2909381-3a64-49b8-813f-bab1177d8a8f service placement] _ensure_aggregate() did not find aggregate 58a657a4-9d70-4040-a104-9079c6ea2d3c. Attempting to create it. {{(pid=75621) _ensure_aggregate /opt/stack/placement/placement/objects/resource_provider.py:319}}
May 04 21:28:22.530851 n-d-615180-31 devstack@placement-api.service[75621]: DEBUG placement.objects.resource_provider [req-998f237e-5a34-466c-baf3-8a17c6d7eaa2 req-e2909381-3a64-49b8-813f-bab1177d8a8f service placement] _ensure_aggregate() created new aggregate 58a657a4-9d70-4040-a104-9079c6ea2d3c (id=7). {{(pid=75621) _ensure_aggregate /opt/stack/placement/placement/objects/resource_provider.py:325}}
May 04 21:28:22.533688 n-d-615180-31 devstack@placement-api.service[75621]: DEBUG placement.objects.resource_provider [req-998f237e-5a34-466c-baf3-8a17c6d7eaa2 req-e2909381-3a64-49b8-813f-bab1177d8a8f service placement] Setting aggregates for provider 0faa5a34-c176-437f-9e77-57fd321205b7. Successfully associated aggregate 58a657a4-9d70-4040-a104-9079c6ea2d3c. {{(pid=75621) _set_aggregates /opt/stack/placement/placement/objects/resource_provider.py:387}}
May 04 21:28:22.619132 n-d-615180-31 devstack@placement-api.service[75621]: INFO placement.requestlog [req-998f237e-5a34-466c-baf3-8a17c6d7eaa2 req-e2909381-3a64-49b8-813f-bab1177d8a8f service placement] 10.222.0.54 "PUT /placement/resource_providers/0faa5a34-c176-437f-9e77-57fd321205b7/aggregates" status: 200 len: 92 microversion: 1.19
May 04 21:28:22.619580 n-d-615180-31 devstack@placement-api.service[75621]: [pid: 75621|app: 0|req: 46/90] 10.222.0.54 () {64 vars in 1477 bytes} [Tue May 4 21:28:22 2021] PUT /placement/resource_providers/0faa5a34-c176-437f-9e77-57fd321205b7/aggregates => generated 92 bytes in 138 msecs (HTTP/1.1 200) 8 headers in 295 bytes (2 switches on core 0)
May 04 21:28:23.008211 n-d-615180-31 devstack@placement-api.service[75620]: DEBUG placement.requestlog [req-c78aa711-1e28-45f2-bbf3-6d86c898433f req-a760adc4-0755-44a1-b678-c21e8c03ac86 None None] Starting request: 10.222.0.46 "GET /placement/allocations/0be1ad18-d9dc-43fc-9d04-2afc3319182d" {{(pid=75620) __call__ /opt/stack/placement/placement/requestlog.py:55}}
May 04 21:28:23.025798 n-d-615180-31 devstack@placement-api.service[75620]: INFO placement.requestlog [req-c78aa711-1e28-45f2-bbf3-6d86c898433f req-a760adc4-0755-44a1-b678-c21e8c03ac86 service placement] 10.222.0.46 "GET /placement/allocations/0be1ad18-d9dc-43fc-9d04-2afc3319182d" status: 200 len: 258 microversion: 1.28
May 04 21:28:23.026668 n-d-615180-31 devstack@placement-api.service[75620]: [pid: 75620|app: 0|req: 45/91] 10.222.0.46 () {60 vars in 1378 bytes} [Tue May 4 21:28:23 2021] GET /placement/allocations/0be1ad18-d9dc-43fc-9d04-2afc3319182d => generated 258 bytes in 19 msecs (HTTP/1.1 200) 8 headers in 296 bytes (2 switches on core 0)
May 04 21:28:23.573098 n-d-615180-31 devstack@placement-api.service[75621]: DEBUG placement.requestlog [req-f691d069-6247-48e5-8384-6e66c0c433c0 req-53da5ed9-8add-4370-8700-2900cdfac225 None None] Starting request: 10.222.0.54 "GET /placement/allocation_candidates?limit=1000&resources=DISK_GB%3A1%2CMEMORY_MB%3A1024%2CVCPU%3A1&root_required=%21COMPUTE_STATUS_DISABLED" {{(pid=75621) __call__ /opt/stack/placement/placement/requestlog.py:55}}
May 04 21:28:23.646855 n-d-615180-31 devstack@placement-api.service[75621]: DEBUG placement.objects.research_context [req-f691d069-6247-48e5-8384-6e66c0c433c0 req-53da5ed9-8add-4370-8700-2900cdfac225 service placement] getting providers with 1 DISK_GB {{(pid=75621) __init__ /opt/stack/placement/placement/objects/research_context.py:126}}
May 04 21:28:23.655574 n-d-615180-31 devstack@placement-api.service[75621]: DEBUG placement.objects.research_context [req-f691d069-6247-48e5-8384-6e66c0c433c0 req-53da5ed9-8add-4370-8700-2900cdfac225 service placement] getting providers with 1024 MEMORY_MB {{(pid=75621) __init__ /opt/stack/placement/placement/objects/research_context.py:126}}
May 04 21:28:23.663990 n-d-615180-31 devstack@placement-api.service[75621]: DEBUG placement.objects.research_context [req-f691d069-6247-48e5-8384-6e66c0c433c0 req-53da5ed9-8add-4370-8700-2900cdfac225 service placement] getting providers with 1 VCPU {{(pid=75621) __init__ /opt/stack/placement/placement/objects/research_context.py:126}}
May 04 21:28:23.671441 n-d-615180-31 devstack@placement-api.service[75621]: DEBUG placement.objects.research_context [req-f691d069-6247-48e5-8384-6e66c0c433c0 req-53da5ed9-8add-4370-8700-2900cdfac225 service placement] found 2 providers with available 1 DISK_GB {{(pid=75621) get_provider_ids_matching /opt/stack/placement/placement/objects/research_context.py:549}}
May 04 21:28:23.671970 n-d-615180-31 devstack@placement-api.service[75621]: DEBUG placement.objects.research_context [req-f691d069-6247-48e5-8384-6e66c0c433c0 req-53da5ed9-8add-4370-8700-2900cdfac225 service placement] found 2 providers with available 1024 MEMORY_MB {{(pid=75621) get_provider_ids_matching /opt/stack/placement/placement/objects/research_context.py:549}}
May 04 21:28:23.672400 n-d-615180-31 devstack@placement-api.service[75621]: DEBUG placement.objects.research_context [req-f691d069-6247-48e5-8384-6e66c0c433c0 req-53da5ed9-8add-4370-8700-2900cdfac225 service placement] found 2 providers after filtering by previous result {{(pid=75621) get_provider_ids_matching /opt/stack/placement/placement/objects/research_context.py:580}}
May 04 21:28:23.672943 n-d-615180-31 devstack@placement-api.service[75621]: DEBUG placement.objects.research_context [req-f691d069-6247-48e5-8384-6e66c0c433c0 req-53da5ed9-8add-4370-8700-2900cdfac225 service placement] found 2 providers with available 1 VCPU {{(pid=75621) get_provider_ids_matching /opt/stack/placement/placement/objects/research_context.py:549}}
May 04 21:28:23.674925 n-d-615180-31 devstack@placement-api.service[75621]: DEBUG placement.objects.research_context [req-f691d069-6247-48e5-8384-6e66c0c433c0 req-53da5ed9-8add-4370-8700-2900cdfac225 service placement] found 2 providers after filtering by previous result {{(pid=75621) get_provider_ids_matching /opt/stack/placement/placement/objects/research_context.py:580}}
May 04 21:28:23.690610 n-d-615180-31 devstack@placement-api.service[75621]: DEBUG placement.objects.allocation_candidate [req-f691d069-6247-48e5-8384-6e66c0c433c0 req-53da5ed9-8add-4370-8700-2900cdfac225 service placement] RequestGroup(use_same_provider=False, resources={DISK_GB:1, MEMORY_MB:1024, VCPU:1}, traits=[], aggregates=[]) (suffix '') returned 2 matches {{(pid=75621) _get_by_requests /opt/stack/placement/placement/objects/allocation_candidate.py:145}}
May 04 21:28:23.691219 n-d-615180-31 devstack@placement-api.service[75621]: DEBUG placement.objects.allocation_candidate [req-f691d069-6247-48e5-8384-6e66c0c433c0 req-53da5ed9-8add-4370-8700-2900cdfac225 service placement] Merging candidates yields 2 allocation requests and 2 provider summaries {{(pid=75621) _merge_candidates /opt/stack/placement/placement/objects/allocation_candidate.py:783}}
