May 04 21:32:03.216768 n-d-615180-31 devstack@placement-api.service[75621]: [pid: 75621|app: 0|req: 147/293] 10.222.0.54 () {64 vars in 1433 bytes} [Tue May 4 21:32:02 2021] PUT /placement/allocations/b57e3144-b6a1-4858-8e68-ac13d066e2d0 => generated 0 bytes in 504 msecs (HTTP/1.1 204) 5 headers in 199 bytes (2 switches on core 0)
May 04 21:32:04.856588 n-d-615180-31 devstack@placement-api.service[75620]: DEBUG placement.requestlog [req-bfdc667c-1853-45cd-a58f-fb0731d00718 req-5fc38e20-17e1-4d92-a250-167d8d0d2b22 None None] Starting request: 10.222.0.58 "GET /placement/allocations/b57e3144-b6a1-4858-8e68-ac13d066e2d0" {{(pid=75620) __call__ /opt/stack/placement/placement/requestlog.py:55}}
May 04 21:32:04.889866 n-d-615180-31 devstack@placement-api.service[75620]: INFO placement.requestlog [req-bfdc667c-1853-45cd-a58f-fb0731d00718 req-5fc38e20-17e1-4d92-a250-167d8d0d2b22 service placement] 10.222.0.58 "GET /placement/allocations/b57e3144-b6a1-4858-8e68-ac13d066e2d0" status: 200 len: 259 microversion: 1.28
May 04 21:32:04.890768 n-d-615180-31 devstack@placement-api.service[75620]: [pid: 75620|app: 0|req: 147/294] 10.222.0.58 () {60 vars in 1378 bytes} [Tue May 4 21:32:04 2021] GET /placement/allocations/b57e3144-b6a1-4858-8e68-ac13d066e2d0 => generated 259 bytes in 34 msecs (HTTP/1.1 200) 8 headers in 296 bytes (1 switches on core 0)
May 04 21:32:13.915840 n-d-615180-31 devstack@placement-api.service[75621]: DEBUG placement.requestlog [req-3d202789-cb58-4766-8392-64314ca1ea7e req-ab63dba4-9dd8-4bac-95b2-065d620fc0b7 None None] Starting request: 10.222.0.54 "GET /placement/allocation_candidates?limit=1000&resources=DISK_GB%3A1%2CMEMORY_MB%3A1024%2CVCPU%3A1&root_required=%21COMPUTE_STATUS_DISABLED" {{(pid=75621) __call__ /opt/stack/placement/placement/requestlog.py:55}}
May 04 21:32:13.961553 n-d-615180-31 devstack@placement-api.service[75621]: DEBUG placement.objects.research_context [req-3d202789-cb58-4766-8392-64314ca1ea7e req-ab63dba4-9dd8-4bac-95b2-065d620fc0b7 service placement] getting providers with 1 DISK_GB {{(pid=75621) __init__ /opt/stack/placement/placement/objects/research_context.py:126}}
May 04 21:32:13.971708 n-d-615180-31 devstack@placement-api.service[75621]: DEBUG placement.objects.research_context [req-3d202789-cb58-4766-8392-64314ca1ea7e req-ab63dba4-9dd8-4bac-95b2-065d620fc0b7 service placement] getting providers with 1024 MEMORY_MB {{(pid=75621) __init__ /opt/stack/placement/placement/objects/research_context.py:126}}
May 04 21:32:14.007527 n-d-615180-31 devstack@placement-api.service[75621]: DEBUG placement.objects.research_context [req-3d202789-cb58-4766-8392-64314ca1ea7e req-ab63dba4-9dd8-4bac-95b2-065d620fc0b7 service placement] getting providers with 1 VCPU {{(pid=75621) __init__ /opt/stack/placement/placement/objects/research_context.py:126}}
May 04 21:32:14.020804 n-d-615180-31 devstack@placement-api.service[75621]: DEBUG placement.objects.research_context [req-3d202789-cb58-4766-8392-64314ca1ea7e req-ab63dba4-9dd8-4bac-95b2-065d620fc0b7 service placement] found 2 providers with available 1 DISK_GB {{(pid=75621) get_provider_ids_matching /opt/stack/placement/placement/objects/research_context.py:549}}
May 04 21:32:14.021373 n-d-615180-31 devstack@placement-api.service[75621]: DEBUG placement.objects.research_context [req-3d202789-cb58-4766-8392-64314ca1ea7e req-ab63dba4-9dd8-4bac-95b2-065d620fc0b7 service placement] found 2 providers with available 1024 MEMORY_MB {{(pid=75621) get_provider_ids_matching /opt/stack/placement/placement/objects/research_context.py:549}}
May 04 21:32:14.021821 n-d-615180-31 devstack@placement-api.service[75621]: DEBUG placement.objects.research_context [req-3d202789-cb58-4766-8392-64314ca1ea7e req-ab63dba4-9dd8-4bac-95b2-065d620fc0b7 service placement] found 2 providers after filtering by previous result {{(pid=75621) get_provider_ids_matching /opt/stack/placement/placement/objects/research_context.py:580}}
May 04 21:32:14.022231 n-d-615180-31 devstack@placement-api.service[75621]: DEBUG placement.objects.research_context [req-3d202789-cb58-4766-8392-64314ca1ea7e req-ab63dba4-9dd8-4bac-95b2-065d620fc0b7 service placement] found 2 providers with available 1 VCPU {{(pid=75621) get_provider_ids_matching /opt/stack/placement/placement/objects/research_context.py:549}}
May 04 21:32:14.022642 n-d-615180-31 devstack@placement-api.service[75621]: DEBUG placement.objects.research_context [req-3d202789-cb58-4766-8392-64314ca1ea7e req-ab63dba4-9dd8-4bac-95b2-065d620fc0b7 service placement] found 2 providers after filtering by previous result {{(pid=75621) get_provider_ids_matching /opt/stack/placement/placement/objects/research_context.py:580}}
May 04 21:32:14.045549 n-d-615180-31 devstack@placement-api.service[75621]: DEBUG placement.objects.allocation_candidate [req-3d202789-cb58-4766-8392-64314ca1ea7e req-ab63dba4-9dd8-4bac-95b2-065d620fc0b7 service placement] RequestGroup(use_same_provider=False, resources={DISK_GB:1, MEMORY_MB:1024, VCPU:1}, traits=[], aggregates=[]) (suffix '') returned 2 matches {{(pid=75621) _get_by_requests /opt/stack/placement/placement/objects/allocation_candidate.py:145}}
May 04 21:32:14.045549 n-d-615180-31 devstack@placement-api.service[75621]: DEBUG placement.objects.allocation_candidate [req-3d202789-cb58-4766-8392-64314ca1ea7e req-ab63dba4-9dd8-4bac-95b2-065d620fc0b7 service placement] Merging candidates yields 2 allocation requests and 2 provider summaries {{(pid=75621) _merge_candidates /opt/stack/placement/placement/objects/allocation_candidate.py:783}}
May 04 21:32:14.045549 n-d-615180-31 devstack@placement-api.service[75621]: INFO placement.requestlog [req-3d202789-cb58-4766-8392-64314ca1ea7e req-ab63dba4-9dd8-4bac-95b2-065d620fc0b7 service placement] 10.222.0.54 "GET /placement/allocation_candidates?limit=1000&resources=DISK_GB%3A1%2CMEMORY_MB%3A1024%2CVCPU%3A1&root_required=%21COMPUTE_STATUS_DISABLED" status: 200 len: 1309 microversion: 1.35
May 04 21:32:14.045549 n-d-615180-31 devstack@placement-api.service[75621]: [pid: 75621|app: 0|req: 148/295] 10.222.0.54 () {60 vars in 1506 bytes} [Tue May 4 21:32:13 2021] GET /placement/allocation_candidates?limit=1000&resources=DISK_GB%3A1%2CMEMORY_MB%3A1024%2CVCPU%3A1&root_required=%21COMPUTE_STATUS_DISABLED => generated 1309 bytes in 128 msecs (HTTP/1.1 200) 8 headers in 297 bytes (1 switches on core 0)
May 04 21:32:14.161362 n-d-615180-31 devstack@placement-api.service[75620]: DEBUG placement.requestlog [req-3d202789-cb58-4766-8392-64314ca1ea7e req-3fcf044b-7f56-4857-9041-9105ccdf0b94 None None] Starting request: 10.222.0.54 "GET /placement/allocations/f4eabf9f-2500-4ab3-bd90-7d438e1cd519" {{(pid=75620) __call__ /opt/stack/placement/placement/requestlog.py:55}}
May 04 21:32:14.195480 n-d-615180-31 devstack@placement-api.service[75620]: INFO placement.requestlog [req-3d202789-cb58-4766-8392-64314ca1ea7e req-3fcf044b-7f56-4857-9041-9105ccdf0b94 service placement] 10.222.0.54 "GET /placement/allocations/f4eabf9f-2500-4ab3-bd90-7d438e1cd519" status: 200 len: 19 microversion: 1.28
May 04 21:32:14.196393 n-d-615180-31 devstack@placement-api.service[75620]: [pid: 75620|app: 0|req: 148/296] 10.222.0.54 () {60 vars in 1380 bytes} [Tue May 4 21:32:14 2021] GET /placement/allocations/f4eabf9f-2500-4ab3-bd90-7d438e1cd519 => generated 19 bytes in 35 msecs (HTTP/1.1 200) 8 headers in 295 bytes (1 switches on core 0)
May 04 21:32:14.202766 n-d-615180-31 devstack@placement-api.service[75621]: DEBUG placement.requestlog [req-3d202789-cb58-4766-8392-64314ca1ea7e req-da20c4ca-5764-4a4c-8a11-e8b798148b35 None None] Starting request: 10.222.0.54 "PUT /placement/allocations/f4eabf9f-2500-4ab3-bd90-7d438e1cd519" {{(pid=75621) __call__ /opt/stack/placement/placement/requestlog.py:55}}
May 04 21:32:14.718016 n-d-615180-31 devstack@placement-api.service[75621]: DEBUG placement.handlers.allocation [req-3d202789-cb58-4766-8392-64314ca1ea7e req-da20c4ca-5764-4a4c-8a11-e8b798148b35 service placement] Successfully wrote allocations [, , ] {{(pid=75621) _create_allocations /opt/stack/placement/placement/handlers/allocation.py:435}}
May 04 21:32:14.718452 n-d-615180-31 devstack@placement-api.service[75621]: INFO placement.requestlog [req-3d202789-cb58-4766-8392-64314ca1ea7e req-da20c4ca-5764-4a4c-8a11-e8b798148b35 service placement] 10.222.0.54 "PUT /placement/allocations/f4eabf9f-2500-4ab3-bd90-7d438e1cd519" status: 204 len: 0 microversion: 1.35
May 04 21:32:14.719082 n-d-615180-31 devstack@placement-api.service[75621]: [pid: 75621|app: 0|req: 149/297] 10.222.0.54 () {64 vars in 1433 bytes} [Tue May 4 21:32:14 2021] PUT /placement/allocations/f4eabf9f-2500-4ab3-bd90-7d438e1cd519 => generated 0 bytes in 516 msecs (HTTP/1.1 204) 5 headers in 199 bytes (1 switches on core 0)
May 04 21:32:16.689878 n-d-615180-31 devstack@placement-api.service[75620]: DEBUG placement.requestlog [req-e8358b72-a7ed-4b07-ba0d-7da41e1e912f req-b102790a-1a5c-4189-bfb8-93f7e7cc38f9 None None] Starting request: 10.222.0.58 "GET /placement/resource_providers/0faa5a34-c176-437f-9e77-57fd321205b7/allocations" {{(pid=75620) __call__ /opt/stack/placement/placement/requestlog.py:55}}
May 04 21:32:16.735288 n-d-615180-31 devstack@placement-api.service[75620]: INFO placement.requestlog [req-e8358b72-a7ed-4b07-ba0d-7da41e1e912f req-b102790a-1a5c-4189-bfb8-93f7e7cc38f9 service placement] 10.222.0.58 "GET /placement/resource_providers/0faa5a34-c176-437f-9e77-57fd321205b7/allocations" status: 200 len: 658 microversion: 1.0
May 04 21:32:16.736198 n-d-615180-31 devstack@placement-api.service[75620]: [pid: 75620|app: 0|req: 149/298] 10.222.0.58 () {58 vars in 1391 bytes} [Tue May 4 21:32:16 2021] GET /placement/resource_providers/0faa5a34-c176-437f-9e77-57fd321205b7/allocations => generated 658 bytes in 46 msecs (HTTP/1.1 200) 6 headers in 224 bytes (1 switches on core 0)
May 04 21:32:16.974015 n-d-615180-31 devstack@placement-api.service[75621]: DEBUG placement.requestlog [req-3d202789-cb58-4766-8392-64314ca1ea7e req-a098d4e4-2180-4d11-8762-55ffaaa76402 None None] Starting request: 10.222.0.46 "GET /placement/allocations/f4eabf9f-2500-4ab3-bd90-7d438e1cd519" {{(pid=75621) __call__ /opt/stack/placement/placement/requestlog.py:55}}
May 04 21:32:16.999862 n-d-615180-31 devstack@placement-api.service[75621]: INFO placement.requestlog [req-3d202789-cb58-4766-8392-64314ca1ea7e req-a098d4e4-2180-4d11-8762-55ffaaa76402 service placement] 10.222.0.46 "GET /placement/allocations/f4eabf9f-2500-4ab3-bd90-7d438e1cd519" status: 200 len: 259 microversion: 1.28
May 04 21:32:17.005443 n-d-615180-31 devstack@placement-api.service[75621]: [pid: 75621|app: 0|req: 150/299] 10.222.0.46 () {60 vars in 1378 bytes} [Tue May 4 21:32:16 2021] GET /placement/allocations/f4eabf9f-2500-4ab3-bd90-7d438e1cd519 => generated 259 bytes in 32 msecs (HTTP/1.1 200) 8 headers in 296 bytes (2 switches on core 0)
May 04 21:32:41.543614 n-d-615180-31 devstack@placement-api.service[75620]: DEBUG placement.requestlog [req-e0e3f4c1-9bd7-4a7b-9b38-4bf35a4e8a22 req-0e3f2a2f-a233-4fa0-be3e-af80512ac3db None None] Starting request: 10.222.0.46 "GET /placement/resource_providers/acc45799-4a02-4258-95b3-c00d81324fd7/allocations" {{(pid=75620) __call__ /opt/stack/placement/placement/requestlog.py:55}}
May 04 21:32:41.617713 n-d-615180-31 devstack@placement-api.service[75620]: INFO placement.requestlog [req-e0e3f4c1-9bd7-4a7b-9b38-4bf35a4e8a22 req-0e3f2a2f-a233-4fa0-be3e-af80512ac3db service placement] 10.222.0.46 "GET /placement/resource_providers/acc45799-4a02-4258-95b3-c00d81324fd7/allocations" status: 200 len: 861 microversion: 1.0
May 04 21:32:41.618552 n-d-615180-31 devstack@placement-api.service[75620]: [pid: 75620|app: 0|req: 150/300] 10.222.0.46 () {58 vars in 1391 bytes} [Tue May 4 21:32:41 2021] GET /placement/resource_providers/acc45799-4a02-4258-95b3-c00d81324fd7/allocations => generated 861 bytes in 75 msecs (HTTP/1.1 200) 6 headers in 224 bytes (1 switches on core 0)
May 04 21:32:42.575795 n-d-615180-31 devstack@placement-api.service[75621]: DEBUG placement.requestlog [None req-74d98a48-26bf-41e7-a6ad-bd338d56334d None None] Starting request: 10.222.0.54 "GET /placement/" {{(pid=75621) __call__ /opt/stack/placement/placement/requestlog.py:55}}
May 04 21:32:42.576756 n-d-615180-31 devstack@placement-api.service[75621]: INFO placement.requestlog [None req-74d98a48-26bf-41e7-a6ad-bd338d56334d None None] 10.222.0.54 "GET /placement/" status: 200 len: 136 microversion: 1.0
May 04 21:32:42.577229 n-d-615180-31 devstack@placement-api.service[75621]: [pid: 75621|app: 0|req: 151/301] 10.222.0.54 () {54 vars in 915 bytes} [Tue May 4 21:32:42 2021] GET /placement => generated 136 bytes in 2 msecs (HTTP/1.1 200) 6 headers in 224 bytes (1 switches on core 0)
May 04 21:32:42.613528 n-d-615180-31 devstack@placement-api.service[75620]: DEBUG placement.requestlog [req-851fe143-ded6-4e58-8fc7-3abcb975f292 req-e2b644d0-8685-4e13-8c42-b15cb1ec68f6 None None] Starting request: 10.222.0.54 "GET /placement/allocations/b57e3144-b6a1-4858-8e68-ac13d066e2d0" {{(pid=75620) __call__ /opt/stack/placement/placement/requestlog.py:55}}
May 04 21:32:42.768498 n-d-615180-31 devstack@placement-api.service[75620]: INFO placement.requestlog [req-851fe143-ded6-4e58-8fc7-3abcb975f292 req-e2b644d0-8685-4e13-8c42-b15cb1ec68f6 service placement] 10.222.0.54 "GET /placement/allocations/b57e3144-b6a1-4858-8e68-ac13d066e2d0" status: 200 len: 259 microversion: 1.28
May 04 21:32:42.787456 n-d-615180-31 devstack@placement-api.service[75621]: DEBUG placement.requestlog [req-851fe143-ded6-4e58-8fc7-3abcb975f292 req-97a3ced0-684d-43da-83f5-18ab820c7148 None None] Starting request: 10.222.0.54 "GET /placement/allocations/b57e3144-b6a1-4858-8e68-ac13d066e2d0" {{(pid=75621) __call__ /opt/stack/placement/placement/requestlog.py:55}}
May 04 21:32:42.803276 n-d-615180-31 devstack@placement-api.service[75620]: [pid: 75620|app: 0|req: 151/302] 10.222.0.54 () {60 vars in 1380 bytes} [Tue May 4 21:32:42 2021] GET /placement/allocations/b57e3144-b6a1-4858-8e68-ac13d066e2d0 => generated 259 bytes in 184 msecs (HTTP/1.1 200) 8 headers in 296 bytes (1 switches on core 0)
May 04 21:32:42.822079 n-d-615180-31 devstack@placement-api.service[75621]: INFO placement.requestlog [req-851fe143-ded6-4e58-8fc7-3abcb975f292 req-97a3ced0-684d-43da-83f5-18ab820c7148 service placement] 10.222.0.54 "GET /placement/allocations/b57e3144-b6a1-4858-8e68-ac13d066e2d0" status: 200 len: 259 microversion: 1.28
May 04 21:32:42.833424 n-d-615180-31 devstack@placement-api.service[75620]: DEBUG placement.requestlog [req-851fe143-ded6-4e58-8fc7-3abcb975f292 req-e4dcc46c-2c5e-418b-af3b-29040a13b5f0 None None] Starting request: 10.222.0.54 "GET /placement/allocations/67dd29ac-aac4-4eb3-b384-2ecb572c746f" {{(pid=75620) __call__ /opt/stack/placement/placement/requestlog.py:55}}
May 04 21:32:42.844576 n-d-615180-31 devstack@placement-api.service[75621]: [pid: 75621|app: 0|req: 152/303] 10.222.0.54 () {60 vars in 1380 bytes} [Tue May 4 21:32:42 2021] GET /placement/allocations/b57e3144-b6a1-4858-8e68-ac13d066e2d0 => generated 259 bytes in 57 msecs (HTTP/1.1 200) 8 headers in 296 bytes (1 switches on core 0)
May 04 21:32:42.858698 n-d-615180-31 devstack@placement-api.service[75620]: INFO placement.requestlog [req-851fe143-ded6-4e58-8fc7-3abcb975f292 req-e4dcc46c-2c5e-418b-af3b-29040a13b5f0 service placement] 10.222.0.54 "GET /placement/allocations/67dd29ac-aac4-4eb3-b384-2ecb572c746f" status: 200 len: 19 microversion: 1.28
May 04 21:32:42.869819 n-d-615180-31 devstack@placement-api.service[75621]: DEBUG placement.requestlog [req-851fe143-ded6-4e58-8fc7-3abcb975f292 req-a5cccbab-4c4d-4972-b847-600a13cf92b4 None None] Starting request: 10.222.0.54 "POST /placement/allocations" {{(pid=75621) __call__ /opt/stack/placement/placement/requestlog.py:55}}
May 04 21:32:42.886062 n-d-615180-31 devstack@placement-api.service[75620]: [pid: 75620|app: 0|req: 152/304] 10.222.0.54 () {60 vars in 1380 bytes} [Tue May 4 21:32:42 2021] GET /placement/allocations/67dd29ac-aac4-4eb3-b384-2ecb572c746f => generated 19 bytes in 53 msecs (HTTP/1.1 200) 8 headers in 295 bytes (2 switches on core 0)
May 04 21:32:42.996531 n-d-615180-31 devstack@placement-api.service[75620]: DEBUG placement.requestlog [req-e3b16de0-c8d8-4931-b42b-fd451f7891c0 req-017bc4d9-925a-483f-95a4-647314fd80c5 None None] Starting request: 10.222.0.58 "GET /placement/resource_providers/0faa5a34-c176-437f-9e77-57fd321205b7/allocations" {{(pid=75620) __call__ /opt/stack/placement/placement/requestlog.py:55}}
May 04 21:32:43.063266 n-d-615180-31 devstack@placement-api.service[75620]: INFO placement.requestlog [req-e3b16de0-c8d8-4931-b42b-fd451f7891c0 req-017bc4d9-925a-483f-95a4-647314fd80c5 service placement] 10.222.0.58 "GET /placement/resource_providers/0faa5a34-c176-437f-9e77-57fd321205b7/allocations" status: 200 len: 658 microversion: 1.0
May 04 21:32:43.064503 n-d-615180-31 devstack@placement-api.service[75620]: [pid: 75620|app: 0|req: 153/305] 10.222.0.58 () {58 vars in 1391 bytes} [Tue May 4 21:32:42 2021] GET /placement/resource_providers/0faa5a34-c176-437f-9e77-57fd321205b7/allocations => generated 658 bytes in 68 msecs (HTTP/1.1 200) 6 headers in 224 bytes (2 switches on core 0)
May 04 21:32:43.250181 n-d-615180-31 devstack@placement-api.service[75621]: DEBUG placement.handlers.allocation [req-851fe143-ded6-4e58-8fc7-3abcb975f292 req-a5cccbab-4c4d-4972-b847-600a13cf92b4 service placement] Successfully wrote allocations [, , , , , ] {{(pid=75621) _create_allocations /opt/stack/placement/placement/handlers/allocation.py:524}}
May 04 21:32:43.250686 n-d-615180-31 devstack@placement-api.service[75621]: INFO placement.requestlog [req-851fe143-ded6-4e58-8fc7-3abcb975f292 req-a5cccbab-4c4d-4972-b847-600a13cf92b4 service placement] 10.222.0.54 "POST /placement/allocations" status: 204 len: 0 microversion: 1.28
May 04 21:32:43.250928 n-d-615180-31 devstack@placement-api.service[75621]: [pid: 75621|app: 0|req: 153/306] 10.222.0.54 () {64 vars in 1323 bytes} [Tue May 4 21:32:42 2021] POST /placement/allocations => generated 0 bytes in 382 msecs (HTTP/1.1 204) 5 headers in 199 bytes (1 switches on core 0)
May 04 21:32:43.281671 n-d-615180-31 devstack@placement-api.service[75620]: DEBUG placement.requestlog [req-851fe143-ded6-4e58-8fc7-3abcb975f292 req-8d1a7413-89fc-418a-b73f-a51404e14cc2 None None] Starting request: 10.222.0.54 "GET /placement/allocation_candidates?limit=1000&resources=DISK_GB%3A1%2CMEMORY_MB%3A512%2CVCPU%3A1&root_required=%21COMPUTE_STATUS_DISABLED" {{(pid=75620) __call__ /opt/stack/placement/placement/requestlog.py:55}}
May 04 21:32:43.381994 n-d-615180-31 devstack@placement-api.service[75620]: DEBUG placement.objects.research_context [req-851fe143-ded6-4e58-8fc7-3abcb975f292 req-8d1a7413-89fc-418a-b73f-a51404e14cc2 service placement] getting providers with 1 DISK_GB {{(pid=75620) __init__ /opt/stack/placement/placement/objects/research_context.py:126}}
May 04 21:32:43.389266 n-d-615180-31 devstack@placement-api.service[75620]: DEBUG placement.objects.research_context [req-851fe143-ded6-4e58-8fc7-3abcb975f292 req-8d1a7413-89fc-418a-b73f-a51404e14cc2 service placement] getting providers with 512 MEMORY_MB {{(pid=75620) __init__ /opt/stack/placement/placement/objects/research_context.py:126}}
May 04 21:32:43.395158 n-d-615180-31 devstack@placement-api.service[75620]: DEBUG placement.objects.research_context [req-851fe143-ded6-4e58-8fc7-3abcb975f292 req-8d1a7413-89fc-418a-b73f-a51404e14cc2 service placement] getting providers with 1 VCPU {{(pid=75620) __init__ /opt/stack/placement/placement/objects/research_context.py:126}}
May 04 21:32:43.404000 n-d-615180-31 devstack@placement-api.service[75620]: DEBUG placement.objects.research_context [req-851fe143-ded6-4e58-8fc7-3abcb975f292 req-8d1a7413-89fc-418a-b73f-a51404e14cc2 service placement] found 2 providers with available 1 DISK_GB {{(pid=75620) get_provider_ids_matching /opt/stack/placement/placement/objects/research_context.py:549}}
May 04 21:32:43.407327 n-d-615180-31 devstack@placement-api.service[75620]: DEBUG placement.objects.research_context [req-851fe143-ded6-4e58-8fc7-3abcb975f292 req-8d1a7413-89fc-418a-b73f-a51404e14cc2 service placement] found 2 providers with available 512 MEMORY_MB {{(pid=75620) get_provider_ids_matching /opt/stack/placement/placement/objects/research_context.py:549}}
May 04 21:32:43.413288 n-d-615180-31 devstack@placement-api.service[75620]: DEBUG placement.objects.research_context [req-851fe143-ded6-4e58-8fc7-3abcb975f292 req-8d1a7413-89fc-418a-b73f-a51404e14cc2 service placement] found 2 providers after filtering by previous result {{(pid=75620) get_provider_ids_matching /opt/stack/placement/placement/objects/research_context.py:580}}
May 04 21:32:43.413958 n-d-615180-31 devstack@placement-api.service[75620]: DEBUG placement.objects.research_context [req-851fe143-ded6-4e58-8fc7-3abcb975f292 req-8d1a7413-89fc-418a-b73f-a51404e14cc2 service placement] found 2 providers with available 1 VCPU {{(pid=75620) get_provider_ids_matching /opt/stack/placement/placement/objects/research_context.py:549}}
May 04 21:32:43.413958 n-d-615180-31 devstack@placement-api.service[75620]: DEBUG placement.objects.research_context [req-851fe143-ded6-4e58-8fc7-3abcb975f292 req-8d1a7413-89fc-418a-b73f-a51404e14cc2 service placement] found 2 providers after filtering by previous result {{(pid=75620) get_provider_ids_matching /opt/stack/placement/placement/objects/research_context.py:580}}
May 04 21:32:43.462712 n-d-615180-31 devstack@placement-api.service[75620]: DEBUG placement.objects.allocation_candidate [req-851fe143-ded6-4e58-8fc7-3abcb975f292 req-8d1a7413-89fc-418a-b73f-a51404e14cc2 service placement] RequestGroup(use_same_provider=False, resources={DISK_GB:1, MEMORY_MB:512, VCPU:1}, traits=[], aggregates=[]) (suffix '') returned 2 matches {{(pid=75620) _get_by_requests /opt/stack/placement/placement/objects/allocation_candidate.py:145}}
May 04 21:32:43.468803 n-d-615180-31 devstack@placement-api.service[75620]: DEBUG placement.objects.allocation_candidate [req-851fe143-ded6-4e58-8fc7-3abcb975f292 req-8d1a7413-89fc-418a-b73f-a51404e14cc2 service placement] Merging candidates yields 2 allocation requests and 2 provider summaries {{(pid=75620) _merge_candidates /opt/stack/placement/placement/objects/allocation_candidate.py:783}}
May 04 21:32:43.472499 n-d-615180-31 devstack@placement-api.service[75620]: INFO placement.requestlog [req-851fe143-ded6-4e58-8fc7-3abcb975f292 req-8d1a7413-89fc-418a-b73f-a51404e14cc2 service placement] 10.222.0.54 "GET /placement/allocation_candidates?limit=1000&resources=DISK_GB%3A1%2CMEMORY_MB%3A512%2CVCPU%3A1&root_required=%21COMPUTE_STATUS_DISABLED" status: 200 len: 1307 microversion: 1.35
May 04 21:32:43.474521 n-d-615180-31 devstack@placement-api.service[75620]: [pid: 75620|app: 0|req: 154/307] 10.222.0.54 () {60 vars in 1504 bytes} [Tue May 4 21:32:43 2021] GET /placement/allocation_candidates?limit=1000&resources=DISK_GB%3A1%2CMEMORY_MB%3A512%2CVCPU%3A1&root_required=%21COMPUTE_STATUS_DISABLED => generated 1307 bytes in 193 msecs (HTTP/1.1 200) 8 headers in 297 bytes (1 switches on core 0)
May 04 21:32:43.599602 n-d-615180-31 devstack@placement-api.service[75621]: DEBUG placement.requestlog [req-851fe143-ded6-4e58-8fc7-3abcb975f292 req-ba448059-15b3-4cc9-afdc-52584d33e7b6 None None] Starting request: 10.222.0.54 "GET /placement/allocations/b57e3144-b6a1-4858-8e68-ac13d066e2d0" {{(pid=75621) __call__ /opt/stack/placement/placement/requestlog.py:55}}
May 04 21:32:43.655977 n-d-615180-31 devstack@placement-api.service[75620]: DEBUG placement.requestlog [req-e3b16de0-c8d8-4931-b42b-fd451f7891c0 req-40ba2bc1-2d4a-4d7f-8bc2-9f85d9b71033 None None] Starting request: 10.222.0.58 "GET /placement/allocations/2f6b4977-fdae-4d4a-9bd3-9e6827b339e9" {{(pid=75620) __call__ /opt/stack/placement/placement/requestlog.py:55}}
May 04 21:32:43.682328 n-d-615180-31 devstack@placement-api.service[75620]: INFO placement.requestlog [req-e3b16de0-c8d8-4931-b42b-fd451f7891c0 req-40ba2bc1-2d4a-4d7f-8bc2-9f85d9b71033 service placement] 10.222.0.58 "GET /placement/allocations/2f6b4977-fdae-4d4a-9bd3-9e6827b339e9" status: 200 len: 259 microversion: 1.28
May 04 21:32:43.682860 n-d-615180-31 devstack@placement-api.service[75620]: [pid: 75620|app: 0|req: 155/308] 10.222.0.58 () {60 vars in 1378 bytes} [Tue May 4 21:32:43 2021] GET /placement/allocations/2f6b4977-fdae-4d4a-9bd3-9e6827b339e9 => generated 259 bytes in 27 msecs (HTTP/1.1 200) 8 headers in 296 bytes (1 switches on core 0)
May 04 21:32:43.689763 n-d-615180-31 devstack@placement-api.service[75620]: DEBUG placement.requestlog [req-e3b16de0-c8d8-4931-b42b-fd451f7891c0 req-a0b187a2-e3f3-4d01-9c58-3d2edb608c54 None None] Starting request: 10.222.0.58 "PUT /placement/allocations/2f6b4977-fdae-4d4a-9bd3-9e6827b339e9" {{(pid=75620) __call__ /opt/stack/placement/placement/requestlog.py:55}}
May 04 21:32:43.791510 n-d-615180-31 devstack@placement-api.service[75621]: INFO placement.requestlog [req-851fe143-ded6-4e58-8fc7-3abcb975f292 req-ba448059-15b3-4cc9-afdc-52584d33e7b6 service placement] 10.222.0.54 "GET /placement/allocations/b57e3144-b6a1-4858-8e68-ac13d066e2d0" status: 200 len: 19 microversion: 1.28
May 04 21:32:43.792878 n-d-615180-31 devstack@placement-api.service[75621]: [pid: 75621|app: 0|req: 154/309] 10.222.0.54 () {60 vars in 1380 bytes} [Tue May 4 21:32:43 2021] GET /placement/allocations/b57e3144-b6a1-4858-8e68-ac13d066e2d0 => generated 19 bytes in 194 msecs (HTTP/1.1 200) 8 headers in 295 bytes (1 switches on core 0)
May 04 21:32:43.799501 n-d-615180-31 devstack@placement-api.service[75621]: DEBUG placement.requestlog [req-851fe143-ded6-4e58-8fc7-3abcb975f292 req-fddeddf2-3c1a-495b-ae91-eaee8844ef41 None None] Starting request: 10.222.0.54 "PUT /placement/allocations/b57e3144-b6a1-4858-8e68-ac13d066e2d0" {{(pid=75621) __call__ /opt/stack/placement/placement/requestlog.py:55}}
May 04 21:32:43.844085 n-d-615180-31 devstack@placement-api.service[75620]: DEBUG placement.handlers.allocation [req-e3b16de0-c8d8-4931-b42b-fd451f7891c0 req-a0b187a2-e3f3-4d01-9c58-3d2edb608c54 service placement] Successfully wrote allocations [, , ] {{(pid=75620) _create_allocations /opt/stack/placement/placement/handlers/allocation.py:435}}
May 04 21:32:43.845138 n-d-615180-31 devstack@placement-api.service[75620]: INFO placement.requestlog [req-e3b16de0-c8d8-4931-b42b-fd451f7891c0 req-a0b187a2-e3f3-4d01-9c58-3d2edb608c54 service placement] 10.222.0.58 "PUT /placement/allocations/2f6b4977-fdae-4d4a-9bd3-9e6827b339e9" status: 204 len: 0 microversion: 1.28
May 04 21:32:43.847098 n-d-615180-31 devstack@placement-api.service[75620]: [pid: 75620|app: 0|req: 156/310] 10.222.0.58 () {64 vars in 1431 bytes} [Tue May 4 21:32:43 2021] PUT /placement/allocations/2f6b4977-fdae-4d4a-9bd3-9e6827b339e9 => generated 0 bytes in 156 msecs (HTTP/1.1 204) 5 headers in 199 bytes (1 switches on core 0)
May 04 21:32:44.100567 n-d-615180-31 devstack@placement-api.service[75621]: DEBUG placement.handlers.allocation [req-851fe143-ded6-4e58-8fc7-3abcb975f292 req-fddeddf2-3c1a-495b-ae91-eaee8844ef41 service placement] Successfully wrote allocations [, , ] {{(pid=75621) _create_allocations /opt/stack/placement/placement/handlers/allocation.py:435}}
May 04 21:32:44.101102 n-d-615180-31 devstack@placement-api.service[75621]: INFO placement.requestlog [req-851fe143-ded6-4e58-8fc7-3abcb975f292 req-fddeddf2-3c1a-495b-ae91-eaee8844ef41 service placement] 10.222.0.54 "PUT /placement/allocations/b57e3144-b6a1-4858-8e68-ac13d066e2d0" status: 204 len: 0 microversion: 1.35
May 04 21:32:44.101358 n-d-615180-31 devstack@placement-api.service[75621]: [pid: 75621|app: 0|req: 155/311] 10.222.0.54 () {64 vars in 1433 bytes} [Tue May 4 21:32:43 2021] PUT /placement/allocations/b57e3144-b6a1-4858-8e68-ac13d066e2d0 => generated 0 bytes in 302 msecs (HTTP/1.1 204) 5 headers in 199 bytes (1 switches on core 0)
May 04 21:32:44.616463 n-d-615180-31 devstack@placement-api.service[75620]: DEBUG placement.requestlog [req-851fe143-ded6-4e58-8fc7-3abcb975f292 req-c7183ec2-b045-4ceb-ba37-11e90209578b None None] Starting request: 10.222.0.58 "GET /placement/allocations/b57e3144-b6a1-4858-8e68-ac13d066e2d0" {{(pid=75620) __call__ /opt/stack/placement/placement/requestlog.py:55}}
May 04 21:32:44.640491 n-d-615180-31 devstack@placement-api.service[75620]: INFO placement.requestlog [req-851fe143-ded6-4e58-8fc7-3abcb975f292 req-c7183ec2-b045-4ceb-ba37-11e90209578b service placement] 10.222.0.58 "GET /placement/allocations/b57e3144-b6a1-4858-8e68-ac13d066e2d0" status: 200 len: 258 microversion: 1.28
May 04 21:32:44.641417 n-d-615180-31 devstack@placement-api.service[75620]: [pid: 75620|app: 0|req: 157/312] 10.222.0.58 () {60 vars in 1378 bytes} [Tue May 4 21:32:44 2021] GET /placement/allocations/b57e3144-b6a1-4858-8e68-ac13d066e2d0 => generated 258 bytes in 25 msecs (HTTP/1.1 200) 8 headers in 296 bytes (1 switches on core 0)
May 04 21:32:53.517111 n-d-615180-31 devstack@placement-api.service[75621]: DEBUG placement.requestlog [req-c5ca52f3-efa5-4f5e-883d-95b071686714 req-795a937b-3b6b-44c1-8d2b-4c25e89ea142 None None] Starting request: 10.222.0.46 "GET /placement/allocations/ba455e80-51b9-427e-873e-ece60ecd7785" {{(pid=75621) __call__ /opt/stack/placement/placement/requestlog.py:55}}
May 04 21:32:53.545830 n-d-615180-31 devstack@placement-api.service[75621]: INFO placement.requestlog [req-c5ca52f3-efa5-4f5e-883d-95b071686714 req-795a937b-3b6b-44c1-8d2b-4c25e89ea142 service placement] 10.222.0.46 "GET /placement/allocations/ba455e80-51b9-427e-873e-ece60ecd7785" status: 200 len: 259 microversion: 1.28
May 04 21:32:53.546398 n-d-615180-31 devstack@placement-api.service[75621]: [pid: 75621|app: 0|req: 156/313] 10.222.0.46 () {60 vars in 1378 bytes} [Tue May 4 21:32:53 2021] GET /placement/allocations/ba455e80-51b9-427e-873e-ece60ecd7785 => generated 259 bytes in 29 msecs (HTTP/1.1 200) 8 headers in 296 bytes (1 switches on core 0)
May 04 21:32:53.560956 n-d-615180-31 devstack@placement-api.service[75620]: DEBUG placement.requestlog [req-c5ca52f3-efa5-4f5e-883d-95b071686714 req-25fc0678-4c9a-4d97-b484-abc15083a29e None None] Starting request: 10.222.0.46 "PUT /placement/allocations/ba455e80-51b9-427e-873e-ece60ecd7785" {{(pid=75620) __call__ /opt/stack/placement/placement/requestlog.py:55}}
May 04 21:32:53.712215 n-d-615180-31 devstack@placement-api.service[75620]: DEBUG placement.handlers.allocation [req-c5ca52f3-efa5-4f5e-883d-95b071686714 req-25fc0678-4c9a-4d97-b484-abc15083a29e service placement] Successfully wrote allocations [, , ] {{(pid=75620) _create_allocations /opt/stack/placement/placement/handlers/allocation.py:435}}
May 04 21:32:53.713032 n-d-615180-31 devstack@placement-api.service[75620]: INFO placement.requestlog [req-c5ca52f3-efa5-4f5e-883d-95b071686714 req-25fc0678-4c9a-4d97-b484-abc15083a29e service placement] 10.222.0.46 "PUT /placement/allocations/ba455e80-51b9-427e-873e-ece60ecd7785" status: 204 len: 0 microversion: 1.28
May 04 21:32:53.714245 n-d-615180-31 devstack@placement-api.service[75620]: [pid: 75620|app: 0|req: 158/314] 10.222.0.46 () {64 vars in 1431 bytes} [Tue May 4 21:32:53 2021] PUT /placement/allocations/ba455e80-51b9-427e-873e-ece60ecd7785 => generated 0 bytes in 153 msecs (HTTP/1.1 204) 5 headers in 199 bytes (2 switches on core 0)
May 04 21:33:03.615086 n-d-615180-31 devstack@placement-api.service[75621]: DEBUG placement.requestlog [req-9e8f7832-43df-4db9-aafe-9b1640821229 req-5958f30e-7203-4a03-bede-9b3d2f53e6ef None None] Starting request: 10.222.0.54 "GET /placement/allocation_candidates?limit=1000&resources=MEMORY_MB%3A1024%2CVCPU%3A1&root_required=%21COMPUTE_STATUS_DISABLED" {{(pid=75621) __call__ /opt/stack/placement/placement/requestlog.py:55}}
May 04 21:33:03.688866 n-d-615180-31 devstack@placement-api.service[75621]: DEBUG placement.objects.research_context [req-9e8f7832-43df-4db9-aafe-9b1640821229 req-5958f30e-7203-4a03-bede-9b3d2f53e6ef service placement] getting providers with 1024 MEMORY_MB {{(pid=75621) __init__ /opt/stack/placement/placement/objects/research_context.py:126}}
May 04 21:33:03.697505 n-d-615180-31 devstack@placement-api.service[75621]: DEBUG placement.objects.research_context [req-9e8f7832-43df-4db9-aafe-9b1640821229 req-5958f30e-7203-4a03-bede-9b3d2f53e6ef service placement] getting providers with 1 VCPU {{(pid=75621) __init__ /opt/stack/placement/placement/objects/research_context.py:126}}
May 04 21:33:03.706879 n-d-615180-31 devstack@placement-api.service[75621]: DEBUG placement.objects.research_context [req-9e8f7832-43df-4db9-aafe-9b1640821229 req-5958f30e-7203-4a03-bede-9b3d2f53e6ef service placement] found 2 providers with available 1024 MEMORY_MB {{(pid=75621) get_provider_ids_matching /opt/stack/placement/placement/objects/research_context.py:549}}
May 04 21:33:03.707532 n-d-615180-31 devstack@placement-api.service[75621]: DEBUG placement.objects.research_context [req-9e8f7832-43df-4db9-aafe-9b1640821229 req-5958f30e-7203-4a03-bede-9b3d2f53e6ef service placement] found 2 providers with available 1 VCPU {{(pid=75621) get_provider_ids_matching /opt/stack/placement/placement/objects/research_context.py:549}}
May 04 21:33:03.708018 n-d-615180-31 devstack@placement-api.service[75621]: DEBUG placement.objects.research_context [req-9e8f7832-43df-4db9-aafe-9b1640821229 req-5958f30e-7203-4a03-bede-9b3d2f53e6ef service placement] found 2 providers after filtering by previous result {{(pid=75621) get_provider_ids_matching /opt/stack/placement/placement/objects/research_context.py:580}}
May 04 21:33:03.728386 n-d-615180-31 devstack@placement-api.service[75621]: DEBUG placement.objects.allocation_candidate [req-9e8f7832-43df-4db9-aafe-9b1640821229 req-5958f30e-7203-4a03-bede-9b3d2f53e6ef service placement] RequestGroup(use_same_provider=False, resources={MEMORY_MB:1024, VCPU:1}, traits=[], aggregates=[]) (suffix '') returned 2 matches {{(pid=75621) _get_by_requests /opt/stack/placement/placement/objects/allocation_candidate.py:145}}
May 04 21:33:03.729880 n-d-615180-31 devstack@placement-api.service[75621]: DEBUG placement.objects.allocation_candidate [req-9e8f7832-43df-4db9-aafe-9b1640821229 req-5958f30e-7203-4a03-bede-9b3d2f53e6ef service placement] Merging candidates yields 2 allocation requests and 2 provider summaries {{(pid=75621) _merge_candidates /opt/stack/placement/placement/objects/allocation_candidate.py:783}}
May 04 21:33:03.731693 n-d-615180-31 devstack@placement-api.service[75621]: INFO placement.requestlog [req-9e8f7832-43df-4db9-aafe-9b1640821229 req-5958f30e-7203-4a03-bede-9b3d2f53e6ef service placement] 10.222.0.54 "GET /placement/allocation_candidates?limit=1000&resources=MEMORY_MB%3A1024%2CVCPU%3A1&root_required=%21COMPUTE_STATUS_DISABLED" status: 200 len: 1281 microversion: 1.35
May 04 21:33:03.732604 n-d-615180-31 devstack@placement-api.service[75621]: [pid: 75621|app: 0|req: 157/315] 10.222.0.54 () {60 vars in 1478 bytes} [Tue May 4 21:33:03 2021] GET /placement/allocation_candidates?limit=1000&resources=MEMORY_MB%3A1024%2CVCPU%3A1&root_required=%21COMPUTE_STATUS_DISABLED => generated 1281 bytes in 118 msecs (HTTP/1.1 200) 8 headers in 297 bytes (1 switches on core 0)
May 04 21:33:03.878778 n-d-615180-31 devstack@placement-api.service[75621]: DEBUG placement.requestlog [req-9e8f7832-43df-4db9-aafe-9b1640821229 req-806503d6-045e-4351-ac11-df8e20c38655 None None] Starting request: 10.222.0.54 "GET /placement/allocations/f4e3043d-9421-450e-993a-2102b4950d89" {{(pid=75621) __call__ /opt/stack/placement/placement/requestlog.py:55}}
May 04 21:33:03.879893 n-d-615180-31 devstack@placement-api.service[75620]: DEBUG placement.requestlog [req-b99da598-8122-4868-a300-2d8880dbeaab req-293143d6-076a-4734-b873-9c57eac20f28 None None] Starting request: 10.222.0.46 "GET /placement/allocations/5aaad357-120b-4e94-91e3-78a2e111bcf6" {{(pid=75620) __call__ /opt/stack/placement/placement/requestlog.py:55}}
May 04 21:33:03.909578 n-d-615180-31 devstack@placement-api.service[75621]: INFO placement.requestlog [req-9e8f7832-43df-4db9-aafe-9b1640821229 req-806503d6-045e-4351-ac11-df8e20c38655 service placement] 10.222.0.54 "GET /placement/allocations/f4e3043d-9421-450e-993a-2102b4950d89" status: 200 len: 19 microversion: 1.28
May 04 21:33:03.914706 n-d-615180-31 devstack@placement-api.service[75621]: [pid: 75621|app: 0|req: 158/316] 10.222.0.54 () {60 vars in 1380 bytes} [Tue May 4 21:33:03 2021] GET /placement/allocations/f4e3043d-9421-450e-993a-2102b4950d89 => generated 19 bytes in 36 msecs (HTTP/1.1 200) 8 headers in 295 bytes (1 switches on core 0)
May 04 21:33:03.921869 n-d-615180-31 devstack@placement-api.service[75621]: DEBUG placement.requestlog [req-9e8f7832-43df-4db9-aafe-9b1640821229 req-4f7ca5a0-07d3-4223-9238-ab014badc2ad None None] Starting request: 10.222.0.54 "PUT /placement/allocations/f4e3043d-9421-450e-993a-2102b4950d89" {{(pid=75621) __call__ /opt/stack/placement/placement/requestlog.py:55}}
May 04 21:33:03.934531 n-d-615180-31 devstack@placement-api.service[75620]: INFO placement.requestlog [req-b99da598-8122-4868-a300-2d8880dbeaab req-293143d6-076a-4734-b873-9c57eac20f28 service placement] 10.222.0.46 "GET /placement/allocations/5aaad357-120b-4e94-91e3-78a2e111bcf6" status: 200 len: 259 microversion: 1.28
May 04 21:33:03.937019 n-d-615180-31 devstack@placement-api.service[75620]: [pid: 75620|app: 0|req: 159/317] 10.222.0.46 () {60 vars in 1378 bytes} [Tue May 4 21:33:03 2021] GET /placement/allocations/5aaad357-120b-4e94-91e3-78a2e111bcf6 => generated 259 bytes in 59 msecs (HTTP/1.1 200) 8 headers in 296 bytes (1 switches on core 0)
May 04 21:33:03.947064 n-d-615180-31 devstack@placement-api.service[75620]: DEBUG placement.requestlog [req-b99da598-8122-4868-a300-2d8880dbeaab req-eef4051e-2cab-4a63-b992-d4fef8a3dce0 None None] Starting request: 10.222.0.46 "PUT /placement/allocations/5aaad357-120b-4e94-91e3-78a2e111bcf6" {{(pid=75620) __call__ /opt/stack/placement/placement/requestlog.py:55}}
May 04 21:33:04.187439 n-d-615180-31 devstack@placement-api.service[75620]: DEBUG placement.handlers.allocation [req-b99da598-8122-4868-a300-2d8880dbeaab req-eef4051e-2cab-4a63-b992-d4fef8a3dce0 service placement] Successfully wrote allocations [, , ] {{(pid=75620) _create_allocations /opt/stack/placement/placement/handlers/allocation.py:435}}
May 04 21:33:04.188399 n-d-615180-31 devstack@placement-api.service[75620]: INFO placement.requestlog [req-b99da598-8122-4868-a300-2d8880dbeaab req-eef4051e-2cab-4a63-b992-d4fef8a3dce0 service placement] 10.222.0.46 "PUT /placement/allocations/5aaad357-120b-4e94-91e3-78a2e111bcf6" status: 204 len: 0 microversion: 1.28
May 04 21:33:04.189534 n-d-615180-31 devstack@placement-api.service[75620]: [pid: 75620|app: 0|req: 160/318] 10.222.0.46 () {64 vars in 1431 bytes} [Tue May 4 21:33:03 2021] PUT /placement/allocations/5aaad357-120b-4e94-91e3-78a2e111bcf6 => generated 0 bytes in 243 msecs (HTTP/1.1 204) 5 headers in 199 bytes (2 switches on core 0)
May 04 21:33:04.290782 n-d-615180-31 devstack@placement-api.service[75621]: DEBUG placement.handlers.allocation [req-9e8f7832-43df-4db9-aafe-9b1640821229 req-4f7ca5a0-07d3-4223-9238-ab014badc2ad service placement] Successfully wrote allocations [, ] {{(pid=75621) _create_allocations /opt/stack/placement/placement/handlers/allocation.py:435}}
May 04 21:33:04.294443 n-d-615180-31 devstack@placement-api.service[75621]: INFO placement.requestlog [req-9e8f7832-43df-4db9-aafe-9b1640821229 req-4f7ca5a0-07d3-4223-9238-ab014badc2ad service placement] 10.222.0.54 "PUT /placement/allocations/f4e3043d-9421-450e-993a-2102b4950d89" status: 204 len: 0 microversion: 1.35
May 04 21:33:04.307932 n-d-615180-31 devstack@placement-api.service[75621]: [pid: 75621|app: 0|req: 159/319] 10.222.0.54 () {64 vars in 1433 bytes} [Tue May 4 21:33:03 2021] PUT /placement/allocations/f4e3043d-9421-450e-993a-2102b4950d89 => generated 0 bytes in 374 msecs (HTTP/1.1 204) 5 headers in 199 bytes (1 switches on core 0)
May 04 21:33:06.245260 n-d-615180-31 devstack@placement-api.service[75620]: DEBUG placement.requestlog [req-9e8f7832-43df-4db9-aafe-9b1640821229 req-149bd263-39d5-4d86-b2f9-189c6330fa55 None None] Starting request: 10.222.0.58 "GET /placement/allocations/f4e3043d-9421-450e-993a-2102b4950d89" {{(pid=75620) __call__ /opt/stack/placement/placement/requestlog.py:55}}
May 04 21:33:06.290117 n-d-615180-31 devstack@placement-api.service[75620]: INFO placement.requestlog [req-9e8f7832-43df-4db9-aafe-9b1640821229 req-149bd263-39d5-4d86-b2f9-189c6330fa55 service placement] 10.222.0.58 "GET /placement/allocations/f4e3043d-9421-450e-993a-2102b4950d89" status: 200 len: 245 microversion: 1.28
May 04 21:33:06.290367 n-d-615180-31 devstack@placement-api.service[75620]: [pid: 75620|app: 0|req: 161/320] 10.222.0.58 () {60 vars in 1378 bytes} [Tue May 4 21:33:06 2021] GET /placement/allocations/f4e3043d-9421-450e-993a-2102b4950d89 => generated 245 bytes in 45 msecs (HTTP/1.1 200) 8 headers in 296 bytes (1 switches on core 0)
May 04 21:33:08.919044 n-d-615180-31 devstack@placement-api.service[75621]: DEBUG placement.requestlog [req-851fe143-ded6-4e58-8fc7-3abcb975f292 req-9861a82d-94ac-4dc0-b208-58f815844e44 None None] Starting request: 10.222.0.58 "GET /placement/allocations/b57e3144-b6a1-4858-8e68-ac13d066e2d0" {{(pid=75621) __call__ /opt/stack/placement/placement/requestlog.py:55}}
May 04 21:33:08.942966 n-d-615180-31 devstack@placement-api.service[75621]: INFO placement.requestlog [req-851fe143-ded6-4e58-8fc7-3abcb975f292 req-9861a82d-94ac-4dc0-b208-58f815844e44 service placement] 10.222.0.58 "GET /placement/allocations/b57e3144-b6a1-4858-8e68-ac13d066e2d0" status: 200 len: 258 microversion: 1.28
May 04 21:33:08.948010 n-d-615180-31 devstack@placement-api.service[75621]: [pid: 75621|app: 0|req: 160/321] 10.222.0.58 () {60 vars in 1378 bytes} [Tue May 4 21:33:08 2021] GET /placement/allocations/b57e3144-b6a1-4858-8e68-ac13d066e2d0 => generated 258 bytes in 30 msecs (HTTP/1.1 200) 8 headers in 296 bytes (1 switches on core 0)
May 04 21:33:18.727199 n-d-615180-31 devstack@placement-api.service[75620]: DEBUG placement.requestlog [req-b2f84666-dfec-43ba-82af-03aca0b8a095 req-bcfbf266-0094-4978-95a3-582574fb25be None None] Starting request: 10.222.0.58 "GET /placement/resource_providers/0faa5a34-c176-437f-9e77-57fd321205b7/allocations" {{(pid=75620) __call__ /opt/stack/placement/placement/requestlog.py:55}}
May 04 21:33:18.810753 n-d-615180-31 devstack@placement-api.service[75620]: INFO placement.requestlog [req-b2f84666-dfec-43ba-82af-03aca0b8a095 req-bcfbf266-0094-4978-95a3-582574fb25be service placement] 10.222.0.58 "GET /placement/resource_providers/0faa5a34-c176-437f-9e77-57fd321205b7/allocations" status: 200 len: 744 microversion: 1.0
May 04 21:33:18.813726 n-d-615180-31 devstack@placement-api.service[75620]: [pid: 75620|app: 0|req: 162/322] 10.222.0.58 () {58 vars in 1391 bytes} [Tue May 4 21:33:18 2021] GET /placement/resource_providers/0faa5a34-c176-437f-9e77-57fd321205b7/allocations => generated 744 bytes in 86 msecs (HTTP/1.1 200) 6 headers in 224 bytes (2 switches on core 0)
May 04 21:33:20.983666 n-d-615180-31 devstack@placement-api.service[75621]: DEBUG placement.requestlog [req-1815f67b-6534-4bd8-92f7-d9c68d999f3b req-076bb2e2-3869-4df3-8732-41148ded9d86 None None] Starting request: 10.222.0.54 "GET /placement/allocation_candidates?limit=1000&resources=DISK_GB%3A1%2CMEMORY_MB%3A1024%2CVCPU%3A1&root_required=%21COMPUTE_STATUS_DISABLED" {{(pid=75621) __call__ /opt/stack/placement/placement/requestlog.py:55}}
May 04 21:33:21.046862 n-d-615180-31 devstack@placement-api.service[75621]: DEBUG placement.objects.research_context [req-1815f67b-6534-4bd8-92f7-d9c68d999f3b req-076bb2e2-3869-4df3-8732-41148ded9d86 service placement] getting providers with 1 DISK_GB {{(pid=75621) __init__ /opt/stack/placement/placement/objects/research_context.py:126}}
May 04 21:33:21.071635 n-d-615180-31 devstack@placement-api.service[75621]: DEBUG placement.objects.research_context [req-1815f67b-6534-4bd8-92f7-d9c68d999f3b req-076bb2e2-3869-4df3-8732-41148ded9d86 service placement] getting providers with 1024 MEMORY_MB {{(pid=75621) __init__ /opt/stack/placement/placement/objects/research_context.py:126}}
May 04 21:33:21.089098 n-d-615180-31 devstack@placement-api.service[75621]: DEBUG placement.objects.research_context [req-1815f67b-6534-4bd8-92f7-d9c68d999f3b req-076bb2e2-3869-4df3-8732-41148ded9d86 service placement] getting providers with 1 VCPU {{(pid=75621) __init__ /opt/stack/placement/placement/objects/research_context.py:126}}
May 04 21:33:21.100352 n-d-615180-31 devstack@placement-api.service[75621]: DEBUG placement.objects.research_context [req-1815f67b-6534-4bd8-92f7-d9c68d999f3b req-076bb2e2-3869-4df3-8732-41148ded9d86 service placement] found 2 providers with available 1 DISK_GB {{(pid=75621) get_provider_ids_matching /opt/stack/placement/placement/objects/research_context.py:549}}
May 04 21:33:21.100352 n-d-615180-31 devstack@placement-api.service[75621]: DEBUG placement.objects.research_context [req-1815f67b-6534-4bd8-92f7-d9c68d999f3b req-076bb2e2-3869-4df3-8732-41148ded9d86 service placement] found 2 providers with available 1024 MEMORY_MB {{(pid=75621) get_provider_ids_matching /opt/stack/placement/placement/objects/research_context.py:549}}
May 04 21:33:21.100352 n-d-615180-31 devstack@placement-api.service[75621]: DEBUG placement.objects.research_context [req-1815f67b-6534-4bd8-92f7-d9c68d999f3b req-076bb2e2-3869-4df3-8732-41148ded9d86 service placement] found 2 providers after filtering by previous result {{(pid=75621) get_provider_ids_matching /opt/stack/placement/placement/objects/research_context.py:580}}
May 04 21:33:21.100352 n-d-615180-31 devstack@placement-api.service[75621]: DEBUG placement.objects.research_context [req-1815f67b-6534-4bd8-92f7-d9c68d999f3b req-076bb2e2-3869-4df3-8732-41148ded9d86 service placement] found 2 providers with available 1 VCPU {{(pid=75621) get_provider_ids_matching /opt/stack/placement/placement/objects/research_context.py:549}}
May 04 21:33:21.100717 n-d-615180-31 devstack@placement-api.service[75621]: DEBUG placement.objects.research_context [req-1815f67b-6534-4bd8-92f7-d9c68d999f3b req-076bb2e2-3869-4df3-8732-41148ded9d86 service placement] found 2 providers after filtering by previous result {{(pid=75621) get_provider_ids_matching /opt/stack/placement/placement/objects/research_context.py:580}}
May 04 21:33:21.136038 n-d-615180-31 devstack@placement-api.service[75621]: DEBUG placement.objects.allocation_candidate [req-1815f67b-6534-4bd8-92f7-d9c68d999f3b req-076bb2e2-3869-4df3-8732-41148ded9d86 service placement] RequestGroup(use_same_provider=False, resources={DISK_GB:1, MEMORY_MB:1024, VCPU:1}, traits=[], aggregates=[]) (suffix '') returned 2 matches {{(pid=75621) _get_by_requests /opt/stack/placement/placement/objects/allocation_candidate.py:145}}
May 04 21:33:21.136852 n-d-615180-31 devstack@placement-api.service[75621]: DEBUG placement.objects.allocation_candidate [req-1815f67b-6534-4bd8-92f7-d9c68d999f3b req-076bb2e2-3869-4df3-8732-41148ded9d86 service placement] Merging candidates yields 2 allocation requests and 2 provider summaries {{(pid=75621) _merge_candidates /opt/stack/placement/placement/objects/allocation_candidate.py:783}}
May 04 21:33:21.147951 n-d-615180-31 devstack@placement-api.service[75621]: INFO placement.requestlog [req-1815f67b-6534-4bd8-92f7-d9c68d999f3b req-076bb2e2-3869-4df3-8732-41148ded9d86 service placement] 10.222.0.54 "GET /placement/allocation_candidates?limit=1000&resources=DISK_GB%3A1%2CMEMORY_MB%3A1024%2CVCPU%3A1&root_required=%21COMPUTE_STATUS_DISABLED" status: 200 len: 1309 microversion: 1.35
May 04 21:33:21.148200 n-d-615180-31 devstack@placement-api.service[75621]: [pid: 75621|app: 0|req: 161/323] 10.222.0.54 () {60 vars in 1506 bytes} [Tue May 4 21:33:20 2021] GET /placement/allocation_candidates?limit=1000&resources=DISK_GB%3A1%2CMEMORY_MB%3A1024%2CVCPU%3A1&root_required=%21COMPUTE_STATUS_DISABLED => generated 1309 bytes in 170 msecs (HTTP/1.1 200) 8 headers in 297 bytes (2 switches on core 0)
May 04 21:33:21.257069 n-d-615180-31 devstack@placement-api.service[75620]: DEBUG placement.requestlog [req-1815f67b-6534-4bd8-92f7-d9c68d999f3b req-4190c0b2-2845-4a76-8dd3-a1e2bdfa87d8 None None] Starting request: 10.222.0.54 "GET /placement/allocations/542b85f7-704a-4e0d-a6cd-b7912fe11f01" {{(pid=75620) __call__ /opt/stack/placement/placement/requestlog.py:55}}
May 04 21:33:21.293712 n-d-615180-31 devstack@placement-api.service[75620]: INFO placement.requestlog [req-1815f67b-6534-4bd8-92f7-d9c68d999f3b req-4190c0b2-2845-4a76-8dd3-a1e2bdfa87d8 service placement] 10.222.0.54 "GET /placement/allocations/542b85f7-704a-4e0d-a6cd-b7912fe11f01" status: 200 len: 19 microversion: 1.28
May 04 21:33:21.295888 n-d-615180-31 devstack@placement-api.service[75620]: [pid: 75620|app: 0|req: 163/324] 10.222.0.54 () {60 vars in 1380 bytes} [Tue May 4 21:33:21 2021] GET /placement/allocations/542b85f7-704a-4e0d-a6cd-b7912fe11f01 => generated 19 bytes in 39 msecs (HTTP/1.1 200) 8 headers in 295 bytes (1 switches on core 0)
May 04 21:33:21.300155 n-d-615180-31 devstack@placement-api.service[75621]: DEBUG placement.requestlog [req-1815f67b-6534-4bd8-92f7-d9c68d999f3b req-5d43b49e-7f6d-4a52-bc72-a5465a096712 None None] Starting request: 10.222.0.54 "PUT /placement/allocations/542b85f7-704a-4e0d-a6cd-b7912fe11f01" {{(pid=75621) __call__ /opt/stack/placement/placement/requestlog.py:55}}
May 04 21:33:21.709534 n-d-615180-31 devstack@placement-api.service[75621]: DEBUG placement.handlers.allocation [req-1815f67b-6534-4bd8-92f7-d9c68d999f3b req-5d43b49e-7f6d-4a52-bc72-a5465a096712 service placement] Successfully wrote allocations [, , ] {{(pid=75621) _create_allocations /opt/stack/placement/placement/handlers/allocation.py:435}}
