Nov 03 08:36:33.376388 dv-neutron-863315-3-hyperv neutron-server[105548]: DEBUG neutron.api.rpc.handlers.l3_rpc [None req-7ade3ee6-9ada-44a1-91e2-2c4d59098bf3 None None] The sync data for ids ['71728d56-f867-4528-9cff-e14d09ce4d26'] in dv-neutron-863315-3-hyperv is: [{'id': '71728d56-f867-4528-9cff-e14d09ce4d26', 'name': 'tempest-ServersTestManualDisk-522728760-router', 'tenant_id': '7a6c2c85327d487d95a9855a730ba2fb', 'admin_state_up': True, 'status': 'ACTIVE', 'external_gateway_info': {'network_id': 'c3fd4120-532b-484e-a0bf-afb9f1664d31', 'external_fixed_ips': [{'subnet_id': '7c2de54d-d5bd-41d0-a815-70cc55b89c1b', 'ip_address': '172.26.5.53'}], 'enable_snat': True}, 'gw_port_id': '1731b892-ee09-400a-a1ff-644927115b2e', 'description': '', 'availability_zones': ['nova'], 'distributed': False, 'ha': False, 'ha_vr_id': 0, 'availability_zone_hints': [], 'routes': [], 'flavor_id': None, 'tags': [], 'created_at': '2022-11-03T08:36:16Z', 'updated_at': '2022-11-03T08:36:27Z', 'revision_number': 4, 'project_id': '7a6c2c85327d487d95a9855a730ba2fb', 'gw_port': {'id': '1731b892-ee09-400a-a1ff-644927115b2e', 'name': '', 'network_id': 'c3fd4120-532b-484e-a0bf-afb9f1664d31', 'tenant_id': '', 'mac_address': 'fa:16:3e:02:79:43', 'admin_state_up': True, 'status': 'ACTIVE', 'device_id': '71728d56-f867-4528-9cff-e14d09ce4d26', 'device_owner': 'network:router_gateway', 'standard_attr_id': 94, 'fixed_ips': [{'subnet_id': '7c2de54d-d5bd-41d0-a815-70cc55b89c1b', 'ip_address': '172.26.5.53', 'prefixlen': 24}], 'allowed_address_pairs': [], 'extra_dhcp_opts': [], 'security_groups': [], 'description': '', 'binding:vnic_type': 'normal', 'binding:profile': {}, 'binding:host_id': 'dv-neutron-863315-3-hyperv', 'binding:vif_type': 'ovs', 'binding:vif_details': {'connectivity': 'l2', 'port_filter': True, 'ovs_hybrid_plug': False, 'datapath_type': 'system', 'bridge_name': 'br-int', 'bound_drivers': {'0': 'openvswitch'}}, 'port_security_enabled': False, 'tags': [], 'created_at': '2022-11-03T08:36:17Z', 'updated_at': '2022-11-03T08:36:27Z', 'revision_number': 4, 'project_id': '', 'subnets': [{'id': '7c2de54d-d5bd-41d0-a815-70cc55b89c1b', 'cidr': '172.26.5.0/24', 'gateway_ip': '172.26.5.1', 'dns_nameservers': [], 'ipv6_ra_mode': None, 'subnetpool_id': None}], 'extra_subnets': [], 'address_scopes': {4: None, 6: None}, 'mtu': 1500}, 'enable_snat': True, 'gw_port_host': 'dv-neutron-863315-3-hyperv', '_interfaces': [{'id': '7bd19eed-5b8e-4a85-981a-4a9a5cbcc72a', 'name': '', 'network_id': '471a351c-40ee-46b7-a464-6617aefdf87a', 'tenant_id': '7a6c2c85327d487d95a9855a730ba2fb', 'mac_address': 'fa:16:3e:91:bb:dc', 'admin_state_up': True, 'status': 'DOWN', 'device_id': '71728d56-f867-4528-9cff-e14d09ce4d26', 'device_owner': 'network:router_interface', 'standard_attr_id': 119, 'fixed_ips': [{'subnet_id': '9860b1a2-f1bf-4481-ad4f-7b67d56af406', 'ip_address': '172.20.0.1', 'prefixlen': 28}], 'allowed_address_pairs': [], 'extra_dhcp_opts': [], 'security_groups': [], 'description': '', 'binding:vnic_type': 'normal', 'binding:profile': {}, 'binding:host_id': 'dv-neutron-863315-3-hyperv', 'binding:vif_type': 'ovs', 'binding:vif_details': {'connectivity': 'l2', 'port_filter': True, 'ovs_hybrid_plug': False, 'datapath_type': 'system', 'bridge_name': 'br-int', 'bound_drivers': {'0': 'openvswitch'}}, 'port_security_enabled': False, 'tags': [], 'created_at': '2022-11-03T08:36:24Z', 'updated_at': '2022-11-03T08:36:32Z', 'revision_number': 4, 'project_id': '7a6c2c85327d487d95a9855a730ba2fb', 'subnets': [{'id': '9860b1a2-f1bf-4481-ad4f-7b67d56af406', 'cidr': '172.20.0.0/28', 'gateway_ip': '172.20.0.1', 'dns_nameservers': [], 'ipv6_ra_mode': None, 'subnetpool_id': None}], 'extra_subnets': [], 'address_scopes': {4: None, 6: None}, 'mtu': 1500}]}] {{(pid=105548) sync_routers /opt/stack/neutron/neutron/api/rpc/handlers/l3_rpc.py:137}}
Nov 03 08:36:33.382350 dv-neutron-863315-3-hyperv neutron-server[105545]: DEBUG neutron.api.v2.base [None req-9098a653-fb64-46e4-b5d9-cfeb222e4d99 tempest-ExtraDHCPOptionsIpV6TestJSON-1235037578 tempest-ExtraDHCPOptionsIpV6TestJSON-1235037578-project] Request body: {'subnet': {'network_id': '59234b49-869f-45a8-8d7b-ce6fd9c37bb1', 'cidr': '2001:db8::/64', 'ip_version': 6, 'gateway_ip': '2001:db8::1'}} {{(pid=105545) prepare_request_body /opt/stack/neutron/neutron/api/v2/base.py:730}}
Nov 03 08:36:33.406788 dv-neutron-863315-3-hyperv neutron-server[105546]: DEBUG neutron.api.rpc.handlers.resources_rpc [None req-9782a1c1-df36-4923-afed-efe86ea6870a tempest-ExtraDHCPOptionsIpV6TestJSON-1235037578 tempest-ExtraDHCPOptionsIpV6TestJSON-1235037578-project] Pushing event updated for resources: {'Network': ['ID=59234b49-869f-45a8-8d7b-ce6fd9c37bb1,revision_number=1']} {{(pid=105546) push /opt/stack/neutron/neutron/api/rpc/handlers/resources_rpc.py:237}}
Nov 03 08:36:33.420205 dv-neutron-863315-3-hyperv neutron-server[105545]: DEBUG dbcounter [-] [105545] Writing DB stats neutron:SELECT=92,neutron:INSERT=6,neutron:UPDATE=1,neutron:DELETE=1 {{(pid=105545) stat_writer /usr/local/lib/python3.8/dist-packages/dbcounter.py:114}}
Nov 03 08:36:33.457662 dv-neutron-863315-3-hyperv neutron-server[105545]: DEBUG neutron_lib.callbacks.manager [None req-ece75c83-172a-444e-a768-55c23be2b955 tempest-FloatingIPAdminTestJSON-1370331894 tempest-FloatingIPAdminTestJSON-1370331894-project] Publish callbacks ['neutron.services.l3_router.l3_router_plugin.L3_HA_NAT_db_mixin._after_router_create-1715621', 'neutron.services.l3_router.l3_router_plugin.DVRResourceOperationHandler._create_snat_interfaces_after_change-1713948'] for router (bf2b9b6a-802d-4df6-9f3a-f79178f3e89a), after_create {{(pid=105545) _notify_loop /usr/local/lib/python3.8/dist-packages/neutron_lib/callbacks/manager.py:176}}
Nov 03 08:36:33.469302 dv-neutron-863315-3-hyperv neutron-server[105546]: DEBUG neutron.wsgi [-] (105546) accepted ('10.222.0.25', 56826) {{(pid=105546) server /usr/local/lib/python3.8/dist-packages/eventlet/wsgi.py:1004}}
Nov 03 08:36:33.469495 dv-neutron-863315-3-hyperv neutron-server[105545]: DEBUG neutron_lib.callbacks.manager [None req-d0ef0f40-c38a-4500-bd9c-f26b5bc0c7f0 tempest-ServersTestManualDisk-2062895230 tempest-ServersTestManualDisk-2062895230-project] Publish callbacks [] for security_group (None), before_response {{(pid=105545) _notify_loop /usr/local/lib/python3.8/dist-packages/neutron_lib/callbacks/manager.py:176}}
Nov 03 08:36:33.470838 dv-neutron-863315-3-hyperv neutron-server[105545]: INFO neutron.wsgi [None req-d0ef0f40-c38a-4500-bd9c-f26b5bc0c7f0 tempest-ServersTestManualDisk-2062895230 tempest-ServersTestManualDisk-2062895230-project] 10.222.0.25 "POST /networking/v2.0/security-groups HTTP/1.1" status: 201 len: 1797 time: 1.5024149
Nov 03 08:36:33.475380 dv-neutron-863315-3-hyperv neutron-server[105546]: DEBUG neutron.api.v2.base [None req-e4c9e38f-1baa-4325-917d-7298fbfc4b3c tempest-ServerActionsTestJSON-979156611 tempest-ServerActionsTestJSON-979156611-project] Request body: {'security_group': {'name': 'tempest-securitygroup--1483068000', 'description': 'tempest-description--1715766881'}} {{(pid=105546) prepare_request_body /opt/stack/neutron/neutron/api/v2/base.py:730}}
Nov 03 08:36:33.487370 dv-neutron-863315-3-hyperv neutron-server[105546]: DEBUG neutron.wsgi [-] (105546) accepted ('10.222.0.25', 56828) {{(pid=105546) server /usr/local/lib/python3.8/dist-packages/eventlet/wsgi.py:1004}}
Nov 03 08:36:33.500937 dv-neutron-863315-3-hyperv neutron-server[105546]: DEBUG neutron.api.v2.base [None req-c05813ac-ae5c-4941-8c39-b5b8a1a94df5 tempest-ServersTestManualDisk-2062895230 tempest-ServersTestManualDisk-2062895230-project] Request body: {'security_group_rule': {'security_group_id': '867e853a-aa39-4119-8eaf-18d922719f49', 'protocol': 'tcp', 'ethertype': 'IPv4', 'port_range_min': 22, 'port_range_max': 22, 'direction': 'ingress'}} {{(pid=105546) prepare_request_body /opt/stack/neutron/neutron/api/v2/base.py:730}}
Nov 03 08:36:33.547481 dv-neutron-863315-3-hyperv neutron-server[105546]: DEBUG neutron_lib.callbacks.manager [None req-e4c9e38f-1baa-4325-917d-7298fbfc4b3c tempest-ServerActionsTestJSON-979156611 tempest-ServerActionsTestJSON-979156611-project] Publish callbacks [] for security_group (None), before_create {{(pid=105546) _notify_loop /usr/local/lib/python3.8/dist-packages/neutron_lib/callbacks/manager.py:176}}
Nov 03 08:36:33.570635 dv-neutron-863315-3-hyperv neutron-server[105546]: DEBUG neutron_lib.callbacks.manager [None req-c05813ac-ae5c-4941-8c39-b5b8a1a94df5 tempest-ServersTestManualDisk-2062895230 tempest-ServersTestManualDisk-2062895230-project] Publish callbacks [] for security_group_rule (076da2fc-0b6c-4dbd-b72e-d8dd86c0bc82), before_create {{(pid=105546) _notify_loop /usr/local/lib/python3.8/dist-packages/neutron_lib/callbacks/manager.py:176}}
Nov 03 08:36:33.588455 dv-neutron-863315-3-hyperv neutron-server[105547]: DEBUG neutron.plugins.ml2.rpc [None req-4ef1f642-2bfb-4ead-a468-e729f94c527b None None] Network 59234b49-869f-45a8-8d7b-ce6fd9c37bb1 details requested by agent ovs-agent-dv-neutron-863315-3-hyperv with host dv-neutron-863315-3-hyperv {{(pid=105547) get_network_details /opt/stack/neutron/neutron/plugins/ml2/rpc.py:248}}
Nov 03 08:36:33.604660 dv-neutron-863315-3-hyperv neutron-server[105545]: DEBUG neutron.api.rpc.handlers.resources_rpc [None req-d0ef0f40-c38a-4500-bd9c-f26b5bc0c7f0 tempest-ServersTestManualDisk-2062895230 tempest-ServersTestManualDisk-2062895230-project] Pushing event updated for resources: {'SecurityGroup': ['ID=867e853a-aa39-4119-8eaf-18d922719f49,revision_number=1']} {{(pid=105545) push /opt/stack/neutron/neutron/api/rpc/handlers/resources_rpc.py:237}}
Nov 03 08:36:33.626318 dv-neutron-863315-3-hyperv neutron-server[105545]: INFO neutron.wsgi [None req-3073ecb4-3c8d-4776-b356-b5983feb3659 tempest-ExternalNetworksTestJSON-503162388 tempest-ExternalNetworksTestJSON-503162388-project-admin] 10.222.0.25 "GET /networking/v2.0/floatingips HTTP/1.1" status: 200 len: 1171 time: 0.3035939
Nov 03 08:36:33.635875 dv-neutron-863315-3-hyperv neutron-server[105546]: DEBUG neutron.wsgi [-] (105546) accepted ('10.222.0.25', 56846) {{(pid=105546) server /usr/local/lib/python3.8/dist-packages/eventlet/wsgi.py:1004}}
Nov 03 08:36:33.663858 dv-neutron-863315-3-hyperv neutron-server[105545]: DEBUG neutron_lib.callbacks.manager [None req-b52057cd-bc42-482b-8e4a-c31359254873 tempest-AllowedAddressPairTestJSON-53069944 tempest-AllowedAddressPairTestJSON-53069944-project] Publish callbacks ['neutron.plugins.ml2.plugin.SecurityGroupDbMixin._ensure_default_security_group_handler-7633458'] for port (bdb208c5-585d-4b34-af5f-d02f6cad25b2), before_update {{(pid=105545) _notify_loop /usr/local/lib/python3.8/dist-packages/neutron_lib/callbacks/manager.py:176}}
Nov 03 08:36:33.744076 dv-neutron-863315-3-hyperv neutron-server[105545]: DEBUG dbcounter [-] [105545] Writing DB stats neutron:SELECT=99,neutron:DELETE=1 {{(pid=105545) stat_writer /usr/local/lib/python3.8/dist-packages/dbcounter.py:114}}
Nov 03 08:36:33.805331 dv-neutron-863315-3-hyperv neutron-server[105546]: DEBUG dbcounter [-] [105546] Writing DB stats neutron:SELECT=83,neutron:DELETE=9,neutron:UPDATE=2,neutron:INSERT=6 {{(pid=105546) stat_writer /usr/local/lib/python3.8/dist-packages/dbcounter.py:114}}
Nov 03 08:36:33.877313 dv-neutron-863315-3-hyperv neutron-server[105545]: DEBUG neutron.wsgi [-] (105545) accepted ('10.222.0.25', 56854) {{(pid=105545) server /usr/local/lib/python3.8/dist-packages/eventlet/wsgi.py:1004}}
Nov 03 08:36:33.881225 dv-neutron-863315-3-hyperv neutron-server[105547]: DEBUG neutron.db.l3_hamode_db [None req-eefffec3-7ceb-4ccb-ac7d-0731585a45e4 None None] neutron.services.l3_router.l3_router_plugin.L3RouterPlugin method _process_sync_ha_data called with arguments (, [{'id': 'ff771ed2-e955-4bed-a1cb-d15a7d69eca2', 'name': 'tempest-ServerActionsTestJSON-376335200-router', 'tenant_id': '65acd728fde9496896049dd0fa37c993', 'admin_state_up': True, 'status': 'ACTIVE', 'external_gateway_info': {'network_id': 'c3fd4120-532b-484e-a0bf-afb9f1664d31', 'external_fixed_ips': [{'subnet_id': '7c2de54d-d5bd-41d0-a815-70cc55b89c1b', 'ip_address': '172.26.5.21'}], 'enable_snat': True}, 'gw_port_id': '8ee6338d-c827-4e09-a6fe-5f0e3f696962', 'description': '', 'availability_zones': ['nova'], 'distributed': False, 'ha': False, 'ha_vr_id': 0, 'availability_zone_hints': [], 'routes': [], 'flavor_id': None, 'tags': [], 'created_at': '2022-11-03T08:36:12Z', 'updated_at': '2022-11-03T08:36:27Z', 'revision_number': 4, 'project_id': '65acd728fde9496896049dd0fa37c993', 'gw_port': {'id': '8ee6338d-c827-4e09-a6fe-5f0e3f696962', 'name': '', 'network_id': 'c3fd4120-532b-484e-a0bf-afb9f1664d31', 'tenant_id': '', 'mac_address': 'fa:16:3e:c5:6e:ab', 'admin_state_up': True, 'status': 'ACTIVE', 'device_id': 'ff771ed2-e955-4bed-a1cb-d15a7d69eca2', 'device_owner': 'network:router_gateway', 'standard_attr_id': 66, 'fixed_ips': [{'subnet_id': '7c2de54d-d5bd-41d0-a815-70cc55b89c1b', 'ip_address': '172.26.5.21', 'prefixlen': 24}], 'allowed_address_pairs': [], 'extra_dhcp_opts': [], 'security_groups': [], 'description': '', 'binding:vnic_type': 'normal', 'binding:profile': {}, 'binding:host_id': 'dv-neutron-863315-3-hyperv', 'binding:vif_type': 'ovs', 'binding:vif_details': {'connectivity': 'l2', 'port_filter': True, 'ovs_hybrid_plug': False, 'datapath_type': 'system', 'bridge_name': 'br-int', 'bound_drivers': {'0': 'openvswitch'}}, 'port_security_enabled': False, 'tags': [], 'created_at': '2022-11-03T08:36:14Z', 'updated_at': '2022-11-03T08:36:28Z', 'revision_number': 4, 'project_id': '', 'subnets': [{'id': '7c2de54d-d5bd-41d0-a815-70cc55b89c1b', 'cidr': '172.26.5.0/24', 'gateway_ip': '172.26.5.1', 'dns_nameservers': [], 'ipv6_ra_mode': None, 'subnetpool_id': None}], 'extra_subnets': [], 'address_scopes': {4: None, 6: None}, 'mtu': 1500}, 'enable_snat': True, 'gw_port_host': 'dv-neutron-863315-3-hyperv', '_interfaces': [{'id': 'f6c8b3f4-d274-4de5-8e67-8d8feb0d208f', 'name': '', 'network_id': '3066be37-55e3-4337-80ca-6f1493ceb37e', 'tenant_id': '65acd728fde9496896049dd0fa37c993', 'mac_address': 'fa:16:3e:8b:8e:dd', 'admin_state_up': True, 'status': 'DOWN', 'device_id': 'ff771ed2-e955-4bed-a1cb-d15a7d69eca2', 'device_owner': 'network:router_interface', 'standard_attr_id': 121, 'fixed_ips': [{'subnet_id': '878abbf6-8037-4417-bb40-3fd42a73ed1e', 'ip_address': '172.20.0.1', 'prefixlen': 28}], 'allowed_address_pairs': [], 'extra_dhcp_opts': [], 'security_groups': [], 'description': '', 'binding:vnic_type': 'normal', 'binding:profile': {}, 'binding:host_id': '', 'binding:vif_type': 'unbound', 'binding:vif_details': {}, 'port_security_enabled': False, 'tags': [], 'created_at': '2022-11-03T08:36:24Z', 'updated_at': '2022-11-03T08:36:28Z', 'revision_number': 2, 'project_id': '65acd728fde9496896049dd0fa37c993', 'subnets': [{'id': '878abbf6-8037-4417-bb40-3fd42a73ed1e', 'cidr': '172.20.0.0/28', 'gateway_ip': '172.20.0.1', 'dns_nameservers': [], 'ipv6_ra_mode': None, 'subnetpool_id': None}], 'extra_subnets': [], 'address_scopes': {4: None, 6: None}, 'mtu': 1500}]}], 'dv-neutron-863315-3-hyperv', False) {} {{(pid=105547) wrapper /usr/local/lib/python3.8/dist-packages/oslo_log/helpers.py:65}}
Nov 03 08:36:33.893606 dv-neutron-863315-3-hyperv neutron-server[105545]: WARNING keystonemiddleware.auth_token [-] A valid token was submitted as a service token, but it was not a valid service token. This is incorrect but backwards compatible behaviour. This will be removed in future releases.
Nov 03 08:36:33.910636 dv-neutron-863315-3-hyperv neutron-server[105547]: DEBUG neutron.api.rpc.handlers.l3_rpc [None req-eefffec3-7ceb-4ccb-ac7d-0731585a45e4 None None] Checking router: ff771ed2-e955-4bed-a1cb-d15a7d69eca2 for host: dv-neutron-863315-3-hyperv {{(pid=105547) _ensure_host_set_on_ports /opt/stack/neutron/neutron/api/rpc/handlers/l3_rpc.py:155}}
Nov 03 08:36:33.910984 dv-neutron-863315-3-hyperv neutron-server[105547]: DEBUG neutron.api.rpc.handlers.l3_rpc [None req-eefffec3-7ceb-4ccb-ac7d-0731585a45e4 None None] Updating router ff771ed2-e955-4bed-a1cb-d15a7d69eca2 port f6c8b3f4-d274-4de5-8e67-8d8feb0d208f binding host dv-neutron-863315-3-hyperv {{(pid=105547) _ensure_host_set_on_port /opt/stack/neutron/neutron/api/rpc/handlers/l3_rpc.py:205}}
Nov 03 08:36:33.916774 dv-neutron-863315-3-hyperv neutron-server[105546]: DEBUG neutron.pecan_wsgi.hooks.policy_enforcement [None req-52aff715-cce3-45f5-afee-0cb556efba09 tempest-ExternalNetworksTestJSON-503162388 tempest-ExternalNetworksTestJSON-503162388-project-admin] Attributes excluded by policy engine: ['standard_attr_id', 'shared', 'segment_id'] {{(pid=105546) _exclude_attributes_by_policy /opt/stack/neutron/neutron/pecan_wsgi/hooks/policy_enforcement.py:259}}
Nov 03 08:36:33.917540 dv-neutron-863315-3-hyperv neutron-server[105546]: DEBUG neutron.pecan_wsgi.hooks.policy_enforcement [None req-52aff715-cce3-45f5-afee-0cb556efba09 tempest-ExternalNetworksTestJSON-503162388 tempest-ExternalNetworksTestJSON-503162388-project-admin] Attributes excluded by policy engine: ['standard_attr_id', 'shared', 'segment_id'] {{(pid=105546) _exclude_attributes_by_policy /opt/stack/neutron/neutron/pecan_wsgi/hooks/policy_enforcement.py:259}}
Nov 03 08:36:33.918230 dv-neutron-863315-3-hyperv neutron-server[105546]: DEBUG neutron.pecan_wsgi.hooks.policy_enforcement [None req-52aff715-cce3-45f5-afee-0cb556efba09 tempest-ExternalNetworksTestJSON-503162388 tempest-ExternalNetworksTestJSON-503162388-project-admin] Attributes excluded by policy engine: ['standard_attr_id', 'shared', 'segment_id'] {{(pid=105546) _exclude_attributes_by_policy /opt/stack/neutron/neutron/pecan_wsgi/hooks/policy_enforcement.py:259}}
Nov 03 08:36:33.918921 dv-neutron-863315-3-hyperv neutron-server[105546]: DEBUG neutron.pecan_wsgi.hooks.policy_enforcement [None req-52aff715-cce3-45f5-afee-0cb556efba09 tempest-ExternalNetworksTestJSON-503162388 tempest-ExternalNetworksTestJSON-503162388-project-admin] Attributes excluded by policy engine: ['standard_attr_id', 'shared', 'segment_id'] {{(pid=105546) _exclude_attributes_by_policy /opt/stack/neutron/neutron/pecan_wsgi/hooks/policy_enforcement.py:259}}
Nov 03 08:36:33.919634 dv-neutron-863315-3-hyperv neutron-server[105546]: DEBUG neutron.pecan_wsgi.hooks.policy_enforcement [None req-52aff715-cce3-45f5-afee-0cb556efba09 tempest-ExternalNetworksTestJSON-503162388 tempest-ExternalNetworksTestJSON-503162388-project-admin] Attributes excluded by policy engine: ['standard_attr_id', 'shared', 'segment_id'] {{(pid=105546) _exclude_attributes_by_policy /opt/stack/neutron/neutron/pecan_wsgi/hooks/policy_enforcement.py:259}}
Nov 03 08:36:33.920314 dv-neutron-863315-3-hyperv neutron-server[105546]: DEBUG neutron.pecan_wsgi.hooks.policy_enforcement [None req-52aff715-cce3-45f5-afee-0cb556efba09 tempest-ExternalNetworksTestJSON-503162388 tempest-ExternalNetworksTestJSON-503162388-project-admin] Attributes excluded by policy engine: ['standard_attr_id', 'shared', 'segment_id'] {{(pid=105546) _exclude_attributes_by_policy /opt/stack/neutron/neutron/pecan_wsgi/hooks/policy_enforcement.py:259}}
Nov 03 08:36:33.921055 dv-neutron-863315-3-hyperv neutron-server[105546]: DEBUG neutron.pecan_wsgi.hooks.policy_enforcement [None req-52aff715-cce3-45f5-afee-0cb556efba09 tempest-ExternalNetworksTestJSON-503162388 tempest-ExternalNetworksTestJSON-503162388-project-admin] Attributes excluded by policy engine: ['standard_attr_id', 'shared', 'segment_id'] {{(pid=105546) _exclude_attributes_by_policy /opt/stack/neutron/neutron/pecan_wsgi/hooks/policy_enforcement.py:259}}
Nov 03 08:36:33.921975 dv-neutron-863315-3-hyperv neutron-server[105546]: DEBUG neutron.pecan_wsgi.hooks.policy_enforcement [None req-52aff715-cce3-45f5-afee-0cb556efba09 tempest-ExternalNetworksTestJSON-503162388 tempest-ExternalNetworksTestJSON-503162388-project-admin] Attributes excluded by policy engine: ['standard_attr_id', 'shared', 'segment_id'] {{(pid=105546) _exclude_attributes_by_policy /opt/stack/neutron/neutron/pecan_wsgi/hooks/policy_enforcement.py:259}}
Nov 03 08:36:33.922753 dv-neutron-863315-3-hyperv neutron-server[105546]: DEBUG neutron.pecan_wsgi.hooks.policy_enforcement [None req-52aff715-cce3-45f5-afee-0cb556efba09 tempest-ExternalNetworksTestJSON-503162388 tempest-ExternalNetworksTestJSON-503162388-project-admin] Attributes excluded by policy engine: ['standard_attr_id', 'shared', 'segment_id'] {{(pid=105546) _exclude_attributes_by_policy /opt/stack/neutron/neutron/pecan_wsgi/hooks/policy_enforcement.py:259}}
Nov 03 08:36:33.928709 dv-neutron-863315-3-hyperv neutron-server[105546]: INFO neutron.wsgi [None req-52aff715-cce3-45f5-afee-0cb556efba09 tempest-ExternalNetworksTestJSON-503162388 tempest-ExternalNetworksTestJSON-503162388-project-admin] 10.222.0.25 "GET /networking/v2.0/subnets HTTP/1.1" status: 200 len: 5810 time: 0.2917900
Nov 03 08:36:33.936358 dv-neutron-863315-3-hyperv neutron-server[105546]: DEBUG neutron.wsgi [-] (105546) accepted ('10.222.0.25', 56856) {{(pid=105546) server /usr/local/lib/python3.8/dist-packages/eventlet/wsgi.py:1004}}
Nov 03 08:36:33.941025 dv-neutron-863315-3-hyperv neutron-server[105547]: DEBUG neutron_lib.callbacks.manager [None req-eefffec3-7ceb-4ccb-ac7d-0731585a45e4 None None] Publish callbacks ['neutron.plugins.ml2.plugin.SecurityGroupDbMixin._ensure_default_security_group_handler-7633458'] for port (f6c8b3f4-d274-4de5-8e67-8d8feb0d208f), before_update {{(pid=105547) _notify_loop /usr/local/lib/python3.8/dist-packages/neutron_lib/callbacks/manager.py:176}}
Nov 03 08:36:33.975734 dv-neutron-863315-3-hyperv neutron-server[105545]: DEBUG neutron.pecan_wsgi.hooks.quota_enforcement [None req-9098a653-fb64-46e4-b5d9-cfeb222e4d99 tempest-ExtraDHCPOptionsIpV6TestJSON-1235037578 tempest-ExtraDHCPOptionsIpV6TestJSON-1235037578-project] Made reservation on behalf of 63f803eda0644cc4bd5f811568781f00 for: {'subnet': 1} {{(pid=105545) before /opt/stack/neutron/neutron/pecan_wsgi/hooks/quota_enforcement.py:53}}
Nov 03 08:36:33.977398 dv-neutron-863315-3-hyperv neutron-server[105546]: DEBUG neutron_lib.callbacks.manager [None req-e4c9e38f-1baa-4325-917d-7298fbfc4b3c tempest-ServerActionsTestJSON-979156611 tempest-ServerActionsTestJSON-979156611-project] Publish callbacks [] for security_group (52337c0c-888a-451b-a437-47d2019c6e47), precommit_create {{(pid=105546) _notify_loop /usr/local/lib/python3.8/dist-packages/neutron_lib/callbacks/manager.py:176}}
Nov 03 08:36:33.980056 dv-neutron-863315-3-hyperv neutron-server[105545]: DEBUG neutron_lib.callbacks.manager [None req-9098a653-fb64-46e4-b5d9-cfeb222e4d99 tempest-ExtraDHCPOptionsIpV6TestJSON-1235037578 tempest-ExtraDHCPOptionsIpV6TestJSON-1235037578-project] Publish callbacks ['neutron.services.segments.plugin.SegmentHostRoutes.host_routes_before_create-3788975'] for subnet (None), before_create {{(pid=105545) _notify_loop /usr/local/lib/python3.8/dist-packages/neutron_lib/callbacks/manager.py:176}}
Nov 03 08:36:33.980667 dv-neutron-863315-3-hyperv neutron-server[105546]: DEBUG neutron_lib.callbacks.manager [None req-c05813ac-ae5c-4941-8c39-b5b8a1a94df5 tempest-ServersTestManualDisk-2062895230 tempest-ServersTestManualDisk-2062895230-project] Publish callbacks [] for security_group_rule (076da2fc-0b6c-4dbd-b72e-d8dd86c0bc82), precommit_create {{(pid=105546) _notify_loop /usr/local/lib/python3.8/dist-packages/neutron_lib/callbacks/manager.py:176}}
Nov 03 08:36:34.017046 dv-neutron-863315-3-hyperv neutron-server[105546]: DEBUG neutron_lib.callbacks.manager [None req-e4c9e38f-1baa-4325-917d-7298fbfc4b3c tempest-ServerActionsTestJSON-979156611 tempest-ServerActionsTestJSON-979156611-project] Publish callbacks ['neutron.plugins.ml2.ovo_rpc._ObjectChangeHandler.handle_event-1729795'] for security_group (52337c0c-888a-451b-a437-47d2019c6e47), after_create {{(pid=105546) _notify_loop /usr/local/lib/python3.8/dist-packages/neutron_lib/callbacks/manager.py:176}}
Nov 03 08:36:34.024803 dv-neutron-863315-3-hyperv neutron-server[105546]: DEBUG neutron_lib.callbacks.manager [None req-c05813ac-ae5c-4941-8c39-b5b8a1a94df5 tempest-ServersTestManualDisk-2062895230 tempest-ServersTestManualDisk-2062895230-project] Publish callbacks ['neutron.plugins.ml2.ovo_rpc._ObjectChangeHandler.handle_event-1809389'] for security_group_rule (076da2fc-0b6c-4dbd-b72e-d8dd86c0bc82), after_create {{(pid=105546) _notify_loop /usr/local/lib/python3.8/dist-packages/neutron_lib/callbacks/manager.py:176}}
Nov 03 08:36:34.026763 dv-neutron-863315-3-hyperv neutron-server[105546]: INFO neutron.api.v2.resource [None req-bd0c2dd9-d4f6-4aa2-a2e5-11daaeb36c00 tempest-ExternalNetworksTestJSON-503162388 tempest-ExternalNetworksTestJSON-503162388-project-admin] delete failed (client error): The resource could not be found.
Nov 03 08:36:34.031743 dv-neutron-863315-3-hyperv neutron-server[105546]: INFO neutron.wsgi [None req-bd0c2dd9-d4f6-4aa2-a2e5-11daaeb36c00 tempest-ExternalNetworksTestJSON-503162388 tempest-ExternalNetworksTestJSON-503162388-project-admin] 10.222.0.25 "DELETE /networking/v2.0/floatingips/d26afa04-4077-491f-8649-07a0976b0dec HTTP/1.1" status: 404 len: 345 time: 0.0906985
Nov 03 08:36:34.033078 dv-neutron-863315-3-hyperv neutron-server[105546]: DEBUG neutron.wsgi [-] (105546) accepted ('10.222.0.25', 56858) {{(pid=105546) server /usr/local/lib/python3.8/dist-packages/eventlet/wsgi.py:1004}}
Nov 03 08:36:34.110329 dv-neutron-863315-3-hyperv neutron-server[105546]: INFO neutron.pecan_wsgi.hooks.translation [None req-c88a4935-b142-445e-8796-fa532409c124 tempest-ExternalNetworksTestJSON-503162388 tempest-ExternalNetworksTestJSON-503162388-project-admin] DELETE failed (client error): The resource could not be found.
Nov 03 08:36:34.110869 dv-neutron-863315-3-hyperv neutron-server[105546]: DEBUG neutron.pecan_wsgi.hooks.notifier [None req-c88a4935-b142-445e-8796-fa532409c124 tempest-ExternalNetworksTestJSON-503162388 tempest-ExternalNetworksTestJSON-503162388-project-admin] No notification will be sent due to unsuccessful status code: 404 {{(pid=105546) after /opt/stack/neutron/neutron/pecan_wsgi/hooks/notifier.py:78}}
Nov 03 08:36:34.121213 dv-neutron-863315-3-hyperv neutron-server[105546]: INFO neutron.wsgi [None req-c88a4935-b142-445e-8796-fa532409c124 tempest-ExternalNetworksTestJSON-503162388 tempest-ExternalNetworksTestJSON-503162388-project-admin] 10.222.0.25 "DELETE /networking/v2.0/networks/19dbca35-7ef4-4da4-ae30-19a66d6a1de8 HTTP/1.1" status: 404 len: 339 time: 0.0701542
Nov 03 08:36:34.125257 dv-neutron-863315-3-hyperv neutron-server[105546]: DEBUG neutron.wsgi [-] (105546) accepted ('10.222.0.25', 56860) {{(pid=105546) server /usr/local/lib/python3.8/dist-packages/eventlet/wsgi.py:1004}}
Nov 03 08:36:34.134337 dv-neutron-863315-3-hyperv neutron-server[105546]: DEBUG neutron.api.v2.base [None req-d1444dcf-85bc-4956-9e9b-b589ad352f15 tempest-ExternalNetworksTestJSON-503162388 tempest-ExternalNetworksTestJSON-503162388-project-admin] Request body: {'network': {'name': 'tempest-network--1641632384', 'router:external': True}} {{(pid=105546) prepare_request_body /opt/stack/neutron/neutron/api/v2/base.py:730}}
Nov 03 08:36:34.147931 dv-neutron-863315-3-hyperv neutron-server[105546]: DEBUG neutron.api.rpc.handlers.resources_rpc [None req-c05813ac-ae5c-4941-8c39-b5b8a1a94df5 tempest-ServersTestManualDisk-2062895230 tempest-ServersTestManualDisk-2062895230-project] Pushing event updated for resources: {'SecurityGroupRule': ['ID=076da2fc-0b6c-4dbd-b72e-d8dd86c0bc82,revision_number=0']} {{(pid=105546) push /opt/stack/neutron/neutron/api/rpc/handlers/resources_rpc.py:237}}
Nov 03 08:36:34.157063 dv-neutron-863315-3-hyperv neutron-server[105546]: DEBUG neutron_lib.callbacks.manager [None req-e4c9e38f-1baa-4325-917d-7298fbfc4b3c tempest-ServerActionsTestJSON-979156611 tempest-ServerActionsTestJSON-979156611-project] Publish callbacks [] for security_group (None), before_response {{(pid=105546) _notify_loop /usr/local/lib/python3.8/dist-packages/neutron_lib/callbacks/manager.py:176}}
Nov 03 08:36:34.158369 dv-neutron-863315-3-hyperv neutron-server[105546]: INFO neutron.wsgi [None req-e4c9e38f-1baa-4325-917d-7298fbfc4b3c tempest-ServerActionsTestJSON-979156611 tempest-ServerActionsTestJSON-979156611-project] 10.222.0.25 "POST /networking/v2.0/security-groups HTTP/1.1" status: 201 len: 1797 time: 0.6880066
Nov 03 08:36:34.162765 dv-neutron-863315-3-hyperv neutron-server[105546]: DEBUG neutron.wsgi [-] (105546) accepted ('10.222.0.25', 56862) {{(pid=105546) server /usr/local/lib/python3.8/dist-packages/eventlet/wsgi.py:1004}}
Nov 03 08:36:34.167219 dv-neutron-863315-3-hyperv neutron-server[105546]: DEBUG neutron.api.rpc.handlers.resources_rpc [None req-e4c9e38f-1baa-4325-917d-7298fbfc4b3c tempest-ServerActionsTestJSON-979156611 tempest-ServerActionsTestJSON-979156611-project] Pushing event updated for resources: {'SecurityGroup': ['ID=52337c0c-888a-451b-a437-47d2019c6e47,revision_number=1']} {{(pid=105546) push /opt/stack/neutron/neutron/api/rpc/handlers/resources_rpc.py:237}}
Nov 03 08:36:34.176911 dv-neutron-863315-3-hyperv neutron-server[105546]: DEBUG neutron_lib.callbacks.manager [None req-c05813ac-ae5c-4941-8c39-b5b8a1a94df5 tempest-ServersTestManualDisk-2062895230 tempest-ServersTestManualDisk-2062895230-project] Publish callbacks [] for security_group_rule (None), before_response {{(pid=105546) _notify_loop /usr/local/lib/python3.8/dist-packages/neutron_lib/callbacks/manager.py:176}}
Nov 03 08:36:34.180433 dv-neutron-863315-3-hyperv neutron-server[105546]: INFO neutron.wsgi [None req-c05813ac-ae5c-4941-8c39-b5b8a1a94df5 tempest-ServersTestManualDisk-2062895230 tempest-ServersTestManualDisk-2062895230-project] 10.222.0.25 "POST /networking/v2.0/security-group-rules HTTP/1.1" status: 201 len: 764 time: 0.6891165
Nov 03 08:36:34.185416 dv-neutron-863315-3-hyperv neutron-server[105545]: INFO neutron.wsgi [req-4bb2bbf8-1dee-4fff-827c-aee0ca4ef313 req-578b6022-a25e-4fca-887d-8f4692aebabf tempest-ServersTestJSON-666307423 tempest-ServersTestJSON-666307423-project] 10.222.0.25 "GET /networking/v2.0/security-groups?name=tempest-securitygroup--1279808521&fields=id&tenant_id=315911ee6f0241f9b63c72fc5ea17054 HTTP/1.1" status: 200 len: 267 time: 0.2945664
Nov 03 08:36:34.188540 dv-neutron-863315-3-hyperv neutron-server[105545]: DEBUG neutron.wsgi [-] (105545) accepted ('10.222.0.25', 56864) {{(pid=105545) server /usr/local/lib/python3.8/dist-packages/eventlet/wsgi.py:1004}}
Nov 03 08:36:34.190464 dv-neutron-863315-3-hyperv neutron-server[105546]: DEBUG neutron.api.v2.base [None req-c9924c69-9bcd-4bf3-bf79-ca6c46f6d336 tempest-ServerActionsTestJSON-979156611 tempest-ServerActionsTestJSON-979156611-project] Request body: {'security_group_rule': {'security_group_id': '52337c0c-888a-451b-a437-47d2019c6e47', 'protocol': 'tcp', 'ethertype': 'IPv4', 'port_range_min': 22, 'port_range_max': 22, 'direction': 'ingress'}} {{(pid=105546) prepare_request_body /opt/stack/neutron/neutron/api/v2/base.py:730}}
Nov 03 08:36:34.208755 dv-neutron-863315-3-hyperv neutron-server[105545]: DEBUG neutron.api.v2.base [None req-3d3240c5-23be-487c-8148-10b065d10952 tempest-ServersTestManualDisk-2062895230 tempest-ServersTestManualDisk-2062895230-project] Request body: {'security_group_rule': {'security_group_id': '867e853a-aa39-4119-8eaf-18d922719f49', 'protocol': 'icmp', 'ethertype': 'IPv4', 'direction': 'ingress'}} {{(pid=105545) prepare_request_body /opt/stack/neutron/neutron/api/v2/base.py:730}}
Nov 03 08:36:34.221441 dv-neutron-863315-3-hyperv neutron-server[105546]: DEBUG neutron.pecan_wsgi.hooks.quota_enforcement [None req-d1444dcf-85bc-4956-9e9b-b589ad352f15 tempest-ExternalNetworksTestJSON-503162388 tempest-ExternalNetworksTestJSON-503162388-project-admin] Made reservation on behalf of 5a05f909825b43b1b1daeb7920c57c3a for: {'network': 1} {{(pid=105546) before /opt/stack/neutron/neutron/pecan_wsgi/hooks/quota_enforcement.py:53}}
Nov 03 08:36:34.224732 dv-neutron-863315-3-hyperv neutron-server[105546]: DEBUG neutron_lib.callbacks.manager [None req-d1444dcf-85bc-4956-9e9b-b589ad352f15 tempest-ExternalNetworksTestJSON-503162388 tempest-ExternalNetworksTestJSON-503162388-project-admin] Publish callbacks ['neutron.plugins.ml2.plugin.SecurityGroupDbMixin._ensure_default_security_group_handler-7633458'] for network (None), before_create {{(pid=105546) _notify_loop /usr/local/lib/python3.8/dist-packages/neutron_lib/callbacks/manager.py:176}}
Nov 03 08:36:34.271892 dv-neutron-863315-3-hyperv neutron-server[105546]: DEBUG neutron.plugins.ml2.drivers.helpers [None req-d1444dcf-85bc-4956-9e9b-b589ad352f15 tempest-ExternalNetworksTestJSON-503162388 tempest-ExternalNetworksTestJSON-503162388-project-admin] vlan segment allocate from pool success with {'physical_network': 'physnet1', 'vlan_id': 171} {{(pid=105546) allocate_partially_specified_segment /opt/stack/neutron/neutron/plugins/ml2/drivers/helpers.py:153}}
Nov 03 08:36:34.274272 dv-neutron-863315-3-hyperv neutron-server[105546]: DEBUG neutron_lib.callbacks.manager [None req-c9924c69-9bcd-4bf3-bf79-ca6c46f6d336 tempest-ServerActionsTestJSON-979156611 tempest-ServerActionsTestJSON-979156611-project] Publish callbacks [] for security_group_rule (bf21ba31-2bc3-46ce-aa63-5c888525c1b3), before_create {{(pid=105546) _notify_loop /usr/local/lib/python3.8/dist-packages/neutron_lib/callbacks/manager.py:176}}
Nov 03 08:36:34.306134 dv-neutron-863315-3-hyperv neutron-server[105546]: DEBUG neutron_lib.callbacks.manager [None req-d1444dcf-85bc-4956-9e9b-b589ad352f15 tempest-ExternalNetworksTestJSON-503162388 tempest-ExternalNetworksTestJSON-503162388-project-admin] Publish callbacks ['neutron.plugins.ml2.plugin.Ml2Plugin._handle_segment_change-7760270'] for segment (d6bec0aa-6e1d-4b98-98ff-a78b2a5c032b), precommit_create {{(pid=105546) _notify_loop /usr/local/lib/python3.8/dist-packages/neutron_lib/callbacks/manager.py:176}}
Nov 03 08:36:34.306643 dv-neutron-863315-3-hyperv neutron-server[105546]: INFO neutron.db.segments_db [None req-d1444dcf-85bc-4956-9e9b-b589ad352f15 tempest-ExternalNetworksTestJSON-503162388 tempest-ExternalNetworksTestJSON-503162388-project-admin] Added segment d6bec0aa-6e1d-4b98-98ff-a78b2a5c032b of type vlan for network 907aea3e-ed85-4544-b20c-95f2d1da9897
Nov 03 08:36:34.324721 dv-neutron-863315-3-hyperv neutron-server[105545]: DEBUG neutron.scheduler.l3_agent_scheduler [None req-0b48c59f-bda1-4697-81d0-5b473f6c01e3 tempest-RoutersIpV6AdminTest-312198879 tempest-RoutersIpV6AdminTest-312198879-project-admin] Router 3dfad788-ccc8-4090-96f4-e1d5c6ed6d55 is scheduled to L3 agent 81716d6e-8126-4974-847f-7f6e23eb9284 with binding_index 1 {{(pid=105545) bind_router /opt/stack/neutron/neutron/scheduler/l3_agent_scheduler.py:209}}
Nov 03 08:36:34.349510 dv-neutron-863315-3-hyperv neutron-server[105547]: DEBUG neutron_lib.callbacks.manager [None req-eefffec3-7ceb-4ccb-ac7d-0731585a45e4 None None] Publish callbacks [] for port (f6c8b3f4-d274-4de5-8e67-8d8feb0d208f), precommit_update {{(pid=105547) _notify_loop /usr/local/lib/python3.8/dist-packages/neutron_lib/callbacks/manager.py:176}}
Nov 03 08:36:34.361050 dv-neutron-863315-3-hyperv neutron-server[105546]: DEBUG dbcounter [-] [105546] Writing DB stats neutron:SELECT=81,neutron:DELETE=4,neutron:INSERT=13,neutron:UPDATE=2 {{(pid=105546) stat_writer /usr/local/lib/python3.8/dist-packages/dbcounter.py:114}}
Nov 03 08:36:34.364934 dv-neutron-863315-3-hyperv neutron-server[105547]: DEBUG neutron_lib.callbacks.manager [None req-eefffec3-7ceb-4ccb-ac7d-0731585a45e4 None None] Publish callbacks ['neutron.plugins.ml2.plugin.SecurityGroupServerNotifierRpcMixin._notify_sg_on_port_change-7633525', 'neutron.plugins.ml2.ovo_rpc._ObjectChangeHandler.handle_event-9800', 'neutron.api.rpc.agentnotifiers.dhcp_rpc_agent_api.DhcpAgentNotifyAPI._native_event_send_dhcp_notification-1653023', 'neutron.db.l3_db.L3RpcNotifierMixin._notify_gateway_port_ip_changed-8776819440514', 'neutron.db.l3_dvrscheduler_db._notify_l3_agent_port_update-8776819043503', 'neutron.db.l3_hascheduler_db._notify_l3_agent_ha_port_update-8776819043521'] for port (f6c8b3f4-d274-4de5-8e67-8d8feb0d208f), after_update {{(pid=105547) _notify_loop /usr/local/lib/python3.8/dist-packages/neutron_lib/callbacks/manager.py:176}}
Nov 03 08:36:34.394121 dv-neutron-863315-3-hyperv neutron-server[105546]: DEBUG neutron_lib.callbacks.manager [None req-d1444dcf-85bc-4956-9e9b-b589ad352f15 tempest-ExternalNetworksTestJSON-503162388 tempest-ExternalNetworksTestJSON-503162388-project-admin] Publish callbacks ['neutron.services.auto_allocate.db._ensure_external_network_default_value_callback-8776819082451'] for network (907aea3e-ed85-4544-b20c-95f2d1da9897), precommit_create {{(pid=105546) _notify_loop /usr/local/lib/python3.8/dist-packages/neutron_lib/callbacks/manager.py:176}}
Nov 03 08:36:34.423526 dv-neutron-863315-3-hyperv neutron-server[105546]: DEBUG neutron_lib.callbacks.manager [None req-c9924c69-9bcd-4bf3-bf79-ca6c46f6d336 tempest-ServerActionsTestJSON-979156611 tempest-ServerActionsTestJSON-979156611-project] Publish callbacks [] for security_group_rule (bf21ba31-2bc3-46ce-aa63-5c888525c1b3), precommit_create {{(pid=105546) _notify_loop /usr/local/lib/python3.8/dist-packages/neutron_lib/callbacks/manager.py:176}}
Nov 03 08:36:34.435761 dv-neutron-863315-3-hyperv neutron-server[105546]: DEBUG neutron_lib.callbacks.manager [None req-c9924c69-9bcd-4bf3-bf79-ca6c46f6d336 tempest-ServerActionsTestJSON-979156611 tempest-ServerActionsTestJSON-979156611-project] Publish callbacks ['neutron.plugins.ml2.ovo_rpc._ObjectChangeHandler.handle_event-1809389'] for security_group_rule (bf21ba31-2bc3-46ce-aa63-5c888525c1b3), after_create {{(pid=105546) _notify_loop /usr/local/lib/python3.8/dist-packages/neutron_lib/callbacks/manager.py:176}}
Nov 03 08:36:34.459878 dv-neutron-863315-3-hyperv neutron-server[105546]: DEBUG neutron.api.rpc.handlers.resources_rpc [None req-c9924c69-9bcd-4bf3-bf79-ca6c46f6d336 tempest-ServerActionsTestJSON-979156611 tempest-ServerActionsTestJSON-979156611-project] Pushing event updated for resources: {'SecurityGroupRule': ['ID=bf21ba31-2bc3-46ce-aa63-5c888525c1b3,revision_number=0']} {{(pid=105546) push /opt/stack/neutron/neutron/api/rpc/handlers/resources_rpc.py:237}}
Nov 03 08:36:34.474479 dv-neutron-863315-3-hyperv neutron-server[105546]: DEBUG neutron_lib.callbacks.manager [None req-d1444dcf-85bc-4956-9e9b-b589ad352f15 tempest-ExternalNetworksTestJSON-503162388 tempest-ExternalNetworksTestJSON-503162388-project-admin] Publish callbacks ['neutron.plugins.ml2.ovo_rpc._ObjectChangeHandler.handle_event-1729874', 'neutron.api.rpc.agentnotifiers.dhcp_rpc_agent_api.DhcpAgentNotifyAPI._native_event_send_dhcp_notification-1653023'] for network (907aea3e-ed85-4544-b20c-95f2d1da9897), after_create {{(pid=105546) _notify_loop /usr/local/lib/python3.8/dist-packages/neutron_lib/callbacks/manager.py:176}}
Nov 03 08:36:34.475836 dv-neutron-863315-3-hyperv neutron-server[105546]: DEBUG neutron.pecan_wsgi.hooks.policy_enforcement [None req-d1444dcf-85bc-4956-9e9b-b589ad352f15 tempest-ExternalNetworksTestJSON-503162388 tempest-ExternalNetworksTestJSON-503162388-project-admin] Attributes excluded by policy engine: ['standard_attr_id', 'vlan_transparent'] {{(pid=105546) _exclude_attributes_by_policy /opt/stack/neutron/neutron/pecan_wsgi/hooks/policy_enforcement.py:259}}
Nov 03 08:36:34.476874 dv-neutron-863315-3-hyperv neutron-server[105546]: DEBUG neutron_lib.callbacks.manager [None req-d1444dcf-85bc-4956-9e9b-b589ad352f15 tempest-ExternalNetworksTestJSON-503162388 tempest-ExternalNetworksTestJSON-503162388-project-admin] Publish callbacks ['neutron.api.rpc.agentnotifiers.dhcp_rpc_agent_api.DhcpAgentNotifyAPI._send_dhcp_notification-1653005'] for network (None), before_response {{(pid=105546) _notify_loop /usr/local/lib/python3.8/dist-packages/neutron_lib/callbacks/manager.py:176}}
Nov 03 08:36:34.482441 dv-neutron-863315-3-hyperv neutron-server[105547]: DEBUG neutron.api.rpc.handlers.resources_rpc [None req-ebe5cb18-2d9b-4355-a157-bac61d70a767 None None] Pushing event updated for resources: {'Port': ['ID=f6c8b3f4-d274-4de5-8e67-8d8feb0d208f,revision_number=3']} {{(pid=105547) push /opt/stack/neutron/neutron/api/rpc/handlers/resources_rpc.py:237}}
Nov 03 08:36:34.485295 dv-neutron-863315-3-hyperv neutron-server[105546]: DEBUG neutron_lib.callbacks.manager [None req-c9924c69-9bcd-4bf3-bf79-ca6c46f6d336 tempest-ServerActionsTestJSON-979156611 tempest-ServerActionsTestJSON-979156611-project] Publish callbacks [] for security_group_rule (None), before_response {{(pid=105546) _notify_loop /usr/local/lib/python3.8/dist-packages/neutron_lib/callbacks/manager.py:176}}
Nov 03 08:36:34.490390 dv-neutron-863315-3-hyperv neutron-server[105546]: INFO neutron.wsgi [None req-c9924c69-9bcd-4bf3-bf79-ca6c46f6d336 tempest-ServerActionsTestJSON-979156611 tempest-ServerActionsTestJSON-979156611-project] 10.222.0.25 "POST /networking/v2.0/security-group-rules HTTP/1.1" status: 201 len: 764 time: 0.3204620
Nov 03 08:36:34.492299 dv-neutron-863315-3-hyperv neutron-server[105546]: DEBUG neutron.wsgi [-] (105546) accepted ('10.222.0.25', 56866) {{(pid=105546) server /usr/local/lib/python3.8/dist-packages/eventlet/wsgi.py:1004}}
Nov 03 08:36:34.500918 dv-neutron-863315-3-hyperv neutron-server[105547]: DEBUG neutron.plugins.ml2.managers [None req-eefffec3-7ceb-4ccb-ac7d-0731585a45e4 None None] Attempting to bind port f6c8b3f4-d274-4de5-8e67-8d8feb0d208f on host dv-neutron-863315-3-hyperv for vnic_type normal with profile {{(pid=105547) bind_port /opt/stack/neutron/neutron/plugins/ml2/managers.py:810}}
Nov 03 08:36:34.501290 dv-neutron-863315-3-hyperv neutron-server[105547]: DEBUG neutron.plugins.ml2.managers [None req-eefffec3-7ceb-4ccb-ac7d-0731585a45e4 None None] Attempting to bind port f6c8b3f4-d274-4de5-8e67-8d8feb0d208f by drivers openvswitch,hyperv on host dv-neutron-863315-3-hyperv at level 0 using segments [{'id': '3fbcec16-969a-4b07-a883-264339b43169', 'network_type': 'vlan', 'physical_network': 'physnet1', 'segmentation_id': 183, 'network_id': '3066be37-55e3-4337-80ca-6f1493ceb37e'}] {{(pid=105547) _bind_port_level /opt/stack/neutron/neutron/plugins/ml2/managers.py:835}}
Nov 03 08:36:34.501653 dv-neutron-863315-3-hyperv neutron-server[105547]: DEBUG neutron.plugins.ml2.drivers.mech_agent [None req-eefffec3-7ceb-4ccb-ac7d-0731585a45e4 None None] Attempting to bind port f6c8b3f4-d274-4de5-8e67-8d8feb0d208f on network 3066be37-55e3-4337-80ca-6f1493ceb37e {{(pid=105547) bind_port /opt/stack/neutron/neutron/plugins/ml2/drivers/mech_agent.py:91}}
Nov 03 08:36:34.504625 dv-neutron-863315-3-hyperv neutron-server[105547]: DEBUG dbcounter [-] [105547] Writing DB stats neutron:SELECT=99,neutron:UPDATE=1 {{(pid=105547) stat_writer /usr/local/lib/python3.8/dist-packages/dbcounter.py:114}}
Nov 03 08:36:34.512996 dv-neutron-863315-3-hyperv neutron-server[105546]: DEBUG neutron.api.v2.base [None req-9c16b73d-073c-4148-b28e-2c5c7d7f6451 tempest-ServerActionsTestJSON-979156611 tempest-ServerActionsTestJSON-979156611-project] Request body: {'security_group_rule': {'security_group_id': '52337c0c-888a-451b-a437-47d2019c6e47', 'protocol': 'icmp', 'ethertype': 'IPv4', 'direction': 'ingress'}} {{(pid=105546) prepare_request_body /opt/stack/neutron/neutron/api/v2/base.py:730}}
Nov 03 08:36:34.554458 dv-neutron-863315-3-hyperv neutron-server[105546]: INFO neutron.wsgi [None req-d1444dcf-85bc-4956-9e9b-b589ad352f15 tempest-ExternalNetworksTestJSON-503162388 tempest-ExternalNetworksTestJSON-503162388-project-admin] 10.222.0.25 "POST /networking/v2.0/networks HTTP/1.1" status: 201 len: 863 time: 0.4280322
Nov 03 08:36:34.558831 dv-neutron-863315-3-hyperv neutron-server[105546]: DEBUG neutron.wsgi [-] (105546) accepted ('10.222.0.25', 56868) {{(pid=105546) server /usr/local/lib/python3.8/dist-packages/eventlet/wsgi.py:1004}}
Nov 03 08:36:34.601582 dv-neutron-863315-3-hyperv neutron-server[105547]: DEBUG neutron.plugins.ml2.drivers.mech_agent [None req-eefffec3-7ceb-4ccb-ac7d-0731585a45e4 None None] Checking agent: {'id': '3a0d800d-bd60-4997-b8be-ef0c4b69f364', 'agent_type': 'Open vSwitch agent', 'binary': 'neutron-openvswitch-agent', 'topic': 'N/A', 'host': 'dv-neutron-863315-3-hyperv', 'admin_state_up': True, 'created_at': datetime.datetime(2022, 11, 3, 8, 28, 42), 'started_at': datetime.datetime(2022, 11, 3, 8, 29, 12), 'heartbeat_timestamp': datetime.datetime(2022, 11, 3, 8, 36, 13), 'description': None, 'resources_synced': None, 'availability_zone': None, 'alive': True, 'configurations': {'arp_responder_enabled': False, 'baremetal_smartnic': False, 'bridge_mappings': {'physnet1': 'br-data'}, 'datapath_type': 'system', 'devices': 0, 'enable_distributed_routing': False, 'extensions': [], 'in_distributed_mode': False, 'integration_bridge': 'br-int', 'l2_population': False, 'log_agent_heartbeats': False, 'ovs_capabilities': {'datapath_types': ['netdev', 'system'], 'iface_types': ['erspan', 'geneve', 'gre', 'internal', 'ip6erspan', 'ip6gre', 'lisp', 'patch', 'stt', 'system', 'tap', 'vxlan']}, 'ovs_hybrid_plug': False, 'resource_provider_bandwidths': {}, 'resource_provider_hypervisors': {'br-data': 'dv-neutron-863315-3-hyperv'}, 'resource_provider_inventory_defaults': {'allocation_ratio': 1.0, 'min_unit': 1, 'step_size': 1, 'reserved': 0}, 'resource_provider_packet_processing_inventory_defaults': {'allocation_ratio': 1.0, 'min_unit': 1, 'step_size': 1, 'reserved': 0}, 'resource_provider_packet_processing_with_direction': {}, 'resource_provider_packet_processing_without_direction': {}, 'tunnel_types': [], 'tunneling_ip': None, 'vhostuser_socket_dir': '/var/run/openvswitch'}, 'resource_versions': {'AddressGroup': '1.2', 'Agent': '1.1', 'ConntrackHelper': '1.0', 'LocalIPAssociation': '1.0', 'Log': '1.0', 'NDPProxy': '1.0', 'Network': '1.1', 'Port': '1.7', 'PortForwarding': '1.3', 'QosPolicy': '1.10', 'SecurityGroup': '1.5', 'SecurityGroupRule': '1.2', 'SubPort': '1.0', 'Subnet': '1.1', 'Trunk': '1.1'}} {{(pid=105547) bind_port /opt/stack/neutron/neutron/plugins/ml2/drivers/mech_agent.py:127}}
Nov 03 08:36:34.602008 dv-neutron-863315-3-hyperv neutron-server[105547]: DEBUG neutron.plugins.ml2.drivers.mech_agent [None req-eefffec3-7ceb-4ccb-ac7d-0731585a45e4 None None] Checking segment: {'id': '3fbcec16-969a-4b07-a883-264339b43169', 'network_type': 'vlan', 'physical_network': 'physnet1', 'segmentation_id': 183, 'network_id': '3066be37-55e3-4337-80ca-6f1493ceb37e'} for mappings: {'physnet1': 'br-data'} with network types: ['local', 'flat', 'vlan'] {{(pid=105547) check_segment_for_agent /opt/stack/neutron/neutron/plugins/ml2/drivers/mech_agent.py:399}}
Nov 03 08:36:34.602432 dv-neutron-863315-3-hyperv neutron-server[105547]: DEBUG neutron_lib.callbacks.manager [None req-eefffec3-7ceb-4ccb-ac7d-0731585a45e4 None None] Publish callbacks [] for ovs_bridge_name (None), before_read {{(pid=105547) _notify_loop /usr/local/lib/python3.8/dist-packages/neutron_lib/callbacks/manager.py:176}}
Nov 03 08:36:34.602826 dv-neutron-863315-3-hyperv neutron-server[105547]: DEBUG neutron.plugins.ml2.drivers.mech_agent [None req-eefffec3-7ceb-4ccb-ac7d-0731585a45e4 None None] Bound using segment: {'id': '3fbcec16-969a-4b07-a883-264339b43169', 'network_type': 'vlan', 'physical_network': 'physnet1', 'segmentation_id': 183, 'network_id': '3066be37-55e3-4337-80ca-6f1493ceb37e'} {{(pid=105547) bind_port /opt/stack/neutron/neutron/plugins/ml2/drivers/mech_agent.py:137}}
Nov 03 08:36:34.603381 dv-neutron-863315-3-hyperv neutron-server[105547]: DEBUG neutron.plugins.ml2.managers [None req-eefffec3-7ceb-4ccb-ac7d-0731585a45e4 None None] Bound port: f6c8b3f4-d274-4de5-8e67-8d8feb0d208f, host: dv-neutron-863315-3-hyperv, vif_type: ovs, vif_details: {"connectivity": "l2", "port_filter": true, "ovs_hybrid_plug": false, "datapath_type": "system", "bridge_name": "br-int"}, binding_levels: [{'bound_driver': 'openvswitch', 'bound_segment': {'id': '3fbcec16-969a-4b07-a883-264339b43169', 'network_type': 'vlan', 'physical_network': 'physnet1', 'segmentation_id': 183, 'network_id': '3066be37-55e3-4337-80ca-6f1493ceb37e'}}] {{(pid=105547) _bind_port_level /opt/stack/neutron/neutron/plugins/ml2/managers.py:947}}
Nov 03 08:36:34.603761 dv-neutron-863315-3-hyperv neutron-server[105547]: DEBUG neutron_lib.callbacks.manager [None req-eefffec3-7ceb-4ccb-ac7d-0731585a45e4 None None] Publish callbacks ['neutron.plugins.ml2.plugin.SecurityGroupDbMixin._ensure_default_security_group_handler-7633458'] for port (f6c8b3f4-d274-4de5-8e67-8d8feb0d208f), before_update {{(pid=105547) _notify_loop /usr/local/lib/python3.8/dist-packages/neutron_lib/callbacks/manager.py:176}}
Nov 03 08:36:34.626300 dv-neutron-863315-3-hyperv neutron-server[105545]: DEBUG neutron_lib.callbacks.manager [None req-3d3240c5-23be-487c-8148-10b065d10952 tempest-ServersTestManualDisk-2062895230 tempest-ServersTestManualDisk-2062895230-project] Publish callbacks [] for security_group_rule (70634e1b-9cf5-4df8-83ae-7a029e6c76de), before_create {{(pid=105545) _notify_loop /usr/local/lib/python3.8/dist-packages/neutron_lib/callbacks/manager.py:176}}
Nov 03 08:36:34.626637 dv-neutron-863315-3-hyperv neutron-server[105546]: DEBUG neutron_lib.callbacks.manager [None req-9c16b73d-073c-4148-b28e-2c5c7d7f6451 tempest-ServerActionsTestJSON-979156611 tempest-ServerActionsTestJSON-979156611-project] Publish callbacks [] for security_group_rule (710b9ea6-2bc0-4346-9e1b-ccfa3d2deb23), before_create {{(pid=105546) _notify_loop /usr/local/lib/python3.8/dist-packages/neutron_lib/callbacks/manager.py:176}}
Nov 03 08:36:34.636908 dv-neutron-863315-3-hyperv neutron-server[105547]: DEBUG dbcounter [-] [105547] Writing DB stats neutron:SELECT=98,neutron:UPDATE=2 {{(pid=105547) stat_writer /usr/local/lib/python3.8/dist-packages/dbcounter.py:114}}
Nov 03 08:36:34.656942 dv-neutron-863315-3-hyperv neutron-server[105547]: DEBUG neutron.plugins.ml2.rpc [None req-4ef1f642-2bfb-4ead-a468-e729f94c527b None None] Device 7bd19eed-5b8e-4a85-981a-4a9a5cbcc72a up at agent ovs-agent-dv-neutron-863315-3-hyperv {{(pid=105547) update_device_up /opt/stack/neutron/neutron/plugins/ml2/rpc.py:296}}
