Nov 02 14:59:53.724409 dv-neutron-863315-1-hyperv neutron-server[105344]: DEBUG neutron.api.rpc.handlers.resources_rpc [None req-0b5eb1ab-ca4d-4635-adda-d0e1f086074f tempest-FloatingIPAdminTestJSON-2133242949 tempest-FloatingIPAdminTestJSON-2133242949-project-admin] Pushing event updated for resources: {'Port': ['ID=0b70c7fd-7808-4449-9bb2-3ed8cb0a2b21,revision_number=2']} {{(pid=105344) push /opt/stack/neutron/neutron/api/rpc/handlers/resources_rpc.py:237}}
Nov 02 14:59:53.728746 dv-neutron-863315-1-hyperv neutron-server[105344]: DEBUG neutron_lib.callbacks.manager [None req-0b5eb1ab-ca4d-4635-adda-d0e1f086074f tempest-FloatingIPAdminTestJSON-2133242949 tempest-FloatingIPAdminTestJSON-2133242949-project-admin] Publish callbacks ['neutron.services.l3_router.l3_router_plugin.DVRResourceOperationHandler._create_dvr_floating_gw_port-716285'] for floatingip (cc4d6f2c-6e35-4bc3-82d6-c837fd492760), after_create {{(pid=105344) _notify_loop /usr/local/lib/python3.8/dist-packages/neutron_lib/callbacks/manager.py:176}}
Nov 02 14:59:53.828705 dv-neutron-863315-1-hyperv neutron-server[105344]: INFO neutron.db.l3_db [None req-0b5eb1ab-ca4d-4635-adda-d0e1f086074f tempest-FloatingIPAdminTestJSON-2133242949 tempest-FloatingIPAdminTestJSON-2133242949-project-admin] Floating IP cc4d6f2c-6e35-4bc3-82d6-c837fd492760 associated. External IP: 172.26.4.53, port: 73c3fbed-e7dc-4f14-a32a-b8665dbfe7aa.
Nov 02 14:59:53.958994 dv-neutron-863315-1-hyperv neutron-server[105345]: DEBUG neutron.services.l3_router.service_providers.driver_controller [None req-3ad17ed3-7705-4985-a916-81c6a7e46f83 tempest-RoutersTestDVR-545484636 tempest-RoutersTestDVR-545484636-project-admin] Get a provider driver handle based on the ha flag: False and distributed flag: True {{(pid=105345) _update_router_provider /opt/stack/neutron/neutron/services/l3_router/service_providers/driver_controller.py:160}}
Nov 02 14:59:53.959202 dv-neutron-863315-1-hyperv neutron-server[105345]: DEBUG neutron.services.l3_router.service_providers.driver_controller [None req-3ad17ed3-7705-4985-a916-81c6a7e46f83 tempest-RoutersTestDVR-545484636 tempest-RoutersTestDVR-545484636-project-admin] Router a7c54a35-f0c6-409e-be71-3343f1876d47 migrating from provider to provider. {{(pid=105345) _update_router_provider /opt/stack/neutron/neutron/services/l3_router/service_providers/driver_controller.py:167}}
Nov 02 14:59:53.959583 dv-neutron-863315-1-hyperv neutron-server[105345]: DEBUG neutron_lib.callbacks.manager [None req-3ad17ed3-7705-4985-a916-81c6a7e46f83 tempest-RoutersTestDVR-545484636 tempest-RoutersTestDVR-545484636-project-admin] Publish callbacks [] for router_controller (a7c54a35-f0c6-409e-be71-3343f1876d47), precommit_delete_associations {{(pid=105345) _notify_loop /usr/local/lib/python3.8/dist-packages/neutron_lib/callbacks/manager.py:176}}
Nov 02 14:59:53.990854 dv-neutron-863315-1-hyperv neutron-server[105345]: DEBUG neutron_lib.callbacks.manager [None req-5fcb5f4c-d623-49a5-9b95-6fe9b946cdba tempest-ExternalNetworksTestJSON-671912394 tempest-ExternalNetworksTestJSON-671912394-project-admin] Publish callbacks ['neutron.plugins.ml2.ovo_rpc._ObjectChangeHandler.handle_event-404306', 'neutron.api.rpc.agentnotifiers.dhcp_rpc_agent_api.DhcpAgentNotifyAPI._native_event_send_dhcp_notification-1514513'] for network (3fca7997-403a-4b57-af32-fe80879010dc), after_update {{(pid=105345) _notify_loop /usr/local/lib/python3.8/dist-packages/neutron_lib/callbacks/manager.py:176}}
Nov 02 14:59:54.007504 dv-neutron-863315-1-hyperv neutron-server[105345]: DEBUG dbcounter [-] [105345] Writing DB stats neutron:SELECT=88,neutron:INSERT=7,neutron:UPDATE=5 {{(pid=105345) stat_writer /usr/local/lib/python3.8/dist-packages/dbcounter.py:114}}
Nov 02 14:59:54.011596 dv-neutron-863315-1-hyperv neutron-server[105345]: INFO neutron.wsgi [req-f2b406a2-eb5b-4b91-8493-f7114743f46f req-1abd783c-6878-4c7e-8118-44938091334f tempest-ServerActionsTestJSON-1846065714 tempest-ServerActionsTestJSON-1846065714-project] 10.222.0.39 "GET /networking/v2.0/ports?device_id=81ab97fc-a246-4274-bef9-880fef58ebaf HTTP/1.1" status: 200 len: 210 time: 0.3838267
Nov 02 14:59:54.028203 dv-neutron-863315-1-hyperv neutron-server[105345]: DEBUG neutron.services.segments.db [None req-e8efefab-f1d6-448f-b2f4-9836476264b9 tempest-RoutersAdminTest-1608210135 tempest-RoutersAdminTest-1608210135-project-admin] neutron.services.segments.plugin.Plugin method get_segments called with arguments (,) {'filters': {'network_id': ['93c9d34a-a56c-4f32-8ccc-3629d5129155']}} {{(pid=105345) wrapper /usr/local/lib/python3.8/dist-packages/oslo_log/helpers.py:65}}
Nov 02 14:59:54.034512 dv-neutron-863315-1-hyperv neutron-server[105345]: DEBUG neutron_lib.callbacks.manager [None req-3ad17ed3-7705-4985-a916-81c6a7e46f83 tempest-RoutersTestDVR-545484636 tempest-RoutersTestDVR-545484636-project-admin] Publish callbacks [] for router_controller (a7c54a35-f0c6-409e-be71-3343f1876d47), precommit_add_association {{(pid=105345) _notify_loop /usr/local/lib/python3.8/dist-packages/neutron_lib/callbacks/manager.py:176}}
Nov 02 14:59:54.064778 dv-neutron-863315-1-hyperv neutron-server[105345]: DEBUG neutron.api.rpc.agentnotifiers.dhcp_rpc_agent_api [None req-5fcb5f4c-d623-49a5-9b95-6fe9b946cdba tempest-ExternalNetworksTestJSON-671912394 tempest-ExternalNetworksTestJSON-671912394-project-admin] Network 3fca7997-403a-4b57-af32-fe80879010dc is not hosted by any dhcp agent {{(pid=105345) _notify_agents /opt/stack/neutron/neutron/api/rpc/agentnotifiers/dhcp_rpc_agent_api.py:225}}
Nov 02 14:59:54.065670 dv-neutron-863315-1-hyperv neutron-server[105345]: DEBUG neutron.pecan_wsgi.hooks.policy_enforcement [None req-5fcb5f4c-d623-49a5-9b95-6fe9b946cdba tempest-ExternalNetworksTestJSON-671912394 tempest-ExternalNetworksTestJSON-671912394-project-admin] Attributes excluded by policy engine: ['standard_attr_id', 'vlan_transparent'] {{(pid=105345) _exclude_attributes_by_policy /opt/stack/neutron/neutron/pecan_wsgi/hooks/policy_enforcement.py:259}}
Nov 02 14:59:54.066280 dv-neutron-863315-1-hyperv neutron-server[105345]: DEBUG neutron_lib.callbacks.manager [None req-5fcb5f4c-d623-49a5-9b95-6fe9b946cdba tempest-ExternalNetworksTestJSON-671912394 tempest-ExternalNetworksTestJSON-671912394-project-admin] Publish callbacks [] for network (None), before_response {{(pid=105345) _notify_loop /usr/local/lib/python3.8/dist-packages/neutron_lib/callbacks/manager.py:176}}
Nov 02 14:59:54.070442 dv-neutron-863315-1-hyperv neutron-server[105344]: DEBUG neutron.wsgi [-] (105344) accepted ('10.222.0.39', 35710) {{(pid=105344) server /usr/local/lib/python3.8/dist-packages/eventlet/wsgi.py:1004}}
Nov 02 14:59:54.074288 dv-neutron-863315-1-hyperv neutron-server[105345]: INFO neutron.wsgi [None req-5fcb5f4c-d623-49a5-9b95-6fe9b946cdba tempest-ExternalNetworksTestJSON-671912394 tempest-ExternalNetworksTestJSON-671912394-project-admin] 10.222.0.39 "PUT /networking/v2.0/networks/3fca7997-403a-4b57-af32-fe80879010dc HTTP/1.1" status: 200 len: 857 time: 1.2413919
Nov 02 14:59:54.089380 dv-neutron-863315-1-hyperv neutron-server[105345]: DEBUG neutron.services.segments.db [None req-e8efefab-f1d6-448f-b2f4-9836476264b9 tempest-RoutersAdminTest-1608210135 tempest-RoutersAdminTest-1608210135-project-admin] neutron.services.segments.plugin.Plugin method delete_segment called with arguments (, 'cc3d7237-2f43-4106-8aa8-8c7638c86267') {'for_net_delete': True} {{(pid=105345) wrapper /usr/local/lib/python3.8/dist-packages/oslo_log/helpers.py:65}}
Nov 02 14:59:54.089723 dv-neutron-863315-1-hyperv neutron-server[105345]: DEBUG neutron.services.segments.db [None req-e8efefab-f1d6-448f-b2f4-9836476264b9 tempest-RoutersAdminTest-1608210135 tempest-RoutersAdminTest-1608210135-project-admin] neutron.services.segments.plugin.Plugin method get_segment called with arguments (, 'cc3d7237-2f43-4106-8aa8-8c7638c86267') {} {{(pid=105345) wrapper /usr/local/lib/python3.8/dist-packages/oslo_log/helpers.py:65}}
Nov 02 14:59:54.091863 dv-neutron-863315-1-hyperv neutron-server[105345]: DEBUG neutron_lib.callbacks.manager [None req-3ad17ed3-7705-4985-a916-81c6a7e46f83 tempest-RoutersTestDVR-545484636 tempest-RoutersTestDVR-545484636-project-admin] Publish callbacks ['neutron.services.l3_router.l3_router_plugin.DVRResourceOperationHandler._create_snat_interfaces_after_change-716060', 'neutron.services.l3_router.l3_router_plugin.DVRResourceOperationHandler._delete_distributed_port_bindings_after_change-716102', 'neutron.services.l3_router.l3_router_plugin.DVRResourceOperationHandler._delete_snat_interfaces_after_change-716127', 'neutron.services.l3_router.l3_router_plugin.L3_HA_NAT_db_mixin._reconfigure_ha_resources-717726'] for router (a7c54a35-f0c6-409e-be71-3343f1876d47), after_update {{(pid=105345) _notify_loop /usr/local/lib/python3.8/dist-packages/neutron_lib/callbacks/manager.py:176}}
Nov 02 14:59:54.115855 dv-neutron-863315-1-hyperv neutron-server[105345]: DEBUG neutron_lib.callbacks.manager [None req-e8efefab-f1d6-448f-b2f4-9836476264b9 tempest-RoutersAdminTest-1608210135 tempest-RoutersAdminTest-1608210135-project-admin] Publish callbacks ['neutron.plugins.ml2.db._prevent_segment_delete_with_port_bound-8761031748033', 'neutron.services.segments.plugin.Plugin._prevent_segment_delete_with_subnet_associated-2414395'] for segment (cc3d7237-2f43-4106-8aa8-8c7638c86267), before_delete {{(pid=105345) _notify_loop /usr/local/lib/python3.8/dist-packages/neutron_lib/callbacks/manager.py:176}}
Nov 02 14:59:54.166051 dv-neutron-863315-1-hyperv neutron-server[105345]: INFO neutron.wsgi [req-f4933b11-2cb5-4163-8a7d-39511d67e31a req-e874fcf7-391d-4933-93fb-4197be10ac24 tempest-ServersTestManualDisk-511741519 tempest-ServersTestManualDisk-511741519-project] 10.222.0.39 "GET /networking/v2.0/security-groups?id=d583cfaa-7e5a-475d-9594-95ec4e403a30&fields=id&fields=name HTTP/1.1" status: 200 len: 312 time: 0.6300681
Nov 02 14:59:54.178619 dv-neutron-863315-1-hyperv neutron-server[105344]: DEBUG neutron_lib.callbacks.manager [None req-ec315427-6abc-4445-a99b-7df6b85eb83e tempest-ExternalNetworksTestJSON-671912394 tempest-ExternalNetworksTestJSON-671912394-project-admin] Publish callbacks ['neutron.plugins.ml2.plugin.External_net_db_mixin._before_network_delete_handler-1387279'] for network (3fca7997-403a-4b57-af32-fe80879010dc), before_delete {{(pid=105344) _notify_loop /usr/local/lib/python3.8/dist-packages/neutron_lib/callbacks/manager.py:176}}
Nov 02 14:59:54.185689 dv-neutron-863315-1-hyperv neutron-server[105345]: DEBUG neutron.api.rpc.handlers.resources_rpc [None req-5fcb5f4c-d623-49a5-9b95-6fe9b946cdba tempest-ExternalNetworksTestJSON-671912394 tempest-ExternalNetworksTestJSON-671912394-project-admin] Pushing event updated for resources: {'Network': ['ID=3fca7997-403a-4b57-af32-fe80879010dc,revision_number=2']} {{(pid=105345) push /opt/stack/neutron/neutron/api/rpc/handlers/resources_rpc.py:237}}
Nov 02 14:59:54.220374 dv-neutron-863315-1-hyperv neutron-server[105345]: DEBUG neutron_lib.callbacks.manager [None req-e8efefab-f1d6-448f-b2f4-9836476264b9 tempest-RoutersAdminTest-1608210135 tempest-RoutersAdminTest-1608210135-project-admin] Publish callbacks ['neutron.plugins.ml2.plugin.Ml2Plugin._handle_segment_change-1501825'] for segment (cc3d7237-2f43-4106-8aa8-8c7638c86267), precommit_delete {{(pid=105345) _notify_loop /usr/local/lib/python3.8/dist-packages/neutron_lib/callbacks/manager.py:176}}
Nov 02 14:59:54.245867 dv-neutron-863315-1-hyperv neutron-server[105345]: DEBUG neutron.plugins.ml2.drivers.type_vlan [None req-e8efefab-f1d6-448f-b2f4-9836476264b9 tempest-RoutersAdminTest-1608210135 tempest-RoutersAdminTest-1608210135-project-admin] Releasing vlan 301 on physical network physnet1 to pool {{(pid=105345) release_segment /opt/stack/neutron/neutron/plugins/ml2/drivers/type_vlan.py:304}}
Nov 02 14:59:54.246313 dv-neutron-863315-1-hyperv neutron-server[105345]: DEBUG neutron_lib.callbacks.manager [None req-e8efefab-f1d6-448f-b2f4-9836476264b9 tempest-RoutersAdminTest-1608210135 tempest-RoutersAdminTest-1608210135-project-admin] Publish callbacks ['neutron.plugins.ml2.plugin.Ml2Plugin._handle_segment_change-1501825', 'neutron.services.segments.plugin.NovaSegmentNotifier._notify_segment_deleted-3192767'] for segment (cc3d7237-2f43-4106-8aa8-8c7638c86267), after_delete {{(pid=105345) _notify_loop /usr/local/lib/python3.8/dist-packages/neutron_lib/callbacks/manager.py:176}}
Nov 02 14:59:54.280521 dv-neutron-863315-1-hyperv neutron-server[105345]: DEBUG neutron_lib.callbacks.manager [req-f76394fa-64b2-4160-9d97-4c2996e62607 req-f13735b3-29b2-4ce5-a231-a1fb4f298967 tempest-ServersTestJSON-1134430029 tempest-ServersTestJSON-1134430029-project] Publish callbacks [] for port (f1dc2485-2909-4b90-aa7e-801d9ea0b2ce), precommit_create {{(pid=105345) _notify_loop /usr/local/lib/python3.8/dist-packages/neutron_lib/callbacks/manager.py:176}}
Nov 02 14:59:54.350081 dv-neutron-863315-1-hyperv neutron-server[105345]: INFO neutron.services.segments.plugin [-] Segment cc3d7237-2f43-4106-8aa8-8c7638c86267 resource provider aggregate not found
Nov 02 14:59:54.373513 dv-neutron-863315-1-hyperv neutron-server[105344]: DEBUG neutron_lib.callbacks.manager [None req-ec315427-6abc-4445-a99b-7df6b85eb83e tempest-ExternalNetworksTestJSON-671912394 tempest-ExternalNetworksTestJSON-671912394-project-admin] Publish callbacks ['neutron.plugins.ml2.plugin.Ml2Plugin._network_delete_precommit_handler-1521740', 'neutron.services.segments.db._delete_segments_for_network-8761031747970'] for network (3fca7997-403a-4b57-af32-fe80879010dc), precommit_delete {{(pid=105344) _notify_loop /usr/local/lib/python3.8/dist-packages/neutron_lib/callbacks/manager.py:176}}
Nov 02 14:59:54.382705 dv-neutron-863315-1-hyperv neutron-server[105345]: INFO neutron.services.segments.plugin [-] Segment cc3d7237-2f43-4106-8aa8-8c7638c86267 resource provider not found; error: Placement Client Error (4xx): {"errors": [{"status": 404, "title": "Not Found", "detail": "The resource could not be found.\n\n No resource provider with uuid cc3d7237-2f43-4106-8aa8-8c7638c86267 found for delete ", "request_id": "req-64bc6acf-22d5-454f-a5b3-89c8d186da05"}]}
Nov 02 14:59:54.391174 dv-neutron-863315-1-hyperv neutron-server[105345]: WARNING neutron.scheduler.l3_agent_scheduler [None req-3ad17ed3-7705-4985-a916-81c6a7e46f83 tempest-RoutersTestDVR-545484636 tempest-RoutersTestDVR-545484636-project-admin] No L3 agents can host the router a7c54a35-f0c6-409e-be71-3343f1876d47
Nov 02 14:59:54.433666 dv-neutron-863315-1-hyperv neutron-server[105345]: DEBUG neutron_lib.callbacks.manager [None req-e8efefab-f1d6-448f-b2f4-9836476264b9 tempest-RoutersAdminTest-1608210135 tempest-RoutersAdminTest-1608210135-project-admin] Publish callbacks ['neutron.plugins.ml2.plugin.Ml2Plugin._network_delete_after_delete_handler-1521735', 'neutron.plugins.ml2.ovo_rpc._ObjectChangeHandler.handle_event-404306', 'neutron.api.rpc.agentnotifiers.dhcp_rpc_agent_api.DhcpAgentNotifyAPI._native_event_send_dhcp_notification-1514513', 'neutron.services.l3_router.l3_router_plugin.DVRResourceOperationHandler.delete_fip_namespaces_for_ext_net-716246'] for network (93c9d34a-a56c-4f32-8ccc-3629d5129155), after_delete {{(pid=105345) _notify_loop /usr/local/lib/python3.8/dist-packages/neutron_lib/callbacks/manager.py:176}}
Nov 02 14:59:54.451996 dv-neutron-863315-1-hyperv neutron-server[105344]: INFO neutron.wsgi [req-cb4f9ff9-5ad6-4fab-8b1f-a58fd62127d1 req-cbb17e3a-66dd-47df-bab6-9ae9e668059d tempest-ServerActionsTestJSON-1846065714 tempest-ServerActionsTestJSON-1846065714-project] 10.222.0.23 "GET /networking/v2.0/security-groups?fields=id&fields=name&tenant_id=b22f2154cdb24ab79b3a9c6c1f10c8eb HTTP/1.1" status: 200 len: 379 time: 0.1839254
Nov 02 14:59:54.456644 dv-neutron-863315-1-hyperv neutron-server[105344]: DEBUG neutron.services.segments.db [None req-ec315427-6abc-4445-a99b-7df6b85eb83e tempest-ExternalNetworksTestJSON-671912394 tempest-ExternalNetworksTestJSON-671912394-project-admin] neutron.services.segments.plugin.Plugin method get_segments called with arguments (,) {'filters': {'network_id': ['3fca7997-403a-4b57-af32-fe80879010dc']}} {{(pid=105344) wrapper /usr/local/lib/python3.8/dist-packages/oslo_log/helpers.py:65}}
Nov 02 14:59:54.464880 dv-neutron-863315-1-hyperv neutron-server[105345]: DEBUG neutron.api.rpc.agentnotifiers.l3_rpc_agent_api [None req-e8efefab-f1d6-448f-b2f4-9836476264b9 tempest-RoutersAdminTest-1608210135 tempest-RoutersAdminTest-1608210135-project-admin] Fanout notify agent at l3_agent the message fipnamespace_delete_on_ext_net for external_network 93c9d34a-a56c-4f32-8ccc-3629d5129155 {{(pid=105345) _notification_fanout /opt/stack/neutron/neutron/api/rpc/agentnotifiers/l3_rpc_agent_api.py:120}}
Nov 02 14:59:54.471514 dv-neutron-863315-1-hyperv neutron-server[105345]: DEBUG neutron_lib.callbacks.manager [None req-e8efefab-f1d6-448f-b2f4-9836476264b9 tempest-RoutersAdminTest-1608210135 tempest-RoutersAdminTest-1608210135-project-admin] Publish callbacks [] for network (None), before_response {{(pid=105345) _notify_loop /usr/local/lib/python3.8/dist-packages/neutron_lib/callbacks/manager.py:176}}
Nov 02 14:59:54.473528 dv-neutron-863315-1-hyperv neutron-server[105344]: DEBUG neutron.services.segments.db [None req-ec315427-6abc-4445-a99b-7df6b85eb83e tempest-ExternalNetworksTestJSON-671912394 tempest-ExternalNetworksTestJSON-671912394-project-admin] neutron.services.segments.plugin.Plugin method delete_segment called with arguments (, '0eb29fb4-0250-473e-bfeb-faf57230cff7') {'for_net_delete': True} {{(pid=105344) wrapper /usr/local/lib/python3.8/dist-packages/oslo_log/helpers.py:65}}
Nov 02 14:59:54.473528 dv-neutron-863315-1-hyperv neutron-server[105344]: DEBUG neutron.services.segments.db [None req-ec315427-6abc-4445-a99b-7df6b85eb83e tempest-ExternalNetworksTestJSON-671912394 tempest-ExternalNetworksTestJSON-671912394-project-admin] neutron.services.segments.plugin.Plugin method get_segment called with arguments (, '0eb29fb4-0250-473e-bfeb-faf57230cff7') {} {{(pid=105344) wrapper /usr/local/lib/python3.8/dist-packages/oslo_log/helpers.py:65}}
Nov 02 14:59:54.474332 dv-neutron-863315-1-hyperv neutron-server[105345]: INFO neutron.wsgi [None req-e8efefab-f1d6-448f-b2f4-9836476264b9 tempest-RoutersAdminTest-1608210135 tempest-RoutersAdminTest-1608210135-project-admin] 10.222.0.39 "DELETE /networking/v2.0/networks/93c9d34a-a56c-4f32-8ccc-3629d5129155 HTTP/1.1" status: 204 len: 168 time: 1.6320319
Nov 02 14:59:54.478577 dv-neutron-863315-1-hyperv neutron-server[105345]: DEBUG neutron.api.rpc.handlers.resources_rpc [None req-e8efefab-f1d6-448f-b2f4-9836476264b9 tempest-RoutersAdminTest-1608210135 tempest-RoutersAdminTest-1608210135-project-admin] Pushing event deleted for resources: {'Network': ['ID=93c9d34a-a56c-4f32-8ccc-3629d5129155,revision_number=None']} {{(pid=105345) push /opt/stack/neutron/neutron/api/rpc/handlers/resources_rpc.py:237}}
Nov 02 14:59:54.495614 dv-neutron-863315-1-hyperv neutron-server[105344]: DEBUG neutron.scheduler.l3_agent_scheduler [None req-0b5eb1ab-ca4d-4635-adda-d0e1f086074f tempest-FloatingIPAdminTestJSON-2133242949 tempest-FloatingIPAdminTestJSON-2133242949-project-admin] Router 6af50daa-b96d-4c13-b602-b3f61bb3ce6f has already been hosted by L3 agent 4b6ac3c4-5d6f-4297-9612-a62e60042546 {{(pid=105344) _get_candidates /opt/stack/neutron/neutron/scheduler/l3_agent_scheduler.py:126}}
Nov 02 14:59:54.502627 dv-neutron-863315-1-hyperv neutron-server[105344]: DEBUG neutron_lib.callbacks.manager [None req-ec315427-6abc-4445-a99b-7df6b85eb83e tempest-ExternalNetworksTestJSON-671912394 tempest-ExternalNetworksTestJSON-671912394-project-admin] Publish callbacks ['neutron.plugins.ml2.db._prevent_segment_delete_with_port_bound-8761031748033', 'neutron.services.segments.plugin.Plugin._prevent_segment_delete_with_subnet_associated-2924891'] for segment (0eb29fb4-0250-473e-bfeb-faf57230cff7), before_delete {{(pid=105344) _notify_loop /usr/local/lib/python3.8/dist-packages/neutron_lib/callbacks/manager.py:176}}
Nov 02 14:59:54.512719 dv-neutron-863315-1-hyperv neutron-server[105345]: DEBUG neutron_lib.callbacks.manager [None req-ed9ef43b-a3d5-4995-b693-ee7366d977cd tempest-AllowedAddressPairTestJSON-1360128817 tempest-AllowedAddressPairTestJSON-1360128817-project] Publish callbacks ['neutron.plugins.ml2.ovo_rpc._ObjectChangeHandler.handle_event-404456', 'neutron.api.rpc.agentnotifiers.dhcp_rpc_agent_api.DhcpAgentNotifyAPI._native_event_send_dhcp_notification-1514513', 'neutron.services.segments.plugin.NovaSegmentNotifier._notify_subnet_created-3191260', 'neutron.services.segments.plugin.SegmentHostRoutes.host_routes_after_create-2429111'] for subnet (140181b7-acad-4f7b-82c6-c49b798712a0), after_create {{(pid=105345) _notify_loop /usr/local/lib/python3.8/dist-packages/neutron_lib/callbacks/manager.py:176}}
Nov 02 14:59:54.522792 dv-neutron-863315-1-hyperv neutron-server[105344]: DEBUG neutron.api.v2.base [req-cb4f9ff9-5ad6-4fab-8b1f-a58fd62127d1 req-b105199f-0252-462d-ba13-0ccb33f5face tempest-ServerActionsTestJSON-1846065714 tempest-ServerActionsTestJSON-1846065714-project] Request body: {'port': {'device_id': '81ab97fc-a246-4274-bef9-880fef58ebaf', 'network_id': '714812cf-9437-4e82-ba2b-0fe5d77570ef', 'admin_state_up': True, 'tenant_id': 'b22f2154cdb24ab79b3a9c6c1f10c8eb', 'security_groups': ['f96da38b-a02d-4e56-9edf-eb72c2cebad4']}} {{(pid=105344) prepare_request_body /opt/stack/neutron/neutron/api/v2/base.py:730}}
Nov 02 14:59:54.541189 dv-neutron-863315-1-hyperv neutron-server[105344]: DEBUG neutron_lib.callbacks.manager [None req-ec315427-6abc-4445-a99b-7df6b85eb83e tempest-ExternalNetworksTestJSON-671912394 tempest-ExternalNetworksTestJSON-671912394-project-admin] Publish callbacks ['neutron.plugins.ml2.plugin.Ml2Plugin._handle_segment_change-1501825'] for segment (0eb29fb4-0250-473e-bfeb-faf57230cff7), precommit_delete {{(pid=105344) _notify_loop /usr/local/lib/python3.8/dist-packages/neutron_lib/callbacks/manager.py:176}}
Nov 02 14:59:54.573117 dv-neutron-863315-1-hyperv neutron-server[105345]: DEBUG neutron_lib.callbacks.manager [req-f76394fa-64b2-4160-9d97-4c2996e62607 req-f13735b3-29b2-4ce5-a231-a1fb4f298967 tempest-ServersTestJSON-1134430029 tempest-ServersTestJSON-1134430029-project] Publish callbacks ['neutron.plugins.ml2.plugin.SecurityGroupServerNotifierRpcMixin._notify_sg_on_port_change-1317754', 'neutron.plugins.ml2.ovo_rpc._ObjectChangeHandler.handle_event-256328', 'neutron.api.rpc.agentnotifiers.dhcp_rpc_agent_api.DhcpAgentNotifyAPI._native_event_send_dhcp_notification-1514513', 'neutron.db.l3_dvrscheduler_db._notify_l3_agent_new_port-8761031211933', 'neutron.services.segments.plugin.NovaSegmentNotifier._notify_port_created_or_deleted-3192652'] for port (f1dc2485-2909-4b90-aa7e-801d9ea0b2ce), after_create {{(pid=105345) _notify_loop /usr/local/lib/python3.8/dist-packages/neutron_lib/callbacks/manager.py:176}}
Nov 02 14:59:54.647139 dv-neutron-863315-1-hyperv neutron-server[105344]: DEBUG dbcounter [-] [105344] Writing DB stats neutron:SELECT=99,neutron:DELETE=1 {{(pid=105344) stat_writer /usr/local/lib/python3.8/dist-packages/dbcounter.py:114}}
Nov 02 14:59:54.659898 dv-neutron-863315-1-hyperv neutron-server[105345]: DEBUG dbcounter [-] [105345] Writing DB stats neutron:SELECT=92,neutron:DELETE=4,neutron:INSERT=3,neutron:UPDATE=1 {{(pid=105345) stat_writer /usr/local/lib/python3.8/dist-packages/dbcounter.py:114}}
Nov 02 14:59:54.692654 dv-neutron-863315-1-hyperv neutron-server[105344]: DEBUG dbcounter [-] [105344] Writing DB stats neutron:SELECT=97,neutron:DELETE=1,neutron:UPDATE=1,neutron:INSERT=1 {{(pid=105344) stat_writer /usr/local/lib/python3.8/dist-packages/dbcounter.py:114}}
Nov 02 14:59:54.794058 dv-neutron-863315-1-hyperv neutron-server[105345]: DEBUG neutron.wsgi [-] (105345) accepted ('10.222.0.39', 35728) {{(pid=105345) server /usr/local/lib/python3.8/dist-packages/eventlet/wsgi.py:1004}}
Nov 02 14:59:54.797196 dv-neutron-863315-1-hyperv neutron-server[105345]: DEBUG neutron.api.rpc.handlers.resources_rpc [None req-ed9ef43b-a3d5-4995-b693-ee7366d977cd tempest-AllowedAddressPairTestJSON-1360128817 tempest-AllowedAddressPairTestJSON-1360128817-project] Pushing event updated for resources: {'Subnet': ['ID=140181b7-acad-4f7b-82c6-c49b798712a0,revision_number=0']} {{(pid=105345) push /opt/stack/neutron/neutron/api/rpc/handlers/resources_rpc.py:237}}
Nov 02 14:59:54.801770 dv-neutron-863315-1-hyperv neutron-server[105345]: DEBUG neutron.pecan_wsgi.hooks.policy_enforcement [req-dfee2208-65d3-4dfc-a9cc-1c3b1005c4aa req-4f98afa5-f785-4a05-8ddf-aec648af9025 service neutron] Attributes excluded by policy engine: ['standard_attr_id'] {{(pid=105345) _exclude_attributes_by_policy /opt/stack/neutron/neutron/pecan_wsgi/hooks/policy_enforcement.py:259}}
Nov 02 14:59:54.803291 dv-neutron-863315-1-hyperv neutron-server[105345]: INFO neutron.wsgi [req-dfee2208-65d3-4dfc-a9cc-1c3b1005c4aa req-4f98afa5-f785-4a05-8ddf-aec648af9025 service neutron] 10.222.0.23 "GET /networking/v2.0/ports?tenant_id=c8573b38166043c481200e19c1863114&device_id=5de8edea-9272-491f-887b-201a5050ddd8 HTTP/1.1" status: 200 len: 1127 time: 0.2316279
Nov 02 14:59:54.806488 dv-neutron-863315-1-hyperv neutron-server[105345]: DEBUG neutron.api.v2.base [None req-0cefc44a-a680-42e4-bd7e-6263a2aa8291 tempest-RoutersAdminTest-1608210135 tempest-RoutersAdminTest-1608210135-project-admin] Request body: {'router': {'name': 'tempest-router--745063765', 'project_id': '83869c93e2034e489763bf0c4aea889c'}} {{(pid=105345) prepare_request_body /opt/stack/neutron/neutron/api/v2/base.py:730}}
Nov 02 14:59:54.812061 dv-neutron-863315-1-hyperv neutron-server[105344]: DEBUG neutron.plugins.ml2.drivers.type_vlan [None req-ec315427-6abc-4445-a99b-7df6b85eb83e tempest-ExternalNetworksTestJSON-671912394 tempest-ExternalNetworksTestJSON-671912394-project-admin] Releasing vlan 305 on physical network physnet1 to pool {{(pid=105344) release_segment /opt/stack/neutron/neutron/plugins/ml2/drivers/type_vlan.py:304}}
Nov 02 14:59:54.812779 dv-neutron-863315-1-hyperv neutron-server[105344]: DEBUG neutron_lib.callbacks.manager [None req-ec315427-6abc-4445-a99b-7df6b85eb83e tempest-ExternalNetworksTestJSON-671912394 tempest-ExternalNetworksTestJSON-671912394-project-admin] Publish callbacks ['neutron.plugins.ml2.plugin.Ml2Plugin._handle_segment_change-1501825', 'neutron.services.segments.plugin.NovaSegmentNotifier._notify_segment_deleted-2982665'] for segment (0eb29fb4-0250-473e-bfeb-faf57230cff7), after_delete {{(pid=105344) _notify_loop /usr/local/lib/python3.8/dist-packages/neutron_lib/callbacks/manager.py:176}}
Nov 02 14:59:54.822204 dv-neutron-863315-1-hyperv neutron-server[105345]: DEBUG neutron.pecan_wsgi.hooks.policy_enforcement [req-6b8c1bd5-aca2-4739-86a3-6d1c8dfa7060 req-15b4308b-64bb-47b4-951f-c11a3040a52f tempest-ServersTestJSON-1134430029 tempest-ServersTestJSON-1134430029-project] Attributes excluded by policy engine: ['standard_attr_id', 'binding:profile', 'binding:host_id', 'binding:vif_type', 'binding:vif_details'] {{(pid=105345) _exclude_attributes_by_policy /opt/stack/neutron/neutron/pecan_wsgi/hooks/policy_enforcement.py:259}}
Nov 02 14:59:54.823665 dv-neutron-863315-1-hyperv neutron-server[105345]: INFO neutron.wsgi [req-6b8c1bd5-aca2-4739-86a3-6d1c8dfa7060 req-15b4308b-64bb-47b4-951f-c11a3040a52f tempest-ServersTestJSON-1134430029 tempest-ServersTestJSON-1134430029-project] 10.222.0.39 "GET /networking/v2.0/ports?device_id=03072deb-9377-45f0-81a4-ea9f84ebe5c0 HTTP/1.1" status: 200 len: 931 time: 0.2532215
Nov 02 14:59:54.824155 dv-neutron-863315-1-hyperv neutron-server[105345]: DEBUG neutron.db.l3_dvrscheduler_db [None req-3ad17ed3-7705-4985-a916-81c6a7e46f83 tempest-RoutersTestDVR-545484636 tempest-RoutersTestDVR-545484636-project-admin] Hosts for router a7c54a35-f0c6-409e-be71-3343f1876d47: [] {{(pid=105345) _get_dvr_hosts_for_router /opt/stack/neutron/neutron/db/l3_dvrscheduler_db.py:330}}
Nov 02 14:59:54.827318 dv-neutron-863315-1-hyperv neutron-server[105345]: DEBUG neutron.scheduler.dhcp_agent_scheduler [req-f76394fa-64b2-4160-9d97-4c2996e62607 req-f13735b3-29b2-4ce5-a231-a1fb4f298967 tempest-ServersTestJSON-1134430029 tempest-ServersTestJSON-1134430029-project] Network 893ac36e-db2e-444f-aeda-fbfd9f1ffbf7 is already hosted by enough agents. {{(pid=105345) _get_dhcp_agents_hosting_network /opt/stack/neutron/neutron/scheduler/dhcp_agent_scheduler.py:275}}
Nov 02 14:59:54.836227 dv-neutron-863315-1-hyperv neutron-server[105344]: DEBUG neutron.api.rpc.agentnotifiers.l3_rpc_agent_api [None req-0b5eb1ab-ca4d-4635-adda-d0e1f086074f tempest-FloatingIPAdminTestJSON-2133242949 tempest-FloatingIPAdminTestJSON-2133242949-project-admin] Notify agent at l3_agent.dv-neutron-863315-1-hyperv the message routers_updated {{(pid=105344) _agent_notification /opt/stack/neutron/neutron/api/rpc/agentnotifiers/l3_rpc_agent_api.py:65}}
Nov 02 14:59:54.863456 dv-neutron-863315-1-hyperv neutron-server[105346]: DEBUG neutron_lib.callbacks.manager [None req-804e44a7-cf35-4bff-bf74-e431358541cf None None] Publish callbacks ['neutron.services.segments.db._update_segment_host_mapping_for_agent-8761031747952', 'neutron.plugins.ml2.plugin.Ml2Plugin._retry_binding_revived_agents-1523215'] for agent (7f55eddb-354c-4661-94f8-b60fa6f20eb1), after_update {{(pid=105346) _notify_loop /usr/local/lib/python3.8/dist-packages/neutron_lib/callbacks/manager.py:176}}
Nov 02 14:59:54.883105 dv-neutron-863315-1-hyperv neutron-server[105345]: DEBUG dbcounter [-] [105345] Writing DB stats neutron:SELECT=92,neutron:DELETE=4,neutron:INSERT=3,neutron:UPDATE=1 {{(pid=105345) stat_writer /usr/local/lib/python3.8/dist-packages/dbcounter.py:114}}
Nov 02 14:59:54.883302 dv-neutron-863315-1-hyperv neutron-server[105344]: DEBUG neutron.pecan_wsgi.hooks.quota_enforcement [req-cb4f9ff9-5ad6-4fab-8b1f-a58fd62127d1 req-b105199f-0252-462d-ba13-0ccb33f5face tempest-ServerActionsTestJSON-1846065714 tempest-ServerActionsTestJSON-1846065714-project] Made reservation on behalf of b22f2154cdb24ab79b3a9c6c1f10c8eb for: {'port': 1} {{(pid=105344) before /opt/stack/neutron/neutron/pecan_wsgi/hooks/quota_enforcement.py:53}}
Nov 02 14:59:54.884199 dv-neutron-863315-1-hyperv neutron-server[105345]: DEBUG neutron.scheduler.base_scheduler [req-f76394fa-64b2-4160-9d97-4c2996e62607 req-f13735b3-29b2-4ce5-a231-a1fb4f298967 tempest-ServersTestJSON-1134430029 tempest-ServersTestJSON-1134430029-project] Resources bound (agent type, host, resource id): {{(pid=105345) schedule /opt/stack/neutron/neutron/scheduler/base_scheduler.py:57}}
Nov 02 14:59:54.888141 dv-neutron-863315-1-hyperv neutron-server[105344]: DEBUG neutron_lib.callbacks.manager [req-cb4f9ff9-5ad6-4fab-8b1f-a58fd62127d1 req-b105199f-0252-462d-ba13-0ccb33f5face tempest-ServerActionsTestJSON-1846065714 tempest-ServerActionsTestJSON-1846065714-project] Publish callbacks ['neutron.plugins.ml2.plugin.SecurityGroupDbMixin._ensure_default_security_group_handler-1317693'] for port (None), before_create {{(pid=105344) _notify_loop /usr/local/lib/python3.8/dist-packages/neutron_lib/callbacks/manager.py:176}}
Nov 02 14:59:54.896838 dv-neutron-863315-1-hyperv neutron-server[105344]: INFO neutron.services.segments.plugin [-] Segment 0eb29fb4-0250-473e-bfeb-faf57230cff7 resource provider aggregate not found
Nov 02 14:59:54.911284 dv-neutron-863315-1-hyperv neutron-server[105345]: DEBUG neutron.db.l3_dvrscheduler_db [req-f76394fa-64b2-4160-9d97-4c2996e62607 req-f13735b3-29b2-4ce5-a231-a1fb4f298967 tempest-ServersTestJSON-1134430029 tempest-ServersTestJSON-1134430029-project] Received port after_create {{(pid=105345) _notify_l3_agent_new_port /opt/stack/neutron/neutron/db/l3_dvrscheduler_db.py:542}}
Nov 02 14:59:54.927364 dv-neutron-863315-1-hyperv neutron-server[105344]: INFO neutron.services.segments.plugin [-] Segment 0eb29fb4-0250-473e-bfeb-faf57230cff7 resource provider not found; error: Placement Client Error (4xx): {"errors": [{"status": 404, "title": "Not Found", "detail": "The resource could not be found.\n\n No resource provider with uuid 0eb29fb4-0250-473e-bfeb-faf57230cff7 found for delete ", "request_id": "req-b90fae47-3086-4bb1-9388-c2126ab976e0"}]}
Nov 02 14:59:54.933323 dv-neutron-863315-1-hyperv neutron-server[105344]: DEBUG neutron_lib.callbacks.manager [None req-0b5eb1ab-ca4d-4635-adda-d0e1f086074f tempest-FloatingIPAdminTestJSON-2133242949 tempest-FloatingIPAdminTestJSON-2133242949-project-admin] Publish callbacks ['neutron.notifiers.nova.Notifier._send_nova_notification-1965283'] for floatingip (None), before_response {{(pid=105344) _notify_loop /usr/local/lib/python3.8/dist-packages/neutron_lib/callbacks/manager.py:176}}
Nov 02 14:59:54.942475 dv-neutron-863315-1-hyperv neutron-server[105345]: DEBUG neutron.api.rpc.handlers.resources_rpc [None req-f13735b3-29b2-4ce5-a231-a1fb4f298967 tempest-ServersTestJSON-1134430029 tempest-ServersTestJSON-1134430029-project] Pushing event updated for resources: {'Port': ['ID=f1dc2485-2909-4b90-aa7e-801d9ea0b2ce,revision_number=1']} {{(pid=105345) push /opt/stack/neutron/neutron/api/rpc/handlers/resources_rpc.py:237}}
Nov 02 14:59:54.944266 dv-neutron-863315-1-hyperv neutron-server[105345]: DEBUG neutron.db.l3_dvrscheduler_db [None req-3ad17ed3-7705-4985-a916-81c6a7e46f83 tempest-RoutersTestDVR-545484636 tempest-RoutersTestDVR-545484636-project-admin] Hosts for other DVR routers connected to router a7c54a35-f0c6-409e-be71-3343f1876d47: set() {{(pid=105345) _get_other_dvr_hosts /opt/stack/neutron/neutron/db/l3_dvrscheduler_db.py:347}}
Nov 02 14:59:54.946784 dv-neutron-863315-1-hyperv neutron-server[105345]: DEBUG neutron_lib.callbacks.manager [None req-3ad17ed3-7705-4985-a916-81c6a7e46f83 tempest-RoutersTestDVR-545484636 tempest-RoutersTestDVR-545484636-project-admin] Publish callbacks [] for router (None), before_response {{(pid=105345) _notify_loop /usr/local/lib/python3.8/dist-packages/neutron_lib/callbacks/manager.py:176}}
Nov 02 14:59:54.947981 dv-neutron-863315-1-hyperv neutron-server[105345]: INFO neutron.wsgi [None req-3ad17ed3-7705-4985-a916-81c6a7e46f83 tempest-RoutersTestDVR-545484636 tempest-RoutersTestDVR-545484636-project-admin] 10.222.0.39 "PUT /networking/v2.0/routers/a7c54a35-f0c6-409e-be71-3343f1876d47 HTTP/1.1" status: 200 len: 717 time: 2.1800406
Nov 02 14:59:54.973447 dv-neutron-863315-1-hyperv neutron-server[105344]: DEBUG neutron_lib.callbacks.manager [None req-ec315427-6abc-4445-a99b-7df6b85eb83e tempest-ExternalNetworksTestJSON-671912394 tempest-ExternalNetworksTestJSON-671912394-project-admin] Publish callbacks ['neutron.plugins.ml2.plugin.Ml2Plugin._network_delete_after_delete_handler-1521735', 'neutron.plugins.ml2.ovo_rpc._ObjectChangeHandler.handle_event-404306', 'neutron.api.rpc.agentnotifiers.dhcp_rpc_agent_api.DhcpAgentNotifyAPI._native_event_send_dhcp_notification-1514513', 'neutron.services.l3_router.l3_router_plugin.DVRResourceOperationHandler.delete_fip_namespaces_for_ext_net-716246'] for network (3fca7997-403a-4b57-af32-fe80879010dc), after_delete {{(pid=105344) _notify_loop /usr/local/lib/python3.8/dist-packages/neutron_lib/callbacks/manager.py:176}}
Nov 02 14:59:54.977792 dv-neutron-863315-1-hyperv neutron-server[105344]: DEBUG neutron.api.rpc.agentnotifiers.l3_rpc_agent_api [None req-ec315427-6abc-4445-a99b-7df6b85eb83e tempest-ExternalNetworksTestJSON-671912394 tempest-ExternalNetworksTestJSON-671912394-project-admin] Fanout notify agent at l3_agent the message fipnamespace_delete_on_ext_net for external_network 3fca7997-403a-4b57-af32-fe80879010dc {{(pid=105344) _notification_fanout /opt/stack/neutron/neutron/api/rpc/agentnotifiers/l3_rpc_agent_api.py:120}}
Nov 02 14:59:54.980088 dv-neutron-863315-1-hyperv neutron-server[105344]: DEBUG neutron_lib.callbacks.manager [None req-ec315427-6abc-4445-a99b-7df6b85eb83e tempest-ExternalNetworksTestJSON-671912394 tempest-ExternalNetworksTestJSON-671912394-project-admin] Publish callbacks ['neutron.api.rpc.agentnotifiers.dhcp_rpc_agent_api.DhcpAgentNotifyAPI._send_dhcp_notification-1514499'] for network (None), before_response {{(pid=105344) _notify_loop /usr/local/lib/python3.8/dist-packages/neutron_lib/callbacks/manager.py:176}}
Nov 02 14:59:54.987452 dv-neutron-863315-1-hyperv neutron-server[105344]: INFO neutron.wsgi [None req-ec315427-6abc-4445-a99b-7df6b85eb83e tempest-ExternalNetworksTestJSON-671912394 tempest-ExternalNetworksTestJSON-671912394-project-admin] 10.222.0.39 "DELETE /networking/v2.0/networks/3fca7997-403a-4b57-af32-fe80879010dc HTTP/1.1" status: 204 len: 168 time: 0.9157076
Nov 02 14:59:54.990141 dv-neutron-863315-1-hyperv neutron-server[105344]: DEBUG neutron.wsgi [-] (105344) accepted ('10.222.0.39', 35734) {{(pid=105344) server /usr/local/lib/python3.8/dist-packages/eventlet/wsgi.py:1004}}
Nov 02 14:59:54.990141 dv-neutron-863315-1-hyperv neutron-server[105344]: DEBUG neutron.wsgi [-] (105344) accepted ('10.222.0.39', 35736) {{(pid=105344) server /usr/local/lib/python3.8/dist-packages/eventlet/wsgi.py:1004}}
Nov 02 14:59:55.022527 dv-neutron-863315-1-hyperv neutron-server[105345]: DEBUG neutron.plugins.ml2.drivers.mech_agent [None req-ed9ef43b-a3d5-4995-b693-ee7366d977cd tempest-AllowedAddressPairTestJSON-1360128817 tempest-AllowedAddressPairTestJSON-1360128817-project] Checking segment: {'id': '4eec5714-4442-4a16-a39b-72066d0c6aad', 'network_type': 'vlan', 'physical_network': 'physnet1', 'segmentation_id': 344, 'network_id': '26a9d718-1835-4be4-8aca-d005f046c21d'} for mappings: {'physnet1': 'br-data'} with network types: ['local', 'flat', 'vlan'] {{(pid=105345) check_segment_for_agent /opt/stack/neutron/neutron/plugins/ml2/drivers/mech_agent.py:399}}
Nov 02 14:59:55.022527 dv-neutron-863315-1-hyperv neutron-server[105345]: DEBUG neutron.scheduler.dhcp_agent_scheduler [None req-ed9ef43b-a3d5-4995-b693-ee7366d977cd tempest-AllowedAddressPairTestJSON-1360128817 tempest-AllowedAddressPairTestJSON-1360128817-project] Network hostable DHCP agents. Network: 26a9d718-1835-4be4-8aca-d005f046c21d, hostable agents: ['7f55eddb-354c-4661-94f8-b60fa6f20eb1'], hosted agents: [] {{(pid=105345) _get_network_hostable_dhcp_agents /opt/stack/neutron/neutron/scheduler/dhcp_agent_scheduler.py:329}}
Nov 02 14:59:55.039373 dv-neutron-863315-1-hyperv neutron-server[105344]: DEBUG neutron.api.rpc.handlers.resources_rpc [None req-ec315427-6abc-4445-a99b-7df6b85eb83e tempest-ExternalNetworksTestJSON-671912394 tempest-ExternalNetworksTestJSON-671912394-project-admin] Pushing event deleted for resources: {'Network': ['ID=3fca7997-403a-4b57-af32-fe80879010dc,revision_number=None']} {{(pid=105344) push /opt/stack/neutron/neutron/api/rpc/handlers/resources_rpc.py:237}}
Nov 02 14:59:55.109468 dv-neutron-863315-1-hyperv neutron-server[105345]: DEBUG neutron_lib.callbacks.manager [None req-0cefc44a-a680-42e4-bd7e-6263a2aa8291 tempest-RoutersAdminTest-1608210135 tempest-RoutersAdminTest-1608210135-project-admin] Publish callbacks ['neutron.services.l3_router.l3_router_plugin.L3_HA_NAT_db_mixin._before_router_create_handler-713630', 'neutron.services.l3_router.service_providers.driver_controller.DriverController._check_router_request-61343'] for router (cb313f98-8208-4878-8d5c-9dca04155dd9), before_create {{(pid=105345) _notify_loop /usr/local/lib/python3.8/dist-packages/neutron_lib/callbacks/manager.py:176}}
Nov 02 14:59:55.110534 dv-neutron-863315-1-hyperv neutron-server[105345]: DEBUG neutron_lib.callbacks.manager [None req-0cefc44a-a680-42e4-bd7e-6263a2aa8291 tempest-RoutersAdminTest-1608210135 tempest-RoutersAdminTest-1608210135-project-admin] Publish callbacks ['neutron.services.l3_router.l3_router_plugin.L3_HA_NAT_db_mixin._precommit_router_create-717746', 'neutron.services.l3_router.l3_router_plugin.DVRResourceOperationHandler._set_distributed_flag-716154', 'neutron.services.l3_router.l3_router_plugin.RouterAvailabilityZoneMixin._process_az_request-671291', 'neutron.services.l3_router.service_providers.driver_controller.DriverController._set_router_provider-61318'] for router (cb313f98-8208-4878-8d5c-9dca04155dd9), precommit_create {{(pid=105345) _notify_loop /usr/local/lib/python3.8/dist-packages/neutron_lib/callbacks/manager.py:176}}
Nov 02 14:59:55.144058 dv-neutron-863315-1-hyperv neutron-server[105344]: INFO neutron.wsgi [None req-0b5eb1ab-ca4d-4635-adda-d0e1f086074f tempest-FloatingIPAdminTestJSON-2133242949 tempest-FloatingIPAdminTestJSON-2133242949-project-admin] 10.222.0.39 "POST /networking/v2.0/floatingips HTTP/1.1" status: 201 len: 986 time: 4.3423445
Nov 02 14:59:55.148914 dv-neutron-863315-1-hyperv neutron-server[105344]: INFO neutron.pecan_wsgi.hooks.translation [None req-234fff81-d3e3-4720-90c4-bf608b49f5f0 tempest-ExternalNetworksTestJSON-469358287 tempest-ExternalNetworksTestJSON-469358287-project] DELETE failed (client error): The resource could not be found.
Nov 02 14:59:55.149359 dv-neutron-863315-1-hyperv neutron-server[105344]: DEBUG neutron.pecan_wsgi.hooks.notifier [None req-234fff81-d3e3-4720-90c4-bf608b49f5f0 tempest-ExternalNetworksTestJSON-469358287 tempest-ExternalNetworksTestJSON-469358287-project] No notification will be sent due to unsuccessful status code: 404 {{(pid=105344) after /opt/stack/neutron/neutron/pecan_wsgi/hooks/notifier.py:78}}
Nov 02 14:59:55.154648 dv-neutron-863315-1-hyperv neutron-server[105344]: INFO neutron.wsgi [None req-234fff81-d3e3-4720-90c4-bf608b49f5f0 tempest-ExternalNetworksTestJSON-469358287 tempest-ExternalNetworksTestJSON-469358287-project] 10.222.0.39 "DELETE /networking/v2.0/subnets/b289cced-f4da-4690-95b5-f8201fd23c14 HTTP/1.1" status: 404 len: 337 time: 0.1463008
Nov 02 14:59:55.179173 dv-neutron-863315-1-hyperv neutron-server[105344]: DEBUG neutron.wsgi [-] (105344) accepted ('10.222.0.39', 35742) {{(pid=105344) server /usr/local/lib/python3.8/dist-packages/eventlet/wsgi.py:1004}}
Nov 02 14:59:55.179482 dv-neutron-863315-1-hyperv neutron-server[105344]: DEBUG neutron.wsgi [-] (105344) accepted ('10.222.0.39', 35744) {{(pid=105344) server /usr/local/lib/python3.8/dist-packages/eventlet/wsgi.py:1004}}
Nov 02 14:59:55.254423 dv-neutron-863315-1-hyperv neutron-server[105345]: DEBUG neutron.pecan_wsgi.hooks.policy_enforcement [req-f76394fa-64b2-4160-9d97-4c2996e62607 req-f13735b3-29b2-4ce5-a231-a1fb4f298967 tempest-ServersTestJSON-1134430029 tempest-ServersTestJSON-1134430029-project] Attributes excluded by policy engine: ['standard_attr_id', 'binding:profile', 'binding:host_id', 'binding:vif_type', 'binding:vif_details', 'network'] {{(pid=105345) _exclude_attributes_by_policy /opt/stack/neutron/neutron/pecan_wsgi/hooks/policy_enforcement.py:259}}
Nov 02 14:59:55.254423 dv-neutron-863315-1-hyperv neutron-server[105345]: DEBUG neutron_lib.callbacks.manager [req-f76394fa-64b2-4160-9d97-4c2996e62607 req-f13735b3-29b2-4ce5-a231-a1fb4f298967 tempest-ServersTestJSON-1134430029 tempest-ServersTestJSON-1134430029-project] Publish callbacks ['neutron.notifiers.nova.Notifier._send_nova_notification-1965283'] for port (None), before_response {{(pid=105345) _notify_loop /usr/local/lib/python3.8/dist-packages/neutron_lib/callbacks/manager.py:176}}
Nov 02 14:59:55.255372 dv-neutron-863315-1-hyperv neutron-server[105344]: INFO neutron.wsgi [None req-3e3ae8ea-d694-4fb1-97e6-3b139b8a99ff tempest-RoutersTestDVR-545484636 tempest-RoutersTestDVR-545484636-project-admin] 10.222.0.39 "GET /networking/v2.0/routers/a7c54a35-f0c6-409e-be71-3343f1876d47 HTTP/1.1" status: 200 len: 717 time: 0.2504609
Nov 02 14:59:55.262200 dv-neutron-863315-1-hyperv neutron-server[105345]: DEBUG neutron.wsgi [-] (105345) accepted ('10.222.0.39', 35748) {{(pid=105345) server /usr/local/lib/python3.8/dist-packages/eventlet/wsgi.py:1004}}
Nov 02 14:59:55.264958 dv-neutron-863315-1-hyperv neutron-server[105345]: INFO neutron.wsgi [req-c8719de3-d374-4a70-8e3d-723a89382aac req-5a29af5b-3a89-4216-b5ed-eb76ab183829 tempest-ServerActionsTestJSON-1846065714 tempest-ServerActionsTestJSON-1846065714-project] 10.222.0.39 "GET /networking/v2.0/ports?device_id=81ab97fc-a246-4274-bef9-880fef58ebaf HTTP/1.1" status: 200 len: 210 time: 0.0880847
Nov 02 14:59:55.266515 dv-neutron-863315-1-hyperv neutron-server[105346]: DEBUG neutron.db.provisioning_blocks [None req-9deebdc5-0c20-4071-a338-9f4e06af0551 None None] Provisioning complete for port f1dc2485-2909-4b90-aa7e-801d9ea0b2ce triggered by entity DHCP. {{(pid=105346) provisioning_complete /opt/stack/neutron/neutron/db/provisioning_blocks.py:144}}
Nov 02 14:59:55.267226 dv-neutron-863315-1-hyperv neutron-server[105346]: DEBUG neutron_lib.callbacks.manager [None req-9deebdc5-0c20-4071-a338-9f4e06af0551 None None] Publish callbacks ['neutron.plugins.ml2.plugin.Ml2Plugin._port_provisioned-1523429'] for port (f1dc2485-2909-4b90-aa7e-801d9ea0b2ce), provisioning_complete {{(pid=105346) _notify_loop /usr/local/lib/python3.8/dist-packages/neutron_lib/callbacks/manager.py:176}}
Nov 02 14:59:55.267978 dv-neutron-863315-1-hyperv neutron-server[105346]: INFO neutron.plugins.ml2.plugin [None req-9deebdc5-0c20-4071-a338-9f4e06af0551 None None] Attempt 1 to provision port f1dc2485-2909-4b90-aa7e-801d9ea0b2ce
Nov 02 14:59:55.281437 dv-neutron-863315-1-hyperv neutron-server[105345]: DEBUG neutron.pecan_wsgi.hooks.policy_enforcement [req-dfee2208-65d3-4dfc-a9cc-1c3b1005c4aa req-3b099307-96ba-45b2-9ef5-eaf61fe75ee3 service neutron] Attributes excluded by policy engine: ['standard_attr_id', 'vlan_transparent'] {{(pid=105345) _exclude_attributes_by_policy /opt/stack/neutron/neutron/pecan_wsgi/hooks/policy_enforcement.py:259}}
Nov 02 14:59:55.282954 dv-neutron-863315-1-hyperv neutron-server[105345]: INFO neutron.wsgi [req-dfee2208-65d3-4dfc-a9cc-1c3b1005c4aa req-3b099307-96ba-45b2-9ef5-eaf61fe75ee3 service neutron] 10.222.0.23 "GET /networking/v2.0/networks?tenant_id=c8573b38166043c481200e19c1863114&shared=False HTTP/1.1" status: 200 len: 912 time: 0.4546540
Nov 02 14:59:55.342556 dv-neutron-863315-1-hyperv neutron-server[105345]: DEBUG neutron_lib.callbacks.manager [None req-0cefc44a-a680-42e4-bd7e-6263a2aa8291 tempest-RoutersAdminTest-1608210135 tempest-RoutersAdminTest-1608210135-project-admin] Publish callbacks [] for router_controller (cb313f98-8208-4878-8d5c-9dca04155dd9), precommit_add_association {{(pid=105345) _notify_loop /usr/local/lib/python3.8/dist-packages/neutron_lib/callbacks/manager.py:176}}
Nov 02 14:59:55.357971 dv-neutron-863315-1-hyperv neutron-server[105346]: DEBUG neutron.plugins.ml2.plugin [None req-9deebdc5-0c20-4071-a338-9f4e06af0551 None None] Port f1dc2485-2909-4b90-aa7e-801d9ea0b2ce cannot update to ACTIVE because it is not bound. {{(pid=105346) _port_provisioned /opt/stack/neutron/neutron/plugins/ml2/plugin.py:359}}
Nov 02 14:59:55.360063 dv-neutron-863315-1-hyperv neutron-server[105345]: INFO neutron.wsgi [req-6b8c1bd5-aca2-4739-86a3-6d1c8dfa7060 req-3914a719-bf50-4cc3-bfdc-a07d90ee70c4 tempest-ServersTestJSON-1134430029 tempest-ServersTestJSON-1134430029-project] 10.222.0.39 "GET /networking/v2.0/security-groups?id=51a387f3-7341-4044-ba40-999ee6dd0e21&fields=id&fields=name HTTP/1.1" status: 200 len: 313 time: 0.5073497
Nov 02 14:59:55.369927 dv-neutron-863315-1-hyperv neutron-server[105345]: DEBUG neutron.scheduler.dhcp_agent_scheduler [None req-ed9ef43b-a3d5-4995-b693-ee7366d977cd tempest-AllowedAddressPairTestJSON-1360128817 tempest-AllowedAddressPairTestJSON-1360128817-project] Network 26a9d718-1835-4be4-8aca-d005f046c21d is scheduled to be hosted by DHCP agent 7f55eddb-354c-4661-94f8-b60fa6f20eb1 with binding_index 1 {{(pid=105345) bind /opt/stack/neutron/neutron/scheduler/dhcp_agent_scheduler.py:227}}
Nov 02 14:59:55.373265 dv-neutron-863315-1-hyperv neutron-server[105345]: DEBUG neutron_lib.callbacks.manager [None req-0cefc44a-a680-42e4-bd7e-6263a2aa8291 tempest-RoutersAdminTest-1608210135 tempest-RoutersAdminTest-1608210135-project-admin] Publish callbacks ['neutron.services.l3_router.l3_router_plugin.L3_HA_NAT_db_mixin._after_router_create-717733', 'neutron.services.l3_router.l3_router_plugin.DVRResourceOperationHandler._create_snat_interfaces_after_change-716060'] for router (cb313f98-8208-4878-8d5c-9dca04155dd9), after_create {{(pid=105345) _notify_loop /usr/local/lib/python3.8/dist-packages/neutron_lib/callbacks/manager.py:176}}
Nov 02 14:59:55.400367 dv-neutron-863315-1-hyperv neutron-server[105345]: INFO neutron.wsgi [req-f76394fa-64b2-4160-9d97-4c2996e62607 req-f13735b3-29b2-4ce5-a231-a1fb4f298967 tempest-ServersTestJSON-1134430029 tempest-ServersTestJSON-1134430029-project] 10.222.0.23 "POST /networking/v2.0/ports HTTP/1.1" status: 201 len: 933 time: 3.4790633
Nov 02 14:59:55.449691 dv-neutron-863315-1-hyperv neutron-server[105345]: DEBUG neutron.api.v2.base [req-f76394fa-64b2-4160-9d97-4c2996e62607 req-994d5885-acb7-4b30-a9f6-2b65a2f81ed5 service neutron] Request body: {'port': {'device_id': '03072deb-9377-45f0-81a4-ea9f84ebe5c0', 'device_owner': 'compute:nova', 'binding:host_id': 'hv-neutron-8633'}} {{(pid=105345) prepare_request_body /opt/stack/neutron/neutron/api/v2/base.py:730}}
Nov 02 14:59:55.471064 dv-neutron-863315-1-hyperv neutron-server[105344]: INFO neutron.wsgi [None req-e36a43f3-3694-46f3-ba9e-b516b23ddade tempest-FloatingIPAdminTestJSON-2133242949 tempest-FloatingIPAdminTestJSON-2133242949-project-admin] 10.222.0.39 "GET /networking/v2.0/floatingips/cc4d6f2c-6e35-4bc3-82d6-c837fd492760 HTTP/1.1" status: 200 len: 981 time: 0.2879684
Nov 02 14:59:55.475842 dv-neutron-863315-1-hyperv neutron-server[105344]: DEBUG neutron.wsgi [-] (105344) accepted ('10.222.0.39', 35752) {{(pid=105344) server /usr/local/lib/python3.8/dist-packages/eventlet/wsgi.py:1004}}
Nov 02 14:59:55.483407 dv-neutron-863315-1-hyperv neutron-server[105344]: DEBUG neutron.db.db_base_plugin_common [req-cb4f9ff9-5ad6-4fab-8b1f-a58fd62127d1 req-b105199f-0252-462d-ba13-0ccb33f5face tempest-ServerActionsTestJSON-1846065714 tempest-ServerActionsTestJSON-1846065714-project] Allocated IP 172.20.0.11 (714812cf-9437-4e82-ba2b-0fe5d77570ef/8cb50e62-c686-4216-a6fd-16ec2ec611a9/d7c4030f-8e4f-4c16-946f-0fe931210c86) {{(pid=105344) _store_ip_allocation /opt/stack/neutron/neutron/db/db_base_plugin_common.py:131}}
