Nov 02 13:01:45.730085 dv-neutron-863281-1-hyperv neutron-server[116585]: INFO neutron.wsgi [req-2a2b9cef-ca12-4627-abf5-4d6e34e11d55 req-662b0dd0-8b4c-4f80-981f-01107f41b69e tempest-ServersTestManualDisk-1177339269 tempest-ServersTestManualDisk-1177339269-project] 10.222.0.79 "GET /v2.0/ports?device_id=e5be5492-0d8e-4d6b-bf24-eb1ea5698110 HTTP/1.1" status: 200 len: 210 time: 0.3235214
Nov 02 13:01:45.730085 dv-neutron-863281-1-hyperv neutron-server[116585]: DEBUG neutron_lib.callbacks.manager [req-b715dc87-240f-4eb6-bd1a-b2947d2c8207 req-09237b0c-9953-449b-b328-b7ebb78677fb tempest-ServerActionsTestJSON-1630061858 tempest-ServerActionsTestJSON-1630061858-project] Publish callbacks ['neutron.plugins.ml2.plugin.SecurityGroupServerNotifierRpcMixin._notify_sg_on_port_change-619547', 'neutron.plugins.ml2.ovo_rpc._ObjectChangeHandler.handle_event-319670', 'neutron.api.rpc.agentnotifiers.dhcp_rpc_agent_api.DhcpAgentNotifyAPI._native_event_send_dhcp_notification-1703800', 'neutron.db.l3_dvrscheduler_db._notify_l3_agent_new_port-8738738815245', 'neutron.services.segments.plugin.NovaSegmentNotifier._notify_port_created_or_deleted-17590606'] for port (f24d17db-cd53-42d4-aeef-32213c5567ef), after_create {{(pid=116585) _notify_loop /usr/local/lib/python3.8/dist-packages/neutron_lib/callbacks/manager.py:176}}
Nov 02 13:01:45.730722 dv-neutron-863281-1-hyperv neutron-server[116584]: DEBUG neutron.scheduler.base_scheduler [req-d263ada0-d3cc-459d-86cd-ac56a21f2dfa req-4158d796-0f80-4724-a32c-a65858520b52 tempest-ServersTestManualDisk-1177339269 tempest-ServersTestManualDisk-1177339269-project] Resources bound (agent type, host, resource id): {{(pid=116584) schedule /opt/stack/neutron/neutron/scheduler/base_scheduler.py:57}}
Nov 02 13:01:45.732292 dv-neutron-863281-1-hyperv neutron-server[116584]: DEBUG neutron.db.l3_dvrscheduler_db [req-d263ada0-d3cc-459d-86cd-ac56a21f2dfa req-4158d796-0f80-4724-a32c-a65858520b52 tempest-ServersTestManualDisk-1177339269 tempest-ServersTestManualDisk-1177339269-project] Received port after_create {{(pid=116584) _notify_l3_agent_new_port /opt/stack/neutron/neutron/db/l3_dvrscheduler_db.py:535}}
Nov 02 13:01:45.786604 dv-neutron-863281-1-hyperv neutron-server[116584]: DEBUG neutron.api.rpc.handlers.resources_rpc [None req-4158d796-0f80-4724-a32c-a65858520b52 tempest-ServersTestManualDisk-1177339269 tempest-ServersTestManualDisk-1177339269-project] Pushing event updated for resources: {'Port': ['ID=7b7b0bf3-e4ef-4d66-b606-e9ac67a9c993,revision_number=1']} {{(pid=116584) push /opt/stack/neutron/neutron/api/rpc/handlers/resources_rpc.py:237}}
Nov 02 13:01:45.795109 dv-neutron-863281-1-hyperv neutron-server[116585]: DEBUG neutron.plugins.ml2.db [None req-1c249cfc-a0c0-4144-b979-2e1402e67579 tempest-ExtraDHCPOptionsTestJSON-763431520 tempest-ExtraDHCPOptionsTestJSON-763431520-project] For port 769f9f0a-a9ab-47ec-8ef0-346cd72d7f1f, host dv-neutron-863281-1-hyperv, got binding levels [PortBindingLevel(driver='openvswitch',host='dv-neutron-863281-1-hyperv',level=0,port_id=769f9f0a-a9ab-47ec-8ef0-346cd72d7f1f,segment=NetworkSegment(403cba60-05d8-4eaf-a5dd-f496b5aefa0e),segment_id=403cba60-05d8-4eaf-a5dd-f496b5aefa0e)] {{(pid=116585) get_binding_level_objs /opt/stack/neutron/neutron/plugins/ml2/db.py:74}}
Nov 02 13:01:45.801042 dv-neutron-863281-1-hyperv neutron-server[116585]: DEBUG neutron_lib.callbacks.manager [None req-1c249cfc-a0c0-4144-b979-2e1402e67579 tempest-ExtraDHCPOptionsTestJSON-763431520 tempest-ExtraDHCPOptionsTestJSON-763431520-project] Publish callbacks ['neutron.services.l3_router.l3_router_plugin.L3_NAT_dbonly_mixin._precommit_delete_port_callback-1635555'] for port (769f9f0a-a9ab-47ec-8ef0-346cd72d7f1f), precommit_delete {{(pid=116585) _notify_loop /usr/local/lib/python3.8/dist-packages/neutron_lib/callbacks/manager.py:176}}
Nov 02 13:01:45.831344 dv-neutron-863281-1-hyperv neutron-server[116584]: DEBUG neutron_lib.callbacks.manager [None req-16f42b7c-85d6-4ce2-bd14-3e487b21b9a6 tempest-RoutersIpV6AdminTest-1095974474 tempest-RoutersIpV6AdminTest-1095974474-project-admin] Publish callbacks ['neutron.plugins.ml2.plugin.Ml2Plugin._network_delete_after_delete_handler-1028861', 'neutron.plugins.ml2.ovo_rpc._ObjectChangeHandler.handle_event-1656830', 'neutron.api.rpc.agentnotifiers.dhcp_rpc_agent_api.DhcpAgentNotifyAPI._native_event_send_dhcp_notification-1703800', 'neutron.services.l3_router.l3_router_plugin.DVRResourceOperationHandler.delete_fip_namespaces_for_ext_net-1636488'] for network (d43415b6-a709-484c-abc0-67d9239b70be), after_delete {{(pid=116584) _notify_loop /usr/local/lib/python3.8/dist-packages/neutron_lib/callbacks/manager.py:176}}
Nov 02 13:01:45.836019 dv-neutron-863281-1-hyperv neutron-server[116584]: DEBUG neutron.api.rpc.agentnotifiers.l3_rpc_agent_api [None req-16f42b7c-85d6-4ce2-bd14-3e487b21b9a6 tempest-RoutersIpV6AdminTest-1095974474 tempest-RoutersIpV6AdminTest-1095974474-project-admin] Fanout notify agent at l3_agent the message fipnamespace_delete_on_ext_net for external_network d43415b6-a709-484c-abc0-67d9239b70be {{(pid=116584) _notification_fanout /opt/stack/neutron/neutron/api/rpc/agentnotifiers/l3_rpc_agent_api.py:120}}
Nov 02 13:01:45.864234 dv-neutron-863281-1-hyperv neutron-server[116584]: DEBUG neutron_lib.callbacks.manager [None req-16f42b7c-85d6-4ce2-bd14-3e487b21b9a6 tempest-RoutersIpV6AdminTest-1095974474 tempest-RoutersIpV6AdminTest-1095974474-project-admin] Publish callbacks ['neutron.api.rpc.agentnotifiers.dhcp_rpc_agent_api.DhcpAgentNotifyAPI._send_dhcp_notification-1703754'] for network (None), before_response {{(pid=116584) _notify_loop /usr/local/lib/python3.8/dist-packages/neutron_lib/callbacks/manager.py:176}}
Nov 02 13:01:45.864234 dv-neutron-863281-1-hyperv neutron-server[116584]: INFO neutron.wsgi [None req-16f42b7c-85d6-4ce2-bd14-3e487b21b9a6 tempest-RoutersIpV6AdminTest-1095974474 tempest-RoutersIpV6AdminTest-1095974474-project-admin] 10.222.0.79 "DELETE /v2.0/networks/d43415b6-a709-484c-abc0-67d9239b70be HTTP/1.1" status: 204 len: 168 time: 1.0289893
Nov 02 13:01:45.884545 dv-neutron-863281-1-hyperv neutron-server[116585]: DEBUG neutron_lib.callbacks.manager [None req-9ef9364b-1670-4367-bea3-08e2e10a85c4 admin admin] Publish callbacks ['neutron.plugins.ml2.ovo_rpc._ObjectChangeHandler.handle_event-1656655'] for security_group (b426cbe2-b35b-460c-8f20-f7f9b5f2a252), after_delete {{(pid=116585) _notify_loop /usr/local/lib/python3.8/dist-packages/neutron_lib/callbacks/manager.py:176}}
Nov 02 13:01:45.887242 dv-neutron-863281-1-hyperv neutron-server[116585]: DEBUG neutron_lib.callbacks.manager [None req-9ef9364b-1670-4367-bea3-08e2e10a85c4 admin admin] Publish callbacks [] for security_group (None), before_response {{(pid=116585) _notify_loop /usr/local/lib/python3.8/dist-packages/neutron_lib/callbacks/manager.py:176}}
Nov 02 13:01:45.888482 dv-neutron-863281-1-hyperv neutron-server[116585]: INFO neutron.wsgi [None req-9ef9364b-1670-4367-bea3-08e2e10a85c4 admin admin] 10.222.0.79 "DELETE /v2.0/security-groups/b426cbe2-b35b-460c-8f20-f7f9b5f2a252 HTTP/1.1" status: 204 len: 168 time: 0.9441602
Nov 02 13:01:45.900226 dv-neutron-863281-1-hyperv neutron-server[116584]: DEBUG neutron.pecan_wsgi.hooks.policy_enforcement [req-d263ada0-d3cc-459d-86cd-ac56a21f2dfa req-4158d796-0f80-4724-a32c-a65858520b52 tempest-ServersTestManualDisk-1177339269 tempest-ServersTestManualDisk-1177339269-project] Attributes excluded by policy engine: ['standard_attr_id', 'binding:profile', 'binding:host_id', 'binding:vif_type', 'binding:vif_details', 'network'] {{(pid=116584) _exclude_attributes_by_policy /opt/stack/neutron/neutron/pecan_wsgi/hooks/policy_enforcement.py:259}}
Nov 02 13:01:45.907281 dv-neutron-863281-1-hyperv neutron-server[116584]: DEBUG neutron_lib.callbacks.manager [req-d263ada0-d3cc-459d-86cd-ac56a21f2dfa req-4158d796-0f80-4724-a32c-a65858520b52 tempest-ServersTestManualDisk-1177339269 tempest-ServersTestManualDisk-1177339269-project] Publish callbacks ['neutron.notifiers.nova.Notifier._send_nova_notification-108541'] for port (None), before_response {{(pid=116584) _notify_loop /usr/local/lib/python3.8/dist-packages/neutron_lib/callbacks/manager.py:176}}
Nov 02 13:01:45.954192 dv-neutron-863281-1-hyperv neutron-server[116584]: DEBUG neutron.api.rpc.handlers.resources_rpc [None req-16f42b7c-85d6-4ce2-bd14-3e487b21b9a6 tempest-RoutersIpV6AdminTest-1095974474 tempest-RoutersIpV6AdminTest-1095974474-project-admin] Pushing event deleted for resources: {'Network': ['ID=d43415b6-a709-484c-abc0-67d9239b70be,revision_number=None']} {{(pid=116584) push /opt/stack/neutron/neutron/api/rpc/handlers/resources_rpc.py:237}}
Nov 02 13:01:45.956611 dv-neutron-863281-1-hyperv neutron-server[116585]: DEBUG neutron_lib.callbacks.manager [None req-c92f7a59-0761-486d-b33d-1839e9e9a780 tempest-AllowedAddressPairIpV6TestJSON-1523063710 tempest-AllowedAddressPairIpV6TestJSON-1523063710-project] Publish callbacks ['neutron.plugins.ml2.plugin.Ml2Plugin._network_delete_precommit_handler-1028854', 'neutron.services.segments.db._delete_segments_for_network-8738739324968'] for network (50ff3527-72d5-4b3c-bbb9-7498c20e4cc1), precommit_delete {{(pid=116585) _notify_loop /usr/local/lib/python3.8/dist-packages/neutron_lib/callbacks/manager.py:176}}
Nov 02 13:01:45.977966 dv-neutron-863281-1-hyperv neutron-server[116585]: DEBUG neutron.plugins.ml2.plugin [None req-1c249cfc-a0c0-4144-b979-2e1402e67579 tempest-ExtraDHCPOptionsTestJSON-763431520 tempest-ExtraDHCPOptionsTestJSON-763431520-project] Calling delete_port for 769f9f0a-a9ab-47ec-8ef0-346cd72d7f1f owned by network:dhcp {{(pid=116585) delete_port /opt/stack/neutron/neutron/plugins/ml2/plugin.py:2121}}
Nov 02 13:01:45.992396 dv-neutron-863281-1-hyperv neutron-server[116585]: DEBUG neutron.scheduler.dhcp_agent_scheduler [req-b715dc87-240f-4eb6-bd1a-b2947d2c8207 req-09237b0c-9953-449b-b328-b7ebb78677fb tempest-ServerActionsTestJSON-1630061858 tempest-ServerActionsTestJSON-1630061858-project] Network f636fe09-fdfb-402e-b06c-71edea499074 is already hosted by enough agents. {{(pid=116585) _get_dhcp_agents_hosting_network /opt/stack/neutron/neutron/scheduler/dhcp_agent_scheduler.py:275}}
Nov 02 13:01:46.058663 dv-neutron-863281-1-hyperv neutron-server[116584]: INFO neutron.wsgi [req-d263ada0-d3cc-459d-86cd-ac56a21f2dfa req-4158d796-0f80-4724-a32c-a65858520b52 tempest-ServersTestManualDisk-1177339269 tempest-ServersTestManualDisk-1177339269-project] 10.222.0.104 "POST /v2.0/ports HTTP/1.1" status: 201 len: 933 time: 3.3062544
Nov 02 13:01:46.059733 dv-neutron-863281-1-hyperv neutron-server[116585]: DEBUG neutron.scheduler.base_scheduler [req-b715dc87-240f-4eb6-bd1a-b2947d2c8207 req-09237b0c-9953-449b-b328-b7ebb78677fb tempest-ServerActionsTestJSON-1630061858 tempest-ServerActionsTestJSON-1630061858-project] Resources bound (agent type, host, resource id): {{(pid=116585) schedule /opt/stack/neutron/neutron/scheduler/base_scheduler.py:57}}
Nov 02 13:01:46.061906 dv-neutron-863281-1-hyperv neutron-server[116585]: DEBUG neutron.api.rpc.handlers.resources_rpc [None req-9ef9364b-1670-4367-bea3-08e2e10a85c4 admin admin] Pushing event deleted for resources: {'SecurityGroup': ['ID=b426cbe2-b35b-460c-8f20-f7f9b5f2a252,revision_number=None']} {{(pid=116585) push /opt/stack/neutron/neutron/api/rpc/handlers/resources_rpc.py:237}}
Nov 02 13:01:46.086121 dv-neutron-863281-1-hyperv neutron-server[116585]: DEBUG neutron.db.l3_dvrscheduler_db [req-b715dc87-240f-4eb6-bd1a-b2947d2c8207 req-09237b0c-9953-449b-b328-b7ebb78677fb tempest-ServerActionsTestJSON-1630061858 tempest-ServerActionsTestJSON-1630061858-project] Received port after_create {{(pid=116585) _notify_l3_agent_new_port /opt/stack/neutron/neutron/db/l3_dvrscheduler_db.py:535}}
Nov 02 13:01:46.098247 dv-neutron-863281-1-hyperv neutron-server[116585]: DEBUG neutron.services.segments.db [None req-c92f7a59-0761-486d-b33d-1839e9e9a780 tempest-AllowedAddressPairIpV6TestJSON-1523063710 tempest-AllowedAddressPairIpV6TestJSON-1523063710-project] neutron.services.segments.plugin.Plugin method get_segments called with arguments (,) {'filters': {'network_id': ['50ff3527-72d5-4b3c-bbb9-7498c20e4cc1']}} {{(pid=116585) wrapper /usr/local/lib/python3.8/dist-packages/oslo_log/helpers.py:65}}
Nov 02 13:01:46.168141 dv-neutron-863281-1-hyperv neutron-server[116584]: DEBUG neutron.wsgi [req-d263ada0-d3cc-459d-86cd-ac56a21f2dfa req-4a4aa5fe-96a5-4004-af9e-dc899053002c tempest-ServersTestManualDisk-1177339269 tempest-ServersTestManualDisk-1177339269-project] http://10.222.0.79:9696/v2.0/extensions returned with HTTP 200 {{(pid=116584) __call__ /opt/stack/neutron/neutron/wsgi.py:730}}
Nov 02 13:01:46.169497 dv-neutron-863281-1-hyperv neutron-server[116584]: INFO neutron.wsgi [req-d263ada0-d3cc-459d-86cd-ac56a21f2dfa req-4a4aa5fe-96a5-4004-af9e-dc899053002c tempest-ServersTestManualDisk-1177339269 tempest-ServersTestManualDisk-1177339269-project] 10.222.0.104 "GET /v2.0/extensions HTTP/1.1" status: 200 len: 14082 time: 0.0068944
Nov 02 13:01:46.371119 dv-neutron-863281-1-hyperv neutron-server[116586]: DEBUG neutron.db.provisioning_blocks [None req-c18f2f5e-9bf3-473f-b528-95db9a082239 None None] Provisioning complete for port 7b7b0bf3-e4ef-4d66-b606-e9ac67a9c993 triggered by entity DHCP. {{(pid=116586) provisioning_complete /opt/stack/neutron/neutron/db/provisioning_blocks.py:141}}
Nov 02 13:01:46.374471 dv-neutron-863281-1-hyperv neutron-server[116586]: DEBUG neutron_lib.callbacks.manager [None req-c18f2f5e-9bf3-473f-b528-95db9a082239 None None] Publish callbacks ['neutron.plugins.ml2.plugin.Ml2Plugin._port_provisioned-806733'] for port (7b7b0bf3-e4ef-4d66-b606-e9ac67a9c993), provisioning_complete {{(pid=116586) _notify_loop /usr/local/lib/python3.8/dist-packages/neutron_lib/callbacks/manager.py:176}}
Nov 02 13:01:46.375916 dv-neutron-863281-1-hyperv neutron-server[116586]: INFO neutron.plugins.ml2.plugin [None req-c18f2f5e-9bf3-473f-b528-95db9a082239 None None] Attempt 1 to provision port 7b7b0bf3-e4ef-4d66-b606-e9ac67a9c993
Nov 02 13:01:46.416190 dv-neutron-863281-1-hyperv neutron-server[116586]: DEBUG neutron.plugins.ml2.plugin [None req-c18f2f5e-9bf3-473f-b528-95db9a082239 None None] Port 7b7b0bf3-e4ef-4d66-b606-e9ac67a9c993 cannot update to ACTIVE because it is not bound. {{(pid=116586) _port_provisioned /opt/stack/neutron/neutron/plugins/ml2/plugin.py:356}}
Nov 02 13:01:46.426759 dv-neutron-863281-1-hyperv neutron-server[116584]: INFO neutron.wsgi [req-4fa0cc08-b132-4056-9a32-984104553e58 req-8807e097-fa45-4bc8-b588-82868f9f8b66 tempest-ServersTestJSON-1660722756 tempest-ServersTestJSON-1660722756-project] 10.222.0.79 "GET /v2.0/ports?device_id=bce1d0db-ac73-447d-801b-9ab3415a363f HTTP/1.1" status: 200 len: 210 time: 0.1074421
Nov 02 13:01:46.706639 dv-neutron-863281-1-hyperv neutron-server[116586]: DEBUG neutron.plugins.ml2.rpc [None req-fae7ddb6-32b9-47fa-9215-fef33ee398f8 None None] Device 769f9f0a-a9ab-47ec-8ef0-346cd72d7f1f no longer exists at agent ovs-agent-dv-neutron-863281-1-hyperv {{(pid=116586) update_device_down /opt/stack/neutron/neutron/plugins/ml2/rpc.py:259}}
Nov 02 13:01:46.769454 dv-neutron-863281-1-hyperv neutron-server[116586]: DEBUG neutron.plugins.ml2.plugin [None req-fae7ddb6-32b9-47fa-9215-fef33ee398f8 None None] No Port match for: 769f9f0a-a9ab-47ec-8ef0-346cd72d7f1f {{(pid=116586) port_bound_to_host /opt/stack/neutron/neutron/plugins/ml2/plugin.py:2381}}
Nov 02 13:01:46.769902 dv-neutron-863281-1-hyperv neutron-server[116586]: DEBUG neutron.plugins.ml2.rpc [None req-fae7ddb6-32b9-47fa-9215-fef33ee398f8 None None] Device 769f9f0a-a9ab-47ec-8ef0-346cd72d7f1f not bound to the agent host dv-neutron-863281-1-hyperv {{(pid=116586) update_device_down /opt/stack/neutron/neutron/plugins/ml2/rpc.py:269}}
Nov 02 13:01:46.807625 dv-neutron-863281-1-hyperv neutron-server[116585]: DEBUG neutron.services.segments.db [None req-c92f7a59-0761-486d-b33d-1839e9e9a780 tempest-AllowedAddressPairIpV6TestJSON-1523063710 tempest-AllowedAddressPairIpV6TestJSON-1523063710-project] neutron.services.segments.plugin.Plugin method delete_segment called with arguments (, '45cbb9f4-4e5d-4b7c-85f6-432b7ec0ce4c') {'for_net_delete': True} {{(pid=116585) wrapper /usr/local/lib/python3.8/dist-packages/oslo_log/helpers.py:65}}
Nov 02 13:01:46.807625 dv-neutron-863281-1-hyperv neutron-server[116585]: DEBUG neutron.services.segments.db [None req-c92f7a59-0761-486d-b33d-1839e9e9a780 tempest-AllowedAddressPairIpV6TestJSON-1523063710 tempest-AllowedAddressPairIpV6TestJSON-1523063710-project] neutron.services.segments.plugin.Plugin method get_segment called with arguments (, '45cbb9f4-4e5d-4b7c-85f6-432b7ec0ce4c') {} {{(pid=116585) wrapper /usr/local/lib/python3.8/dist-packages/oslo_log/helpers.py:65}}
Nov 02 13:01:46.876674 dv-neutron-863281-1-hyperv neutron-server[116585]: DEBUG neutron.wsgi [-] (116585) accepted ('10.222.0.104', 54869) {{(pid=116585) server /usr/local/lib/python3.8/dist-packages/eventlet/wsgi.py:1004}}
Nov 02 13:01:46.897460 dv-neutron-863281-1-hyperv neutron-server[116585]: DEBUG neutron.pecan_wsgi.hooks.policy_enforcement [req-b715dc87-240f-4eb6-bd1a-b2947d2c8207 req-09237b0c-9953-449b-b328-b7ebb78677fb tempest-ServerActionsTestJSON-1630061858 tempest-ServerActionsTestJSON-1630061858-project] Attributes excluded by policy engine: ['standard_attr_id', 'binding:profile', 'binding:host_id', 'binding:vif_type', 'binding:vif_details', 'network'] {{(pid=116585) _exclude_attributes_by_policy /opt/stack/neutron/neutron/pecan_wsgi/hooks/policy_enforcement.py:259}}
Nov 02 13:01:46.902463 dv-neutron-863281-1-hyperv neutron-server[116585]: DEBUG neutron_lib.callbacks.manager [req-b715dc87-240f-4eb6-bd1a-b2947d2c8207 req-09237b0c-9953-449b-b328-b7ebb78677fb tempest-ServerActionsTestJSON-1630061858 tempest-ServerActionsTestJSON-1630061858-project] Publish callbacks ['neutron.notifiers.nova.Notifier._send_nova_notification-108541'] for port (None), before_response {{(pid=116585) _notify_loop /usr/local/lib/python3.8/dist-packages/neutron_lib/callbacks/manager.py:176}}
Nov 02 13:01:46.918075 dv-neutron-863281-1-hyperv neutron-server[116586]: INFO neutron.plugins.ml2.plugin [None req-c18f2f5e-9bf3-473f-b528-95db9a082239 None None] Attempt 2 to provision port 7b7b0bf3-e4ef-4d66-b606-e9ac67a9c993
Nov 02 13:01:46.963752 dv-neutron-863281-1-hyperv neutron-server[116585]: DEBUG neutron.api.rpc.handlers.resources_rpc [None req-09237b0c-9953-449b-b328-b7ebb78677fb tempest-ServerActionsTestJSON-1630061858 tempest-ServerActionsTestJSON-1630061858-project] Pushing event updated for resources: {'Port': ['ID=f24d17db-cd53-42d4-aeef-32213c5567ef,revision_number=1']} {{(pid=116585) push /opt/stack/neutron/neutron/api/rpc/handlers/resources_rpc.py:237}}
Nov 02 13:01:47.044482 dv-neutron-863281-1-hyperv neutron-server[116586]: DEBUG neutron.plugins.ml2.plugin [None req-c18f2f5e-9bf3-473f-b528-95db9a082239 None None] Port 7b7b0bf3-e4ef-4d66-b606-e9ac67a9c993 cannot update to ACTIVE because it is not bound. {{(pid=116586) _port_provisioned /opt/stack/neutron/neutron/plugins/ml2/plugin.py:356}}
Nov 02 13:01:47.044592 dv-neutron-863281-1-hyperv neutron-server[116585]: DEBUG neutron_lib.callbacks.manager [None req-c92f7a59-0761-486d-b33d-1839e9e9a780 tempest-AllowedAddressPairIpV6TestJSON-1523063710 tempest-AllowedAddressPairIpV6TestJSON-1523063710-project] Publish callbacks ['neutron.plugins.ml2.db._prevent_segment_delete_with_port_bound-8738739326266', 'neutron.services.segments.plugin.Plugin._prevent_segment_delete_with_subnet_associated-3173446'] for segment (45cbb9f4-4e5d-4b7c-85f6-432b7ec0ce4c), before_delete {{(pid=116585) _notify_loop /usr/local/lib/python3.8/dist-packages/neutron_lib/callbacks/manager.py:176}}
Nov 02 13:01:47.091858 dv-neutron-863281-1-hyperv neutron-server[116585]: INFO neutron.wsgi [req-b715dc87-240f-4eb6-bd1a-b2947d2c8207 req-09237b0c-9953-449b-b328-b7ebb78677fb tempest-ServerActionsTestJSON-1630061858 tempest-ServerActionsTestJSON-1630061858-project] 10.222.0.104 "POST /v2.0/ports HTTP/1.1" status: 201 len: 933 time: 4.4148622
Nov 02 13:01:47.169659 dv-neutron-863281-1-hyperv neutron-server[116585]: DEBUG neutron.wsgi [-] (116585) accepted ('10.222.0.79', 58316) {{(pid=116585) server /usr/local/lib/python3.8/dist-packages/eventlet/wsgi.py:1004}}
Nov 02 13:01:47.176352 dv-neutron-863281-1-hyperv neutron-server[116585]: DEBUG neutron.api.v2.base [None req-5acc8797-e6fd-4c1e-b778-901cff056d6f tempest-RoutersIpV6AdminTest-1095974474 tempest-RoutersIpV6AdminTest-1095974474-project-admin] Request body: {'router': {'name': 'tempest-router--1514768194', 'project_id': '758dbf68ff124fd1a610cbe65d96de88'}} {{(pid=116585) prepare_request_body /opt/stack/neutron/neutron/api/v2/base.py:730}}
Nov 02 13:01:47.197503 dv-neutron-863281-1-hyperv neutron-server[116585]: DEBUG neutron_lib.callbacks.manager [None req-c92f7a59-0761-486d-b33d-1839e9e9a780 tempest-AllowedAddressPairIpV6TestJSON-1523063710 tempest-AllowedAddressPairIpV6TestJSON-1523063710-project] Publish callbacks ['neutron.plugins.ml2.plugin.Ml2Plugin._handle_segment_change-1024539'] for segment (45cbb9f4-4e5d-4b7c-85f6-432b7ec0ce4c), precommit_delete {{(pid=116585) _notify_loop /usr/local/lib/python3.8/dist-packages/neutron_lib/callbacks/manager.py:176}}
Nov 02 13:01:47.236400 dv-neutron-863281-1-hyperv neutron-server[116585]: DEBUG neutron.plugins.ml2.drivers.type_vlan [None req-c92f7a59-0761-486d-b33d-1839e9e9a780 tempest-AllowedAddressPairIpV6TestJSON-1523063710 tempest-AllowedAddressPairIpV6TestJSON-1523063710-project] Releasing vlan 1612 on physical network physnet1 to pool {{(pid=116585) release_segment /opt/stack/neutron/neutron/plugins/ml2/drivers/type_vlan.py:304}}
Nov 02 13:01:47.237050 dv-neutron-863281-1-hyperv neutron-server[116585]: DEBUG neutron_lib.callbacks.manager [None req-c92f7a59-0761-486d-b33d-1839e9e9a780 tempest-AllowedAddressPairIpV6TestJSON-1523063710 tempest-AllowedAddressPairIpV6TestJSON-1523063710-project] Publish callbacks ['neutron.plugins.ml2.plugin.Ml2Plugin._handle_segment_change-1024539', 'neutron.services.segments.plugin.NovaSegmentNotifier._notify_segment_deleted-17590649'] for segment (45cbb9f4-4e5d-4b7c-85f6-432b7ec0ce4c), after_delete {{(pid=116585) _notify_loop /usr/local/lib/python3.8/dist-packages/neutron_lib/callbacks/manager.py:176}}
Nov 02 13:01:47.321193 dv-neutron-863281-1-hyperv neutron-server[116585]: DEBUG neutron.api.v2.base [req-d263ada0-d3cc-459d-86cd-ac56a21f2dfa req-447faa59-a6d7-4dc0-9711-ad0a128a6d4f service neutron] Request body: {'port': {'device_id': 'e5be5492-0d8e-4d6b-bf24-eb1ea5698110', 'device_owner': 'compute:nova', 'binding:host_id': 'hv-neutron-8632'}} {{(pid=116585) prepare_request_body /opt/stack/neutron/neutron/api/v2/base.py:730}}
Nov 02 13:01:47.391419 dv-neutron-863281-1-hyperv neutron-server[116584]: DEBUG neutron.pecan_wsgi.hooks.policy_enforcement [req-cc36b028-b4f3-4e8b-9aaf-806d8d6b08dc req-efda2736-a6ba-40e8-9eb9-f08582798037 tempest-ServersTestJSON-1660722756 tempest-ServersTestJSON-1660722756-project] Attributes excluded by policy engine: ['standard_attr_id', 'vlan_transparent', 'provider:network_type', 'provider:physical_network', 'provider:segmentation_id'] {{(pid=116584) _exclude_attributes_by_policy /opt/stack/neutron/neutron/pecan_wsgi/hooks/policy_enforcement.py:259}}
Nov 02 13:01:47.394130 dv-neutron-863281-1-hyperv neutron-server[116584]: INFO neutron.wsgi [req-cc36b028-b4f3-4e8b-9aaf-806d8d6b08dc req-efda2736-a6ba-40e8-9eb9-f08582798037 tempest-ServersTestJSON-1660722756 tempest-ServersTestJSON-1660722756-project] 10.222.0.104 "GET /v2.0/networks?id=871e4cfa-4fc9-4077-9c03-7763f100d026 HTTP/1.1" status: 200 len: 806 time: 1.0278089
Nov 02 13:01:47.435689 dv-neutron-863281-1-hyperv neutron-server[116585]: INFO neutron.services.segments.plugin [-] Segment 45cbb9f4-4e5d-4b7c-85f6-432b7ec0ce4c resource provider aggregate not found
Nov 02 13:01:47.451542 dv-neutron-863281-1-hyperv neutron-server[116584]: DEBUG neutron.pecan_wsgi.hooks.policy_enforcement [req-93570d04-59f1-4636-8894-7e580c721e1a req-10208591-dd14-45c5-a759-f689bfb5e9fc tempest-ServersTestManualDisk-1177339269 tempest-ServersTestManualDisk-1177339269-project] Attributes excluded by policy engine: ['standard_attr_id', 'binding:profile', 'binding:host_id', 'binding:vif_type', 'binding:vif_details'] {{(pid=116584) _exclude_attributes_by_policy /opt/stack/neutron/neutron/pecan_wsgi/hooks/policy_enforcement.py:259}}
Nov 02 13:01:47.453571 dv-neutron-863281-1-hyperv neutron-server[116584]: INFO neutron.wsgi [req-93570d04-59f1-4636-8894-7e580c721e1a req-10208591-dd14-45c5-a759-f689bfb5e9fc tempest-ServersTestManualDisk-1177339269 tempest-ServersTestManualDisk-1177339269-project] 10.222.0.79 "GET /v2.0/ports?device_id=e5be5492-0d8e-4d6b-bf24-eb1ea5698110 HTTP/1.1" status: 200 len: 931 time: 0.1389635
Nov 02 13:01:47.509976 dv-neutron-863281-1-hyperv neutron-server[116585]: INFO neutron.services.segments.plugin [-] Segment 45cbb9f4-4e5d-4b7c-85f6-432b7ec0ce4c resource provider not found; error: Placement Client Error (4xx): {"errors": [{"status": 404, "title": "Not Found", "detail": "The resource could not be found.\n\n No resource provider with uuid 45cbb9f4-4e5d-4b7c-85f6-432b7ec0ce4c found for delete ", "request_id": "req-38b733ff-da1b-4289-9c28-f1142cd01dac"}]}
Nov 02 13:01:47.537197 dv-neutron-863281-1-hyperv neutron-server[116586]: INFO neutron.plugins.ml2.plugin [None req-c18f2f5e-9bf3-473f-b528-95db9a082239 None None] Attempt 3 to provision port 7b7b0bf3-e4ef-4d66-b606-e9ac67a9c993
Nov 02 13:01:47.598915 dv-neutron-863281-1-hyperv neutron-server[116585]: DEBUG neutron.api.v2.base [req-b715dc87-240f-4eb6-bd1a-b2947d2c8207 req-acc92bae-3d68-408d-af18-753af833d08c service neutron] Request body: {'port': {'device_id': '233d8c06-99f3-461d-bc06-dceed16ee50d', 'device_owner': 'compute:nova', 'binding:host_id': 'hv-neutron-8632'}} {{(pid=116585) prepare_request_body /opt/stack/neutron/neutron/api/v2/base.py:730}}
Nov 02 13:01:47.612448 dv-neutron-863281-1-hyperv neutron-server[116585]: DEBUG neutron_lib.callbacks.manager [None req-5acc8797-e6fd-4c1e-b778-901cff056d6f tempest-RoutersIpV6AdminTest-1095974474 tempest-RoutersIpV6AdminTest-1095974474-project-admin] Publish callbacks ['neutron.services.l3_router.l3_router_plugin.L3_HA_NAT_db_mixin._before_router_create_handler-1574863', 'neutron.services.l3_router.service_providers.driver_controller.DriverController._check_router_request-495352'] for router (4abb3345-1c02-4ade-9844-6d93d2d2ec30), before_create {{(pid=116585) _notify_loop /usr/local/lib/python3.8/dist-packages/neutron_lib/callbacks/manager.py:176}}
Nov 02 13:01:47.612803 dv-neutron-863281-1-hyperv neutron-server[116585]: DEBUG neutron_lib.callbacks.manager [None req-5acc8797-e6fd-4c1e-b778-901cff056d6f tempest-RoutersIpV6AdminTest-1095974474 tempest-RoutersIpV6AdminTest-1095974474-project-admin] Publish callbacks ['neutron.services.l3_router.l3_router_plugin.L3_HA_NAT_db_mixin._precommit_router_create-1574495', 'neutron.services.l3_router.l3_router_plugin.DVRResourceOperationHandler._set_distributed_flag-1636357', 'neutron.services.l3_router.l3_router_plugin.RouterAvailabilityZoneMixin._process_az_request-1681800', 'neutron.services.l3_router.service_providers.driver_controller.DriverController._set_router_provider-495297'] for router (4abb3345-1c02-4ade-9844-6d93d2d2ec30), precommit_create {{(pid=116585) _notify_loop /usr/local/lib/python3.8/dist-packages/neutron_lib/callbacks/manager.py:176}}
Nov 02 13:01:47.619363 dv-neutron-863281-1-hyperv neutron-server[116584]: INFO neutron.wsgi [req-93570d04-59f1-4636-8894-7e580c721e1a req-1b4d8a31-dcc3-4b24-826b-42bd4dbb6e57 tempest-ServersTestManualDisk-1177339269 tempest-ServersTestManualDisk-1177339269-project] 10.222.0.79 "GET /v2.0/security-groups?id=02cac77b-caf3-48e9-8f81-28c1f0225de3&fields=id&fields=name HTTP/1.1" status: 200 len: 313 time: 0.1595759
Nov 02 13:01:47.626351 dv-neutron-863281-1-hyperv neutron-server[116585]: DEBUG neutron.pecan_wsgi.hooks.policy_enforcement [req-5f1737f9-afef-41cd-bf1e-a37326f81b7c req-47412415-5de7-49c2-be9f-dcca9ca53523 tempest-ServerActionsTestJSON-1630061858 tempest-ServerActionsTestJSON-1630061858-project] Attributes excluded by policy engine: ['standard_attr_id', 'binding:profile', 'binding:host_id', 'binding:vif_type', 'binding:vif_details'] {{(pid=116585) _exclude_attributes_by_policy /opt/stack/neutron/neutron/pecan_wsgi/hooks/policy_enforcement.py:259}}
Nov 02 13:01:47.635104 dv-neutron-863281-1-hyperv neutron-server[116585]: INFO neutron.wsgi [req-5f1737f9-afef-41cd-bf1e-a37326f81b7c req-47412415-5de7-49c2-be9f-dcca9ca53523 tempest-ServerActionsTestJSON-1630061858 tempest-ServerActionsTestJSON-1630061858-project] 10.222.0.79 "GET /v2.0/ports?device_id=233d8c06-99f3-461d-bc06-dceed16ee50d HTTP/1.1" status: 200 len: 931 time: 0.5855250
Nov 02 13:01:47.646762 dv-neutron-863281-1-hyperv neutron-server[116586]: DEBUG neutron.plugins.ml2.plugin [None req-c18f2f5e-9bf3-473f-b528-95db9a082239 None None] Port 7b7b0bf3-e4ef-4d66-b606-e9ac67a9c993 cannot update to ACTIVE because it is not bound. {{(pid=116586) _port_provisioned /opt/stack/neutron/neutron/plugins/ml2/plugin.py:356}}
Nov 02 13:01:47.649208 dv-neutron-863281-1-hyperv neutron-server[116584]: DEBUG neutron.wsgi [-] (116584) accepted ('10.222.0.79', 58330) {{(pid=116584) server /usr/local/lib/python3.8/dist-packages/eventlet/wsgi.py:1004}}
Nov 02 13:01:47.661712 dv-neutron-863281-1-hyperv neutron-server[116585]: DEBUG neutron_lib.callbacks.manager [req-d263ada0-d3cc-459d-86cd-ac56a21f2dfa req-447faa59-a6d7-4dc0-9711-ad0a128a6d4f service neutron] Publish callbacks ['neutron.plugins.ml2.plugin.SecurityGroupDbMixin._ensure_default_security_group_handler-620427'] for port (7b7b0bf3-e4ef-4d66-b606-e9ac67a9c993), before_update {{(pid=116585) _notify_loop /usr/local/lib/python3.8/dist-packages/neutron_lib/callbacks/manager.py:176}}
Nov 02 13:01:47.696719 dv-neutron-863281-1-hyperv neutron-server[116585]: DEBUG neutron_lib.callbacks.manager [None req-c92f7a59-0761-486d-b33d-1839e9e9a780 tempest-AllowedAddressPairIpV6TestJSON-1523063710 tempest-AllowedAddressPairIpV6TestJSON-1523063710-project] Publish callbacks ['neutron.plugins.ml2.plugin.Ml2Plugin._network_delete_after_delete_handler-1028861', 'neutron.plugins.ml2.ovo_rpc._ObjectChangeHandler.handle_event-1656830', 'neutron.api.rpc.agentnotifiers.dhcp_rpc_agent_api.DhcpAgentNotifyAPI._native_event_send_dhcp_notification-1703800', 'neutron.services.l3_router.l3_router_plugin.DVRResourceOperationHandler.delete_fip_namespaces_for_ext_net-1636488'] for network (50ff3527-72d5-4b3c-bbb9-7498c20e4cc1), after_delete {{(pid=116585) _notify_loop /usr/local/lib/python3.8/dist-packages/neutron_lib/callbacks/manager.py:176}}
Nov 02 13:01:47.717572 dv-neutron-863281-1-hyperv neutron-server[116585]: DEBUG neutron_lib.callbacks.manager [None req-1c249cfc-a0c0-4144-b979-2e1402e67579 tempest-ExtraDHCPOptionsTestJSON-763431520 tempest-ExtraDHCPOptionsTestJSON-763431520-project] Publish callbacks ['neutron.plugins.ml2.plugin.SecurityGroupServerNotifierRpcMixin._notify_sg_on_port_change-619547', 'neutron.plugins.ml2.ovo_rpc._ObjectChangeHandler.handle_event-319670', 'neutron.api.rpc.agentnotifiers.dhcp_rpc_agent_api.DhcpAgentNotifyAPI._native_event_send_dhcp_notification-1703800', 'neutron.db.l3_db.L3RpcNotifierMixin._notify_routers_callback-8738739355778', 'neutron.db.l3_dvrscheduler_db._notify_port_delete-8738738815254', 'neutron.services.segments.plugin.NovaSegmentNotifier._notify_port_created_or_deleted-17590606'] for port (769f9f0a-a9ab-47ec-8ef0-346cd72d7f1f), after_delete {{(pid=116585) _notify_loop /usr/local/lib/python3.8/dist-packages/neutron_lib/callbacks/manager.py:176}}
Nov 02 13:01:47.735430 dv-neutron-863281-1-hyperv neutron-server[116585]: DEBUG neutron_lib.callbacks.manager [None req-c92f7a59-0761-486d-b33d-1839e9e9a780 tempest-AllowedAddressPairIpV6TestJSON-1523063710 tempest-AllowedAddressPairIpV6TestJSON-1523063710-project] Publish callbacks [] for network (None), before_response {{(pid=116585) _notify_loop /usr/local/lib/python3.8/dist-packages/neutron_lib/callbacks/manager.py:176}}
Nov 02 13:01:47.742249 dv-neutron-863281-1-hyperv neutron-server[116585]: INFO neutron.wsgi [None req-c92f7a59-0761-486d-b33d-1839e9e9a780 tempest-AllowedAddressPairIpV6TestJSON-1523063710 tempest-AllowedAddressPairIpV6TestJSON-1523063710-project] 10.222.0.79 "DELETE /v2.0/networks/50ff3527-72d5-4b3c-bbb9-7498c20e4cc1 HTTP/1.1" status: 204 len: 168 time: 4.3494222
Nov 02 13:01:47.779009 dv-neutron-863281-1-hyperv neutron-server[116584]: DEBUG neutron.api.v2.base [None req-ac65cbee-76d8-44af-be2a-67800c26a67f tempest-BulkNetworkOpsIpV6Test-929417269 tempest-BulkNetworkOpsIpV6Test-929417269-project] Request body: {'networks': [{'name': 'tempest-network--1122439110'}, {'name': 'tempest-network--1700931143'}]} {{(pid=116584) prepare_request_body /opt/stack/neutron/neutron/api/v2/base.py:730}}
Nov 02 13:01:47.779550 dv-neutron-863281-1-hyperv neutron-server[116584]: DEBUG neutron.api.v2.base [None req-ac65cbee-76d8-44af-be2a-67800c26a67f tempest-BulkNetworkOpsIpV6Test-929417269 tempest-BulkNetworkOpsIpV6Test-929417269-project] Request body: {'network': {'name': 'tempest-network--1122439110'}} {{(pid=116584) prepare_request_body /opt/stack/neutron/neutron/api/v2/base.py:730}}
Nov 02 13:01:47.779949 dv-neutron-863281-1-hyperv neutron-server[116584]: DEBUG neutron.api.v2.base [None req-ac65cbee-76d8-44af-be2a-67800c26a67f tempest-BulkNetworkOpsIpV6Test-929417269 tempest-BulkNetworkOpsIpV6Test-929417269-project] Request body: {'network': {'name': 'tempest-network--1700931143'}} {{(pid=116584) prepare_request_body /opt/stack/neutron/neutron/api/v2/base.py:730}}
Nov 02 13:01:47.799564 dv-neutron-863281-1-hyperv neutron-server[116584]: INFO neutron.wsgi [req-cc36b028-b4f3-4e8b-9aaf-806d8d6b08dc req-97198956-dee9-4bf2-8d5c-49b3d7667d6b tempest-ServersTestJSON-1660722756 tempest-ServersTestJSON-1660722756-project] 10.222.0.104 "GET /v2.0/security-groups?fields=id&fields=name&tenant_id=a0485f96184040a0b01914274630ac4b HTTP/1.1" status: 200 len: 379 time: 0.2319582
Nov 02 13:01:47.841464 dv-neutron-863281-1-hyperv neutron-server[116585]: DEBUG neutron.api.rpc.handlers.resources_rpc [None req-1c249cfc-a0c0-4144-b979-2e1402e67579 tempest-ExtraDHCPOptionsTestJSON-763431520 tempest-ExtraDHCPOptionsTestJSON-763431520-project] Pushing event deleted for resources: {'Port': ['ID=769f9f0a-a9ab-47ec-8ef0-346cd72d7f1f,revision_number=None']} {{(pid=116585) push /opt/stack/neutron/neutron/api/rpc/handlers/resources_rpc.py:237}}
Nov 02 13:01:47.873324 dv-neutron-863281-1-hyperv neutron-server[116584]: INFO neutron.wsgi [req-3b4439b6-e61f-4c21-b74c-6281c52aca84 req-b4295eb0-0019-4109-a7ac-f4a905e9a99c tempest-ServersTestJSON-1660722756 tempest-ServersTestJSON-1660722756-project] 10.222.0.79 "GET /v2.0/ports?device_id=bce1d0db-ac73-447d-801b-9ab3415a363f HTTP/1.1" status: 200 len: 210 time: 0.0883467
Nov 02 13:01:47.879271 dv-neutron-863281-1-hyperv neutron-server[116584]: DEBUG neutron.api.v2.base [req-cc36b028-b4f3-4e8b-9aaf-806d8d6b08dc req-7138e493-9801-4e1c-b099-08126c059de6 tempest-ServersTestJSON-1660722756 tempest-ServersTestJSON-1660722756-project] Request body: {'port': {'device_id': 'bce1d0db-ac73-447d-801b-9ab3415a363f', 'network_id': '871e4cfa-4fc9-4077-9c03-7763f100d026', 'admin_state_up': True, 'tenant_id': 'a0485f96184040a0b01914274630ac4b', 'security_groups': ['b369366e-5129-4c85-bbe7-f7552f2a308e']}} {{(pid=116584) prepare_request_body /opt/stack/neutron/neutron/api/v2/base.py:730}}
Nov 02 13:01:47.883221 dv-neutron-863281-1-hyperv neutron-server[116585]: DEBUG neutron.api.rpc.handlers.resources_rpc [None req-c92f7a59-0761-486d-b33d-1839e9e9a780 tempest-AllowedAddressPairIpV6TestJSON-1523063710 tempest-AllowedAddressPairIpV6TestJSON-1523063710-project] Pushing event deleted for resources: {'Network': ['ID=50ff3527-72d5-4b3c-bbb9-7498c20e4cc1,revision_number=None']} {{(pid=116585) push /opt/stack/neutron/neutron/api/rpc/handlers/resources_rpc.py:237}}
Nov 02 13:01:47.962349 dv-neutron-863281-1-hyperv neutron-server[116585]: DEBUG neutron.db.l3_dvrscheduler_db [None req-1c249cfc-a0c0-4144-b979-2e1402e67579 tempest-ExtraDHCPOptionsTestJSON-763431520 tempest-ExtraDHCPOptionsTestJSON-763431520-project] No DVR routers for this DVR port 769f9f0a-a9ab-47ec-8ef0-346cd72d7f1f on host dv-neutron-863281-1-hyperv {{(pid=116585) get_dvr_routers_to_remove /opt/stack/neutron/neutron/db/l3_dvrscheduler_db.py:217}}
Nov 02 13:01:48.056657 dv-neutron-863281-1-hyperv neutron-server[116584]: DEBUG neutron.pecan_wsgi.hooks.quota_enforcement [None req-ac65cbee-76d8-44af-be2a-67800c26a67f tempest-BulkNetworkOpsIpV6Test-929417269 tempest-BulkNetworkOpsIpV6Test-929417269-project] Made reservation on behalf of 60e5f5395b5c41c79bcbcb224d3e9b03 for: {'network': 2} {{(pid=116584) before /opt/stack/neutron/neutron/pecan_wsgi/hooks/quota_enforcement.py:53}}
Nov 02 13:01:48.061067 dv-neutron-863281-1-hyperv neutron-server[116584]: DEBUG neutron_lib.callbacks.manager [None req-ac65cbee-76d8-44af-be2a-67800c26a67f tempest-BulkNetworkOpsIpV6Test-929417269 tempest-BulkNetworkOpsIpV6Test-929417269-project] Publish callbacks ['neutron.plugins.ml2.plugin.SecurityGroupDbMixin._ensure_default_security_group_handler-620427'] for network (None), before_create {{(pid=116584) _notify_loop /usr/local/lib/python3.8/dist-packages/neutron_lib/callbacks/manager.py:176}}
Nov 02 13:01:48.082297 dv-neutron-863281-1-hyperv neutron-server[116584]: DEBUG neutron_lib.callbacks.manager [None req-ac65cbee-76d8-44af-be2a-67800c26a67f tempest-BulkNetworkOpsIpV6Test-929417269 tempest-BulkNetworkOpsIpV6Test-929417269-project] Publish callbacks [] for security_group (None), before_create {{(pid=116584) _notify_loop /usr/local/lib/python3.8/dist-packages/neutron_lib/callbacks/manager.py:176}}
Nov 02 13:01:48.099106 dv-neutron-863281-1-hyperv neutron-server[116585]: INFO neutron.wsgi [req-5f1737f9-afef-41cd-bf1e-a37326f81b7c req-22f57d38-d192-43b6-8f1c-3572d866a6dd tempest-ServerActionsTestJSON-1630061858 tempest-ServerActionsTestJSON-1630061858-project] 10.222.0.79 "GET /v2.0/security-groups?id=f7a7028f-d16e-428d-8c7f-bc158b72ef27&fields=id&fields=name HTTP/1.1" status: 200 len: 313 time: 0.4626944
Nov 02 13:01:48.141458 dv-neutron-863281-1-hyperv neutron-server[116584]: DEBUG neutron.pecan_wsgi.hooks.quota_enforcement [req-cc36b028-b4f3-4e8b-9aaf-806d8d6b08dc req-7138e493-9801-4e1c-b099-08126c059de6 tempest-ServersTestJSON-1660722756 tempest-ServersTestJSON-1660722756-project] Made reservation on behalf of a0485f96184040a0b01914274630ac4b for: {'port': 1} {{(pid=116584) before /opt/stack/neutron/neutron/pecan_wsgi/hooks/quota_enforcement.py:53}}
Nov 02 13:01:48.146589 dv-neutron-863281-1-hyperv neutron-server[116584]: DEBUG neutron_lib.callbacks.manager [req-cc36b028-b4f3-4e8b-9aaf-806d8d6b08dc req-7138e493-9801-4e1c-b099-08126c059de6 tempest-ServersTestJSON-1660722756 tempest-ServersTestJSON-1660722756-project] Publish callbacks ['neutron.plugins.ml2.plugin.SecurityGroupDbMixin._ensure_default_security_group_handler-620427'] for port (None), before_create {{(pid=116584) _notify_loop /usr/local/lib/python3.8/dist-packages/neutron_lib/callbacks/manager.py:176}}
Nov 02 13:01:48.150417 dv-neutron-863281-1-hyperv neutron-server[116586]: INFO neutron.plugins.ml2.plugin [None req-c18f2f5e-9bf3-473f-b528-95db9a082239 None None] Attempt 4 to provision port 7b7b0bf3-e4ef-4d66-b606-e9ac67a9c993
Nov 02 13:01:48.346827 dv-neutron-863281-1-hyperv neutron-server[116586]: DEBUG neutron.plugins.ml2.plugin [None req-c18f2f5e-9bf3-473f-b528-95db9a082239 None None] Port 7b7b0bf3-e4ef-4d66-b606-e9ac67a9c993 cannot update to ACTIVE because it is not bound. {{(pid=116586) _port_provisioned /opt/stack/neutron/neutron/plugins/ml2/plugin.py:356}}
Nov 02 13:01:48.354783 dv-neutron-863281-1-hyperv neutron-server[116584]: DEBUG neutron_lib.callbacks.manager [None req-ac65cbee-76d8-44af-be2a-67800c26a67f tempest-BulkNetworkOpsIpV6Test-929417269 tempest-BulkNetworkOpsIpV6Test-929417269-project] Publish callbacks [] for security_group (edb54259-6aa1-44f8-88c4-7a460c19c622), precommit_create {{(pid=116584) _notify_loop /usr/local/lib/python3.8/dist-packages/neutron_lib/callbacks/manager.py:176}}
Nov 02 13:01:48.408541 dv-neutron-863281-1-hyperv neutron-server[116585]: DEBUG neutron_lib.callbacks.manager [None req-5acc8797-e6fd-4c1e-b778-901cff056d6f tempest-RoutersIpV6AdminTest-1095974474 tempest-RoutersIpV6AdminTest-1095974474-project-admin] Publish callbacks [] for router_controller (4abb3345-1c02-4ade-9844-6d93d2d2ec30), precommit_add_association {{(pid=116585) _notify_loop /usr/local/lib/python3.8/dist-packages/neutron_lib/callbacks/manager.py:176}}
Nov 02 13:01:48.421125 dv-neutron-863281-1-hyperv neutron-server[116584]: DEBUG neutron.db.db_base_plugin_common [req-cc36b028-b4f3-4e8b-9aaf-806d8d6b08dc req-7138e493-9801-4e1c-b099-08126c059de6 tempest-ServersTestJSON-1660722756 tempest-ServersTestJSON-1660722756-project] Allocated IP 172.20.0.9 (871e4cfa-4fc9-4077-9c03-7763f100d026/44078ce2-a23c-4874-873e-135f77afe5e3/addce8b5-08d4-47db-9a23-6dfd3ee2bd6e) {{(pid=116584) _store_ip_allocation /opt/stack/neutron/neutron/db/db_base_plugin_common.py:131}}
Nov 02 13:01:48.535937 dv-neutron-863281-1-hyperv neutron-server[116585]: DEBUG neutron_lib.callbacks.manager [req-b715dc87-240f-4eb6-bd1a-b2947d2c8207 req-acc92bae-3d68-408d-af18-753af833d08c service neutron] Publish callbacks ['neutron.plugins.ml2.plugin.SecurityGroupDbMixin._ensure_default_security_group_handler-620427'] for port (f24d17db-cd53-42d4-aeef-32213c5567ef), before_update {{(pid=116585) _notify_loop /usr/local/lib/python3.8/dist-packages/neutron_lib/callbacks/manager.py:176}}
Nov 02 13:01:48.548473 dv-neutron-863281-1-hyperv neutron-server[116585]: DEBUG neutron.wsgi [-] (116585) accepted ('10.222.0.79', 58346) {{(pid=116585) server /usr/local/lib/python3.8/dist-packages/eventlet/wsgi.py:1004}}
Nov 02 13:01:48.631482 dv-neutron-863281-1-hyperv neutron-server[116585]: DEBUG neutron_lib.callbacks.manager [None req-1c249cfc-a0c0-4144-b979-2e1402e67579 tempest-ExtraDHCPOptionsTestJSON-763431520 tempest-ExtraDHCPOptionsTestJSON-763431520-project] Publish callbacks ['neutron.plugins.ml2.plugin.Ml2Plugin._network_delete_precommit_handler-1028854', 'neutron.services.segments.db._delete_segments_for_network-8738739324968'] for network (15c5c43a-3be2-4d06-b0db-5dbb8e4ff56b), precommit_delete {{(pid=116585) _notify_loop /usr/local/lib/python3.8/dist-packages/neutron_lib/callbacks/manager.py:176}}
Nov 02 13:01:48.670124 dv-neutron-863281-1-hyperv neutron-server[116584]: DEBUG neutron_lib.callbacks.manager [req-cc36b028-b4f3-4e8b-9aaf-806d8d6b08dc req-7138e493-9801-4e1c-b099-08126c059de6 tempest-ServersTestJSON-1660722756 tempest-ServersTestJSON-1660722756-project] Publish callbacks [] for port (addce8b5-08d4-47db-9a23-6dfd3ee2bd6e), precommit_create {{(pid=116584) _notify_loop /usr/local/lib/python3.8/dist-packages/neutron_lib/callbacks/manager.py:176}}
Nov 02 13:01:48.691957 dv-neutron-863281-1-hyperv neutron-server[116585]: DEBUG neutron_lib.callbacks.manager [None req-5acc8797-e6fd-4c1e-b778-901cff056d6f tempest-RoutersIpV6AdminTest-1095974474 tempest-RoutersIpV6AdminTest-1095974474-project-admin] Publish callbacks ['neutron.services.l3_router.l3_router_plugin.L3_HA_NAT_db_mixin._after_router_create-1574486', 'neutron.services.l3_router.l3_router_plugin.DVRResourceOperationHandler._create_snat_interfaces_after_change-1636560'] for router (4abb3345-1c02-4ade-9844-6d93d2d2ec30), after_create {{(pid=116585) _notify_loop /usr/local/lib/python3.8/dist-packages/neutron_lib/callbacks/manager.py:176}}
Nov 02 13:01:48.715161 dv-neutron-863281-1-hyperv neutron-server[116585]: DEBUG neutron.services.segments.db [None req-1c249cfc-a0c0-4144-b979-2e1402e67579 tempest-ExtraDHCPOptionsTestJSON-763431520 tempest-ExtraDHCPOptionsTestJSON-763431520-project] neutron.services.segments.plugin.Plugin method get_segments called with arguments (,) {'filters': {'network_id': ['15c5c43a-3be2-4d06-b0db-5dbb8e4ff56b']}} {{(pid=116585) wrapper /usr/local/lib/python3.8/dist-packages/oslo_log/helpers.py:65}}
Nov 02 13:01:48.734677 dv-neutron-863281-1-hyperv neutron-server[116584]: DEBUG neutron_lib.callbacks.manager [None req-ac65cbee-76d8-44af-be2a-67800c26a67f tempest-BulkNetworkOpsIpV6Test-929417269 tempest-BulkNetworkOpsIpV6Test-929417269-project] Publish callbacks ['neutron.plugins.ml2.ovo_rpc._ObjectChangeHandler.handle_event-1656655'] for security_group (edb54259-6aa1-44f8-88c4-7a460c19c622), after_create {{(pid=116584) _notify_loop /usr/local/lib/python3.8/dist-packages/neutron_lib/callbacks/manager.py:176}}
Nov 02 13:01:48.737674 dv-neutron-863281-1-hyperv neutron-server[116584]: DEBUG neutron_lib.callbacks.manager [None req-ac65cbee-76d8-44af-be2a-67800c26a67f tempest-BulkNetworkOpsIpV6Test-929417269 tempest-BulkNetworkOpsIpV6Test-929417269-project] Publish callbacks ['neutron.plugins.ml2.plugin.SecurityGroupDbMixin._ensure_default_security_group_handler-620427'] for network (None), before_create {{(pid=116584) _notify_loop /usr/local/lib/python3.8/dist-packages/neutron_lib/callbacks/manager.py:176}}
Nov 02 13:01:48.778286 dv-neutron-863281-1-hyperv neutron-server[116585]: DEBUG neutron.services.segments.db [None req-1c249cfc-a0c0-4144-b979-2e1402e67579 tempest-ExtraDHCPOptionsTestJSON-763431520 tempest-ExtraDHCPOptionsTestJSON-763431520-project] neutron.services.segments.plugin.Plugin method delete_segment called with arguments (, '403cba60-05d8-4eaf-a5dd-f496b5aefa0e') {'for_net_delete': True} {{(pid=116585) wrapper /usr/local/lib/python3.8/dist-packages/oslo_log/helpers.py:65}}
Nov 02 13:01:48.778792 dv-neutron-863281-1-hyperv neutron-server[116585]: DEBUG neutron.services.segments.db [None req-1c249cfc-a0c0-4144-b979-2e1402e67579 tempest-ExtraDHCPOptionsTestJSON-763431520 tempest-ExtraDHCPOptionsTestJSON-763431520-project] neutron.services.segments.plugin.Plugin method get_segment called with arguments (, '403cba60-05d8-4eaf-a5dd-f496b5aefa0e') {} {{(pid=116585) wrapper /usr/local/lib/python3.8/dist-packages/oslo_log/helpers.py:65}}
Nov 02 13:01:48.800658 dv-neutron-863281-1-hyperv neutron-server[116586]: INFO neutron.plugins.ml2.plugin [None req-c18f2f5e-9bf3-473f-b528-95db9a082239 None None] Attempt 5 to provision port 7b7b0bf3-e4ef-4d66-b606-e9ac67a9c993
Nov 02 13:01:48.814196 dv-neutron-863281-1-hyperv neutron-server[116585]: DEBUG neutron_lib.callbacks.manager [None req-1c249cfc-a0c0-4144-b979-2e1402e67579 tempest-ExtraDHCPOptionsTestJSON-763431520 tempest-ExtraDHCPOptionsTestJSON-763431520-project] Publish callbacks ['neutron.plugins.ml2.db._prevent_segment_delete_with_port_bound-8738739326266', 'neutron.services.segments.plugin.Plugin._prevent_segment_delete_with_subnet_associated-3173446'] for segment (403cba60-05d8-4eaf-a5dd-f496b5aefa0e), before_delete {{(pid=116585) _notify_loop /usr/local/lib/python3.8/dist-packages/neutron_lib/callbacks/manager.py:176}}
Nov 02 13:01:48.819231 dv-neutron-863281-1-hyperv neutron-server[116584]: DEBUG neutron.api.rpc.handlers.resources_rpc [None req-ac65cbee-76d8-44af-be2a-67800c26a67f tempest-BulkNetworkOpsIpV6Test-929417269 tempest-BulkNetworkOpsIpV6Test-929417269-project] Pushing event updated for resources: {'SecurityGroup': ['ID=edb54259-6aa1-44f8-88c4-7a460c19c622,revision_number=1']} {{(pid=116584) push /opt/stack/neutron/neutron/api/rpc/handlers/resources_rpc.py:237}}
Nov 02 13:01:48.867774 dv-neutron-863281-1-hyperv neutron-server[116584]: DEBUG neutron_lib.callbacks.manager [req-cc36b028-b4f3-4e8b-9aaf-806d8d6b08dc req-7138e493-9801-4e1c-b099-08126c059de6 tempest-ServersTestJSON-1660722756 tempest-ServersTestJSON-1660722756-project] Publish callbacks ['neutron.plugins.ml2.plugin.SecurityGroupServerNotifierRpcMixin._notify_sg_on_port_change-619547', 'neutron.plugins.ml2.ovo_rpc._ObjectChangeHandler.handle_event-319670', 'neutron.api.rpc.agentnotifiers.dhcp_rpc_agent_api.DhcpAgentNotifyAPI._native_event_send_dhcp_notification-1703800', 'neutron.db.l3_dvrscheduler_db._notify_l3_agent_new_port-8738738815245', 'neutron.services.segments.plugin.NovaSegmentNotifier._notify_port_created_or_deleted-3633159'] for port (addce8b5-08d4-47db-9a23-6dfd3ee2bd6e), after_create {{(pid=116584) _notify_loop /usr/local/lib/python3.8/dist-packages/neutron_lib/callbacks/manager.py:176}}
Nov 02 13:01:48.921435 dv-neutron-863281-1-hyperv neutron-server[116586]: DEBUG neutron.plugins.ml2.plugin [None req-c18f2f5e-9bf3-473f-b528-95db9a082239 None None] Port 7b7b0bf3-e4ef-4d66-b606-e9ac67a9c993 cannot update to ACTIVE because it is not bound. {{(pid=116586) _port_provisioned /opt/stack/neutron/neutron/plugins/ml2/plugin.py:356}}
Nov 02 13:01:48.968488 dv-neutron-863281-1-hyperv neutron-server[116585]: DEBUG neutron_lib.callbacks.manager [None req-5acc8797-e6fd-4c1e-b778-901cff056d6f tempest-RoutersIpV6AdminTest-1095974474 tempest-RoutersIpV6AdminTest-1095974474-project-admin] Publish callbacks [] for router (None), before_response {{(pid=116585) _notify_loop /usr/local/lib/python3.8/dist-packages/neutron_lib/callbacks/manager.py:176}}
Nov 02 13:01:48.976631 dv-neutron-863281-1-hyperv neutron-server[116585]: INFO neutron.wsgi [None req-5acc8797-e6fd-4c1e-b778-901cff056d6f tempest-RoutersIpV6AdminTest-1095974474 tempest-RoutersIpV6AdminTest-1095974474-project-admin] 10.222.0.79 "POST /v2.0/routers HTTP/1.1" status: 201 len: 723 time: 1.8049455
Nov 02 13:01:48.997869 dv-neutron-863281-1-hyperv neutron-server[116584]: DEBUG neutron.wsgi [-] (116584) accepted ('10.222.0.79', 58358) {{(pid=116584) server /usr/local/lib/python3.8/dist-packages/eventlet/wsgi.py:1004}}
