Nov 02 13:01:19.693035 dv-neutron-863281-1-hyperv neutron-server[116585]: DEBUG neutron_lib.callbacks.manager [None req-ef1b5d2d-8de5-4c1e-b9bd-96f82d8b0a2a admin admin] Publish callbacks [] for security_group (7c79d08c-4ff1-46e9-8c47-3bd5fb3f4bb2), before_delete {{(pid=116585) _notify_loop /usr/local/lib/python3.8/dist-packages/neutron_lib/callbacks/manager.py:176}}
Nov 02 13:01:19.775583 dv-neutron-863281-1-hyperv neutron-server[116584]: DEBUG neutron.api.rpc.handlers.resources_rpc [None req-686032c7-37a9-4620-87d2-c2bc1415a63c admin admin] Pushing event updated for resources: {'Port': ['ID=2e854b25-01c5-4c72-8cea-c9846db46ca1,revision_number=1']} {{(pid=116584) push /opt/stack/neutron/neutron/api/rpc/handlers/resources_rpc.py:237}}
Nov 02 13:01:19.779845 dv-neutron-863281-1-hyperv neutron-server[116585]: DEBUG neutron_lib.callbacks.manager [None req-808bafcd-b730-465a-a513-e73cb18a121e admin admin] Publish callbacks ['neutron.plugins.ml2.ovo_rpc._ObjectChangeHandler.handle_event-1656655'] for security_group (5f22ae23-6865-4af7-82a6-659924d87a40), after_delete {{(pid=116585) _notify_loop /usr/local/lib/python3.8/dist-packages/neutron_lib/callbacks/manager.py:176}}
Nov 02 13:01:19.786073 dv-neutron-863281-1-hyperv neutron-server[116585]: DEBUG neutron_lib.callbacks.manager [None req-808bafcd-b730-465a-a513-e73cb18a121e admin admin] Publish callbacks [] for security_group (None), before_response {{(pid=116585) _notify_loop /usr/local/lib/python3.8/dist-packages/neutron_lib/callbacks/manager.py:176}}
Nov 02 13:01:19.792329 dv-neutron-863281-1-hyperv neutron-server[116585]: INFO neutron.wsgi [None req-808bafcd-b730-465a-a513-e73cb18a121e admin admin] 10.222.0.79 "DELETE /v2.0/security-groups/5f22ae23-6865-4af7-82a6-659924d87a40 HTTP/1.1" status: 204 len: 168 time: 1.0556629
Nov 02 13:01:19.828524 dv-neutron-863281-1-hyperv neutron-server[116586]: DEBUG neutron.plugins.ml2.plugin [None req-fae7ddb6-32b9-47fa-9215-fef33ee398f8 None None] Current status of the port 4a219f9a-01a0-4a89-a542-5fd85ff4d580 is: ACTIVE; New status is: ACTIVE {{(pid=116586) _update_individual_port_db_status /opt/stack/neutron/neutron/plugins/ml2/plugin.py:2297}}
Nov 02 13:01:19.841708 dv-neutron-863281-1-hyperv neutron-server[116585]: DEBUG neutron_lib.callbacks.manager [None req-ef1b5d2d-8de5-4c1e-b9bd-96f82d8b0a2a admin admin] Publish callbacks [] for security_group (7c79d08c-4ff1-46e9-8c47-3bd5fb3f4bb2), precommit_delete {{(pid=116585) _notify_loop /usr/local/lib/python3.8/dist-packages/neutron_lib/callbacks/manager.py:176}}
Nov 02 13:01:19.910700 dv-neutron-863281-1-hyperv neutron-server[116585]: DEBUG neutron.api.rpc.handlers.resources_rpc [None req-808bafcd-b730-465a-a513-e73cb18a121e admin admin] Pushing event deleted for resources: {'SecurityGroup': ['ID=5f22ae23-6865-4af7-82a6-659924d87a40,revision_number=None']} {{(pid=116585) push /opt/stack/neutron/neutron/api/rpc/handlers/resources_rpc.py:237}}
Nov 02 13:01:20.007217 dv-neutron-863281-1-hyperv neutron-server[116585]: DEBUG neutron.scheduler.dhcp_agent_scheduler [None req-3d84bb08-b107-4da6-848e-7e0482d52760 admin admin] Network f636fe09-fdfb-402e-b06c-71edea499074 is already hosted by enough agents. {{(pid=116585) _get_dhcp_agents_hosting_network /opt/stack/neutron/neutron/scheduler/dhcp_agent_scheduler.py:275}}
Nov 02 13:01:20.008962 dv-neutron-863281-1-hyperv neutron-server[116585]: DEBUG neutron.scheduler.base_scheduler [None req-3d84bb08-b107-4da6-848e-7e0482d52760 admin admin] Resources bound (agent type, host, resource id): {{(pid=116585) schedule /opt/stack/neutron/neutron/scheduler/base_scheduler.py:57}}
Nov 02 13:01:20.013775 dv-neutron-863281-1-hyperv neutron-server[116584]: DEBUG neutron_lib.callbacks.manager [None req-ca32de43-d2d5-4ec6-bef5-24836931ea5e tempest-AllowedAddressPairIpV6TestJSON-1523063710 tempest-AllowedAddressPairIpV6TestJSON-1523063710-project] Publish callbacks ['neutron.notifiers.nova.Notifier._send_nova_notification-108541', 'neutron.api.rpc.agentnotifiers.dhcp_rpc_agent_api.DhcpAgentNotifyAPI._send_dhcp_notification-1703754'] for port (None), before_response {{(pid=116584) _notify_loop /usr/local/lib/python3.8/dist-packages/neutron_lib/callbacks/manager.py:176}}
Nov 02 13:01:20.017325 dv-neutron-863281-1-hyperv neutron-server[116584]: INFO neutron.wsgi [None req-ca32de43-d2d5-4ec6-bef5-24836931ea5e tempest-AllowedAddressPairIpV6TestJSON-1523063710 tempest-AllowedAddressPairIpV6TestJSON-1523063710-project] 10.222.0.79 "DELETE /v2.0/ports/3c9927d1-5d09-4217-9b9c-a746040bdd60 HTTP/1.1" status: 204 len: 168 time: 3.0331883
Nov 02 13:01:20.022124 dv-neutron-863281-1-hyperv neutron-server[116585]: DEBUG neutron.wsgi [-] (116585) accepted ('10.222.0.79', 57736) {{(pid=116585) server /usr/local/lib/python3.8/dist-packages/eventlet/wsgi.py:1004}}
Nov 02 13:01:20.031404 dv-neutron-863281-1-hyperv neutron-server[116584]: DEBUG neutron.api.rpc.agentnotifiers.l3_rpc_agent_api [None req-ae958aa4-7fd3-4ef2-a614-cb3090673458 admin admin] Notify agent at l3_agent.dv-neutron-863281-1-hyperv the message routers_updated {{(pid=116584) _agent_notification /opt/stack/neutron/neutron/api/rpc/agentnotifiers/l3_rpc_agent_api.py:65}}
Nov 02 13:01:20.043148 dv-neutron-863281-1-hyperv neutron-server[116587]: DEBUG neutron.api.rpc.handlers.l3_rpc [None req-2874e5a3-6392-4cfb-9ce5-0b4b4444c945 None None] Sync routers for ids ['f9bf5588-6e20-4fc8-a8a5-cff6e1d5102a'] in dv-neutron-863281-1-hyperv {{(pid=116587) sync_routers /opt/stack/neutron/neutron/api/rpc/handlers/l3_rpc.py:125}}
Nov 02 13:01:20.066253 dv-neutron-863281-1-hyperv neutron-server[116586]: INFO neutron.plugins.ml2.plugin [None req-c561b999-3e0f-404e-8c53-c7eb34aeaf36 None None] Attempt 8 to provision port 0884dfe1-59f7-41b3-955f-24c7a49fa4b5
Nov 02 13:01:20.066816 dv-neutron-863281-1-hyperv neutron-server[116587]: DEBUG neutron.db.l3_dvrscheduler_db [None req-2874e5a3-6392-4cfb-9ce5-0b4b4444c945 None None] Routers {'f9bf5588-6e20-4fc8-a8a5-cff6e1d5102a'} bound to L3 agent in host dv-neutron-863281-1-hyperv {{(pid=116587) _get_router_ids_for_agent /opt/stack/neutron/neutron/db/l3_dvrscheduler_db.py:420}}
Nov 02 13:01:20.066952 dv-neutron-863281-1-hyperv neutron-server[116587]: DEBUG neutron.db.l3_hamode_db [None req-2874e5a3-6392-4cfb-9ce5-0b4b4444c945 None None] neutron.services.l3_router.l3_router_plugin.L3RouterPlugin method get_ha_sync_data_for_host called with arguments (, 'dv-neutron-863281-1-hyperv', Agent(admin_state_up=True,agent_type='L3 agent',availability_zone='nova',binary='neutron-l3-agent',configurations={"agent_mode": "legacy", "ex_gw_ports": 1, "extensions": [], "floating_ips": 0, "handle_internal_only_routers": true, "interface_driver": "openvswitch", "interfaces": 1, "log_agent_heartbeats": false, "routers": 1},created_at=2022-11-02T12:52:30Z,description=,heartbeat_timestamp=2022-11-02T13:01:00Z,host='dv-neutron-863281-1-hyperv',id=b2a227c7-91ec-49dc-a31b-1988f4ba7f6b,load=0,resource_versions=,resources_synced=,started_at=2022-11-02T12:52:30Z,topic='l3_agent')) {'router_ids': ['f9bf5588-6e20-4fc8-a8a5-cff6e1d5102a'], 'active': True} {{(pid=116587) wrapper /usr/local/lib/python3.8/dist-packages/oslo_log/helpers.py:65}}
Nov 02 13:01:20.124270 dv-neutron-863281-1-hyperv neutron-server[116584]: DEBUG neutron.wsgi [-] (116584) accepted ('10.222.0.79', 57738) {{(pid=116584) server /usr/local/lib/python3.8/dist-packages/eventlet/wsgi.py:1004}}
Nov 02 13:01:20.130062 dv-neutron-863281-1-hyperv neutron-server[116585]: DEBUG neutron_lib.callbacks.manager [None req-ef1b5d2d-8de5-4c1e-b9bd-96f82d8b0a2a admin admin] Publish callbacks ['neutron.plugins.ml2.ovo_rpc._ObjectChangeHandler.handle_event-1656655'] for security_group (7c79d08c-4ff1-46e9-8c47-3bd5fb3f4bb2), after_delete {{(pid=116585) _notify_loop /usr/local/lib/python3.8/dist-packages/neutron_lib/callbacks/manager.py:176}}
Nov 02 13:01:20.134085 dv-neutron-863281-1-hyperv neutron-server[116585]: DEBUG neutron_lib.callbacks.manager [None req-ef1b5d2d-8de5-4c1e-b9bd-96f82d8b0a2a admin admin] Publish callbacks [] for security_group (None), before_response {{(pid=116585) _notify_loop /usr/local/lib/python3.8/dist-packages/neutron_lib/callbacks/manager.py:176}}
Nov 02 13:01:20.135604 dv-neutron-863281-1-hyperv neutron-server[116585]: INFO neutron.wsgi [None req-ef1b5d2d-8de5-4c1e-b9bd-96f82d8b0a2a admin admin] 10.222.0.79 "DELETE /v2.0/security-groups/7c79d08c-4ff1-46e9-8c47-3bd5fb3f4bb2 HTTP/1.1" status: 204 len: 168 time: 0.5710557
Nov 02 13:01:20.142380 dv-neutron-863281-1-hyperv neutron-server[116586]: DEBUG neutron.plugins.ml2.plugin [None req-c561b999-3e0f-404e-8c53-c7eb34aeaf36 None None] Port 0884dfe1-59f7-41b3-955f-24c7a49fa4b5 cannot update to ACTIVE because it is not bound. {{(pid=116586) _port_provisioned /opt/stack/neutron/neutron/plugins/ml2/plugin.py:356}}
Nov 02 13:01:20.202542 dv-neutron-863281-1-hyperv neutron-server[116584]: DEBUG neutron.objects.ports [None req-9073b25c-6db7-48e9-8b19-5fbf44bbc2ba tempest-ExternalNetworksTestJSON-1684080274 tempest-ExternalNetworksTestJSON-1684080274-project-admin] Time-cost: Fetching 0 ports in 0 security groups {{(pid=116584) get_objects /opt/stack/neutron/neutron/objects/ports.py:470}}
Nov 02 13:01:20.206678 dv-neutron-863281-1-hyperv neutron-server[116584]: DEBUG neutron_lib.callbacks.manager [None req-9073b25c-6db7-48e9-8b19-5fbf44bbc2ba tempest-ExternalNetworksTestJSON-1684080274 tempest-ExternalNetworksTestJSON-1684080274-project-admin] Publish callbacks ['neutron.plugins.ml2.ovo_rpc._ObjectChangeHandler.handle_event-1697825', 'neutron.api.rpc.agentnotifiers.dhcp_rpc_agent_api.DhcpAgentNotifyAPI._native_event_send_dhcp_notification-1703800', 'neutron.services.segments.plugin.NovaSegmentNotifier._notify_subnet_created-3635607', 'neutron.services.segments.plugin.SegmentHostRoutes.host_routes_after_create-26089981'] for subnet (893a9db3-d4fe-4665-9ed7-a7faaa8ddd66), after_create {{(pid=116584) _notify_loop /usr/local/lib/python3.8/dist-packages/neutron_lib/callbacks/manager.py:176}}
Nov 02 13:01:20.263024 dv-neutron-863281-1-hyperv neutron-server[116584]: DEBUG neutron_lib.callbacks.manager [None req-ae958aa4-7fd3-4ef2-a614-cb3090673458 admin admin] Publish callbacks [] for router (None), before_response {{(pid=116584) _notify_loop /usr/local/lib/python3.8/dist-packages/neutron_lib/callbacks/manager.py:176}}
Nov 02 13:01:20.264292 dv-neutron-863281-1-hyperv neutron-server[116584]: INFO neutron.wsgi [None req-ae958aa4-7fd3-4ef2-a614-cb3090673458 admin admin] 10.222.0.79 "POST /v2.0/routers HTTP/1.1" status: 201 len: 918 time: 11.7257035
Nov 02 13:01:20.281641 dv-neutron-863281-1-hyperv neutron-server[116584]: DEBUG neutron.wsgi [-] (116584) accepted ('10.222.0.79', 57746) {{(pid=116584) server /usr/local/lib/python3.8/dist-packages/eventlet/wsgi.py:1004}}
Nov 02 13:01:20.289339 dv-neutron-863281-1-hyperv neutron-server[116585]: INFO neutron.pecan_wsgi.hooks.translation [None req-11d156d4-ccec-40f5-82d4-3210217af9a6 tempest-AllowedAddressPairIpV6TestJSON-1523063710 tempest-AllowedAddressPairIpV6TestJSON-1523063710-project] GET failed (client error): The resource could not be found.
Nov 02 13:01:20.295538 dv-neutron-863281-1-hyperv neutron-server[116585]: INFO neutron.wsgi [None req-11d156d4-ccec-40f5-82d4-3210217af9a6 tempest-AllowedAddressPairIpV6TestJSON-1523063710 tempest-AllowedAddressPairIpV6TestJSON-1523063710-project] 10.222.0.79 "GET /v2.0/ports/3c9927d1-5d09-4217-9b9c-a746040bdd60 HTTP/1.1" status: 404 len: 333 time: 0.1671991
Nov 02 13:01:20.304959 dv-neutron-863281-1-hyperv neutron-server[116585]: DEBUG neutron.wsgi [-] (116585) accepted ('10.222.0.79', 57748) {{(pid=116585) server /usr/local/lib/python3.8/dist-packages/eventlet/wsgi.py:1004}}
Nov 02 13:01:20.307416 dv-neutron-863281-1-hyperv neutron-server[116585]: DEBUG neutron.api.rpc.handlers.resources_rpc [None req-ef1b5d2d-8de5-4c1e-b9bd-96f82d8b0a2a admin admin] Pushing event deleted for resources: {'SecurityGroup': ['ID=7c79d08c-4ff1-46e9-8c47-3bd5fb3f4bb2,revision_number=None']} {{(pid=116585) push /opt/stack/neutron/neutron/api/rpc/handlers/resources_rpc.py:237}}
Nov 02 13:01:20.319751 dv-neutron-863281-1-hyperv neutron-server[116587]: DEBUG neutron.db.l3_dvr_db [None req-2874e5a3-6392-4cfb-9ce5-0b4b4444c945 None None] Set router f9bf5588-6e20-4fc8-a8a5-cff6e1d5102a gateway port host: dv-neutron-863281-1-hyperv {{(pid=116587) _build_routers_list /opt/stack/neutron/neutron/db/l3_dvr_db.py:906}}
Nov 02 13:01:20.351341 dv-neutron-863281-1-hyperv neutron-server[116585]: DEBUG neutron.api.v2.base [None req-84f6c4ca-061a-4ac4-8b3c-b15135301054 tempest-AllowedAddressPairIpV6TestJSON-1523063710 tempest-AllowedAddressPairIpV6TestJSON-1523063710-project] Request body: {'port': {'network_id': '50ff3527-72d5-4b3c-bbb9-7498c20e4cc1', 'name': 'tempest-AllowedAddressPairIpV6TestJSON-503720947'}} {{(pid=116585) prepare_request_body /opt/stack/neutron/neutron/api/v2/base.py:730}}
Nov 02 13:01:20.451516 dv-neutron-863281-1-hyperv neutron-server[116585]: DEBUG neutron.scheduler.l3_agent_scheduler [None req-3d84bb08-b107-4da6-848e-7e0482d52760 admin admin] Router 68d70f45-5d0e-44c0-bbd2-6e78afeafc7b has already been hosted by L3 agent b2a227c7-91ec-49dc-a31b-1988f4ba7f6b {{(pid=116585) _get_candidates /opt/stack/neutron/neutron/scheduler/l3_agent_scheduler.py:126}}
Nov 02 13:01:20.529185 dv-neutron-863281-1-hyperv neutron-server[116584]: DEBUG neutron_lib.callbacks.manager [None req-686032c7-37a9-4620-87d2-c2bc1415a63c admin admin] Publish callbacks ['neutron.plugins.ml2.plugin.SecurityGroupDbMixin._ensure_default_security_group_handler-620427'] for port (2e854b25-01c5-4c72-8cea-c9846db46ca1), before_update {{(pid=116584) _notify_loop /usr/local/lib/python3.8/dist-packages/neutron_lib/callbacks/manager.py:176}}
Nov 02 13:01:20.554914 dv-neutron-863281-1-hyperv neutron-server[116584]: DEBUG neutron.api.rpc.handlers.resources_rpc [None req-9073b25c-6db7-48e9-8b19-5fbf44bbc2ba tempest-ExternalNetworksTestJSON-1684080274 tempest-ExternalNetworksTestJSON-1684080274-project-admin] Pushing event updated for resources: {'Subnet': ['ID=893a9db3-d4fe-4665-9ed7-a7faaa8ddd66,revision_number=0']} {{(pid=116584) push /opt/stack/neutron/neutron/api/rpc/handlers/resources_rpc.py:237}}
Nov 02 13:01:20.626033 dv-neutron-863281-1-hyperv neutron-server[116587]: DEBUG neutron.db.l3_hamode_db [None req-2874e5a3-6392-4cfb-9ce5-0b4b4444c945 None None] neutron.services.l3_router.l3_router_plugin.L3RouterPlugin method _process_sync_ha_data called with arguments (, [{'id': 'f9bf5588-6e20-4fc8-a8a5-cff6e1d5102a', 'name': 'tempest-ServersTestJSON-1253714938-router', 'tenant_id': 'a0485f96184040a0b01914274630ac4b', 'admin_state_up': True, 'status': 'ACTIVE', 'external_gateway_info': {'network_id': '08d22a8e-0b50-4854-9420-bc1e2cfab988', 'external_fixed_ips': [{'subnet_id': '23f66419-4866-4d15-acd3-6a821d0b29b2', 'ip_address': '172.26.3.170'}], 'enable_snat': True}, 'gw_port_id': 'ec9a2b08-446a-4590-8d02-4da97d3d967e', 'description': '', 'availability_zones': ['nova'], 'distributed': False, 'ha': False, 'ha_vr_id': 0, 'availability_zone_hints': [], 'routes': [], 'flavor_id': None, 'tags': [], 'created_at': '2022-11-02T13:01:08Z', 'updated_at': '2022-11-02T13:01:15Z', 'revision_number': 3, 'project_id': 'a0485f96184040a0b01914274630ac4b', 'gw_port': {'id': 'ec9a2b08-446a-4590-8d02-4da97d3d967e', 'name': '', 'network_id': '08d22a8e-0b50-4854-9420-bc1e2cfab988', 'tenant_id': '', 'mac_address': 'fa:16:3e:d8:47:92', 'admin_state_up': True, 'status': 'DOWN', 'device_id': 'f9bf5588-6e20-4fc8-a8a5-cff6e1d5102a', 'device_owner': 'network:router_gateway', 'standard_attr_id': 104, 'fixed_ips': [{'subnet_id': '23f66419-4866-4d15-acd3-6a821d0b29b2', 'ip_address': '172.26.3.170', 'prefixlen': 24}], 'allowed_address_pairs': [], 'extra_dhcp_opts': [], 'security_groups': [], 'description': '', 'binding:vnic_type': 'normal', 'binding:profile': {}, 'binding:host_id': '', 'binding:vif_type': 'unbound', 'binding:vif_details': {}, 'port_security_enabled': False, 'tags': [], 'created_at': '2022-11-02T13:01:11Z', 'updated_at': '2022-11-02T13:01:12Z', 'revision_number': 1, 'project_id': '', 'subnets': [{'id': '23f66419-4866-4d15-acd3-6a821d0b29b2', 'cidr': '172.26.3.0/24', 'gateway_ip': '172.26.3.1', 'dns_nameservers': [], 'ipv6_ra_mode': None, 'subnetpool_id': None}], 'extra_subnets': [], 'address_scopes': {4: None, 6: None}, 'mtu': 1500}, 'enable_snat': True, 'gw_port_host': 'dv-neutron-863281-1-hyperv'}], 'dv-neutron-863281-1-hyperv', False) {} {{(pid=116587) wrapper /usr/local/lib/python3.8/dist-packages/oslo_log/helpers.py:65}}
Nov 02 13:01:20.644203 dv-neutron-863281-1-hyperv neutron-server[116586]: INFO neutron.plugins.ml2.plugin [None req-c561b999-3e0f-404e-8c53-c7eb34aeaf36 None None] Attempt 9 to provision port 0884dfe1-59f7-41b3-955f-24c7a49fa4b5
Nov 02 13:01:20.655615 dv-neutron-863281-1-hyperv neutron-server[116587]: DEBUG neutron.api.rpc.handlers.l3_rpc [None req-2874e5a3-6392-4cfb-9ce5-0b4b4444c945 None None] Checking router: f9bf5588-6e20-4fc8-a8a5-cff6e1d5102a for host: dv-neutron-863281-1-hyperv {{(pid=116587) _ensure_host_set_on_ports /opt/stack/neutron/neutron/api/rpc/handlers/l3_rpc.py:155}}
Nov 02 13:01:20.656313 dv-neutron-863281-1-hyperv neutron-server[116587]: DEBUG neutron.api.rpc.handlers.l3_rpc [None req-2874e5a3-6392-4cfb-9ce5-0b4b4444c945 None None] Updating router f9bf5588-6e20-4fc8-a8a5-cff6e1d5102a port ec9a2b08-446a-4590-8d02-4da97d3d967e binding host dv-neutron-863281-1-hyperv {{(pid=116587) _ensure_host_set_on_port /opt/stack/neutron/neutron/api/rpc/handlers/l3_rpc.py:205}}
Nov 02 13:01:20.671182 dv-neutron-863281-1-hyperv neutron-server[116585]: DEBUG neutron.api.rpc.agentnotifiers.l3_rpc_agent_api [None req-3d84bb08-b107-4da6-848e-7e0482d52760 admin admin] Notify agent at l3_agent.dv-neutron-863281-1-hyperv the message routers_updated {{(pid=116585) _agent_notification /opt/stack/neutron/neutron/api/rpc/agentnotifiers/l3_rpc_agent_api.py:65}}
Nov 02 13:01:20.681586 dv-neutron-863281-1-hyperv neutron-server[116584]: DEBUG neutron.plugins.ml2.drivers.mech_agent [None req-9073b25c-6db7-48e9-8b19-5fbf44bbc2ba tempest-ExternalNetworksTestJSON-1684080274 tempest-ExternalNetworksTestJSON-1684080274-project-admin] Checking segment: {'id': '95c0bf07-3b2f-4868-abc4-d055c4496474', 'network_type': 'vlan', 'physical_network': 'physnet1', 'segmentation_id': 1615, 'network_id': 'ed3e8f54-1ffa-40f1-80a4-9f05f8e49b68'} for mappings: {'physnet1': 'br-data'} with network types: ['local', 'flat', 'vlan'] {{(pid=116584) check_segment_for_agent /opt/stack/neutron/neutron/plugins/ml2/drivers/mech_agent.py:373}}
Nov 02 13:01:20.682588 dv-neutron-863281-1-hyperv neutron-server[116584]: DEBUG neutron.scheduler.dhcp_agent_scheduler [None req-9073b25c-6db7-48e9-8b19-5fbf44bbc2ba tempest-ExternalNetworksTestJSON-1684080274 tempest-ExternalNetworksTestJSON-1684080274-project-admin] Network hostable DHCP agents. Network: ed3e8f54-1ffa-40f1-80a4-9f05f8e49b68, hostable agents: ['47b09a61-787b-4586-b793-d008ce90ce69'], hosted agents: [] {{(pid=116584) _get_network_hostable_dhcp_agents /opt/stack/neutron/neutron/scheduler/dhcp_agent_scheduler.py:329}}
Nov 02 13:01:20.689749 dv-neutron-863281-1-hyperv neutron-server[116585]: INFO neutron.wsgi [None req-3d84bb08-b107-4da6-848e-7e0482d52760 admin admin] 10.222.0.79 "PUT /v2.0/routers/68d70f45-5d0e-44c0-bbd2-6e78afeafc7b/add_router_interface HTTP/1.1" status: 200 len: 503 time: 6.7450233
Nov 02 13:01:20.696836 dv-neutron-863281-1-hyperv neutron-server[116587]: DEBUG neutron_lib.callbacks.manager [None req-2874e5a3-6392-4cfb-9ce5-0b4b4444c945 None None] Publish callbacks ['neutron.plugins.ml2.plugin.SecurityGroupDbMixin._ensure_default_security_group_handler-620427'] for port (ec9a2b08-446a-4590-8d02-4da97d3d967e), before_update {{(pid=116587) _notify_loop /usr/local/lib/python3.8/dist-packages/neutron_lib/callbacks/manager.py:176}}
Nov 02 13:01:20.704279 dv-neutron-863281-1-hyperv neutron-server[116584]: DEBUG neutron.api.v2.base [None req-d5020f9b-47c9-464b-b9d8-fd00f91bbd46 tempest-RoutersIpV6AdminTest-1095974474 tempest-RoutersIpV6AdminTest-1095974474-project-admin] Request body: {'network': {'name': 'tempest-RoutersIpV6AdminTest-265134579', 'router:external': True}} {{(pid=116584) prepare_request_body /opt/stack/neutron/neutron/api/v2/base.py:730}}
Nov 02 13:01:20.709970 dv-neutron-863281-1-hyperv neutron-server[116586]: DEBUG neutron.plugins.ml2.rpc [None req-fae7ddb6-32b9-47fa-9215-fef33ee398f8 None None] Device 56b6f8b5-abf9-4920-8f2b-2bd12f088116 up at agent ovs-agent-dv-neutron-863281-1-hyperv {{(pid=116586) update_device_up /opt/stack/neutron/neutron/plugins/ml2/rpc.py:296}}
Nov 02 13:01:20.713226 dv-neutron-863281-1-hyperv neutron-server[116586]: DEBUG neutron.api.rpc.handlers.l3_rpc [None req-bd6136cb-6084-4231-9e9c-0034c4fbc31d None None] Sync routers for ids ['68d70f45-5d0e-44c0-bbd2-6e78afeafc7b'] in dv-neutron-863281-1-hyperv {{(pid=116586) sync_routers /opt/stack/neutron/neutron/api/rpc/handlers/l3_rpc.py:125}}
Nov 02 13:01:20.722477 dv-neutron-863281-1-hyperv neutron-server[116585]: DEBUG neutron.pecan_wsgi.hooks.quota_enforcement [None req-84f6c4ca-061a-4ac4-8b3c-b15135301054 tempest-AllowedAddressPairIpV6TestJSON-1523063710 tempest-AllowedAddressPairIpV6TestJSON-1523063710-project] Made reservation on behalf of 4978a207804d4989b4d80852022add53 for: {'port': 1} {{(pid=116585) before /opt/stack/neutron/neutron/pecan_wsgi/hooks/quota_enforcement.py:53}}
Nov 02 13:01:20.726362 dv-neutron-863281-1-hyperv neutron-server[116585]: DEBUG neutron_lib.callbacks.manager [None req-84f6c4ca-061a-4ac4-8b3c-b15135301054 tempest-AllowedAddressPairIpV6TestJSON-1523063710 tempest-AllowedAddressPairIpV6TestJSON-1523063710-project] Publish callbacks ['neutron.plugins.ml2.plugin.SecurityGroupDbMixin._ensure_default_security_group_handler-620427'] for port (None), before_create {{(pid=116585) _notify_loop /usr/local/lib/python3.8/dist-packages/neutron_lib/callbacks/manager.py:176}}
Nov 02 13:01:20.749698 dv-neutron-863281-1-hyperv neutron-server[116586]: DEBUG neutron.plugins.ml2.plugin [None req-c561b999-3e0f-404e-8c53-c7eb34aeaf36 None None] Port 0884dfe1-59f7-41b3-955f-24c7a49fa4b5 cannot update to ACTIVE because it is not bound. {{(pid=116586) _port_provisioned /opt/stack/neutron/neutron/plugins/ml2/plugin.py:356}}
Nov 02 13:01:20.765243 dv-neutron-863281-1-hyperv neutron-server[116585]: DEBUG neutron.notifiers.nova [None req-84f6c4ca-061a-4ac4-8b3c-b15135301054 tempest-AllowedAddressPairIpV6TestJSON-1523063710 tempest-AllowedAddressPairIpV6TestJSON-1523063710-project] device_id is not set on port 2bc30baa-c0e8-4be3-8d99-01a75ef57708 yet. {{(pid=116585) _can_notify /opt/stack/neutron/neutron/notifiers/nova.py:201}}
Nov 02 13:01:20.838499 dv-neutron-863281-1-hyperv neutron-server[116586]: DEBUG neutron.db.l3_dvrscheduler_db [None req-bd6136cb-6084-4231-9e9c-0034c4fbc31d None None] Routers {'68d70f45-5d0e-44c0-bbd2-6e78afeafc7b'} bound to L3 agent in host dv-neutron-863281-1-hyperv {{(pid=116586) _get_router_ids_for_agent /opt/stack/neutron/neutron/db/l3_dvrscheduler_db.py:420}}
Nov 02 13:01:20.844395 dv-neutron-863281-1-hyperv neutron-server[116586]: DEBUG neutron.db.l3_hamode_db [None req-bd6136cb-6084-4231-9e9c-0034c4fbc31d None None] neutron.services.l3_router.l3_router_plugin.L3RouterPlugin method get_ha_sync_data_for_host called with arguments (, 'dv-neutron-863281-1-hyperv', Agent(admin_state_up=True,agent_type='L3 agent',availability_zone='nova',binary='neutron-l3-agent',configurations={"agent_mode": "legacy", "ex_gw_ports": 1, "extensions": [], "floating_ips": 0, "handle_internal_only_routers": true, "interface_driver": "openvswitch", "interfaces": 1, "log_agent_heartbeats": false, "routers": 1},created_at=2022-11-02T12:52:30Z,description=,heartbeat_timestamp=2022-11-02T13:01:00Z,host='dv-neutron-863281-1-hyperv',id=b2a227c7-91ec-49dc-a31b-1988f4ba7f6b,load=0,resource_versions=,resources_synced=,started_at=2022-11-02T12:52:30Z,topic='l3_agent')) {'router_ids': ['68d70f45-5d0e-44c0-bbd2-6e78afeafc7b'], 'active': True} {{(pid=116586) wrapper /usr/local/lib/python3.8/dist-packages/oslo_log/helpers.py:65}}
Nov 02 13:01:20.899479 dv-neutron-863281-1-hyperv neutron-server[116584]: DEBUG neutron.scheduler.dhcp_agent_scheduler [None req-9073b25c-6db7-48e9-8b19-5fbf44bbc2ba tempest-ExternalNetworksTestJSON-1684080274 tempest-ExternalNetworksTestJSON-1684080274-project-admin] Network ed3e8f54-1ffa-40f1-80a4-9f05f8e49b68 is scheduled to be hosted by DHCP agent 47b09a61-787b-4586-b793-d008ce90ce69 with binding_index 1 {{(pid=116584) bind /opt/stack/neutron/neutron/scheduler/dhcp_agent_scheduler.py:227}}
Nov 02 13:01:20.953899 dv-neutron-863281-1-hyperv neutron-server[116584]: DEBUG neutron.pecan_wsgi.hooks.quota_enforcement [None req-d5020f9b-47c9-464b-b9d8-fd00f91bbd46 tempest-RoutersIpV6AdminTest-1095974474 tempest-RoutersIpV6AdminTest-1095974474-project-admin] Made reservation on behalf of 0c57395738f6441f885f7874656c73f6 for: {'network': 1} {{(pid=116584) before /opt/stack/neutron/neutron/pecan_wsgi/hooks/quota_enforcement.py:53}}
Nov 02 13:01:20.956483 dv-neutron-863281-1-hyperv neutron-server[116584]: DEBUG neutron_lib.callbacks.manager [None req-d5020f9b-47c9-464b-b9d8-fd00f91bbd46 tempest-RoutersIpV6AdminTest-1095974474 tempest-RoutersIpV6AdminTest-1095974474-project-admin] Publish callbacks ['neutron.plugins.ml2.plugin.SecurityGroupDbMixin._ensure_default_security_group_handler-620427'] for network (None), before_create {{(pid=116584) _notify_loop /usr/local/lib/python3.8/dist-packages/neutron_lib/callbacks/manager.py:176}}
Nov 02 13:01:20.964140 dv-neutron-863281-1-hyperv neutron-server[116586]: DEBUG neutron.db.provisioning_blocks [None req-fae7ddb6-32b9-47fa-9215-fef33ee398f8 None None] Provisioning complete for port 56b6f8b5-abf9-4920-8f2b-2bd12f088116 triggered by entity L2. {{(pid=116586) provisioning_complete /opt/stack/neutron/neutron/db/provisioning_blocks.py:141}}
Nov 02 13:01:20.964684 dv-neutron-863281-1-hyperv neutron-server[116586]: DEBUG neutron_lib.callbacks.manager [None req-fae7ddb6-32b9-47fa-9215-fef33ee398f8 None None] Publish callbacks ['neutron.plugins.ml2.plugin.Ml2Plugin._port_provisioned-806733'] for port (56b6f8b5-abf9-4920-8f2b-2bd12f088116), provisioning_complete {{(pid=116586) _notify_loop /usr/local/lib/python3.8/dist-packages/neutron_lib/callbacks/manager.py:176}}
Nov 02 13:01:20.965206 dv-neutron-863281-1-hyperv neutron-server[116586]: INFO neutron.plugins.ml2.plugin [None req-fae7ddb6-32b9-47fa-9215-fef33ee398f8 None None] Attempt 1 to provision port 56b6f8b5-abf9-4920-8f2b-2bd12f088116
Nov 02 13:01:20.983689 dv-neutron-863281-1-hyperv neutron-server[116584]: DEBUG neutron_lib.callbacks.manager [None req-d5020f9b-47c9-464b-b9d8-fd00f91bbd46 tempest-RoutersIpV6AdminTest-1095974474 tempest-RoutersIpV6AdminTest-1095974474-project-admin] Publish callbacks [] for security_group (None), before_create {{(pid=116584) _notify_loop /usr/local/lib/python3.8/dist-packages/neutron_lib/callbacks/manager.py:176}}
Nov 02 13:01:21.082235 dv-neutron-863281-1-hyperv neutron-server[116584]: DEBUG neutron.scheduler.base_scheduler [None req-9073b25c-6db7-48e9-8b19-5fbf44bbc2ba tempest-ExternalNetworksTestJSON-1684080274 tempest-ExternalNetworksTestJSON-1684080274-project-admin] Resources bound (agent type, host, resource id): (DHCP agent, dv-neutron-863281-1-hyperv, ed3e8f54-1ffa-40f1-80a4-9f05f8e49b68) {{(pid=116584) schedule /opt/stack/neutron/neutron/scheduler/base_scheduler.py:57}}
Nov 02 13:01:21.091585 dv-neutron-863281-1-hyperv neutron-server[116584]: DEBUG neutron.pecan_wsgi.hooks.policy_enforcement [None req-9073b25c-6db7-48e9-8b19-5fbf44bbc2ba tempest-ExternalNetworksTestJSON-1684080274 tempest-ExternalNetworksTestJSON-1684080274-project-admin] Attributes excluded by policy engine: ['standard_attr_id', 'shared', 'segment_id', 'network'] {{(pid=116584) _exclude_attributes_by_policy /opt/stack/neutron/neutron/pecan_wsgi/hooks/policy_enforcement.py:259}}
Nov 02 13:01:21.092545 dv-neutron-863281-1-hyperv neutron-server[116584]: DEBUG neutron_lib.callbacks.manager [None req-9073b25c-6db7-48e9-8b19-5fbf44bbc2ba tempest-ExternalNetworksTestJSON-1684080274 tempest-ExternalNetworksTestJSON-1684080274-project-admin] Publish callbacks ['neutron.api.rpc.agentnotifiers.dhcp_rpc_agent_api.DhcpAgentNotifyAPI._send_dhcp_notification-1703754'] for subnet (None), before_response {{(pid=116584) _notify_loop /usr/local/lib/python3.8/dist-packages/neutron_lib/callbacks/manager.py:176}}
Nov 02 13:01:21.098835 dv-neutron-863281-1-hyperv neutron-server[116585]: DEBUG neutron.db.db_base_plugin_common [None req-84f6c4ca-061a-4ac4-8b3c-b15135301054 tempest-AllowedAddressPairIpV6TestJSON-1523063710 tempest-AllowedAddressPairIpV6TestJSON-1523063710-project] Allocated IP 2001:db8::14a (50ff3527-72d5-4b3c-bbb9-7498c20e4cc1/d917b2ef-b9c3-4a8f-81dd-9d6ef4030cac/2bc30baa-c0e8-4be3-8d99-01a75ef57708) {{(pid=116585) _store_ip_allocation /opt/stack/neutron/neutron/db/db_base_plugin_common.py:131}}
Nov 02 13:01:21.103551 dv-neutron-863281-1-hyperv neutron-server[116586]: DEBUG neutron.api.rpc.handlers.dhcp_rpc [None req-b2152f6d-0e2e-46a4-9bc7-a48547152331 None None] Network ed3e8f54-1ffa-40f1-80a4-9f05f8e49b68 requested from dv-neutron-863281-1-hyperv {{(pid=116586) get_network_info /opt/stack/neutron/neutron/api/rpc/handlers/dhcp_rpc.py:191}}
Nov 02 13:01:21.214137 dv-neutron-863281-1-hyperv neutron-server[116586]: DEBUG neutron.db.l3_dvr_db [None req-bd6136cb-6084-4231-9e9c-0034c4fbc31d None None] Set router 68d70f45-5d0e-44c0-bbd2-6e78afeafc7b gateway port host: dv-neutron-863281-1-hyperv {{(pid=116586) _build_routers_list /opt/stack/neutron/neutron/db/l3_dvr_db.py:906}}
Nov 02 13:01:21.257821 dv-neutron-863281-1-hyperv neutron-server[116584]: INFO neutron.wsgi [None req-9073b25c-6db7-48e9-8b19-5fbf44bbc2ba tempest-ExternalNetworksTestJSON-1684080274 tempest-ExternalNetworksTestJSON-1684080274-project-admin] 10.222.0.79 "POST /v2.0/subnets HTTP/1.1" status: 201 len: 802 time: 4.8976140
Nov 02 13:01:21.258174 dv-neutron-863281-1-hyperv neutron-server[116585]: DEBUG neutron.wsgi [-] (116585) accepted ('10.222.0.79', 57760) {{(pid=116585) server /usr/local/lib/python3.8/dist-packages/eventlet/wsgi.py:1004}}
Nov 02 13:01:21.276749 dv-neutron-863281-1-hyperv neutron-server[116587]: DEBUG neutron_lib.callbacks.manager [None req-2874e5a3-6392-4cfb-9ce5-0b4b4444c945 None None] Publish callbacks [] for port (ec9a2b08-446a-4590-8d02-4da97d3d967e), precommit_update {{(pid=116587) _notify_loop /usr/local/lib/python3.8/dist-packages/neutron_lib/callbacks/manager.py:176}}
Nov 02 13:01:21.282886 dv-neutron-863281-1-hyperv neutron-server[116585]: DEBUG neutron.api.v2.base [None req-4bebed3b-33d8-472a-9192-aaa9f2af5240 tempest-ExternalNetworksTestJSON-1684080274 tempest-ExternalNetworksTestJSON-1684080274-project-admin] Request body: {'floatingip': {'floating_network_id': 'ed3e8f54-1ffa-40f1-80a4-9f05f8e49b68'}} {{(pid=116585) prepare_request_body /opt/stack/neutron/neutron/api/v2/base.py:730}}
Nov 02 13:01:21.307545 dv-neutron-863281-1-hyperv neutron-server[116586]: INFO neutron.plugins.ml2.plugin [None req-c561b999-3e0f-404e-8c53-c7eb34aeaf36 None None] Attempt 10 to provision port 0884dfe1-59f7-41b3-955f-24c7a49fa4b5
Nov 02 13:01:21.323208 dv-neutron-863281-1-hyperv neutron-server[116584]: DEBUG neutron.wsgi [-] (116584) accepted ('10.222.0.79', 57762) {{(pid=116584) server /usr/local/lib/python3.8/dist-packages/eventlet/wsgi.py:1004}}
Nov 02 13:01:21.357062 dv-neutron-863281-1-hyperv neutron-server[116586]: DEBUG neutron.plugins.ml2.plugin [None req-fae7ddb6-32b9-47fa-9215-fef33ee398f8 None None] Current status of the port 56b6f8b5-abf9-4920-8f2b-2bd12f088116 is: ACTIVE; New status is: ACTIVE {{(pid=116586) _update_individual_port_db_status /opt/stack/neutron/neutron/plugins/ml2/plugin.py:2297}}
Nov 02 13:01:21.367399 dv-neutron-863281-1-hyperv neutron-server[116587]: DEBUG neutron_lib.callbacks.manager [None req-2874e5a3-6392-4cfb-9ce5-0b4b4444c945 None None] Publish callbacks ['neutron.plugins.ml2.plugin.SecurityGroupServerNotifierRpcMixin._notify_sg_on_port_change-619547', 'neutron.plugins.ml2.ovo_rpc._ObjectChangeHandler.handle_event-319670', 'neutron.api.rpc.agentnotifiers.dhcp_rpc_agent_api.DhcpAgentNotifyAPI._native_event_send_dhcp_notification-1703800', 'neutron.db.l3_db.L3RpcNotifierMixin._notify_gateway_port_ip_changed-8738739355796', 'neutron.db.l3_dvrscheduler_db._notify_l3_agent_port_update-8738738815263', 'neutron.db.l3_hascheduler_db._notify_l3_agent_ha_port_update-8738738815281'] for port (ec9a2b08-446a-4590-8d02-4da97d3d967e), after_update {{(pid=116587) _notify_loop /usr/local/lib/python3.8/dist-packages/neutron_lib/callbacks/manager.py:176}}
Nov 02 13:01:21.440852 dv-neutron-863281-1-hyperv neutron-server[116585]: DEBUG neutron_lib.callbacks.manager [None req-4bebed3b-33d8-472a-9192-aaa9f2af5240 tempest-ExternalNetworksTestJSON-1684080274 tempest-ExternalNetworksTestJSON-1684080274-project-admin] Publish callbacks [] for floatingip (None), before_create {{(pid=116585) _notify_loop /usr/local/lib/python3.8/dist-packages/neutron_lib/callbacks/manager.py:176}}
Nov 02 13:01:21.470161 dv-neutron-863281-1-hyperv neutron-server[116587]: DEBUG neutron.plugins.ml2.managers [None req-2874e5a3-6392-4cfb-9ce5-0b4b4444c945 None None] Attempting to bind port ec9a2b08-446a-4590-8d02-4da97d3d967e on host dv-neutron-863281-1-hyperv for vnic_type normal with profile {{(pid=116587) bind_port /opt/stack/neutron/neutron/plugins/ml2/managers.py:811}}
Nov 02 13:01:21.470558 dv-neutron-863281-1-hyperv neutron-server[116587]: DEBUG neutron.plugins.ml2.managers [None req-2874e5a3-6392-4cfb-9ce5-0b4b4444c945 None None] Attempting to bind port ec9a2b08-446a-4590-8d02-4da97d3d967e by drivers openvswitch,hyperv on host dv-neutron-863281-1-hyperv at level 0 using segments [{'id': 'bb2723da-ffb2-49bf-9573-3b6da5c3c995', 'network_type': 'flat', 'physical_network': 'physnet1', 'segmentation_id': None, 'network_id': '08d22a8e-0b50-4854-9420-bc1e2cfab988'}] {{(pid=116587) _bind_port_level /opt/stack/neutron/neutron/plugins/ml2/managers.py:836}}
Nov 02 13:01:21.472660 dv-neutron-863281-1-hyperv neutron-server[116587]: DEBUG neutron.plugins.ml2.drivers.mech_agent [None req-2874e5a3-6392-4cfb-9ce5-0b4b4444c945 None None] Attempting to bind port ec9a2b08-446a-4590-8d02-4da97d3d967e on network 08d22a8e-0b50-4854-9420-bc1e2cfab988 {{(pid=116587) bind_port /opt/stack/neutron/neutron/plugins/ml2/drivers/mech_agent.py:91}}
Nov 02 13:01:21.485207 dv-neutron-863281-1-hyperv neutron-server[116584]: DEBUG neutron_lib.callbacks.manager [None req-db0f9469-f810-4245-8bb6-f45e4934182e admin admin] Publish callbacks [] for security_group (None), before_create {{(pid=116584) _notify_loop /usr/local/lib/python3.8/dist-packages/neutron_lib/callbacks/manager.py:176}}
Nov 02 13:01:21.497954 dv-neutron-863281-1-hyperv neutron-server[116587]: DEBUG neutron.plugins.ml2.drivers.mech_agent [None req-2874e5a3-6392-4cfb-9ce5-0b4b4444c945 None None] Checking agent: {'id': 'c200eb0b-a277-4ff0-bed9-6d691dc201fc', 'agent_type': 'Open vSwitch agent', 'binary': 'neutron-openvswitch-agent', 'topic': 'N/A', 'host': 'dv-neutron-863281-1-hyperv', 'admin_state_up': True, 'created_at': datetime.datetime(2022, 11, 2, 12, 52, 33), 'started_at': datetime.datetime(2022, 11, 2, 12, 53, 3), 'heartbeat_timestamp': datetime.datetime(2022, 11, 2, 13, 1, 3), 'description': None, 'resources_synced': None, 'availability_zone': None, 'alive': True, 'configurations': {'arp_responder_enabled': False, 'baremetal_smartnic': False, 'bridge_mappings': {'physnet1': 'br-data'}, 'datapath_type': 'system', 'devices': 0, 'enable_distributed_routing': False, 'extensions': [], 'in_distributed_mode': False, 'integration_bridge': 'br-int', 'l2_population': False, 'log_agent_heartbeats': False, 'ovs_capabilities': {'datapath_types': ['netdev', 'system'], 'iface_types': ['erspan', 'geneve', 'gre', 'internal', 'ip6erspan', 'ip6gre', 'lisp', 'patch', 'stt', 'system', 'tap', 'vxlan']}, 'ovs_hybrid_plug': False, 'resource_provider_bandwidths': {}, 'resource_provider_hypervisors': {'br-data': 'dv-neutron-863281-1-hyperv'}, 'resource_provider_inventory_defaults': {'allocation_ratio': 1.0, 'min_unit': 1, 'step_size': 1, 'reserved': 0}, 'resource_provider_packet_processing_inventory_defaults': {'allocation_ratio': 1.0, 'min_unit': 1, 'step_size': 1, 'reserved': 0}, 'resource_provider_packet_processing_with_direction': {}, 'resource_provider_packet_processing_without_direction': {}, 'tunnel_types': [], 'tunneling_ip': None, 'vhostuser_socket_dir': '/var/run/openvswitch'}, 'resource_versions': {'AddressGroup': '1.2', 'ConntrackHelper': '1.0', 'LocalIPAssociation': '1.0', 'Log': '1.0', 'Network': '1.1', 'Port': '1.7', 'PortForwarding': '1.2', 'QosPolicy': '1.10', 'SecurityGroup': '1.5', 'SecurityGroupRule': '1.2', 'SubPort': '1.0', 'Subnet': '1.1', 'Trunk': '1.1'}} {{(pid=116587) bind_port /opt/stack/neutron/neutron/plugins/ml2/drivers/mech_agent.py:110}}
Nov 02 13:01:21.506736 dv-neutron-863281-1-hyperv neutron-server[116587]: DEBUG neutron.plugins.ml2.drivers.mech_agent [None req-2874e5a3-6392-4cfb-9ce5-0b4b4444c945 None None] Checking segment: {'id': 'bb2723da-ffb2-49bf-9573-3b6da5c3c995', 'network_type': 'flat', 'physical_network': 'physnet1', 'segmentation_id': None, 'network_id': '08d22a8e-0b50-4854-9420-bc1e2cfab988'} for mappings: {'physnet1': 'br-data'} with network types: ['local', 'flat', 'vlan'] {{(pid=116587) check_segment_for_agent /opt/stack/neutron/neutron/plugins/ml2/drivers/mech_agent.py:373}}
Nov 02 13:01:21.507037 dv-neutron-863281-1-hyperv neutron-server[116586]: DEBUG neutron.plugins.ml2.plugin [None req-c561b999-3e0f-404e-8c53-c7eb34aeaf36 None None] Port 0884dfe1-59f7-41b3-955f-24c7a49fa4b5 cannot update to ACTIVE because it is not bound. {{(pid=116586) _port_provisioned /opt/stack/neutron/neutron/plugins/ml2/plugin.py:356}}
Nov 02 13:01:21.507170 dv-neutron-863281-1-hyperv neutron-server[116587]: DEBUG neutron_lib.callbacks.manager [None req-2874e5a3-6392-4cfb-9ce5-0b4b4444c945 None None] Publish callbacks [] for ovs_bridge_name (None), before_read {{(pid=116587) _notify_loop /usr/local/lib/python3.8/dist-packages/neutron_lib/callbacks/manager.py:176}}
Nov 02 13:01:21.511736 dv-neutron-863281-1-hyperv neutron-server[116587]: DEBUG neutron.plugins.ml2.drivers.mech_agent [None req-2874e5a3-6392-4cfb-9ce5-0b4b4444c945 None None] Bound using segment: {'id': 'bb2723da-ffb2-49bf-9573-3b6da5c3c995', 'network_type': 'flat', 'physical_network': 'physnet1', 'segmentation_id': None, 'network_id': '08d22a8e-0b50-4854-9420-bc1e2cfab988'} {{(pid=116587) bind_port /opt/stack/neutron/neutron/plugins/ml2/drivers/mech_agent.py:120}}
Nov 02 13:01:21.512297 dv-neutron-863281-1-hyperv neutron-server[116587]: DEBUG neutron.plugins.ml2.managers [None req-2874e5a3-6392-4cfb-9ce5-0b4b4444c945 None None] Bound port: ec9a2b08-446a-4590-8d02-4da97d3d967e, host: dv-neutron-863281-1-hyperv, vif_type: ovs, vif_details: {"connectivity": "l2", "port_filter": true, "ovs_hybrid_plug": false, "datapath_type": "system", "bridge_name": "br-int"}, binding_levels: [{'bound_driver': 'openvswitch', 'bound_segment': {'id': 'bb2723da-ffb2-49bf-9573-3b6da5c3c995', 'network_type': 'flat', 'physical_network': 'physnet1', 'segmentation_id': None, 'network_id': '08d22a8e-0b50-4854-9420-bc1e2cfab988'}}] {{(pid=116587) _bind_port_level /opt/stack/neutron/neutron/plugins/ml2/managers.py:948}}
Nov 02 13:01:21.513153 dv-neutron-863281-1-hyperv neutron-server[116587]: DEBUG neutron_lib.callbacks.manager [None req-2874e5a3-6392-4cfb-9ce5-0b4b4444c945 None None] Publish callbacks ['neutron.plugins.ml2.plugin.SecurityGroupDbMixin._ensure_default_security_group_handler-620427'] for port (ec9a2b08-446a-4590-8d02-4da97d3d967e), before_update {{(pid=116587) _notify_loop /usr/local/lib/python3.8/dist-packages/neutron_lib/callbacks/manager.py:176}}
Nov 02 13:01:21.541703 dv-neutron-863281-1-hyperv neutron-server[116585]: DEBUG neutron_lib.callbacks.manager [None req-84f6c4ca-061a-4ac4-8b3c-b15135301054 tempest-AllowedAddressPairIpV6TestJSON-1523063710 tempest-AllowedAddressPairIpV6TestJSON-1523063710-project] Publish callbacks [] for port (2bc30baa-c0e8-4be3-8d99-01a75ef57708), precommit_create {{(pid=116585) _notify_loop /usr/local/lib/python3.8/dist-packages/neutron_lib/callbacks/manager.py:176}}
Nov 02 13:01:21.562735 dv-neutron-863281-1-hyperv neutron-server[116587]: DEBUG neutron.api.rpc.handlers.resources_rpc [None req-113c56cd-79c5-4391-bb95-040ac8591af6 None None] Pushing event updated for resources: {'Port': ['ID=ec9a2b08-446a-4590-8d02-4da97d3d967e,revision_number=2']} {{(pid=116587) push /opt/stack/neutron/neutron/api/rpc/handlers/resources_rpc.py:237}}
Nov 02 13:01:21.563552 dv-neutron-863281-1-hyperv neutron-server[116586]: DEBUG neutron.api.rpc.handlers.dhcp_rpc [None req-4869f1e0-30c7-40fa-8110-1b034e51aad2 None None] Network ed3e8f54-1ffa-40f1-80a4-9f05f8e49b68 requested from dv-neutron-863281-1-hyperv {{(pid=116586) get_network_info /opt/stack/neutron/neutron/api/rpc/handlers/dhcp_rpc.py:191}}
Nov 02 13:01:21.621453 dv-neutron-863281-1-hyperv neutron-server[116587]: DEBUG neutron.plugins.ml2.db [None req-2874e5a3-6392-4cfb-9ce5-0b4b4444c945 None None] For port ec9a2b08-446a-4590-8d02-4da97d3d967e, host dv-neutron-863281-1-hyperv, cleared binding levels {{(pid=116587) clear_binding_levels /opt/stack/neutron/neutron/plugins/ml2/db.py:87}}
Nov 02 13:01:21.624777 dv-neutron-863281-1-hyperv neutron-server[116585]: DEBUG neutron.wsgi [-] (116585) accepted ('10.222.0.79', 57768) {{(pid=116585) server /usr/local/lib/python3.8/dist-packages/eventlet/wsgi.py:1004}}
Nov 02 13:01:21.626737 dv-neutron-863281-1-hyperv neutron-server[116587]: DEBUG neutron.plugins.ml2.db [None req-2874e5a3-6392-4cfb-9ce5-0b4b4444c945 None None] For port ec9a2b08-446a-4590-8d02-4da97d3d967e, host dv-neutron-863281-1-hyperv, set binding levels [PortBindingLevel(driver='openvswitch',host='dv-neutron-863281-1-hyperv',level=0,port_id=ec9a2b08-446a-4590-8d02-4da97d3d967e,segment=NetworkSegment(bb2723da-ffb2-49bf-9573-3b6da5c3c995),segment_id=bb2723da-ffb2-49bf-9573-3b6da5c3c995)] {{(pid=116587) set_binding_levels /opt/stack/neutron/neutron/plugins/ml2/db.py:59}}
Nov 02 13:01:21.647361 dv-neutron-863281-1-hyperv neutron-server[116585]: DEBUG neutron_lib.callbacks.manager [None req-c3fa6917-06d7-4c0b-a755-ccb3d768f219 admin admin] Publish callbacks [] for security_group (None), before_create {{(pid=116585) _notify_loop /usr/local/lib/python3.8/dist-packages/neutron_lib/callbacks/manager.py:176}}
Nov 02 13:01:21.683323 dv-neutron-863281-1-hyperv neutron-server[116584]: DEBUG neutron_lib.callbacks.manager [None req-686032c7-37a9-4620-87d2-c2bc1415a63c admin admin] Publish callbacks [] for port (2e854b25-01c5-4c72-8cea-c9846db46ca1), precommit_update {{(pid=116584) _notify_loop /usr/local/lib/python3.8/dist-packages/neutron_lib/callbacks/manager.py:176}}
Nov 02 13:01:21.706593 dv-neutron-863281-1-hyperv neutron-server[116587]: DEBUG neutron_lib.callbacks.manager [None req-2874e5a3-6392-4cfb-9ce5-0b4b4444c945 None None] Publish callbacks ['neutron.plugins.ml2.plugin.SecurityGroupServerNotifierRpcMixin._notify_sg_on_port_change-619547', 'neutron.plugins.ml2.ovo_rpc._ObjectChangeHandler.handle_event-319670', 'neutron.api.rpc.agentnotifiers.dhcp_rpc_agent_api.DhcpAgentNotifyAPI._native_event_send_dhcp_notification-1703800', 'neutron.db.l3_db.L3RpcNotifierMixin._notify_gateway_port_ip_changed-8738739355796', 'neutron.db.l3_dvrscheduler_db._notify_l3_agent_port_update-8738738815263', 'neutron.db.l3_hascheduler_db._notify_l3_agent_ha_port_update-8738738815281'] for port (ec9a2b08-446a-4590-8d02-4da97d3d967e), after_update {{(pid=116587) _notify_loop /usr/local/lib/python3.8/dist-packages/neutron_lib/callbacks/manager.py:176}}
Nov 02 13:01:21.709816 dv-neutron-863281-1-hyperv neutron-server[116585]: DEBUG neutron_lib.callbacks.manager [None req-4bebed3b-33d8-472a-9192-aaa9f2af5240 tempest-ExternalNetworksTestJSON-1684080274 tempest-ExternalNetworksTestJSON-1684080274-project-admin] Publish callbacks ['neutron.plugins.ml2.plugin.SecurityGroupDbMixin._ensure_default_security_group_handler-620427'] for port (None), before_create {{(pid=116585) _notify_loop /usr/local/lib/python3.8/dist-packages/neutron_lib/callbacks/manager.py:176}}
Nov 02 13:01:21.712235 dv-neutron-863281-1-hyperv neutron-server[116586]: DEBUG neutron.db.provisioning_blocks [None req-707f1bff-f132-4615-9433-e4fe61e0fa5d None None] Provisioning complete for port 7e070660-5cc6-4429-8038-b00b56f90b1d triggered by entity DHCP. {{(pid=116586) provisioning_complete /opt/stack/neutron/neutron/db/provisioning_blocks.py:141}}
Nov 02 13:01:21.718490 dv-neutron-863281-1-hyperv neutron-server[116586]: DEBUG neutron_lib.callbacks.manager [None req-707f1bff-f132-4615-9433-e4fe61e0fa5d None None] Publish callbacks ['neutron.plugins.ml2.plugin.Ml2Plugin._port_provisioned-806733'] for port (7e070660-5cc6-4429-8038-b00b56f90b1d), provisioning_complete {{(pid=116586) _notify_loop /usr/local/lib/python3.8/dist-packages/neutron_lib/callbacks/manager.py:176}}
Nov 02 13:01:21.718490 dv-neutron-863281-1-hyperv neutron-server[116586]: INFO neutron.plugins.ml2.plugin [None req-707f1bff-f132-4615-9433-e4fe61e0fa5d None None] Attempt 1 to provision port 7e070660-5cc6-4429-8038-b00b56f90b1d
Nov 02 13:01:21.812555 dv-neutron-863281-1-hyperv neutron-server[116586]: DEBUG neutron.plugins.ml2.plugin [None req-707f1bff-f132-4615-9433-e4fe61e0fa5d None None] Port 7e070660-5cc6-4429-8038-b00b56f90b1d cannot update to ACTIVE because it is not bound. {{(pid=116586) _port_provisioned /opt/stack/neutron/neutron/plugins/ml2/plugin.py:356}}
Nov 02 13:01:21.822398 dv-neutron-863281-1-hyperv neutron-server[116587]: DEBUG neutron.api.rpc.handlers.resources_rpc [None req-113c56cd-79c5-4391-bb95-040ac8591af6 None None] Pushing event updated for resources: {'Port': ['ID=ec9a2b08-446a-4590-8d02-4da97d3d967e,revision_number=3']} {{(pid=116587) push /opt/stack/neutron/neutron/api/rpc/handlers/resources_rpc.py:237}}
Nov 02 13:01:21.834119 dv-neutron-863281-1-hyperv neutron-server[116585]: DEBUG neutron.db.db_base_plugin_common [None req-4bebed3b-33d8-472a-9192-aaa9f2af5240 tempest-ExternalNetworksTestJSON-1684080274 tempest-ExternalNetworksTestJSON-1684080274-project-admin] Allocated IP 172.20.0.7 (ed3e8f54-1ffa-40f1-80a4-9f05f8e49b68/893a9db3-d4fe-4665-9ed7-a7faaa8ddd66/53b2877f-54ba-484c-b171-4a958bca4c09) {{(pid=116585) _store_ip_allocation /opt/stack/neutron/neutron/db/db_base_plugin_common.py:131}}
Nov 02 13:01:21.839172 dv-neutron-863281-1-hyperv neutron-server[116584]: DEBUG neutron_lib.callbacks.manager [None req-d5020f9b-47c9-464b-b9d8-fd00f91bbd46 tempest-RoutersIpV6AdminTest-1095974474 tempest-RoutersIpV6AdminTest-1095974474-project-admin] Publish callbacks [] for security_group (2289e35b-182c-4374-ad97-d0cd27afe480), precommit_create {{(pid=116584) _notify_loop /usr/local/lib/python3.8/dist-packages/neutron_lib/callbacks/manager.py:176}}
Nov 02 13:01:21.845061 dv-neutron-863281-1-hyperv neutron-server[116584]: DEBUG neutron_lib.callbacks.manager [None req-686032c7-37a9-4620-87d2-c2bc1415a63c admin admin] Publish callbacks ['neutron.plugins.ml2.plugin.SecurityGroupServerNotifierRpcMixin._notify_sg_on_port_change-619547', 'neutron.plugins.ml2.ovo_rpc._ObjectChangeHandler.handle_event-319670', 'neutron.api.rpc.agentnotifiers.dhcp_rpc_agent_api.DhcpAgentNotifyAPI._native_event_send_dhcp_notification-1703800', 'neutron.db.l3_db.L3RpcNotifierMixin._notify_gateway_port_ip_changed-8738739355796', 'neutron.db.l3_dvrscheduler_db._notify_l3_agent_port_update-8738738815263', 'neutron.db.l3_hascheduler_db._notify_l3_agent_ha_port_update-8738738815281', 'neutron.services.segments.plugin.NovaSegmentNotifier._notify_port_updated-3633180'] for port (2e854b25-01c5-4c72-8cea-c9846db46ca1), after_update {{(pid=116584) _notify_loop /usr/local/lib/python3.8/dist-packages/neutron_lib/callbacks/manager.py:176}}
