Nov 02 13:04:00.893337 dv-neutron-863279-1-hyperv neutron-server[111913]: DEBUG neutron_lib.callbacks.manager [None req-5b76fbb6-f3a5-43b1-b391-7b3fe41b4ef8 admin admin] Publish callbacks ['neutron.plugins.ml2.plugin.SecurityGroupServerNotifierRpcMixin._notify_sg_on_port_change-7984913', 'neutron.plugins.ml2.ovo_rpc._ObjectChangeHandler.handle_event-189112', 'neutron.api.rpc.agentnotifiers.dhcp_rpc_agent_api.DhcpAgentNotifyAPI._native_event_send_dhcp_notification-617334', 'neutron.db.l3_dvrscheduler_db._notify_l3_agent_new_port-8790324804078'] for port (1b0da3b2-3cc2-41fb-85d3-ae3f05f3e82c), after_create {{(pid=111913) _notify_loop /usr/local/lib/python3.8/dist-packages/neutron_lib/callbacks/manager.py:176}}
Nov 02 13:04:00.920221 dv-neutron-863279-1-hyperv neutron-server[111915]: DEBUG neutron.db.provisioning_blocks [None req-6f2d08d0-6d13-4a33-b3df-12fe091cce3d None None] Provisioning complete for port 784b8c78-a58f-427b-bb88-09edd91aff41 triggered by entity L2. {{(pid=111915) provisioning_complete /opt/stack/neutron/neutron/db/provisioning_blocks.py:141}}
Nov 02 13:04:00.920613 dv-neutron-863279-1-hyperv neutron-server[111915]: DEBUG neutron_lib.callbacks.manager [None req-6f2d08d0-6d13-4a33-b3df-12fe091cce3d None None] Publish callbacks ['neutron.plugins.ml2.plugin.Ml2Plugin._port_provisioned-7969607'] for port (784b8c78-a58f-427b-bb88-09edd91aff41), provisioning_complete {{(pid=111915) _notify_loop /usr/local/lib/python3.8/dist-packages/neutron_lib/callbacks/manager.py:176}}
Nov 02 13:04:00.920966 dv-neutron-863279-1-hyperv neutron-server[111915]: INFO neutron.plugins.ml2.plugin [None req-6f2d08d0-6d13-4a33-b3df-12fe091cce3d None None] Attempt 1 to provision port 784b8c78-a58f-427b-bb88-09edd91aff41
Nov 02 13:04:01.044778 dv-neutron-863279-1-hyperv neutron-server[111914]: DEBUG neutron.wsgi [-] (111914) accepted ('10.222.0.97', 49086) {{(pid=111914) server /usr/local/lib/python3.8/dist-packages/eventlet/wsgi.py:1004}}
Nov 02 13:04:01.049947 dv-neutron-863279-1-hyperv neutron-server[111914]: DEBUG neutron.api.rpc.agentnotifiers.l3_rpc_agent_api [None req-4b72b5a1-8bd2-4f73-b2a1-293f8b0db853 admin admin] Notify agent at l3_agent.dv-neutron-863279-1-hyperv the message routers_updated {{(pid=111914) _agent_notification /opt/stack/neutron/neutron/api/rpc/agentnotifiers/l3_rpc_agent_api.py:65}}
Nov 02 13:04:01.062726 dv-neutron-863279-1-hyperv neutron-server[111913]: DEBUG neutron.scheduler.dhcp_agent_scheduler [None req-5b76fbb6-f3a5-43b1-b391-7b3fe41b4ef8 admin admin] Network ad765d97-f350-498c-9883-31dccb6d8e25 is already hosted by enough agents. {{(pid=111913) _get_dhcp_agents_hosting_network /opt/stack/neutron/neutron/scheduler/dhcp_agent_scheduler.py:275}}
Nov 02 13:04:01.062882 dv-neutron-863279-1-hyperv neutron-server[111914]: DEBUG neutron_lib.callbacks.manager [None req-76b23845-08f1-4d48-9795-533e306f4881 tempest-QuotasNegativeTest-819100198 tempest-QuotasNegativeTest-819100198-project-admin] Publish callbacks ['neutron.plugins.ml2.ovo_rpc._ObjectChangeHandler.handle_event-491601'] for security_group (5387ca47-65f7-4139-af66-899848a0152d), after_delete {{(pid=111914) _notify_loop /usr/local/lib/python3.8/dist-packages/neutron_lib/callbacks/manager.py:176}}
Nov 02 13:04:01.064512 dv-neutron-863279-1-hyperv neutron-server[111913]: DEBUG neutron.api.rpc.handlers.resources_rpc [None req-5b76fbb6-f3a5-43b1-b391-7b3fe41b4ef8 admin admin] Pushing event updated for resources: {'Port': ['ID=1b0da3b2-3cc2-41fb-85d3-ae3f05f3e82c,revision_number=1']} {{(pid=111913) push /opt/stack/neutron/neutron/api/rpc/handlers/resources_rpc.py:237}}
Nov 02 13:04:01.066719 dv-neutron-863279-1-hyperv neutron-server[111914]: DEBUG neutron_lib.callbacks.manager [None req-76b23845-08f1-4d48-9795-533e306f4881 tempest-QuotasNegativeTest-819100198 tempest-QuotasNegativeTest-819100198-project-admin] Publish callbacks [] for security_group (None), before_response {{(pid=111914) _notify_loop /usr/local/lib/python3.8/dist-packages/neutron_lib/callbacks/manager.py:176}}
Nov 02 13:04:01.067909 dv-neutron-863279-1-hyperv neutron-server[111914]: INFO neutron.wsgi [None req-76b23845-08f1-4d48-9795-533e306f4881 tempest-QuotasNegativeTest-819100198 tempest-QuotasNegativeTest-819100198-project-admin] 10.222.0.97 "DELETE /v2.0/security-groups/5387ca47-65f7-4139-af66-899848a0152d HTTP/1.1" status: 204 len: 168 time: 0.8259714
Nov 02 13:04:01.076581 dv-neutron-863279-1-hyperv neutron-server[111915]: DEBUG neutron.api.rpc.handlers.l3_rpc [None req-db7c7a6d-9f75-4a85-99e6-8f484ba03392 None None] Sync routers for ids ['44be3b44-1efb-4b39-b579-1dc5311124c1'] in dv-neutron-863279-1-hyperv {{(pid=111915) sync_routers /opt/stack/neutron/neutron/api/rpc/handlers/l3_rpc.py:125}}
Nov 02 13:04:01.077181 dv-neutron-863279-1-hyperv neutron-server[111913]: DEBUG neutron.scheduler.base_scheduler [None req-5b76fbb6-f3a5-43b1-b391-7b3fe41b4ef8 admin admin] Resources bound (agent type, host, resource id): {{(pid=111913) schedule /opt/stack/neutron/neutron/scheduler/base_scheduler.py:57}}
Nov 02 13:04:01.082715 dv-neutron-863279-1-hyperv neutron-server[111913]: DEBUG neutron.db.l3_dvrscheduler_db [None req-5b76fbb6-f3a5-43b1-b391-7b3fe41b4ef8 admin admin] Received port after_create {{(pid=111913) _notify_l3_agent_new_port /opt/stack/neutron/neutron/db/l3_dvrscheduler_db.py:535}}
Nov 02 13:04:01.086261 dv-neutron-863279-1-hyperv neutron-server[111914]: DEBUG neutron.api.v2.base [None req-42504306-2ed8-42c6-a035-d62f89dd8bee tempest-PortsAdminExtendedAttrsIpV6TestJSON-1375090416 tempest-PortsAdminExtendedAttrsIpV6TestJSON-1375090416-project-admin] Request body: {'port': {'network_id': '57717c1d-5bb8-4b9e-a730-53dd04bc7a14', 'binding:host_id': 'hv-neutron-8632', 'name': 'tempest-PortsAdminExtendedAttrsIpV6TestJSON-1029127577'}} {{(pid=111914) prepare_request_body /opt/stack/neutron/neutron/api/v2/base.py:730}}
Nov 02 13:04:01.104869 dv-neutron-863279-1-hyperv neutron-server[111914]: DEBUG neutron.wsgi [-] (111914) accepted ('10.222.0.97', 49088) {{(pid=111914) server /usr/local/lib/python3.8/dist-packages/eventlet/wsgi.py:1004}}
Nov 02 13:04:01.105735 dv-neutron-863279-1-hyperv neutron-server[111914]: DEBUG neutron.api.rpc.handlers.resources_rpc [None req-76b23845-08f1-4d48-9795-533e306f4881 tempest-QuotasNegativeTest-819100198 tempest-QuotasNegativeTest-819100198-project-admin] Pushing event deleted for resources: {'SecurityGroup': ['ID=5387ca47-65f7-4139-af66-899848a0152d,revision_number=None']} {{(pid=111914) push /opt/stack/neutron/neutron/api/rpc/handlers/resources_rpc.py:237}}
Nov 02 13:04:01.144321 dv-neutron-863279-1-hyperv neutron-server[111915]: DEBUG neutron.plugins.ml2.plugin [None req-a3e378de-bf73-43a0-a0e1-44c08e0218de None None] Current status of the port d8b02f93-beb1-49de-a989-bb5fd9b0dbea is: ACTIVE; New status is: ACTIVE {{(pid=111915) _update_individual_port_db_status /opt/stack/neutron/neutron/plugins/ml2/plugin.py:2299}}
Nov 02 13:04:01.149197 dv-neutron-863279-1-hyperv neutron-server[111915]: DEBUG neutron.db.l3_dvrscheduler_db [None req-db7c7a6d-9f75-4a85-99e6-8f484ba03392 None None] Routers {'44be3b44-1efb-4b39-b579-1dc5311124c1'} bound to L3 agent in host dv-neutron-863279-1-hyperv {{(pid=111915) _get_router_ids_for_agent /opt/stack/neutron/neutron/db/l3_dvrscheduler_db.py:420}}
Nov 02 13:04:01.150390 dv-neutron-863279-1-hyperv neutron-server[111915]: DEBUG neutron.db.l3_hamode_db [None req-db7c7a6d-9f75-4a85-99e6-8f484ba03392 None None] neutron.services.l3_router.l3_router_plugin.L3RouterPlugin method get_ha_sync_data_for_host called with arguments (, 'dv-neutron-863279-1-hyperv', Agent(admin_state_up=True,agent_type='L3 agent',availability_zone='nova',binary='neutron-l3-agent',configurations={"agent_mode": "legacy", "ex_gw_ports": 1, "extensions": [], "floating_ips": 0, "handle_internal_only_routers": true, "interface_driver": "openvswitch", "interfaces": 1, "log_agent_heartbeats": false, "routers": 1},created_at=2022-11-02T12:55:36Z,description=,heartbeat_timestamp=2022-11-02T13:03:36Z,host='dv-neutron-863279-1-hyperv',id=22f7f3f5-f1ee-48ab-817f-c4193a9d3c9d,load=0,resource_versions=,resources_synced=,started_at=2022-11-02T12:55:36Z,topic='l3_agent')) {'router_ids': ['44be3b44-1efb-4b39-b579-1dc5311124c1'], 'active': True} {{(pid=111915) wrapper /usr/local/lib/python3.8/dist-packages/oslo_log/helpers.py:65}}
Nov 02 13:04:01.180554 dv-neutron-863279-1-hyperv neutron-server[111913]: DEBUG neutron.wsgi [-] (111913) accepted ('10.222.0.97', 49090) {{(pid=111913) server /usr/local/lib/python3.8/dist-packages/eventlet/wsgi.py:1004}}
Nov 02 13:04:01.201709 dv-neutron-863279-1-hyperv neutron-server[111914]: DEBUG neutron_lib.callbacks.manager [None req-0361b44b-2f80-40e7-8bdf-5e0a82c03cc3 tempest-QuotasNegativeTest-819100198 tempest-QuotasNegativeTest-819100198-project-admin] Publish callbacks ['neutron.plugins.ml2.plugin.External_net_db_mixin._before_network_delete_handler-7736493'] for network (4b620def-869a-4838-9da3-44ce9dd84064), before_delete {{(pid=111914) _notify_loop /usr/local/lib/python3.8/dist-packages/neutron_lib/callbacks/manager.py:176}}
Nov 02 13:04:01.239419 dv-neutron-863279-1-hyperv neutron-server[111915]: DEBUG neutron.plugins.ml2.plugin [None req-6f2d08d0-6d13-4a33-b3df-12fe091cce3d None None] Current status of the port 784b8c78-a58f-427b-bb88-09edd91aff41 is: ACTIVE; New status is: ACTIVE {{(pid=111915) _update_individual_port_db_status /opt/stack/neutron/neutron/plugins/ml2/plugin.py:2299}}
Nov 02 13:04:01.285112 dv-neutron-863279-1-hyperv neutron-server[111913]: DEBUG neutron.plugins.ml2.drivers.mech_agent [None req-5fde03e1-a1da-4226-a16c-d2e07d32cc3f tempest-DHCPAgentSchedulersTestJSON-28769294 tempest-DHCPAgentSchedulersTestJSON-28769294-project] Checking segment: {'id': '36d3bf6c-02ed-435f-a017-e405c76735aa', 'network_type': 'vlan', 'physical_network': 'physnet1', 'segmentation_id': 1509, 'network_id': 'b8d254a1-d1a3-4f32-94f6-98e8744c4ff8'} for mappings: {'physnet1': 'br-data'} with network types: ['local', 'flat', 'vlan'] {{(pid=111913) check_segment_for_agent /opt/stack/neutron/neutron/plugins/ml2/drivers/mech_agent.py:373}}
Nov 02 13:04:01.285471 dv-neutron-863279-1-hyperv neutron-server[111913]: DEBUG neutron.scheduler.dhcp_agent_scheduler [None req-5fde03e1-a1da-4226-a16c-d2e07d32cc3f tempest-DHCPAgentSchedulersTestJSON-28769294 tempest-DHCPAgentSchedulersTestJSON-28769294-project] Network hostable DHCP agents. Network: b8d254a1-d1a3-4f32-94f6-98e8744c4ff8, hostable agents: ['bd637190-e2f1-498c-9a81-1b9dd578ae42'], hosted agents: [] {{(pid=111913) _get_network_hostable_dhcp_agents /opt/stack/neutron/neutron/scheduler/dhcp_agent_scheduler.py:329}}
Nov 02 13:04:01.343639 dv-neutron-863279-1-hyperv neutron-server[111915]: DEBUG neutron.db.provisioning_blocks [None req-462eaf45-eec6-4b7a-bbc0-a43b595b3b56 None None] Provisioning complete for port d8b02f93-beb1-49de-a989-bb5fd9b0dbea triggered by entity DHCP. {{(pid=111915) provisioning_complete /opt/stack/neutron/neutron/db/provisioning_blocks.py:141}}
Nov 02 13:04:01.344008 dv-neutron-863279-1-hyperv neutron-server[111915]: DEBUG neutron_lib.callbacks.manager [None req-462eaf45-eec6-4b7a-bbc0-a43b595b3b56 None None] Publish callbacks ['neutron.plugins.ml2.plugin.Ml2Plugin._port_provisioned-7969607'] for port (d8b02f93-beb1-49de-a989-bb5fd9b0dbea), provisioning_complete {{(pid=111915) _notify_loop /usr/local/lib/python3.8/dist-packages/neutron_lib/callbacks/manager.py:176}}
Nov 02 13:04:01.344361 dv-neutron-863279-1-hyperv neutron-server[111915]: INFO neutron.plugins.ml2.plugin [None req-462eaf45-eec6-4b7a-bbc0-a43b595b3b56 None None] Attempt 1 to provision port d8b02f93-beb1-49de-a989-bb5fd9b0dbea
Nov 02 13:04:01.413628 dv-neutron-863279-1-hyperv neutron-server[111915]: DEBUG neutron.db.l3_dvr_db [None req-db7c7a6d-9f75-4a85-99e6-8f484ba03392 None None] Set router 44be3b44-1efb-4b39-b579-1dc5311124c1 gateway port host: dv-neutron-863279-1-hyperv {{(pid=111915) _build_routers_list /opt/stack/neutron/neutron/db/l3_dvr_db.py:906}}
Nov 02 13:04:01.428704 dv-neutron-863279-1-hyperv neutron-server[111913]: DEBUG neutron_lib.callbacks.manager [None req-c6a61e58-d5ab-4302-a025-2fd1379e531c admin admin] Publish callbacks [] for security_group (None), before_create {{(pid=111913) _notify_loop /usr/local/lib/python3.8/dist-packages/neutron_lib/callbacks/manager.py:176}}
Nov 02 13:04:01.460168 dv-neutron-863279-1-hyperv neutron-server[111914]: DEBUG neutron_lib.callbacks.manager [None req-4b72b5a1-8bd2-4f73-b2a1-293f8b0db853 admin admin] Publish callbacks [] for router (None), before_response {{(pid=111914) _notify_loop /usr/local/lib/python3.8/dist-packages/neutron_lib/callbacks/manager.py:176}}
Nov 02 13:04:01.465754 dv-neutron-863279-1-hyperv neutron-server[111913]: DEBUG neutron.wsgi [-] (111913) accepted ('10.222.0.97', 49094) {{(pid=111913) server /usr/local/lib/python3.8/dist-packages/eventlet/wsgi.py:1004}}
Nov 02 13:04:01.468332 dv-neutron-863279-1-hyperv neutron-server[111914]: INFO neutron.wsgi [None req-4b72b5a1-8bd2-4f73-b2a1-293f8b0db853 admin admin] 10.222.0.97 "POST /v2.0/routers HTTP/1.1" status: 201 len: 922 time: 5.9232452
Nov 02 13:04:01.542915 dv-neutron-863279-1-hyperv neutron-server[111913]: DEBUG neutron.scheduler.dhcp_agent_scheduler [None req-5fde03e1-a1da-4226-a16c-d2e07d32cc3f tempest-DHCPAgentSchedulersTestJSON-28769294 tempest-DHCPAgentSchedulersTestJSON-28769294-project] Network b8d254a1-d1a3-4f32-94f6-98e8744c4ff8 is scheduled to be hosted by DHCP agent bd637190-e2f1-498c-9a81-1b9dd578ae42 with binding_index 1 {{(pid=111913) bind /opt/stack/neutron/neutron/scheduler/dhcp_agent_scheduler.py:227}}
Nov 02 13:04:01.561043 dv-neutron-863279-1-hyperv neutron-server[111915]: DEBUG neutron.plugins.ml2.rpc [None req-6f2d08d0-6d13-4a33-b3df-12fe091cce3d None None] Device 50719282-2b4b-49f5-8420-2a3b3fa96af0 up at agent ovs-agent-dv-neutron-863279-1-hyperv {{(pid=111915) update_device_up /opt/stack/neutron/neutron/plugins/ml2/rpc.py:296}}
Nov 02 13:04:01.597477 dv-neutron-863279-1-hyperv neutron-server[111914]: DEBUG neutron_lib.callbacks.manager [None req-0361b44b-2f80-40e7-8bdf-5e0a82c03cc3 tempest-QuotasNegativeTest-819100198 tempest-QuotasNegativeTest-819100198-project-admin] Publish callbacks ['neutron.plugins.ml2.plugin.Ml2Plugin._network_delete_precommit_handler-7968764', 'neutron.services.segments.db._delete_segments_for_network-8790325298216'] for network (4b620def-869a-4838-9da3-44ce9dd84064), precommit_delete {{(pid=111914) _notify_loop /usr/local/lib/python3.8/dist-packages/neutron_lib/callbacks/manager.py:176}}
Nov 02 13:04:01.663595 dv-neutron-863279-1-hyperv neutron-server[111914]: DEBUG neutron_lib.callbacks.manager [None req-0361b44b-2f80-40e7-8bdf-5e0a82c03cc3 tempest-QuotasNegativeTest-819100198 tempest-QuotasNegativeTest-819100198-project-admin] Subscribe: > segment before_delete 55550000 {{(pid=111914) subscribe /usr/local/lib/python3.8/dist-packages/neutron_lib/callbacks/manager.py:45}}
Nov 02 13:04:01.663945 dv-neutron-863279-1-hyperv neutron-server[111914]: DEBUG neutron_lib.callbacks.manager [None req-0361b44b-2f80-40e7-8bdf-5e0a82c03cc3 tempest-QuotasNegativeTest-819100198 tempest-QuotasNegativeTest-819100198-project-admin] Subscribe: > subnet precommit_delete_associations 55550000 {{(pid=111914) subscribe /usr/local/lib/python3.8/dist-packages/neutron_lib/callbacks/manager.py:45}}
Nov 02 13:04:01.665216 dv-neutron-863279-1-hyperv neutron-server[111914]: DEBUG neutron_lib.callbacks.manager [None req-0361b44b-2f80-40e7-8bdf-5e0a82c03cc3 tempest-QuotasNegativeTest-819100198 tempest-QuotasNegativeTest-819100198-project-admin] Subscribe: > segment_host_mapping after_create 55550000 {{(pid=111914) subscribe /usr/local/lib/python3.8/dist-packages/neutron_lib/callbacks/manager.py:45}}
Nov 02 13:04:01.665393 dv-neutron-863279-1-hyperv neutron-server[111915]: DEBUG neutron.plugins.ml2.plugin [None req-462eaf45-eec6-4b7a-bbc0-a43b595b3b56 None None] Current status of the port d8b02f93-beb1-49de-a989-bb5fd9b0dbea is: ACTIVE; New status is: ACTIVE {{(pid=111915) _update_individual_port_db_status /opt/stack/neutron/neutron/plugins/ml2/plugin.py:2299}}
Nov 02 13:04:01.665552 dv-neutron-863279-1-hyperv neutron-server[111914]: DEBUG neutron_lib.callbacks.manager [None req-0361b44b-2f80-40e7-8bdf-5e0a82c03cc3 tempest-QuotasNegativeTest-819100198 tempest-QuotasNegativeTest-819100198-project-admin] Subscribe: > port after_create 55550000 {{(pid=111914) subscribe /usr/local/lib/python3.8/dist-packages/neutron_lib/callbacks/manager.py:45}}
Nov 02 13:04:01.665898 dv-neutron-863279-1-hyperv neutron-server[111914]: DEBUG neutron_lib.callbacks.manager [None req-0361b44b-2f80-40e7-8bdf-5e0a82c03cc3 tempest-QuotasNegativeTest-819100198 tempest-QuotasNegativeTest-819100198-project-admin] Subscribe: > port after_delete 55550000 {{(pid=111914) subscribe /usr/local/lib/python3.8/dist-packages/neutron_lib/callbacks/manager.py:45}}
Nov 02 13:04:01.666254 dv-neutron-863279-1-hyperv neutron-server[111914]: DEBUG neutron_lib.callbacks.manager [None req-0361b44b-2f80-40e7-8bdf-5e0a82c03cc3 tempest-QuotasNegativeTest-819100198 tempest-QuotasNegativeTest-819100198-project-admin] Subscribe: > port after_update 55550000 {{(pid=111914) subscribe /usr/local/lib/python3.8/dist-packages/neutron_lib/callbacks/manager.py:45}}
Nov 02 13:04:01.666672 dv-neutron-863279-1-hyperv neutron-server[111914]: DEBUG neutron_lib.callbacks.manager [None req-0361b44b-2f80-40e7-8bdf-5e0a82c03cc3 tempest-QuotasNegativeTest-819100198 tempest-QuotasNegativeTest-819100198-project-admin] Subscribe: > segment after_delete 55550000 {{(pid=111914) subscribe /usr/local/lib/python3.8/dist-packages/neutron_lib/callbacks/manager.py:45}}
Nov 02 13:04:01.667008 dv-neutron-863279-1-hyperv neutron-server[111914]: DEBUG neutron_lib.callbacks.manager [None req-0361b44b-2f80-40e7-8bdf-5e0a82c03cc3 tempest-QuotasNegativeTest-819100198 tempest-QuotasNegativeTest-819100198-project-admin] Subscribe: > subnet after_create 55550000 {{(pid=111914) subscribe /usr/local/lib/python3.8/dist-packages/neutron_lib/callbacks/manager.py:45}}
Nov 02 13:04:01.667502 dv-neutron-863279-1-hyperv neutron-server[111914]: DEBUG neutron_lib.callbacks.manager [None req-0361b44b-2f80-40e7-8bdf-5e0a82c03cc3 tempest-QuotasNegativeTest-819100198 tempest-QuotasNegativeTest-819100198-project-admin] Subscribe: > subnet after_delete 55550000 {{(pid=111914) subscribe /usr/local/lib/python3.8/dist-packages/neutron_lib/callbacks/manager.py:45}}
Nov 02 13:04:01.667665 dv-neutron-863279-1-hyperv neutron-server[111914]: DEBUG neutron_lib.callbacks.manager [None req-0361b44b-2f80-40e7-8bdf-5e0a82c03cc3 tempest-QuotasNegativeTest-819100198 tempest-QuotasNegativeTest-819100198-project-admin] Subscribe: > subnet after_update 55550000 {{(pid=111914) subscribe /usr/local/lib/python3.8/dist-packages/neutron_lib/callbacks/manager.py:45}}
Nov 02 13:04:01.724898 dv-neutron-863279-1-hyperv neutron-server[111915]: DEBUG neutron.db.provisioning_blocks [None req-6f2d08d0-6d13-4a33-b3df-12fe091cce3d None None] Provisioning complete for port 50719282-2b4b-49f5-8420-2a3b3fa96af0 triggered by entity L2. {{(pid=111915) provisioning_complete /opt/stack/neutron/neutron/db/provisioning_blocks.py:141}}
Nov 02 13:04:01.725452 dv-neutron-863279-1-hyperv neutron-server[111915]: DEBUG neutron_lib.callbacks.manager [None req-6f2d08d0-6d13-4a33-b3df-12fe091cce3d None None] Publish callbacks ['neutron.plugins.ml2.plugin.Ml2Plugin._port_provisioned-7969607'] for port (50719282-2b4b-49f5-8420-2a3b3fa96af0), provisioning_complete {{(pid=111915) _notify_loop /usr/local/lib/python3.8/dist-packages/neutron_lib/callbacks/manager.py:176}}
Nov 02 13:04:01.725898 dv-neutron-863279-1-hyperv neutron-server[111915]: INFO neutron.plugins.ml2.plugin [None req-6f2d08d0-6d13-4a33-b3df-12fe091cce3d None None] Attempt 1 to provision port 50719282-2b4b-49f5-8420-2a3b3fa96af0
Nov 02 13:04:01.772163 dv-neutron-863279-1-hyperv neutron-server[111913]: DEBUG neutron.scheduler.base_scheduler [None req-5fde03e1-a1da-4226-a16c-d2e07d32cc3f tempest-DHCPAgentSchedulersTestJSON-28769294 tempest-DHCPAgentSchedulersTestJSON-28769294-project] Resources bound (agent type, host, resource id): (DHCP agent, dv-neutron-863279-1-hyperv, b8d254a1-d1a3-4f32-94f6-98e8744c4ff8) {{(pid=111913) schedule /opt/stack/neutron/neutron/scheduler/base_scheduler.py:57}}
Nov 02 13:04:01.785995 dv-neutron-863279-1-hyperv neutron-server[111915]: DEBUG neutron.api.rpc.handlers.dhcp_rpc [None req-06176514-709d-42f8-bc70-cd67bfb67e8b None None] Network b8d254a1-d1a3-4f32-94f6-98e8744c4ff8 requested from dv-neutron-863279-1-hyperv {{(pid=111915) get_network_info /opt/stack/neutron/neutron/api/rpc/handlers/dhcp_rpc.py:191}}
Nov 02 13:04:01.791599 dv-neutron-863279-1-hyperv neutron-server[111913]: DEBUG neutron.pecan_wsgi.hooks.policy_enforcement [None req-5fde03e1-a1da-4226-a16c-d2e07d32cc3f tempest-DHCPAgentSchedulersTestJSON-28769294 tempest-DHCPAgentSchedulersTestJSON-28769294-project] Attributes excluded by policy engine: ['standard_attr_id', 'shared', 'network'] {{(pid=111913) _exclude_attributes_by_policy /opt/stack/neutron/neutron/pecan_wsgi/hooks/policy_enforcement.py:259}}
Nov 02 13:04:01.792130 dv-neutron-863279-1-hyperv neutron-server[111913]: DEBUG neutron_lib.callbacks.manager [None req-5fde03e1-a1da-4226-a16c-d2e07d32cc3f tempest-DHCPAgentSchedulersTestJSON-28769294 tempest-DHCPAgentSchedulersTestJSON-28769294-project] Publish callbacks ['neutron.api.rpc.agentnotifiers.dhcp_rpc_agent_api.DhcpAgentNotifyAPI._send_dhcp_notification-617284'] for subnet (None), before_response {{(pid=111913) _notify_loop /usr/local/lib/python3.8/dist-packages/neutron_lib/callbacks/manager.py:176}}
Nov 02 13:04:01.855974 dv-neutron-863279-1-hyperv neutron-server[111915]: DEBUG neutron.db.l3_hamode_db [None req-db7c7a6d-9f75-4a85-99e6-8f484ba03392 None None] neutron.services.l3_router.l3_router_plugin.L3RouterPlugin method _process_sync_ha_data called with arguments (, [{'id': '44be3b44-1efb-4b39-b579-1dc5311124c1', 'name': 'tempest-ServersTestManualDisk-556927906-router', 'tenant_id': '4b88d1b84a00440aacac7091f0417326', 'admin_state_up': True, 'status': 'ACTIVE', 'external_gateway_info': {'network_id': 'ad765d97-f350-498c-9883-31dccb6d8e25', 'external_fixed_ips': [{'subnet_id': 'bf596476-e16b-4607-9af4-1051bd8b3583', 'ip_address': '172.26.5.90'}], 'enable_snat': True}, 'gw_port_id': '8aba3904-ca44-488f-b9b9-dff7b486d837', 'description': '', 'availability_zones': ['nova'], 'distributed': False, 'ha': False, 'ha_vr_id': 0, 'availability_zone_hints': [], 'routes': [], 'flavor_id': None, 'tags': [], 'created_at': '2022-11-02T13:03:55Z', 'updated_at': '2022-11-02T13:03:58Z', 'revision_number': 3, 'project_id': '4b88d1b84a00440aacac7091f0417326', 'gw_port': {'id': '8aba3904-ca44-488f-b9b9-dff7b486d837', 'name': '', 'network_id': 'ad765d97-f350-498c-9883-31dccb6d8e25', 'tenant_id': '', 'mac_address': 'fa:16:3e:f5:60:69', 'admin_state_up': True, 'status': 'DOWN', 'device_id': '44be3b44-1efb-4b39-b579-1dc5311124c1', 'device_owner': 'network:router_gateway', 'standard_attr_id': 64, 'fixed_ips': [{'subnet_id': 'bf596476-e16b-4607-9af4-1051bd8b3583', 'ip_address': '172.26.5.90', 'prefixlen': 24}], 'allowed_address_pairs': [], 'extra_dhcp_opts': [], 'security_groups': [], 'description': '', 'binding:vnic_type': 'normal', 'binding:profile': {}, 'binding:host_id': '', 'binding:vif_type': 'unbound', 'binding:vif_details': {}, 'port_security_enabled': False, 'tags': [], 'created_at': '2022-11-02T13:03:57Z', 'updated_at': '2022-11-02T13:03:57Z', 'revision_number': 1, 'project_id': '', 'subnets': [{'id': 'bf596476-e16b-4607-9af4-1051bd8b3583', 'cidr': '172.26.5.0/24', 'gateway_ip': '172.26.5.1', 'dns_nameservers': [], 'ipv6_ra_mode': None, 'subnetpool_id': None}], 'extra_subnets': [], 'address_scopes': {4: None, 6: None}, 'mtu': 1500}, 'enable_snat': True, 'gw_port_host': 'dv-neutron-863279-1-hyperv'}], 'dv-neutron-863279-1-hyperv', False) {} {{(pid=111915) wrapper /usr/local/lib/python3.8/dist-packages/oslo_log/helpers.py:65}}
Nov 02 13:04:01.856359 dv-neutron-863279-1-hyperv neutron-server[111913]: DEBUG neutron_lib.callbacks.manager [None req-c6a61e58-d5ab-4302-a025-2fd1379e531c admin admin] Publish callbacks [] for security_group (86e6f5b2-51c3-45a8-b1fa-5fc17d56f19d), precommit_create {{(pid=111913) _notify_loop /usr/local/lib/python3.8/dist-packages/neutron_lib/callbacks/manager.py:176}}
Nov 02 13:04:01.865646 dv-neutron-863279-1-hyperv neutron-server[111913]: DEBUG neutron_lib.callbacks.manager [None req-5b76fbb6-f3a5-43b1-b391-7b3fe41b4ef8 admin admin] Publish callbacks [] for router_gateway (c0baa293-18a7-4b23-91ee-88b5095e295b), after_create {{(pid=111913) _notify_loop /usr/local/lib/python3.8/dist-packages/neutron_lib/callbacks/manager.py:176}}
Nov 02 13:04:01.890799 dv-neutron-863279-1-hyperv neutron-server[111915]: DEBUG neutron.api.rpc.handlers.l3_rpc [None req-db7c7a6d-9f75-4a85-99e6-8f484ba03392 None None] Checking router: 44be3b44-1efb-4b39-b579-1dc5311124c1 for host: dv-neutron-863279-1-hyperv {{(pid=111915) _ensure_host_set_on_ports /opt/stack/neutron/neutron/api/rpc/handlers/l3_rpc.py:155}}
Nov 02 13:04:01.891257 dv-neutron-863279-1-hyperv neutron-server[111915]: DEBUG neutron.api.rpc.handlers.l3_rpc [None req-db7c7a6d-9f75-4a85-99e6-8f484ba03392 None None] Updating router 44be3b44-1efb-4b39-b579-1dc5311124c1 port 8aba3904-ca44-488f-b9b9-dff7b486d837 binding host dv-neutron-863279-1-hyperv {{(pid=111915) _ensure_host_set_on_port /opt/stack/neutron/neutron/api/rpc/handlers/l3_rpc.py:205}}
Nov 02 13:04:01.898751 dv-neutron-863279-1-hyperv neutron-server[111915]: DEBUG neutron.plugins.ml2.plugin [None req-6f2d08d0-6d13-4a33-b3df-12fe091cce3d None None] Current status of the port 50719282-2b4b-49f5-8420-2a3b3fa96af0 is: ACTIVE; New status is: ACTIVE {{(pid=111915) _update_individual_port_db_status /opt/stack/neutron/neutron/plugins/ml2/plugin.py:2299}}
Nov 02 13:04:01.899234 dv-neutron-863279-1-hyperv neutron-server[111915]: DEBUG neutron.plugins.ml2.rpc [None req-6f2d08d0-6d13-4a33-b3df-12fe091cce3d None None] Device d8b02f93-beb1-49de-a989-bb5fd9b0dbea up at agent ovs-agent-dv-neutron-863279-1-hyperv {{(pid=111915) update_device_up /opt/stack/neutron/neutron/plugins/ml2/rpc.py:296}}
Nov 02 13:04:01.904670 dv-neutron-863279-1-hyperv neutron-server[111914]: DEBUG neutron_lib.callbacks.manager [None req-0361b44b-2f80-40e7-8bdf-5e0a82c03cc3 tempest-QuotasNegativeTest-819100198 tempest-QuotasNegativeTest-819100198-project-admin] Subscribe: > subnet after_create 55550000 {{(pid=111914) subscribe /usr/local/lib/python3.8/dist-packages/neutron_lib/callbacks/manager.py:45}}
Nov 02 13:04:01.905028 dv-neutron-863279-1-hyperv neutron-server[111914]: DEBUG neutron_lib.callbacks.manager [None req-0361b44b-2f80-40e7-8bdf-5e0a82c03cc3 tempest-QuotasNegativeTest-819100198 tempest-QuotasNegativeTest-819100198-project-admin] Subscribe: > subnet after_delete 55550000 {{(pid=111914) subscribe /usr/local/lib/python3.8/dist-packages/neutron_lib/callbacks/manager.py:45}}
Nov 02 13:04:01.905366 dv-neutron-863279-1-hyperv neutron-server[111914]: DEBUG neutron_lib.callbacks.manager [None req-0361b44b-2f80-40e7-8bdf-5e0a82c03cc3 tempest-QuotasNegativeTest-819100198 tempest-QuotasNegativeTest-819100198-project-admin] Subscribe: > subnet before_create 55550000 {{(pid=111914) subscribe /usr/local/lib/python3.8/dist-packages/neutron_lib/callbacks/manager.py:45}}
Nov 02 13:04:01.905700 dv-neutron-863279-1-hyperv neutron-server[111914]: DEBUG neutron_lib.callbacks.manager [None req-0361b44b-2f80-40e7-8bdf-5e0a82c03cc3 tempest-QuotasNegativeTest-819100198 tempest-QuotasNegativeTest-819100198-project-admin] Subscribe: > subnet before_update 55550000 {{(pid=111914) subscribe /usr/local/lib/python3.8/dist-packages/neutron_lib/callbacks/manager.py:45}}
Nov 02 13:04:01.906064 dv-neutron-863279-1-hyperv neutron-server[111914]: DEBUG neutron.services.segments.db [None req-0361b44b-2f80-40e7-8bdf-5e0a82c03cc3 tempest-QuotasNegativeTest-819100198 tempest-QuotasNegativeTest-819100198-project-admin] neutron.services.segments.plugin.Plugin method get_segments called with arguments (,) {'filters': {'network_id': ['4b620def-869a-4838-9da3-44ce9dd84064']}} {{(pid=111914) wrapper /usr/local/lib/python3.8/dist-packages/oslo_log/helpers.py:65}}
Nov 02 13:04:01.914183 dv-neutron-863279-1-hyperv neutron-server[111914]: DEBUG neutron.pecan_wsgi.hooks.quota_enforcement [None req-42504306-2ed8-42c6-a035-d62f89dd8bee tempest-PortsAdminExtendedAttrsIpV6TestJSON-1375090416 tempest-PortsAdminExtendedAttrsIpV6TestJSON-1375090416-project-admin] Made reservation on behalf of 26dc49392fec4c1aa6a63ad1862c40cf for: {'port': 1} {{(pid=111914) before /opt/stack/neutron/neutron/pecan_wsgi/hooks/quota_enforcement.py:53}}
Nov 02 13:04:01.924480 dv-neutron-863279-1-hyperv neutron-server[111914]: DEBUG neutron_lib.callbacks.manager [None req-42504306-2ed8-42c6-a035-d62f89dd8bee tempest-PortsAdminExtendedAttrsIpV6TestJSON-1375090416 tempest-PortsAdminExtendedAttrsIpV6TestJSON-1375090416-project-admin] Publish callbacks ['neutron.plugins.ml2.plugin.SecurityGroupDbMixin._ensure_default_security_group_handler-7984769'] for port (None), before_create {{(pid=111914) _notify_loop /usr/local/lib/python3.8/dist-packages/neutron_lib/callbacks/manager.py:176}}
Nov 02 13:04:01.924480 dv-neutron-863279-1-hyperv neutron-server[111914]: DEBUG neutron.objects.ports [None req-7c3c7058-461e-44c9-a415-cb3c44cf19c4 tempest-RoutersIpV6AdminTest-1800936303 tempest-RoutersIpV6AdminTest-1800936303-project-admin] Time-cost: Fetching 0 ports in 0 security groups {{(pid=111914) get_objects /opt/stack/neutron/neutron/objects/ports.py:470}}
Nov 02 13:04:01.924480 dv-neutron-863279-1-hyperv neutron-server[111914]: DEBUG neutron_lib.callbacks.manager [None req-7c3c7058-461e-44c9-a415-cb3c44cf19c4 tempest-RoutersIpV6AdminTest-1800936303 tempest-RoutersIpV6AdminTest-1800936303-project-admin] Publish callbacks ['neutron.plugins.ml2.ovo_rpc._ObjectChangeHandler.handle_event-465502', 'neutron.api.rpc.agentnotifiers.dhcp_rpc_agent_api.DhcpAgentNotifyAPI._native_event_send_dhcp_notification-617334', 'neutron.services.segments.plugin.NovaSegmentNotifier._notify_subnet_created-4063883', 'neutron.services.segments.plugin.SegmentHostRoutes.host_routes_after_create-3748192'] for subnet (82992dc8-6f6e-43ba-8123-ad5068a16c6d), after_create {{(pid=111914) _notify_loop /usr/local/lib/python3.8/dist-packages/neutron_lib/callbacks/manager.py:176}}
Nov 02 13:04:01.955808 dv-neutron-863279-1-hyperv neutron-server[111914]: DEBUG neutron.services.segments.db [None req-0361b44b-2f80-40e7-8bdf-5e0a82c03cc3 tempest-QuotasNegativeTest-819100198 tempest-QuotasNegativeTest-819100198-project-admin] neutron.services.segments.plugin.Plugin method delete_segment called with arguments (, '008a33cb-6b7f-4d75-8a6d-dcfe0dcfd548') {'for_net_delete': True} {{(pid=111914) wrapper /usr/local/lib/python3.8/dist-packages/oslo_log/helpers.py:65}}
Nov 02 13:04:01.956193 dv-neutron-863279-1-hyperv neutron-server[111914]: DEBUG neutron.services.segments.db [None req-0361b44b-2f80-40e7-8bdf-5e0a82c03cc3 tempest-QuotasNegativeTest-819100198 tempest-QuotasNegativeTest-819100198-project-admin] neutron.services.segments.plugin.Plugin method get_segment called with arguments (, '008a33cb-6b7f-4d75-8a6d-dcfe0dcfd548') {} {{(pid=111914) wrapper /usr/local/lib/python3.8/dist-packages/oslo_log/helpers.py:65}}
Nov 02 13:04:01.962489 dv-neutron-863279-1-hyperv neutron-server[111914]: DEBUG neutron_lib.callbacks.manager [None req-f6aa1007-8c7e-4362-8fd5-c525fb06bbd0 admin admin] Publish callbacks [] for port (af91dd98-c3a0-458c-9364-ddcc9cf6219f), precommit_create {{(pid=111914) _notify_loop /usr/local/lib/python3.8/dist-packages/neutron_lib/callbacks/manager.py:176}}
Nov 02 13:04:01.965416 dv-neutron-863279-1-hyperv neutron-server[111914]: DEBUG neutron_lib.callbacks.manager [None req-42504306-2ed8-42c6-a035-d62f89dd8bee tempest-PortsAdminExtendedAttrsIpV6TestJSON-1375090416 tempest-PortsAdminExtendedAttrsIpV6TestJSON-1375090416-project-admin] Publish callbacks [] for security_group (None), before_create {{(pid=111914) _notify_loop /usr/local/lib/python3.8/dist-packages/neutron_lib/callbacks/manager.py:176}}
Nov 02 13:04:01.970683 dv-neutron-863279-1-hyperv neutron-server[111913]: DEBUG neutron_lib.callbacks.manager [None req-c6a61e58-d5ab-4302-a025-2fd1379e531c admin admin] Publish callbacks ['neutron.plugins.ml2.ovo_rpc._ObjectChangeHandler.handle_event-491601'] for security_group (86e6f5b2-51c3-45a8-b1fa-5fc17d56f19d), after_create {{(pid=111913) _notify_loop /usr/local/lib/python3.8/dist-packages/neutron_lib/callbacks/manager.py:176}}
Nov 02 13:04:01.972193 dv-neutron-863279-1-hyperv neutron-server[111915]: DEBUG neutron_lib.callbacks.manager [None req-db7c7a6d-9f75-4a85-99e6-8f484ba03392 None None] Publish callbacks ['neutron.plugins.ml2.plugin.SecurityGroupDbMixin._ensure_default_security_group_handler-7984769'] for port (8aba3904-ca44-488f-b9b9-dff7b486d837), before_update {{(pid=111915) _notify_loop /usr/local/lib/python3.8/dist-packages/neutron_lib/callbacks/manager.py:176}}
Nov 02 13:04:01.982466 dv-neutron-863279-1-hyperv neutron-server[111913]: INFO neutron.wsgi [None req-5fde03e1-a1da-4226-a16c-d2e07d32cc3f tempest-DHCPAgentSchedulersTestJSON-28769294 tempest-DHCPAgentSchedulersTestJSON-28769294-project] 10.222.0.97 "POST /v2.0/subnets HTTP/1.1" status: 201 len: 801 time: 3.0165024
Nov 02 13:04:01.984930 dv-neutron-863279-1-hyperv neutron-server[111913]: DEBUG neutron.wsgi [-] (111913) accepted ('10.222.0.97', 49096) {{(pid=111913) server /usr/local/lib/python3.8/dist-packages/eventlet/wsgi.py:1004}}
Nov 02 13:04:02.014994 dv-neutron-863279-1-hyperv neutron-server[111914]: DEBUG neutron_lib.callbacks.manager [None req-0361b44b-2f80-40e7-8bdf-5e0a82c03cc3 tempest-QuotasNegativeTest-819100198 tempest-QuotasNegativeTest-819100198-project-admin] Publish callbacks ['neutron.plugins.ml2.db._prevent_segment_delete_with_port_bound-8790325299258', 'neutron.services.segments.plugin.Plugin._prevent_segment_delete_with_subnet_associated-3360058'] for segment (008a33cb-6b7f-4d75-8a6d-dcfe0dcfd548), before_delete {{(pid=111914) _notify_loop /usr/local/lib/python3.8/dist-packages/neutron_lib/callbacks/manager.py:176}}
Nov 02 13:04:02.060073 dv-neutron-863279-1-hyperv neutron-server[111913]: DEBUG neutron.api.v2.base [None req-701b9f81-5c39-4824-814b-a87262d74d00 tempest-DHCPAgentSchedulersTestJSON-28769294 tempest-DHCPAgentSchedulersTestJSON-28769294-project] Request body: {'port': {'network_id': 'b8d254a1-d1a3-4f32-94f6-98e8744c4ff8', 'name': 'tempest-DHCPAgentSchedulersTestJSON-1653807736'}} {{(pid=111913) prepare_request_body /opt/stack/neutron/neutron/api/v2/base.py:730}}
Nov 02 13:04:02.062839 dv-neutron-863279-1-hyperv neutron-server[111914]: DEBUG neutron_lib.callbacks.manager [None req-0361b44b-2f80-40e7-8bdf-5e0a82c03cc3 tempest-QuotasNegativeTest-819100198 tempest-QuotasNegativeTest-819100198-project-admin] Publish callbacks ['neutron.plugins.ml2.plugin.Ml2Plugin._handle_segment_change-7890193'] for segment (008a33cb-6b7f-4d75-8a6d-dcfe0dcfd548), precommit_delete {{(pid=111914) _notify_loop /usr/local/lib/python3.8/dist-packages/neutron_lib/callbacks/manager.py:176}}
Nov 02 13:04:02.072737 dv-neutron-863279-1-hyperv neutron-server[111913]: DEBUG neutron.api.rpc.handlers.resources_rpc [None req-c6a61e58-d5ab-4302-a025-2fd1379e531c admin admin] Pushing event updated for resources: {'SecurityGroup': ['ID=86e6f5b2-51c3-45a8-b1fa-5fc17d56f19d,revision_number=1']} {{(pid=111913) push /opt/stack/neutron/neutron/api/rpc/handlers/resources_rpc.py:237}}
Nov 02 13:04:02.086353 dv-neutron-863279-1-hyperv neutron-server[111915]: DEBUG neutron.api.rpc.handlers.dhcp_rpc [None req-44137b6e-d235-4aaf-a900-5e33305bdd0f None None] Create dhcp port {'port': {'name': '', 'admin_state_up': True, 'device_id': 'dhcp61439d74-1ca8-561f-a956-4cad3b2f98e4-b8d254a1-d1a3-4f32-94f6-98e8744c4ff8', 'network_id': 'b8d254a1-d1a3-4f32-94f6-98e8744c4ff8', 'project_id': '6b036afd124f4c358c05f94bcfc22c1e', 'fixed_ips': [{'subnet_id': '23d97d84-591c-416e-bc8a-042a47acdf65'}]}} from dv-neutron-863279-1-hyperv. {{(pid=111915) create_dhcp_port /opt/stack/neutron/neutron/api/rpc/handlers/dhcp_rpc.py:268}}
Nov 02 13:04:02.088087 dv-neutron-863279-1-hyperv neutron-server[111915]: DEBUG neutron_lib.callbacks.manager [None req-44137b6e-d235-4aaf-a900-5e33305bdd0f None None] Publish callbacks ['neutron.plugins.ml2.plugin.SecurityGroupDbMixin._ensure_default_security_group_handler-7984769'] for port (None), before_create {{(pid=111915) _notify_loop /usr/local/lib/python3.8/dist-packages/neutron_lib/callbacks/manager.py:176}}
Nov 02 13:04:02.106522 dv-neutron-863279-1-hyperv neutron-server[111914]: DEBUG neutron.plugins.ml2.drivers.type_vlan [None req-0361b44b-2f80-40e7-8bdf-5e0a82c03cc3 tempest-QuotasNegativeTest-819100198 tempest-QuotasNegativeTest-819100198-project-admin] Releasing vlan 1520 on physical network physnet1 to pool {{(pid=111914) release_segment /opt/stack/neutron/neutron/plugins/ml2/drivers/type_vlan.py:304}}
Nov 02 13:04:02.107036 dv-neutron-863279-1-hyperv neutron-server[111914]: DEBUG neutron_lib.callbacks.manager [None req-0361b44b-2f80-40e7-8bdf-5e0a82c03cc3 tempest-QuotasNegativeTest-819100198 tempest-QuotasNegativeTest-819100198-project-admin] Publish callbacks ['neutron.plugins.ml2.plugin.Ml2Plugin._handle_segment_change-7890193', 'neutron.services.segments.plugin.NovaSegmentNotifier._notify_segment_deleted-4063532'] for segment (008a33cb-6b7f-4d75-8a6d-dcfe0dcfd548), after_delete {{(pid=111914) _notify_loop /usr/local/lib/python3.8/dist-packages/neutron_lib/callbacks/manager.py:176}}
Nov 02 13:04:02.118165 dv-neutron-863279-1-hyperv neutron-server[111914]: DEBUG neutron.api.rpc.handlers.resources_rpc [None req-7c3c7058-461e-44c9-a415-cb3c44cf19c4 tempest-RoutersIpV6AdminTest-1800936303 tempest-RoutersIpV6AdminTest-1800936303-project-admin] Pushing event updated for resources: {'Subnet': ['ID=82992dc8-6f6e-43ba-8123-ad5068a16c6d,revision_number=0']} {{(pid=111914) push /opt/stack/neutron/neutron/api/rpc/handlers/resources_rpc.py:237}}
Nov 02 13:04:02.121795 dv-neutron-863279-1-hyperv neutron-server[111915]: DEBUG neutron.db.provisioning_blocks [None req-6f2d08d0-6d13-4a33-b3df-12fe091cce3d None None] Provisioning complete for port d8b02f93-beb1-49de-a989-bb5fd9b0dbea triggered by entity L2. {{(pid=111915) provisioning_complete /opt/stack/neutron/neutron/db/provisioning_blocks.py:141}}
Nov 02 13:04:02.121795 dv-neutron-863279-1-hyperv neutron-server[111915]: DEBUG neutron_lib.callbacks.manager [None req-6f2d08d0-6d13-4a33-b3df-12fe091cce3d None None] Publish callbacks ['neutron.plugins.ml2.plugin.Ml2Plugin._port_provisioned-7969607'] for port (d8b02f93-beb1-49de-a989-bb5fd9b0dbea), provisioning_complete {{(pid=111915) _notify_loop /usr/local/lib/python3.8/dist-packages/neutron_lib/callbacks/manager.py:176}}
Nov 02 13:04:02.121972 dv-neutron-863279-1-hyperv neutron-server[111915]: INFO neutron.plugins.ml2.plugin [None req-6f2d08d0-6d13-4a33-b3df-12fe091cce3d None None] Attempt 1 to provision port d8b02f93-beb1-49de-a989-bb5fd9b0dbea
Nov 02 13:04:02.207656 dv-neutron-863279-1-hyperv neutron-server[111913]: INFO neutron.wsgi [None req-c6a61e58-d5ab-4302-a025-2fd1379e531c admin admin] 10.222.0.97 "GET /v2.0/security-groups?tenant_id=dc2d5c4a0470452c8403317965fb46af&name=default HTTP/1.1" status: 200 len: 2994 time: 1.0257719
Nov 02 13:04:02.208437 dv-neutron-863279-1-hyperv neutron-server[111914]: DEBUG neutron.plugins.ml2.drivers.mech_agent [None req-7c3c7058-461e-44c9-a415-cb3c44cf19c4 tempest-RoutersIpV6AdminTest-1800936303 tempest-RoutersIpV6AdminTest-1800936303-project-admin] Checking segment: {'id': '9f76ad17-c787-4435-b357-ff9c74833531', 'network_type': 'vlan', 'physical_network': 'physnet1', 'segmentation_id': 1545, 'network_id': 'f2cb9e21-1fc3-425a-9749-673b07789843'} for mappings: {'physnet1': 'br-data'} with network types: ['local', 'flat', 'vlan'] {{(pid=111914) check_segment_for_agent /opt/stack/neutron/neutron/plugins/ml2/drivers/mech_agent.py:373}}
Nov 02 13:04:02.208863 dv-neutron-863279-1-hyperv neutron-server[111914]: DEBUG neutron.scheduler.dhcp_agent_scheduler [None req-7c3c7058-461e-44c9-a415-cb3c44cf19c4 tempest-RoutersIpV6AdminTest-1800936303 tempest-RoutersIpV6AdminTest-1800936303-project-admin] Network hostable DHCP agents. Network: f2cb9e21-1fc3-425a-9749-673b07789843, hostable agents: ['bd637190-e2f1-498c-9a81-1b9dd578ae42'], hosted agents: [] {{(pid=111914) _get_network_hostable_dhcp_agents /opt/stack/neutron/neutron/scheduler/dhcp_agent_scheduler.py:329}}
Nov 02 13:04:02.210795 dv-neutron-863279-1-hyperv neutron-server[111914]: DEBUG neutron.wsgi [-] (111914) accepted ('10.222.0.97', 49102) {{(pid=111914) server /usr/local/lib/python3.8/dist-packages/eventlet/wsgi.py:1004}}
Nov 02 13:04:02.323387 dv-neutron-863279-1-hyperv neutron-server[111914]: DEBUG neutron_lib.callbacks.manager [None req-abe09087-6f2a-431e-bc80-1594b1835f86 admin admin] Publish callbacks [] for security_group (86e6f5b2-51c3-45a8-b1fa-5fc17d56f19d), before_delete {{(pid=111914) _notify_loop /usr/local/lib/python3.8/dist-packages/neutron_lib/callbacks/manager.py:176}}
Nov 02 13:04:02.329356 dv-neutron-863279-1-hyperv neutron-server[111914]: DEBUG neutron_lib.callbacks.manager [None req-0361b44b-2f80-40e7-8bdf-5e0a82c03cc3 tempest-QuotasNegativeTest-819100198 tempest-QuotasNegativeTest-819100198-project-admin] Publish callbacks ['neutron.plugins.ml2.plugin.Ml2Plugin._network_delete_after_delete_handler-7968759', 'neutron.plugins.ml2.ovo_rpc._ObjectChangeHandler.handle_event-491520', 'neutron.api.rpc.agentnotifiers.dhcp_rpc_agent_api.DhcpAgentNotifyAPI._native_event_send_dhcp_notification-617334', 'neutron.services.l3_router.l3_router_plugin.DVRResourceOperationHandler.delete_fip_namespaces_for_ext_net-546345'] for network (4b620def-869a-4838-9da3-44ce9dd84064), after_delete {{(pid=111914) _notify_loop /usr/local/lib/python3.8/dist-packages/neutron_lib/callbacks/manager.py:176}}
Nov 02 13:04:02.335630 dv-neutron-863279-1-hyperv neutron-server[111914]: DEBUG neutron_lib.callbacks.manager [None req-42504306-2ed8-42c6-a035-d62f89dd8bee tempest-PortsAdminExtendedAttrsIpV6TestJSON-1375090416 tempest-PortsAdminExtendedAttrsIpV6TestJSON-1375090416-project-admin] Publish callbacks [] for security_group (e77cb406-cec5-4c04-a290-f2844ad43f64), precommit_create {{(pid=111914) _notify_loop /usr/local/lib/python3.8/dist-packages/neutron_lib/callbacks/manager.py:176}}
Nov 02 13:04:02.348698 dv-neutron-863279-1-hyperv neutron-server[111914]: DEBUG neutron_lib.callbacks.manager [None req-0361b44b-2f80-40e7-8bdf-5e0a82c03cc3 tempest-QuotasNegativeTest-819100198 tempest-QuotasNegativeTest-819100198-project-admin] Publish callbacks ['neutron.api.rpc.agentnotifiers.dhcp_rpc_agent_api.DhcpAgentNotifyAPI._send_dhcp_notification-617284'] for network (None), before_response {{(pid=111914) _notify_loop /usr/local/lib/python3.8/dist-packages/neutron_lib/callbacks/manager.py:176}}
Nov 02 13:04:02.352170 dv-neutron-863279-1-hyperv neutron-server[111914]: INFO neutron.wsgi [None req-0361b44b-2f80-40e7-8bdf-5e0a82c03cc3 tempest-QuotasNegativeTest-819100198 tempest-QuotasNegativeTest-819100198-project-admin] 10.222.0.97 "DELETE /v2.0/networks/4b620def-869a-4838-9da3-44ce9dd84064 HTTP/1.1" status: 204 len: 168 time: 1.2439349
Nov 02 13:04:02.363826 dv-neutron-863279-1-hyperv neutron-server[111913]: DEBUG neutron_lib.callbacks.manager [None req-5b76fbb6-f3a5-43b1-b391-7b3fe41b4ef8 admin admin] Publish callbacks ['neutron.services.l3_router.l3_router_plugin.L3_HA_NAT_db_mixin._after_router_create-566775', 'neutron.services.l3_router.l3_router_plugin.DVRResourceOperationHandler._create_snat_interfaces_after_change-546417'] for router (c0baa293-18a7-4b23-91ee-88b5095e295b), after_create {{(pid=111913) _notify_loop /usr/local/lib/python3.8/dist-packages/neutron_lib/callbacks/manager.py:176}}
Nov 02 13:04:02.368693 dv-neutron-863279-1-hyperv neutron-server[111914]: DEBUG neutron.wsgi [-] (111914) accepted ('10.222.0.97', 49114) {{(pid=111914) server /usr/local/lib/python3.8/dist-packages/eventlet/wsgi.py:1004}}
Nov 02 13:04:02.377831 dv-neutron-863279-1-hyperv neutron-server[111914]: DEBUG neutron_lib.callbacks.manager [None req-f6aa1007-8c7e-4362-8fd5-c525fb06bbd0 admin admin] Publish callbacks ['neutron.plugins.ml2.plugin.SecurityGroupServerNotifierRpcMixin._notify_sg_on_port_change-7984913', 'neutron.plugins.ml2.ovo_rpc._ObjectChangeHandler.handle_event-189112', 'neutron.api.rpc.agentnotifiers.dhcp_rpc_agent_api.DhcpAgentNotifyAPI._native_event_send_dhcp_notification-617334', 'neutron.db.l3_dvrscheduler_db._notify_l3_agent_new_port-8790324804078', 'neutron.services.segments.plugin.NovaSegmentNotifier._notify_port_created_or_deleted-4063515'] for port (af91dd98-c3a0-458c-9364-ddcc9cf6219f), after_create {{(pid=111914) _notify_loop /usr/local/lib/python3.8/dist-packages/neutron_lib/callbacks/manager.py:176}}
Nov 02 13:04:02.386776 dv-neutron-863279-1-hyperv neutron-server[111914]: DEBUG neutron.api.rpc.handlers.resources_rpc [None req-0361b44b-2f80-40e7-8bdf-5e0a82c03cc3 tempest-QuotasNegativeTest-819100198 tempest-QuotasNegativeTest-819100198-project-admin] Pushing event deleted for resources: {'Network': ['ID=4b620def-869a-4838-9da3-44ce9dd84064,revision_number=None']} {{(pid=111914) push /opt/stack/neutron/neutron/api/rpc/handlers/resources_rpc.py:237}}
Nov 02 13:04:02.398909 dv-neutron-863279-1-hyperv neutron-server[111914]: DEBUG neutron_lib.callbacks.manager [None req-abe09087-6f2a-431e-bc80-1594b1835f86 admin admin] Publish callbacks [] for security_group (86e6f5b2-51c3-45a8-b1fa-5fc17d56f19d), precommit_delete {{(pid=111914) _notify_loop /usr/local/lib/python3.8/dist-packages/neutron_lib/callbacks/manager.py:176}}
Nov 02 13:04:02.442472 dv-neutron-863279-1-hyperv neutron-server[111914]: DEBUG neutron.api.rpc.handlers.resources_rpc [None req-f6aa1007-8c7e-4362-8fd5-c525fb06bbd0 admin admin] Pushing event updated for resources: {'Port': ['ID=af91dd98-c3a0-458c-9364-ddcc9cf6219f,revision_number=1']} {{(pid=111914) push /opt/stack/neutron/neutron/api/rpc/handlers/resources_rpc.py:237}}
Nov 02 13:04:02.485375 dv-neutron-863279-1-hyperv neutron-server[111914]: INFO neutron.services.segments.plugin [-] Segment 008a33cb-6b7f-4d75-8a6d-dcfe0dcfd548 resource provider aggregate not found
Nov 02 13:04:02.489718 dv-neutron-863279-1-hyperv neutron-server[111914]: DEBUG neutron_lib.callbacks.manager [None req-42504306-2ed8-42c6-a035-d62f89dd8bee tempest-PortsAdminExtendedAttrsIpV6TestJSON-1375090416 tempest-PortsAdminExtendedAttrsIpV6TestJSON-1375090416-project-admin] Publish callbacks ['neutron.plugins.ml2.ovo_rpc._ObjectChangeHandler.handle_event-491601'] for security_group (e77cb406-cec5-4c04-a290-f2844ad43f64), after_create {{(pid=111914) _notify_loop /usr/local/lib/python3.8/dist-packages/neutron_lib/callbacks/manager.py:176}}
Nov 02 13:04:02.492171 dv-neutron-863279-1-hyperv neutron-server[111914]: DEBUG neutron.scheduler.dhcp_agent_scheduler [None req-7c3c7058-461e-44c9-a415-cb3c44cf19c4 tempest-RoutersIpV6AdminTest-1800936303 tempest-RoutersIpV6AdminTest-1800936303-project-admin] Network f2cb9e21-1fc3-425a-9749-673b07789843 is scheduled to be hosted by DHCP agent bd637190-e2f1-498c-9a81-1b9dd578ae42 with binding_index 1 {{(pid=111914) bind /opt/stack/neutron/neutron/scheduler/dhcp_agent_scheduler.py:227}}
Nov 02 13:04:02.508557 dv-neutron-863279-1-hyperv neutron-server[111914]: DEBUG neutron.notifiers.nova [None req-42504306-2ed8-42c6-a035-d62f89dd8bee tempest-PortsAdminExtendedAttrsIpV6TestJSON-1375090416 tempest-PortsAdminExtendedAttrsIpV6TestJSON-1375090416-project-admin] device_id is not set on port 0b037501-3e4d-4939-aec6-a68023998b4d yet. {{(pid=111914) _can_notify /opt/stack/neutron/neutron/notifiers/nova.py:201}}
Nov 02 13:04:02.521912 dv-neutron-863279-1-hyperv neutron-server[111915]: DEBUG neutron_lib.callbacks.manager [None req-db7c7a6d-9f75-4a85-99e6-8f484ba03392 None None] Publish callbacks [] for port (8aba3904-ca44-488f-b9b9-dff7b486d837), precommit_update {{(pid=111915) _notify_loop /usr/local/lib/python3.8/dist-packages/neutron_lib/callbacks/manager.py:176}}
Nov 02 13:04:02.544560 dv-neutron-863279-1-hyperv neutron-server[111914]: INFO neutron.services.segments.plugin [-] Segment 008a33cb-6b7f-4d75-8a6d-dcfe0dcfd548 resource provider not found; error: Placement Client Error (4xx): {"errors": [{"status": 404, "title": "Not Found", "detail": "The resource could not be found.\n\n No resource provider with uuid 008a33cb-6b7f-4d75-8a6d-dcfe0dcfd548 found for delete ", "request_id": "req-7676500f-8f23-4d03-a9c7-eaaf2578a64b"}]}
Nov 02 13:04:02.580664 dv-neutron-863279-1-hyperv neutron-server[111914]: DEBUG neutron.scheduler.dhcp_agent_scheduler [None req-f6aa1007-8c7e-4362-8fd5-c525fb06bbd0 admin admin] Network 75690753-de4e-48aa-b89c-31398072d524 is already hosted by enough agents. {{(pid=111914) _get_dhcp_agents_hosting_network /opt/stack/neutron/neutron/scheduler/dhcp_agent_scheduler.py:275}}
Nov 02 13:04:02.641282 dv-neutron-863279-1-hyperv neutron-server[111914]: DEBUG neutron.scheduler.base_scheduler [None req-f6aa1007-8c7e-4362-8fd5-c525fb06bbd0 admin admin] Resources bound (agent type, host, resource id): {{(pid=111914) schedule /opt/stack/neutron/neutron/scheduler/base_scheduler.py:57}}
Nov 02 13:04:02.643009 dv-neutron-863279-1-hyperv neutron-server[111914]: DEBUG neutron.scheduler.base_scheduler [None req-7c3c7058-461e-44c9-a415-cb3c44cf19c4 tempest-RoutersIpV6AdminTest-1800936303 tempest-RoutersIpV6AdminTest-1800936303-project-admin] Resources bound (agent type, host, resource id): (DHCP agent, dv-neutron-863279-1-hyperv, f2cb9e21-1fc3-425a-9749-673b07789843) {{(pid=111914) schedule /opt/stack/neutron/neutron/scheduler/base_scheduler.py:57}}
