Nov 02 12:36:22.549840 dv-neutron-863271-1-hyperv devstack@placement-api.service[108464]: DEBUG placement.objects.research_context [req-be45ab8e-f8b7-4a0f-adaf-135a58ac2bf7 req-024281d8-dd4a-4189-a7ff-1a2a54126bb8 service placement] found 1 providers after filtering by previous result {{(pid=108464) get_provider_ids_matching /opt/stack/placement/placement/objects/research_context.py:594}}
Nov 02 12:36:22.572557 dv-neutron-863271-1-hyperv devstack@placement-api.service[108464]: DEBUG placement.objects.allocation_candidate [req-be45ab8e-f8b7-4a0f-adaf-135a58ac2bf7 req-024281d8-dd4a-4189-a7ff-1a2a54126bb8 service placement] RequestGroup(use_same_provider=False, resources={DISK_GB:1, MEMORY_MB:1024, VCPU:1}, traits=(), aggregates=[]) (suffix '') returned 1 matches {{(pid=108464) _get_by_requests /opt/stack/placement/placement/objects/allocation_candidate.py:156}}
Nov 02 12:36:22.572989 dv-neutron-863271-1-hyperv devstack@placement-api.service[108464]: DEBUG placement.objects.allocation_candidate [req-be45ab8e-f8b7-4a0f-adaf-135a58ac2bf7 req-024281d8-dd4a-4189-a7ff-1a2a54126bb8 service placement] Merging candidates yields 1 allocation requests and 1 provider summaries {{(pid=108464) _merge_candidates /opt/stack/placement/placement/objects/allocation_candidate.py:809}}
Nov 02 12:36:22.575992 dv-neutron-863271-1-hyperv devstack@placement-api.service[108464]: INFO placement.requestlog [req-be45ab8e-f8b7-4a0f-adaf-135a58ac2bf7 req-024281d8-dd4a-4189-a7ff-1a2a54126bb8 service placement] 10.222.0.58 "GET /placement/allocation_candidates?limit=1000&resources=DISK_GB%3A1%2CMEMORY_MB%3A1024%2CVCPU%3A1&root_required=%21COMPUTE_STATUS_DISABLED" status: 200 len: 764 microversion: 1.36
Nov 02 12:36:22.589521 dv-neutron-863271-1-hyperv devstack@placement-api.service[108464]: [pid: 108464|app: 0|req: 13/25] 10.222.0.58 () {60 vars in 1506 bytes} [Wed Nov 2 12:36:22 2022] GET /placement/allocation_candidates?limit=1000&resources=DISK_GB%3A1%2CMEMORY_MB%3A1024%2CVCPU%3A1&root_required=%21COMPUTE_STATUS_DISABLED => generated 764 bytes in 447 msecs (HTTP/1.1 200) 8 headers in 296 bytes (1 switches on core 0)
Nov 02 12:36:22.610329 dv-neutron-863271-1-hyperv devstack@placement-api.service[108463]: DEBUG placement.requestlog [None req-350c7258-4f41-498a-bbbd-e3b6af4d8405 None None] Starting request: 10.222.0.58 "GET /placement/resource_providers/8b884f9d-8243-4bf3-a9bb-4807fe9eb914/aggregates" {{(pid=108463) __call__ /opt/stack/placement/placement/requestlog.py:55}}
Nov 02 12:36:22.635979 dv-neutron-863271-1-hyperv devstack@placement-api.service[108463]: INFO placement.requestlog [None req-350c7258-4f41-498a-bbbd-e3b6af4d8405 service placement] 10.222.0.58 "GET /placement/resource_providers/8b884f9d-8243-4bf3-a9bb-4807fe9eb914/aggregates" status: 404 len: 235 microversion: 1.1
Nov 02 12:36:22.639348 dv-neutron-863271-1-hyperv devstack@placement-api.service[108463]: [pid: 108463|app: 0|req: 13/26] 10.222.0.58 () {58 vars in 1362 bytes} [Wed Nov 2 12:36:22 2022] GET /placement/resource_providers/8b884f9d-8243-4bf3-a9bb-4807fe9eb914/aggregates => generated 235 bytes in 30 msecs (HTTP/1.1 404) 5 headers in 202 bytes (2 switches on core 0)
Nov 02 12:36:22.693414 dv-neutron-863271-1-hyperv devstack@placement-api.service[108464]: DEBUG placement.requestlog [None req-d70c2a73-7792-4448-bcf9-be03f84cb2c3 None None] Starting request: 10.222.0.58 "DELETE /placement/resource_providers/8b884f9d-8243-4bf3-a9bb-4807fe9eb914" {{(pid=108464) __call__ /opt/stack/placement/placement/requestlog.py:55}}
Nov 02 12:36:22.713144 dv-neutron-863271-1-hyperv devstack@placement-api.service[108464]: DEBUG placement.wsgi_wrapper [None req-d70c2a73-7792-4448-bcf9-be03f84cb2c3 service placement] Placement API returning an error response: No resource provider with uuid 8b884f9d-8243-4bf3-a9bb-4807fe9eb914 found for delete {{(pid=108464) call_func /opt/stack/placement/placement/wsgi_wrapper.py:31}}
Nov 02 12:36:22.715516 dv-neutron-863271-1-hyperv devstack@placement-api.service[108464]: INFO placement.requestlog [None req-d70c2a73-7792-4448-bcf9-be03f84cb2c3 service placement] 10.222.0.58 "DELETE /placement/resource_providers/8b884f9d-8243-4bf3-a9bb-4807fe9eb914" status: 404 len: 246 microversion: 1.1
Nov 02 12:36:22.718201 dv-neutron-863271-1-hyperv devstack@placement-api.service[108464]: [pid: 108464|app: 0|req: 14/27] 10.222.0.58 () {60 vars in 1351 bytes} [Wed Nov 2 12:36:22 2022] DELETE /placement/resource_providers/8b884f9d-8243-4bf3-a9bb-4807fe9eb914 => generated 246 bytes in 25 msecs (HTTP/1.1 404) 6 headers in 231 bytes (1 switches on core 0)
Nov 02 12:36:22.920743 dv-neutron-863271-1-hyperv devstack@placement-api.service[108463]: DEBUG placement.requestlog [req-be45ab8e-f8b7-4a0f-adaf-135a58ac2bf7 req-611ab669-d8d1-4209-8dcd-ef181dd4c55d None None] Starting request: 10.222.0.58 "GET /placement/allocations/68879633-de1b-4650-bc83-fe581916d728" {{(pid=108463) __call__ /opt/stack/placement/placement/requestlog.py:55}}
Nov 02 12:36:22.937383 dv-neutron-863271-1-hyperv devstack@placement-api.service[108463]: INFO placement.requestlog [req-be45ab8e-f8b7-4a0f-adaf-135a58ac2bf7 req-611ab669-d8d1-4209-8dcd-ef181dd4c55d service placement] 10.222.0.58 "GET /placement/allocations/68879633-de1b-4650-bc83-fe581916d728" status: 200 len: 19 microversion: 1.28
Nov 02 12:36:22.945302 dv-neutron-863271-1-hyperv devstack@placement-api.service[108463]: [pid: 108463|app: 0|req: 14/28] 10.222.0.58 () {60 vars in 1380 bytes} [Wed Nov 2 12:36:22 2022] GET /placement/allocations/68879633-de1b-4650-bc83-fe581916d728 => generated 19 bytes in 25 msecs (HTTP/1.1 200) 8 headers in 295 bytes (2 switches on core 0)
Nov 02 12:36:22.945663 dv-neutron-863271-1-hyperv devstack@placement-api.service[108464]: DEBUG placement.requestlog [req-be45ab8e-f8b7-4a0f-adaf-135a58ac2bf7 req-39459e06-b902-4798-b42b-50bcb9c17d4a None None] Starting request: 10.222.0.58 "PUT /placement/allocations/68879633-de1b-4650-bc83-fe581916d728" {{(pid=108464) __call__ /opt/stack/placement/placement/requestlog.py:55}}
Nov 02 12:36:23.355007 dv-neutron-863271-1-hyperv devstack@placement-api.service[108463]: DEBUG placement.requestlog [None req-7eec5d4d-2e20-406d-b5e9-2b0e59ee79f8 None None] Starting request: 10.222.0.58 "GET /placement/resource_providers/ee4fc9ca-a10f-4784-94a5-ba3fe33a1da5/aggregates" {{(pid=108463) __call__ /opt/stack/placement/placement/requestlog.py:55}}
Nov 02 12:36:23.403485 dv-neutron-863271-1-hyperv devstack@placement-api.service[108463]: INFO placement.requestlog [None req-7eec5d4d-2e20-406d-b5e9-2b0e59ee79f8 service placement] 10.222.0.58 "GET /placement/resource_providers/ee4fc9ca-a10f-4784-94a5-ba3fe33a1da5/aggregates" status: 404 len: 235 microversion: 1.1
Nov 02 12:36:23.405139 dv-neutron-863271-1-hyperv devstack@placement-api.service[108463]: [pid: 108463|app: 0|req: 15/29] 10.222.0.58 () {58 vars in 1362 bytes} [Wed Nov 2 12:36:23 2022] GET /placement/resource_providers/ee4fc9ca-a10f-4784-94a5-ba3fe33a1da5/aggregates => generated 235 bytes in 51 msecs (HTTP/1.1 404) 5 headers in 202 bytes (1 switches on core 0)
Nov 02 12:36:23.411513 dv-neutron-863271-1-hyperv devstack@placement-api.service[108463]: DEBUG placement.requestlog [None req-6bdc6ed3-2345-4993-8163-500fbe755f12 None None] Starting request: 10.222.0.58 "DELETE /placement/resource_providers/ee4fc9ca-a10f-4784-94a5-ba3fe33a1da5" {{(pid=108463) __call__ /opt/stack/placement/placement/requestlog.py:55}}
Nov 02 12:36:23.433644 dv-neutron-863271-1-hyperv devstack@placement-api.service[108464]: DEBUG placement.handlers.allocation [req-be45ab8e-f8b7-4a0f-adaf-135a58ac2bf7 req-39459e06-b902-4798-b42b-50bcb9c17d4a service placement] Successfully wrote allocations [, , ] {{(pid=108464) _update_consumers_and_create_allocations /opt/stack/placement/placement/handlers/allocation.py:462}}
Nov 02 12:36:23.438302 dv-neutron-863271-1-hyperv devstack@placement-api.service[108463]: DEBUG placement.wsgi_wrapper [None req-6bdc6ed3-2345-4993-8163-500fbe755f12 service placement] Placement API returning an error response: No resource provider with uuid ee4fc9ca-a10f-4784-94a5-ba3fe33a1da5 found for delete {{(pid=108463) call_func /opt/stack/placement/placement/wsgi_wrapper.py:31}}
Nov 02 12:36:23.439866 dv-neutron-863271-1-hyperv devstack@placement-api.service[108463]: INFO placement.requestlog [None req-6bdc6ed3-2345-4993-8163-500fbe755f12 service placement] 10.222.0.58 "DELETE /placement/resource_providers/ee4fc9ca-a10f-4784-94a5-ba3fe33a1da5" status: 404 len: 246 microversion: 1.1
Nov 02 12:36:23.442304 dv-neutron-863271-1-hyperv devstack@placement-api.service[108463]: [pid: 108463|app: 0|req: 16/30] 10.222.0.58 () {60 vars in 1351 bytes} [Wed Nov 2 12:36:23 2022] DELETE /placement/resource_providers/ee4fc9ca-a10f-4784-94a5-ba3fe33a1da5 => generated 246 bytes in 31 msecs (HTTP/1.1 404) 6 headers in 231 bytes (2 switches on core 0)
Nov 02 12:36:23.533372 dv-neutron-863271-1-hyperv devstack@placement-api.service[108464]: INFO placement.requestlog [req-be45ab8e-f8b7-4a0f-adaf-135a58ac2bf7 req-39459e06-b902-4798-b42b-50bcb9c17d4a service placement] 10.222.0.58 "PUT /placement/allocations/68879633-de1b-4650-bc83-fe581916d728" status: 204 len: 0 microversion: 1.36
Nov 02 12:36:23.535705 dv-neutron-863271-1-hyperv devstack@placement-api.service[108464]: [pid: 108464|app: 0|req: 15/31] 10.222.0.58 () {64 vars in 1433 bytes} [Wed Nov 2 12:36:22 2022] PUT /placement/allocations/68879633-de1b-4650-bc83-fe581916d728 => generated 0 bytes in 590 msecs (HTTP/1.1 204) 5 headers in 199 bytes (2 switches on core 0)
Nov 02 12:36:26.067501 dv-neutron-863271-1-hyperv devstack@placement-api.service[108463]: DEBUG placement.requestlog [req-be45ab8e-f8b7-4a0f-adaf-135a58ac2bf7 req-7c8cb736-6fba-48f6-af37-975f109925de None None] Starting request: 10.222.0.61 "GET /placement/allocations/68879633-de1b-4650-bc83-fe581916d728" {{(pid=108463) __call__ /opt/stack/placement/placement/requestlog.py:55}}
Nov 02 12:36:26.132928 dv-neutron-863271-1-hyperv devstack@placement-api.service[108463]: INFO placement.requestlog [req-be45ab8e-f8b7-4a0f-adaf-135a58ac2bf7 req-7c8cb736-6fba-48f6-af37-975f109925de service placement] 10.222.0.61 "GET /placement/allocations/68879633-de1b-4650-bc83-fe581916d728" status: 200 len: 258 microversion: 1.28
Nov 02 12:36:26.143166 dv-neutron-863271-1-hyperv devstack@placement-api.service[108463]: [pid: 108463|app: 0|req: 17/32] 10.222.0.61 () {60 vars in 1377 bytes} [Wed Nov 2 12:36:26 2022] GET /placement/allocations/68879633-de1b-4650-bc83-fe581916d728 => generated 258 bytes in 76 msecs (HTTP/1.1 200) 8 headers in 296 bytes (1 switches on core 0)
Nov 02 12:36:26.443822 dv-neutron-863271-1-hyperv devstack@placement-api.service[108464]: DEBUG placement.requestlog [req-8afac10d-9b78-42b8-8cde-b6f9afd5a694 req-a1267072-6b1d-4d98-8eb2-811d99362883 None None] Starting request: 10.222.0.58 "GET /placement/allocation_candidates?limit=1000&resources=DISK_GB%3A1%2CMEMORY_MB%3A1024%2CVCPU%3A1&root_required=%21COMPUTE_STATUS_DISABLED" {{(pid=108464) __call__ /opt/stack/placement/placement/requestlog.py:55}}
Nov 02 12:36:26.543522 dv-neutron-863271-1-hyperv devstack@placement-api.service[108464]: DEBUG placement.objects.research_context [req-8afac10d-9b78-42b8-8cde-b6f9afd5a694 req-a1267072-6b1d-4d98-8eb2-811d99362883 service placement] getting providers with 1 DISK_GB {{(pid=108464) __init__ /opt/stack/placement/placement/objects/research_context.py:136}}
Nov 02 12:36:26.555336 dv-neutron-863271-1-hyperv devstack@placement-api.service[108464]: DEBUG placement.objects.research_context [req-8afac10d-9b78-42b8-8cde-b6f9afd5a694 req-a1267072-6b1d-4d98-8eb2-811d99362883 service placement] getting providers with 1024 MEMORY_MB {{(pid=108464) __init__ /opt/stack/placement/placement/objects/research_context.py:136}}
Nov 02 12:36:26.574372 dv-neutron-863271-1-hyperv devstack@placement-api.service[108464]: DEBUG placement.objects.research_context [req-8afac10d-9b78-42b8-8cde-b6f9afd5a694 req-a1267072-6b1d-4d98-8eb2-811d99362883 service placement] getting providers with 1 VCPU {{(pid=108464) __init__ /opt/stack/placement/placement/objects/research_context.py:136}}
Nov 02 12:36:26.592823 dv-neutron-863271-1-hyperv devstack@placement-api.service[108464]: DEBUG placement.objects.research_context [req-8afac10d-9b78-42b8-8cde-b6f9afd5a694 req-a1267072-6b1d-4d98-8eb2-811d99362883 service placement] found 1 providers with available 1 DISK_GB {{(pid=108464) get_provider_ids_matching /opt/stack/placement/placement/objects/research_context.py:563}}
Nov 02 12:36:26.600405 dv-neutron-863271-1-hyperv devstack@placement-api.service[108464]: DEBUG placement.objects.research_context [req-8afac10d-9b78-42b8-8cde-b6f9afd5a694 req-a1267072-6b1d-4d98-8eb2-811d99362883 service placement] found 1 providers with available 1024 MEMORY_MB {{(pid=108464) get_provider_ids_matching /opt/stack/placement/placement/objects/research_context.py:563}}
Nov 02 12:36:26.601369 dv-neutron-863271-1-hyperv devstack@placement-api.service[108464]: DEBUG placement.objects.research_context [req-8afac10d-9b78-42b8-8cde-b6f9afd5a694 req-a1267072-6b1d-4d98-8eb2-811d99362883 service placement] found 1 providers after filtering by previous result {{(pid=108464) get_provider_ids_matching /opt/stack/placement/placement/objects/research_context.py:594}}
Nov 02 12:36:26.610777 dv-neutron-863271-1-hyperv devstack@placement-api.service[108464]: DEBUG placement.objects.research_context [req-8afac10d-9b78-42b8-8cde-b6f9afd5a694 req-a1267072-6b1d-4d98-8eb2-811d99362883 service placement] found 1 providers with available 1 VCPU {{(pid=108464) get_provider_ids_matching /opt/stack/placement/placement/objects/research_context.py:563}}
Nov 02 12:36:26.610777 dv-neutron-863271-1-hyperv devstack@placement-api.service[108464]: DEBUG placement.objects.research_context [req-8afac10d-9b78-42b8-8cde-b6f9afd5a694 req-a1267072-6b1d-4d98-8eb2-811d99362883 service placement] found 1 providers after filtering by previous result {{(pid=108464) get_provider_ids_matching /opt/stack/placement/placement/objects/research_context.py:594}}
Nov 02 12:36:26.648478 dv-neutron-863271-1-hyperv devstack@placement-api.service[108464]: DEBUG placement.objects.allocation_candidate [req-8afac10d-9b78-42b8-8cde-b6f9afd5a694 req-a1267072-6b1d-4d98-8eb2-811d99362883 service placement] RequestGroup(use_same_provider=False, resources={DISK_GB:1, MEMORY_MB:1024, VCPU:1}, traits=(), aggregates=[]) (suffix '') returned 1 matches {{(pid=108464) _get_by_requests /opt/stack/placement/placement/objects/allocation_candidate.py:156}}
Nov 02 12:36:26.649512 dv-neutron-863271-1-hyperv devstack@placement-api.service[108464]: DEBUG placement.objects.allocation_candidate [req-8afac10d-9b78-42b8-8cde-b6f9afd5a694 req-a1267072-6b1d-4d98-8eb2-811d99362883 service placement] Merging candidates yields 1 allocation requests and 1 provider summaries {{(pid=108464) _merge_candidates /opt/stack/placement/placement/objects/allocation_candidate.py:809}}
Nov 02 12:36:26.651687 dv-neutron-863271-1-hyperv devstack@placement-api.service[108464]: INFO placement.requestlog [req-8afac10d-9b78-42b8-8cde-b6f9afd5a694 req-a1267072-6b1d-4d98-8eb2-811d99362883 service placement] 10.222.0.58 "GET /placement/allocation_candidates?limit=1000&resources=DISK_GB%3A1%2CMEMORY_MB%3A1024%2CVCPU%3A1&root_required=%21COMPUTE_STATUS_DISABLED" status: 200 len: 767 microversion: 1.36
Nov 02 12:36:26.662987 dv-neutron-863271-1-hyperv devstack@placement-api.service[108464]: [pid: 108464|app: 0|req: 16/33] 10.222.0.58 () {60 vars in 1506 bytes} [Wed Nov 2 12:36:26 2022] GET /placement/allocation_candidates?limit=1000&resources=DISK_GB%3A1%2CMEMORY_MB%3A1024%2CVCPU%3A1&root_required=%21COMPUTE_STATUS_DISABLED => generated 767 bytes in 220 msecs (HTTP/1.1 200) 8 headers in 296 bytes (1 switches on core 0)
Nov 02 12:36:26.781002 dv-neutron-863271-1-hyperv devstack@placement-api.service[108463]: DEBUG placement.requestlog [req-be45ab8e-f8b7-4a0f-adaf-135a58ac2bf7 req-9bb6dd90-39c7-4c37-96fb-9c49f336f338 None None] Starting request: 10.222.0.61 "GET /placement/resource_providers/ffc1e922-5ca3-4fa3-bebb-11840840dfe2/allocations" {{(pid=108463) __call__ /opt/stack/placement/placement/requestlog.py:55}}
Nov 02 12:36:26.822211 dv-neutron-863271-1-hyperv devstack@placement-api.service[108464]: DEBUG placement.requestlog [req-8afac10d-9b78-42b8-8cde-b6f9afd5a694 req-6b995bb6-6a6d-4b7e-bf58-841225d5ac0b None None] Starting request: 10.222.0.58 "GET /placement/allocations/4b9a1803-efee-4417-8efa-a37b1bc8fd37" {{(pid=108464) __call__ /opt/stack/placement/placement/requestlog.py:55}}
Nov 02 12:36:26.839097 dv-neutron-863271-1-hyperv devstack@placement-api.service[108463]: INFO placement.requestlog [req-be45ab8e-f8b7-4a0f-adaf-135a58ac2bf7 req-9bb6dd90-39c7-4c37-96fb-9c49f336f338 service placement] 10.222.0.61 "GET /placement/resource_providers/ffc1e922-5ca3-4fa3-bebb-11840840dfe2/allocations" status: 200 len: 153 microversion: 1.0
Nov 02 12:36:26.839966 dv-neutron-863271-1-hyperv devstack@placement-api.service[108463]: [pid: 108463|app: 0|req: 18/34] 10.222.0.61 () {58 vars in 1390 bytes} [Wed Nov 2 12:36:26 2022] GET /placement/resource_providers/ffc1e922-5ca3-4fa3-bebb-11840840dfe2/allocations => generated 153 bytes in 61 msecs (HTTP/1.1 200) 6 headers in 224 bytes (2 switches on core 0)
Nov 02 12:36:26.857316 dv-neutron-863271-1-hyperv devstack@placement-api.service[108464]: INFO placement.requestlog [req-8afac10d-9b78-42b8-8cde-b6f9afd5a694 req-6b995bb6-6a6d-4b7e-bf58-841225d5ac0b service placement] 10.222.0.58 "GET /placement/allocations/4b9a1803-efee-4417-8efa-a37b1bc8fd37" status: 200 len: 19 microversion: 1.28
Nov 02 12:36:26.857316 dv-neutron-863271-1-hyperv devstack@placement-api.service[108464]: [pid: 108464|app: 0|req: 17/35] 10.222.0.58 () {60 vars in 1380 bytes} [Wed Nov 2 12:36:26 2022] GET /placement/allocations/4b9a1803-efee-4417-8efa-a37b1bc8fd37 => generated 19 bytes in 24 msecs (HTTP/1.1 200) 8 headers in 295 bytes (1 switches on core 0)
Nov 02 12:36:26.857614 dv-neutron-863271-1-hyperv devstack@placement-api.service[108463]: DEBUG placement.requestlog [req-be45ab8e-f8b7-4a0f-adaf-135a58ac2bf7 req-89cf1681-87a6-4ea9-a8ee-272a3c9c2022 None None] Starting request: 10.222.0.61 "GET /placement/allocations/68879633-de1b-4650-bc83-fe581916d728" {{(pid=108463) __call__ /opt/stack/placement/placement/requestlog.py:55}}
Nov 02 12:36:26.859466 dv-neutron-863271-1-hyperv devstack@placement-api.service[108464]: DEBUG placement.requestlog [req-8afac10d-9b78-42b8-8cde-b6f9afd5a694 req-6704ed5a-2bd0-4f62-b4c7-2b5afa84d75a None None] Starting request: 10.222.0.58 "PUT /placement/allocations/4b9a1803-efee-4417-8efa-a37b1bc8fd37" {{(pid=108464) __call__ /opt/stack/placement/placement/requestlog.py:55}}
Nov 02 12:36:26.891823 dv-neutron-863271-1-hyperv devstack@placement-api.service[108463]: INFO placement.requestlog [req-be45ab8e-f8b7-4a0f-adaf-135a58ac2bf7 req-89cf1681-87a6-4ea9-a8ee-272a3c9c2022 service placement] 10.222.0.61 "GET /placement/allocations/68879633-de1b-4650-bc83-fe581916d728" status: 200 len: 258 microversion: 1.28
Nov 02 12:36:26.892515 dv-neutron-863271-1-hyperv devstack@placement-api.service[108463]: [pid: 108463|app: 0|req: 19/36] 10.222.0.61 () {60 vars in 1377 bytes} [Wed Nov 2 12:36:26 2022] GET /placement/allocations/68879633-de1b-4650-bc83-fe581916d728 => generated 258 bytes in 45 msecs (HTTP/1.1 200) 8 headers in 296 bytes (2 switches on core 0)
Nov 02 12:36:27.092799 dv-neutron-863271-1-hyperv devstack@placement-api.service[108463]: DEBUG placement.requestlog [None req-12cc0636-b7d2-47ca-8b00-422ece30e9a5 None None] Starting request: 10.222.0.58 "GET /placement/resource_providers/138bdf1e-fbf3-43e5-9b74-218f6ece0810/aggregates" {{(pid=108463) __call__ /opt/stack/placement/placement/requestlog.py:55}}
Nov 02 12:36:27.129333 dv-neutron-863271-1-hyperv devstack@placement-api.service[108463]: INFO placement.requestlog [None req-12cc0636-b7d2-47ca-8b00-422ece30e9a5 service placement] 10.222.0.58 "GET /placement/resource_providers/138bdf1e-fbf3-43e5-9b74-218f6ece0810/aggregates" status: 404 len: 235 microversion: 1.1
Nov 02 12:36:27.130684 dv-neutron-863271-1-hyperv devstack@placement-api.service[108463]: [pid: 108463|app: 0|req: 20/37] 10.222.0.58 () {58 vars in 1362 bytes} [Wed Nov 2 12:36:27 2022] GET /placement/resource_providers/138bdf1e-fbf3-43e5-9b74-218f6ece0810/aggregates => generated 235 bytes in 39 msecs (HTTP/1.1 404) 5 headers in 202 bytes (2 switches on core 0)
Nov 02 12:36:27.253533 dv-neutron-863271-1-hyperv devstack@placement-api.service[108463]: DEBUG placement.requestlog [None req-8867bd58-dea3-47db-8518-a75bfc08499f None None] Starting request: 10.222.0.58 "DELETE /placement/resource_providers/138bdf1e-fbf3-43e5-9b74-218f6ece0810" {{(pid=108463) __call__ /opt/stack/placement/placement/requestlog.py:55}}
Nov 02 12:36:27.275146 dv-neutron-863271-1-hyperv devstack@placement-api.service[108463]: DEBUG placement.wsgi_wrapper [None req-8867bd58-dea3-47db-8518-a75bfc08499f service placement] Placement API returning an error response: No resource provider with uuid 138bdf1e-fbf3-43e5-9b74-218f6ece0810 found for delete {{(pid=108463) call_func /opt/stack/placement/placement/wsgi_wrapper.py:31}}
Nov 02 12:36:27.275965 dv-neutron-863271-1-hyperv devstack@placement-api.service[108463]: INFO placement.requestlog [None req-8867bd58-dea3-47db-8518-a75bfc08499f service placement] 10.222.0.58 "DELETE /placement/resource_providers/138bdf1e-fbf3-43e5-9b74-218f6ece0810" status: 404 len: 246 microversion: 1.1
Nov 02 12:36:27.276354 dv-neutron-863271-1-hyperv devstack@placement-api.service[108463]: [pid: 108463|app: 0|req: 21/38] 10.222.0.58 () {60 vars in 1351 bytes} [Wed Nov 2 12:36:27 2022] DELETE /placement/resource_providers/138bdf1e-fbf3-43e5-9b74-218f6ece0810 => generated 246 bytes in 23 msecs (HTTP/1.1 404) 6 headers in 231 bytes (2 switches on core 0)
Nov 02 12:36:27.380846 dv-neutron-863271-1-hyperv devstack@placement-api.service[108464]: DEBUG placement.handlers.allocation [req-8afac10d-9b78-42b8-8cde-b6f9afd5a694 req-6704ed5a-2bd0-4f62-b4c7-2b5afa84d75a service placement] Successfully wrote allocations [, , ] {{(pid=108464) _update_consumers_and_create_allocations /opt/stack/placement/placement/handlers/allocation.py:462}}
Nov 02 12:36:27.497995 dv-neutron-863271-1-hyperv devstack@placement-api.service[108464]: INFO placement.requestlog [req-8afac10d-9b78-42b8-8cde-b6f9afd5a694 req-6704ed5a-2bd0-4f62-b4c7-2b5afa84d75a service placement] 10.222.0.58 "PUT /placement/allocations/4b9a1803-efee-4417-8efa-a37b1bc8fd37" status: 204 len: 0 microversion: 1.36
Nov 02 12:36:27.511412 dv-neutron-863271-1-hyperv devstack@placement-api.service[108464]: [pid: 108464|app: 0|req: 18/39] 10.222.0.58 () {64 vars in 1433 bytes} [Wed Nov 2 12:36:26 2022] PUT /placement/allocations/4b9a1803-efee-4417-8efa-a37b1bc8fd37 => generated 0 bytes in 643 msecs (HTTP/1.1 204) 5 headers in 199 bytes (1 switches on core 0)
Nov 02 12:36:29.664515 dv-neutron-863271-1-hyperv devstack@placement-api.service[108463]: DEBUG placement.requestlog [req-8afac10d-9b78-42b8-8cde-b6f9afd5a694 req-445a3ce0-17a2-43df-9cae-bfc85eac85c8 None None] Starting request: 10.222.0.61 "GET /placement/allocations/4b9a1803-efee-4417-8efa-a37b1bc8fd37" {{(pid=108463) __call__ /opt/stack/placement/placement/requestlog.py:55}}
Nov 02 12:36:29.686704 dv-neutron-863271-1-hyperv devstack@placement-api.service[108463]: INFO placement.requestlog [req-8afac10d-9b78-42b8-8cde-b6f9afd5a694 req-445a3ce0-17a2-43df-9cae-bfc85eac85c8 service placement] 10.222.0.61 "GET /placement/allocations/4b9a1803-efee-4417-8efa-a37b1bc8fd37" status: 200 len: 258 microversion: 1.28
Nov 02 12:36:29.687662 dv-neutron-863271-1-hyperv devstack@placement-api.service[108463]: [pid: 108463|app: 0|req: 22/40] 10.222.0.61 () {60 vars in 1377 bytes} [Wed Nov 2 12:36:29 2022] GET /placement/allocations/4b9a1803-efee-4417-8efa-a37b1bc8fd37 => generated 258 bytes in 23 msecs (HTTP/1.1 200) 8 headers in 296 bytes (1 switches on core 0)
Nov 02 12:36:29.965084 dv-neutron-863271-1-hyperv devstack@placement-api.service[108464]: DEBUG placement.requestlog [req-43adb808-3635-4ced-aba8-7908d8a3eb6d req-db400115-31d4-4c46-84fc-96fdb5b4aa01 None None] Starting request: 10.222.0.58 "GET /placement/allocation_candidates?limit=1000&resources=DISK_GB%3A1%2CMEMORY_MB%3A1024%2CVCPU%3A1&root_required=%21COMPUTE_STATUS_DISABLED" {{(pid=108464) __call__ /opt/stack/placement/placement/requestlog.py:55}}
Nov 02 12:36:30.098374 dv-neutron-863271-1-hyperv devstack@placement-api.service[108464]: DEBUG placement.objects.research_context [req-43adb808-3635-4ced-aba8-7908d8a3eb6d req-db400115-31d4-4c46-84fc-96fdb5b4aa01 service placement] getting providers with 1 DISK_GB {{(pid=108464) __init__ /opt/stack/placement/placement/objects/research_context.py:136}}
Nov 02 12:36:30.115838 dv-neutron-863271-1-hyperv devstack@placement-api.service[108464]: DEBUG placement.objects.research_context [req-43adb808-3635-4ced-aba8-7908d8a3eb6d req-db400115-31d4-4c46-84fc-96fdb5b4aa01 service placement] getting providers with 1024 MEMORY_MB {{(pid=108464) __init__ /opt/stack/placement/placement/objects/research_context.py:136}}
Nov 02 12:36:30.131720 dv-neutron-863271-1-hyperv devstack@placement-api.service[108464]: DEBUG placement.objects.research_context [req-43adb808-3635-4ced-aba8-7908d8a3eb6d req-db400115-31d4-4c46-84fc-96fdb5b4aa01 service placement] getting providers with 1 VCPU {{(pid=108464) __init__ /opt/stack/placement/placement/objects/research_context.py:136}}
Nov 02 12:36:30.143692 dv-neutron-863271-1-hyperv devstack@placement-api.service[108464]: DEBUG placement.objects.research_context [req-43adb808-3635-4ced-aba8-7908d8a3eb6d req-db400115-31d4-4c46-84fc-96fdb5b4aa01 service placement] found 1 providers with available 1 DISK_GB {{(pid=108464) get_provider_ids_matching /opt/stack/placement/placement/objects/research_context.py:563}}
Nov 02 12:36:30.144210 dv-neutron-863271-1-hyperv devstack@placement-api.service[108464]: DEBUG placement.objects.research_context [req-43adb808-3635-4ced-aba8-7908d8a3eb6d req-db400115-31d4-4c46-84fc-96fdb5b4aa01 service placement] found 1 providers with available 1024 MEMORY_MB {{(pid=108464) get_provider_ids_matching /opt/stack/placement/placement/objects/research_context.py:563}}
Nov 02 12:36:30.144637 dv-neutron-863271-1-hyperv devstack@placement-api.service[108464]: DEBUG placement.objects.research_context [req-43adb808-3635-4ced-aba8-7908d8a3eb6d req-db400115-31d4-4c46-84fc-96fdb5b4aa01 service placement] found 1 providers after filtering by previous result {{(pid=108464) get_provider_ids_matching /opt/stack/placement/placement/objects/research_context.py:594}}
Nov 02 12:36:30.145030 dv-neutron-863271-1-hyperv devstack@placement-api.service[108464]: DEBUG placement.objects.research_context [req-43adb808-3635-4ced-aba8-7908d8a3eb6d req-db400115-31d4-4c46-84fc-96fdb5b4aa01 service placement] found 1 providers with available 1 VCPU {{(pid=108464) get_provider_ids_matching /opt/stack/placement/placement/objects/research_context.py:563}}
Nov 02 12:36:30.145442 dv-neutron-863271-1-hyperv devstack@placement-api.service[108464]: DEBUG placement.objects.research_context [req-43adb808-3635-4ced-aba8-7908d8a3eb6d req-db400115-31d4-4c46-84fc-96fdb5b4aa01 service placement] found 1 providers after filtering by previous result {{(pid=108464) get_provider_ids_matching /opt/stack/placement/placement/objects/research_context.py:594}}
Nov 02 12:36:30.157121 dv-neutron-863271-1-hyperv devstack@placement-api.service[108464]: DEBUG placement.objects.allocation_candidate [req-43adb808-3635-4ced-aba8-7908d8a3eb6d req-db400115-31d4-4c46-84fc-96fdb5b4aa01 service placement] RequestGroup(use_same_provider=False, resources={DISK_GB:1, MEMORY_MB:1024, VCPU:1}, traits=(), aggregates=[]) (suffix '') returned 1 matches {{(pid=108464) _get_by_requests /opt/stack/placement/placement/objects/allocation_candidate.py:156}}
Nov 02 12:36:30.157469 dv-neutron-863271-1-hyperv devstack@placement-api.service[108464]: DEBUG placement.objects.allocation_candidate [req-43adb808-3635-4ced-aba8-7908d8a3eb6d req-db400115-31d4-4c46-84fc-96fdb5b4aa01 service placement] Merging candidates yields 1 allocation requests and 1 provider summaries {{(pid=108464) _merge_candidates /opt/stack/placement/placement/objects/allocation_candidate.py:809}}
Nov 02 12:36:30.159871 dv-neutron-863271-1-hyperv devstack@placement-api.service[108464]: INFO placement.requestlog [req-43adb808-3635-4ced-aba8-7908d8a3eb6d req-db400115-31d4-4c46-84fc-96fdb5b4aa01 service placement] 10.222.0.58 "GET /placement/allocation_candidates?limit=1000&resources=DISK_GB%3A1%2CMEMORY_MB%3A1024%2CVCPU%3A1&root_required=%21COMPUTE_STATUS_DISABLED" status: 200 len: 767 microversion: 1.36
Nov 02 12:36:30.160688 dv-neutron-863271-1-hyperv devstack@placement-api.service[108464]: [pid: 108464|app: 0|req: 19/41] 10.222.0.58 () {60 vars in 1506 bytes} [Wed Nov 2 12:36:29 2022] GET /placement/allocation_candidates?limit=1000&resources=DISK_GB%3A1%2CMEMORY_MB%3A1024%2CVCPU%3A1&root_required=%21COMPUTE_STATUS_DISABLED => generated 767 bytes in 196 msecs (HTTP/1.1 200) 8 headers in 296 bytes (1 switches on core 0)
Nov 02 12:36:30.219591 dv-neutron-863271-1-hyperv devstack@placement-api.service[108463]: DEBUG placement.requestlog [req-43adb808-3635-4ced-aba8-7908d8a3eb6d req-d817e3d2-6f6f-48ca-b6ae-12e9c51f780e None None] Starting request: 10.222.0.58 "GET /placement/allocations/a36308a3-e007-4150-9bdb-3a9fa8e77343" {{(pid=108463) __call__ /opt/stack/placement/placement/requestlog.py:55}}
Nov 02 12:36:30.249436 dv-neutron-863271-1-hyperv devstack@placement-api.service[108463]: INFO placement.requestlog [req-43adb808-3635-4ced-aba8-7908d8a3eb6d req-d817e3d2-6f6f-48ca-b6ae-12e9c51f780e service placement] 10.222.0.58 "GET /placement/allocations/a36308a3-e007-4150-9bdb-3a9fa8e77343" status: 200 len: 19 microversion: 1.28
Nov 02 12:36:30.256471 dv-neutron-863271-1-hyperv devstack@placement-api.service[108463]: [pid: 108463|app: 0|req: 23/42] 10.222.0.58 () {60 vars in 1380 bytes} [Wed Nov 2 12:36:30 2022] GET /placement/allocations/a36308a3-e007-4150-9bdb-3a9fa8e77343 => generated 19 bytes in 36 msecs (HTTP/1.1 200) 8 headers in 295 bytes (1 switches on core 0)
Nov 02 12:36:30.259678 dv-neutron-863271-1-hyperv devstack@placement-api.service[108464]: DEBUG placement.requestlog [req-43adb808-3635-4ced-aba8-7908d8a3eb6d req-72c4d6da-174c-4470-8a28-ae1c69f2f27b None None] Starting request: 10.222.0.58 "PUT /placement/allocations/a36308a3-e007-4150-9bdb-3a9fa8e77343" {{(pid=108464) __call__ /opt/stack/placement/placement/requestlog.py:55}}
Nov 02 12:36:30.294005 dv-neutron-863271-1-hyperv devstack@placement-api.service[108464]: DEBUG dbcounter [-] [108464] Writing DB stats placement:SELECT=79,placement:INSERT=13,placement:DELETE=4,placement:UPDATE=4 {{(pid=108464) stat_writer /usr/local/lib/python3.8/dist-packages/dbcounter.py:114}}
Nov 02 12:36:30.427024 dv-neutron-863271-1-hyperv devstack@placement-api.service[108463]: DEBUG placement.requestlog [req-8afac10d-9b78-42b8-8cde-b6f9afd5a694 req-b931d8bf-e7d2-4cce-9b4b-5e55128bb161 None None] Starting request: 10.222.0.61 "GET /placement/resource_providers/ffc1e922-5ca3-4fa3-bebb-11840840dfe2/allocations" {{(pid=108463) __call__ /opt/stack/placement/placement/requestlog.py:55}}
Nov 02 12:36:30.493772 dv-neutron-863271-1-hyperv devstack@placement-api.service[108463]: INFO placement.requestlog [req-8afac10d-9b78-42b8-8cde-b6f9afd5a694 req-b931d8bf-e7d2-4cce-9b4b-5e55128bb161 service placement] 10.222.0.61 "GET /placement/resource_providers/ffc1e922-5ca3-4fa3-bebb-11840840dfe2/allocations" status: 200 len: 254 microversion: 1.0
Nov 02 12:36:30.494514 dv-neutron-863271-1-hyperv devstack@placement-api.service[108463]: [pid: 108463|app: 0|req: 24/43] 10.222.0.61 () {58 vars in 1390 bytes} [Wed Nov 2 12:36:30 2022] GET /placement/resource_providers/ffc1e922-5ca3-4fa3-bebb-11840840dfe2/allocations => generated 254 bytes in 69 msecs (HTTP/1.1 200) 6 headers in 224 bytes (2 switches on core 0)
Nov 02 12:36:30.503281 dv-neutron-863271-1-hyperv devstack@placement-api.service[108463]: DEBUG placement.requestlog [req-8afac10d-9b78-42b8-8cde-b6f9afd5a694 req-f56351b4-4bc2-4806-9a34-26ca2122bb86 None None] Starting request: 10.222.0.61 "GET /placement/allocations/4b9a1803-efee-4417-8efa-a37b1bc8fd37" {{(pid=108463) __call__ /opt/stack/placement/placement/requestlog.py:55}}
Nov 02 12:36:30.587310 dv-neutron-863271-1-hyperv devstack@placement-api.service[108463]: INFO placement.requestlog [req-8afac10d-9b78-42b8-8cde-b6f9afd5a694 req-f56351b4-4bc2-4806-9a34-26ca2122bb86 service placement] 10.222.0.61 "GET /placement/allocations/4b9a1803-efee-4417-8efa-a37b1bc8fd37" status: 200 len: 258 microversion: 1.28
Nov 02 12:36:30.590062 dv-neutron-863271-1-hyperv devstack@placement-api.service[108463]: [pid: 108463|app: 0|req: 25/44] 10.222.0.61 () {60 vars in 1377 bytes} [Wed Nov 2 12:36:30 2022] GET /placement/allocations/4b9a1803-efee-4417-8efa-a37b1bc8fd37 => generated 258 bytes in 88 msecs (HTTP/1.1 200) 8 headers in 296 bytes (1 switches on core 0)
Nov 02 12:36:30.596966 dv-neutron-863271-1-hyperv devstack@placement-api.service[108463]: DEBUG placement.requestlog [req-8afac10d-9b78-42b8-8cde-b6f9afd5a694 req-2a871c99-58c6-450e-bd91-d477896f91ac None None] Starting request: 10.222.0.61 "GET /placement/allocations/68879633-de1b-4650-bc83-fe581916d728" {{(pid=108463) __call__ /opt/stack/placement/placement/requestlog.py:55}}
Nov 02 12:36:30.630108 dv-neutron-863271-1-hyperv devstack@placement-api.service[108463]: INFO placement.requestlog [req-8afac10d-9b78-42b8-8cde-b6f9afd5a694 req-2a871c99-58c6-450e-bd91-d477896f91ac service placement] 10.222.0.61 "GET /placement/allocations/68879633-de1b-4650-bc83-fe581916d728" status: 200 len: 258 microversion: 1.28
Nov 02 12:36:30.632370 dv-neutron-863271-1-hyperv devstack@placement-api.service[108463]: [pid: 108463|app: 0|req: 26/45] 10.222.0.61 () {60 vars in 1377 bytes} [Wed Nov 2 12:36:30 2022] GET /placement/allocations/68879633-de1b-4650-bc83-fe581916d728 => generated 258 bytes in 36 msecs (HTTP/1.1 200) 8 headers in 296 bytes (2 switches on core 0)
Nov 02 12:36:30.740295 dv-neutron-863271-1-hyperv devstack@placement-api.service[108464]: DEBUG placement.handlers.allocation [req-43adb808-3635-4ced-aba8-7908d8a3eb6d req-72c4d6da-174c-4470-8a28-ae1c69f2f27b service placement] Successfully wrote allocations [, , ] {{(pid=108464) _update_consumers_and_create_allocations /opt/stack/placement/placement/handlers/allocation.py:462}}
Nov 02 12:36:30.887634 dv-neutron-863271-1-hyperv devstack@placement-api.service[108464]: INFO placement.requestlog [req-43adb808-3635-4ced-aba8-7908d8a3eb6d req-72c4d6da-174c-4470-8a28-ae1c69f2f27b service placement] 10.222.0.58 "PUT /placement/allocations/a36308a3-e007-4150-9bdb-3a9fa8e77343" status: 204 len: 0 microversion: 1.36
Nov 02 12:36:30.902075 dv-neutron-863271-1-hyperv devstack@placement-api.service[108464]: [pid: 108464|app: 0|req: 20/46] 10.222.0.58 () {64 vars in 1433 bytes} [Wed Nov 2 12:36:30 2022] PUT /placement/allocations/a36308a3-e007-4150-9bdb-3a9fa8e77343 => generated 0 bytes in 631 msecs (HTTP/1.1 204) 5 headers in 199 bytes (1 switches on core 0)
Nov 02 12:36:33.476357 dv-neutron-863271-1-hyperv devstack@placement-api.service[108463]: DEBUG placement.requestlog [req-43adb808-3635-4ced-aba8-7908d8a3eb6d req-eb031a30-bade-417b-afc5-b99a664e9e1e None None] Starting request: 10.222.0.61 "GET /placement/allocations/a36308a3-e007-4150-9bdb-3a9fa8e77343" {{(pid=108463) __call__ /opt/stack/placement/placement/requestlog.py:55}}
Nov 02 12:36:33.540788 dv-neutron-863271-1-hyperv devstack@placement-api.service[108463]: INFO placement.requestlog [req-43adb808-3635-4ced-aba8-7908d8a3eb6d req-eb031a30-bade-417b-afc5-b99a664e9e1e service placement] 10.222.0.61 "GET /placement/allocations/a36308a3-e007-4150-9bdb-3a9fa8e77343" status: 200 len: 258 microversion: 1.28
Nov 02 12:36:33.542509 dv-neutron-863271-1-hyperv devstack@placement-api.service[108463]: [pid: 108463|app: 0|req: 27/47] 10.222.0.61 () {60 vars in 1377 bytes} [Wed Nov 2 12:36:33 2022] GET /placement/allocations/a36308a3-e007-4150-9bdb-3a9fa8e77343 => generated 258 bytes in 69 msecs (HTTP/1.1 200) 8 headers in 296 bytes (1 switches on core 0)
Nov 02 12:36:33.639654 dv-neutron-863271-1-hyperv devstack@placement-api.service[108464]: DEBUG placement.requestlog [None req-193f9e2f-b1a9-430a-b0ed-cf3ef1df2a75 None None] Starting request: 10.222.0.58 "GET /placement/resource_providers/eabd899e-cc82-4734-9088-304850a0fa21/aggregates" {{(pid=108464) __call__ /opt/stack/placement/placement/requestlog.py:55}}
Nov 02 12:36:33.695663 dv-neutron-863271-1-hyperv devstack@placement-api.service[108464]: INFO placement.requestlog [None req-193f9e2f-b1a9-430a-b0ed-cf3ef1df2a75 service placement] 10.222.0.58 "GET /placement/resource_providers/eabd899e-cc82-4734-9088-304850a0fa21/aggregates" status: 404 len: 235 microversion: 1.1
Nov 02 12:36:33.696534 dv-neutron-863271-1-hyperv devstack@placement-api.service[108464]: [pid: 108464|app: 0|req: 21/48] 10.222.0.58 () {58 vars in 1362 bytes} [Wed Nov 2 12:36:33 2022] GET /placement/resource_providers/eabd899e-cc82-4734-9088-304850a0fa21/aggregates => generated 235 bytes in 57 msecs (HTTP/1.1 404) 5 headers in 202 bytes (1 switches on core 0)
Nov 02 12:36:33.828337 dv-neutron-863271-1-hyperv devstack@placement-api.service[108463]: DEBUG placement.requestlog [None req-8eafdebc-689e-414d-830e-63a5a3567e3e None None] Starting request: 10.222.0.58 "DELETE /placement/resource_providers/eabd899e-cc82-4734-9088-304850a0fa21" {{(pid=108463) __call__ /opt/stack/placement/placement/requestlog.py:55}}
Nov 02 12:36:33.854732 dv-neutron-863271-1-hyperv devstack@placement-api.service[108463]: DEBUG placement.wsgi_wrapper [None req-8eafdebc-689e-414d-830e-63a5a3567e3e service placement] Placement API returning an error response: No resource provider with uuid eabd899e-cc82-4734-9088-304850a0fa21 found for delete {{(pid=108463) call_func /opt/stack/placement/placement/wsgi_wrapper.py:31}}
Nov 02 12:36:33.856781 dv-neutron-863271-1-hyperv devstack@placement-api.service[108463]: INFO placement.requestlog [None req-8eafdebc-689e-414d-830e-63a5a3567e3e service placement] 10.222.0.58 "DELETE /placement/resource_providers/eabd899e-cc82-4734-9088-304850a0fa21" status: 404 len: 246 microversion: 1.1
Nov 02 12:36:33.858068 dv-neutron-863271-1-hyperv devstack@placement-api.service[108463]: [pid: 108463|app: 0|req: 28/49] 10.222.0.58 () {60 vars in 1351 bytes} [Wed Nov 2 12:36:33 2022] DELETE /placement/resource_providers/eabd899e-cc82-4734-9088-304850a0fa21 => generated 246 bytes in 30 msecs (HTTP/1.1 404) 6 headers in 231 bytes (1 switches on core 0)
Nov 02 12:36:34.224195 dv-neutron-863271-1-hyperv devstack@placement-api.service[108464]: DEBUG placement.requestlog [req-43adb808-3635-4ced-aba8-7908d8a3eb6d req-1de7e46d-684d-4acb-8e04-d494dac7117e None None] Starting request: 10.222.0.61 "GET /placement/resource_providers/ffc1e922-5ca3-4fa3-bebb-11840840dfe2/allocations" {{(pid=108464) __call__ /opt/stack/placement/placement/requestlog.py:55}}
Nov 02 12:36:34.296876 dv-neutron-863271-1-hyperv devstack@placement-api.service[108464]: INFO placement.requestlog [req-43adb808-3635-4ced-aba8-7908d8a3eb6d req-1de7e46d-684d-4acb-8e04-d494dac7117e service placement] 10.222.0.61 "GET /placement/resource_providers/ffc1e922-5ca3-4fa3-bebb-11840840dfe2/allocations" status: 200 len: 355 microversion: 1.0
Nov 02 12:36:34.297938 dv-neutron-863271-1-hyperv devstack@placement-api.service[108464]: [pid: 108464|app: 0|req: 22/50] 10.222.0.61 () {58 vars in 1390 bytes} [Wed Nov 2 12:36:34 2022] GET /placement/resource_providers/ffc1e922-5ca3-4fa3-bebb-11840840dfe2/allocations => generated 355 bytes in 74 msecs (HTTP/1.1 200) 6 headers in 224 bytes (1 switches on core 0)
Nov 02 12:36:34.306590 dv-neutron-863271-1-hyperv devstack@placement-api.service[108463]: DEBUG placement.requestlog [req-43adb808-3635-4ced-aba8-7908d8a3eb6d req-c520a7c9-a1f3-4b40-9646-7b4238da9678 None None] Starting request: 10.222.0.61 "GET /placement/allocations/a36308a3-e007-4150-9bdb-3a9fa8e77343" {{(pid=108463) __call__ /opt/stack/placement/placement/requestlog.py:55}}
Nov 02 12:36:34.404430 dv-neutron-863271-1-hyperv devstack@placement-api.service[108463]: INFO placement.requestlog [req-43adb808-3635-4ced-aba8-7908d8a3eb6d req-c520a7c9-a1f3-4b40-9646-7b4238da9678 service placement] 10.222.0.61 "GET /placement/allocations/a36308a3-e007-4150-9bdb-3a9fa8e77343" status: 200 len: 258 microversion: 1.28
Nov 02 12:36:34.405377 dv-neutron-863271-1-hyperv devstack@placement-api.service[108463]: [pid: 108463|app: 0|req: 29/51] 10.222.0.61 () {60 vars in 1377 bytes} [Wed Nov 2 12:36:34 2022] GET /placement/allocations/a36308a3-e007-4150-9bdb-3a9fa8e77343 => generated 258 bytes in 99 msecs (HTTP/1.1 200) 8 headers in 296 bytes (1 switches on core 0)
Nov 02 12:36:34.413856 dv-neutron-863271-1-hyperv devstack@placement-api.service[108464]: DEBUG placement.requestlog [req-43adb808-3635-4ced-aba8-7908d8a3eb6d req-a1886722-a448-476b-be6a-3572e482d018 None None] Starting request: 10.222.0.61 "GET /placement/allocations/4b9a1803-efee-4417-8efa-a37b1bc8fd37" {{(pid=108464) __call__ /opt/stack/placement/placement/requestlog.py:55}}
Nov 02 12:36:34.444465 dv-neutron-863271-1-hyperv devstack@placement-api.service[108464]: INFO placement.requestlog [req-43adb808-3635-4ced-aba8-7908d8a3eb6d req-a1886722-a448-476b-be6a-3572e482d018 service placement] 10.222.0.61 "GET /placement/allocations/4b9a1803-efee-4417-8efa-a37b1bc8fd37" status: 200 len: 258 microversion: 1.28
Nov 02 12:36:34.444465 dv-neutron-863271-1-hyperv devstack@placement-api.service[108464]: [pid: 108464|app: 0|req: 23/52] 10.222.0.61 () {60 vars in 1377 bytes} [Wed Nov 2 12:36:34 2022] GET /placement/allocations/4b9a1803-efee-4417-8efa-a37b1bc8fd37 => generated 258 bytes in 28 msecs (HTTP/1.1 200) 8 headers in 296 bytes (1 switches on core 0)
Nov 02 12:36:34.449804 dv-neutron-863271-1-hyperv devstack@placement-api.service[108463]: DEBUG placement.requestlog [req-43adb808-3635-4ced-aba8-7908d8a3eb6d req-466d6d79-9da3-463b-a402-5c948a5e6ee6 None None] Starting request: 10.222.0.61 "GET /placement/allocations/68879633-de1b-4650-bc83-fe581916d728" {{(pid=108463) __call__ /opt/stack/placement/placement/requestlog.py:55}}
Nov 02 12:36:34.489130 dv-neutron-863271-1-hyperv devstack@placement-api.service[108463]: INFO placement.requestlog [req-43adb808-3635-4ced-aba8-7908d8a3eb6d req-466d6d79-9da3-463b-a402-5c948a5e6ee6 service placement] 10.222.0.61 "GET /placement/allocations/68879633-de1b-4650-bc83-fe581916d728" status: 200 len: 258 microversion: 1.28
Nov 02 12:36:34.491383 dv-neutron-863271-1-hyperv devstack@placement-api.service[108463]: [pid: 108463|app: 0|req: 30/53] 10.222.0.61 () {60 vars in 1377 bytes} [Wed Nov 2 12:36:34 2022] GET /placement/allocations/68879633-de1b-4650-bc83-fe581916d728 => generated 258 bytes in 42 msecs (HTTP/1.1 200) 8 headers in 296 bytes (2 switches on core 0)
Nov 02 12:36:39.151410 dv-neutron-863271-1-hyperv devstack@placement-api.service[108464]: DEBUG placement.requestlog [None req-03db0f0e-a328-47fd-b57e-e8ad12cab74e None None] Starting request: 10.222.0.58 "GET /placement/resource_providers/450f1302-6b91-4a58-ad91-04882429fa28/aggregates" {{(pid=108464) __call__ /opt/stack/placement/placement/requestlog.py:55}}
Nov 02 12:36:39.171550 dv-neutron-863271-1-hyperv devstack@placement-api.service[108464]: INFO placement.requestlog [None req-03db0f0e-a328-47fd-b57e-e8ad12cab74e service placement] 10.222.0.58 "GET /placement/resource_providers/450f1302-6b91-4a58-ad91-04882429fa28/aggregates" status: 404 len: 235 microversion: 1.1
Nov 02 12:36:39.172226 dv-neutron-863271-1-hyperv devstack@placement-api.service[108464]: [pid: 108464|app: 0|req: 24/54] 10.222.0.58 () {58 vars in 1362 bytes} [Wed Nov 2 12:36:39 2022] GET /placement/resource_providers/450f1302-6b91-4a58-ad91-04882429fa28/aggregates => generated 235 bytes in 21 msecs (HTTP/1.1 404) 5 headers in 202 bytes (2 switches on core 0)
Nov 02 12:36:39.397767 dv-neutron-863271-1-hyperv devstack@placement-api.service[108463]: DEBUG placement.requestlog [None req-d0c211e5-13d9-48a9-9404-6b07c925ce34 None None] Starting request: 10.222.0.58 "DELETE /placement/resource_providers/450f1302-6b91-4a58-ad91-04882429fa28" {{(pid=108463) __call__ /opt/stack/placement/placement/requestlog.py:55}}
Nov 02 12:36:39.440348 dv-neutron-863271-1-hyperv devstack@placement-api.service[108463]: DEBUG placement.wsgi_wrapper [None req-d0c211e5-13d9-48a9-9404-6b07c925ce34 service placement] Placement API returning an error response: No resource provider with uuid 450f1302-6b91-4a58-ad91-04882429fa28 found for delete {{(pid=108463) call_func /opt/stack/placement/placement/wsgi_wrapper.py:31}}
Nov 02 12:36:39.441745 dv-neutron-863271-1-hyperv devstack@placement-api.service[108463]: INFO placement.requestlog [None req-d0c211e5-13d9-48a9-9404-6b07c925ce34 service placement] 10.222.0.58 "DELETE /placement/resource_providers/450f1302-6b91-4a58-ad91-04882429fa28" status: 404 len: 246 microversion: 1.1
Nov 02 12:36:39.444415 dv-neutron-863271-1-hyperv devstack@placement-api.service[108463]: [pid: 108463|app: 0|req: 31/55] 10.222.0.58 () {60 vars in 1351 bytes} [Wed Nov 2 12:36:39 2022] DELETE /placement/resource_providers/450f1302-6b91-4a58-ad91-04882429fa28 => generated 246 bytes in 47 msecs (HTTP/1.1 404) 6 headers in 231 bytes (1 switches on core 0)
Nov 02 12:36:44.031532 dv-neutron-863271-1-hyperv devstack@placement-api.service[108464]: DEBUG placement.requestlog [None req-7ebaea5b-05b8-4e83-a9ff-9d1196c0eea7 None None] Starting request: 10.222.0.58 "GET /placement/resource_providers/050d745e-9313-4da0-b9c4-f3b4c3e6ac84/aggregates" {{(pid=108464) __call__ /opt/stack/placement/placement/requestlog.py:55}}
Nov 02 12:36:44.072947 dv-neutron-863271-1-hyperv devstack@placement-api.service[108464]: INFO placement.requestlog [None req-7ebaea5b-05b8-4e83-a9ff-9d1196c0eea7 service placement] 10.222.0.58 "GET /placement/resource_providers/050d745e-9313-4da0-b9c4-f3b4c3e6ac84/aggregates" status: 404 len: 235 microversion: 1.1
Nov 02 12:36:44.087813 dv-neutron-863271-1-hyperv devstack@placement-api.service[108464]: [pid: 108464|app: 0|req: 25/56] 10.222.0.58 () {58 vars in 1362 bytes} [Wed Nov 2 12:36:44 2022] GET /placement/resource_providers/050d745e-9313-4da0-b9c4-f3b4c3e6ac84/aggregates => generated 235 bytes in 54 msecs (HTTP/1.1 404) 5 headers in 202 bytes (1 switches on core 0)
Nov 02 12:36:44.219333 dv-neutron-863271-1-hyperv devstack@placement-api.service[108463]: DEBUG placement.requestlog [None req-56f33b3a-8dc8-4d04-931a-08c4b136a4c2 None None] Starting request: 10.222.0.58 "DELETE /placement/resource_providers/050d745e-9313-4da0-b9c4-f3b4c3e6ac84" {{(pid=108463) __call__ /opt/stack/placement/placement/requestlog.py:55}}
Nov 02 12:36:44.231007 dv-neutron-863271-1-hyperv devstack@placement-api.service[108463]: DEBUG dbcounter [-] [108463] Writing DB stats placement:SELECT=69 {{(pid=108463) stat_writer /usr/local/lib/python3.8/dist-packages/dbcounter.py:114}}
Nov 02 12:36:44.236124 dv-neutron-863271-1-hyperv devstack@placement-api.service[108463]: DEBUG placement.wsgi_wrapper [None req-56f33b3a-8dc8-4d04-931a-08c4b136a4c2 service placement] Placement API returning an error response: No resource provider with uuid 050d745e-9313-4da0-b9c4-f3b4c3e6ac84 found for delete {{(pid=108463) call_func /opt/stack/placement/placement/wsgi_wrapper.py:31}}
Nov 02 12:36:44.237206 dv-neutron-863271-1-hyperv devstack@placement-api.service[108463]: INFO placement.requestlog [None req-56f33b3a-8dc8-4d04-931a-08c4b136a4c2 service placement] 10.222.0.58 "DELETE /placement/resource_providers/050d745e-9313-4da0-b9c4-f3b4c3e6ac84" status: 404 len: 246 microversion: 1.1
Nov 02 12:36:44.239135 dv-neutron-863271-1-hyperv devstack@placement-api.service[108463]: [pid: 108463|app: 0|req: 32/57] 10.222.0.58 () {60 vars in 1351 bytes} [Wed Nov 2 12:36:44 2022] DELETE /placement/resource_providers/050d745e-9313-4da0-b9c4-f3b4c3e6ac84 => generated 246 bytes in 21 msecs (HTTP/1.1 404) 6 headers in 231 bytes (1 switches on core 0)
Nov 02 12:36:54.043919 dv-neutron-863271-1-hyperv devstack@placement-api.service[108464]: DEBUG dbcounter [-] [108464] Writing DB stats placement:SELECT=28,placement:INSERT=5,placement:DELETE=2,placement:UPDATE=2 {{(pid=108464) stat_writer /usr/local/lib/python3.8/dist-packages/dbcounter.py:114}}
Nov 02 12:36:54.308855 dv-neutron-863271-1-hyperv devstack@placement-api.service[108463]: DEBUG dbcounter [-] [108463] Writing DB stats placement:SELECT=1 {{(pid=108463) stat_writer /usr/local/lib/python3.8/dist-packages/dbcounter.py:114}}
Nov 02 12:37:00.865683 dv-neutron-863271-1-hyperv devstack@placement-api.service[108464]: DEBUG placement.requestlog [req-5f550cca-8224-482f-a2b5-8373a15e0e23 req-67bc5406-adad-43ae-890d-1e88650303a2 None None] Starting request: 10.222.0.61 "GET /placement/resource_providers/ffc1e922-5ca3-4fa3-bebb-11840840dfe2/allocations" {{(pid=108464) __call__ /opt/stack/placement/placement/requestlog.py:55}}
Nov 02 12:37:00.949471 dv-neutron-863271-1-hyperv devstack@placement-api.service[108464]: INFO placement.requestlog [req-5f550cca-8224-482f-a2b5-8373a15e0e23 req-67bc5406-adad-43ae-890d-1e88650303a2 service placement] 10.222.0.61 "GET /placement/resource_providers/ffc1e922-5ca3-4fa3-bebb-11840840dfe2/allocations" status: 200 len: 355 microversion: 1.0
Nov 02 12:37:00.951394 dv-neutron-863271-1-hyperv devstack@placement-api.service[108464]: [pid: 108464|app: 0|req: 26/58] 10.222.0.61 () {58 vars in 1390 bytes} [Wed Nov 2 12:37:00 2022] GET /placement/resource_providers/ffc1e922-5ca3-4fa3-bebb-11840840dfe2/allocations => generated 355 bytes in 86 msecs (HTTP/1.1 200) 6 headers in 224 bytes (2 switches on core 0)
