File "/usr/local/lib/python3.8/dist-packages/dogpile/cache/region.py", line 1577, in get_or_create_for_user_func
Nov 02 12:11:55.477863 dv-neutron-863271-1-hyperv devstack@keystone.service[82066]: ERROR keystone.server.flask.application return self.get_or_create(
Nov 02 12:11:55.477863 dv-neutron-863271-1-hyperv devstack@keystone.service[82066]: ERROR keystone.server.flask.application
File "/usr/local/lib/python3.8/dist-packages/dogpile/cache/region.py", line 1042, in get_or_create
Nov 02 12:11:55.477863 dv-neutron-863271-1-hyperv devstack@keystone.service[82066]: ERROR keystone.server.flask.application with Lock(
Nov 02 12:11:55.477863 dv-neutron-863271-1-hyperv devstack@keystone.service[82066]: ERROR keystone.server.flask.application
File "/usr/local/lib/python3.8/dist-packages/dogpile/lock.py", line 185, in __enter__
Nov 02 12:11:55.477863 dv-neutron-863271-1-hyperv devstack@keystone.service[82066]: ERROR keystone.server.flask.application return self._enter()
Nov 02 12:11:55.477863 dv-neutron-863271-1-hyperv devstack@keystone.service[82066]: ERROR keystone.server.flask.application
File "/usr/local/lib/python3.8/dist-packages/dogpile/lock.py", line 94, in _enter
Nov 02 12:11:55.477863 dv-neutron-863271-1-hyperv devstack@keystone.service[82066]: ERROR keystone.server.flask.application generated = self._enter_create(value, createdtime)
Nov 02 12:11:55.478705 dv-neutron-863271-1-hyperv devstack@keystone.service[82066]: ERROR keystone.server.flask.application
File "/usr/local/lib/python3.8/dist-packages/dogpile/lock.py", line 178, in _enter_create
Nov 02 12:11:55.478705 dv-neutron-863271-1-hyperv devstack@keystone.service[82066]: ERROR keystone.server.flask.application return self.creator()
Nov 02 12:11:55.478705 dv-neutron-863271-1-hyperv devstack@keystone.service[82066]: ERROR keystone.server.flask.application
File "/usr/local/lib/python3.8/dist-packages/dogpile/cache/region.py", line 995, in gen_value
Nov 02 12:11:55.478705 dv-neutron-863271-1-hyperv devstack@keystone.service[82066]: ERROR keystone.server.flask.application created_value = creator(
Nov 02 12:11:55.478705 dv-neutron-863271-1-hyperv devstack@keystone.service[82066]: ERROR keystone.server.flask.application
File "/opt/stack/keystone/keystone/assignment/core.py", line 1276, in get_role
Nov 02 12:11:55.478705 dv-neutron-863271-1-hyperv devstack@keystone.service[82066]: ERROR keystone.server.flask.application return self.driver.get_role(role_id)
Nov 02 12:11:55.478705 dv-neutron-863271-1-hyperv devstack@keystone.service[82066]: ERROR keystone.server.flask.application
File "/opt/stack/keystone/keystone/assignment/role_backends/sql.py", line 70, in get_role
Nov 02 12:11:55.478705 dv-neutron-863271-1-hyperv devstack@keystone.service[82066]: ERROR keystone.server.flask.application return self._get_role(session, role_id).to_dict()
Nov 02 12:11:55.478705 dv-neutron-863271-1-hyperv devstack@keystone.service[82066]: ERROR keystone.server.flask.application
File "/opt/stack/keystone/keystone/assignment/role_backends/sql.py", line 65, in _get_role
Nov 02 12:11:55.478705 dv-neutron-863271-1-hyperv devstack@keystone.service[82066]: ERROR keystone.server.flask.application raise exception.RoleNotFound(role_id=role_id)
Nov 02 12:11:55.478705 dv-neutron-863271-1-hyperv devstack@keystone.service[82066]: ERROR keystone.server.flask.application keystone.exception.RoleNotFound: Could not find role: member.
Nov 02 12:11:55.478705 dv-neutron-863271-1-hyperv devstack@keystone.service[82066]: ERROR keystone.server.flask.application
Nov 02 12:11:55.478705 dv-neutron-863271-1-hyperv devstack@keystone.service[82066]: [pid: 82066|app: 0|req: 79/162] 10.222.0.58 () {56 vars in 1099 bytes} [Wed Nov 2 12:11:55 2022] GET /identity/v3/roles/member => generated 84 bytes in 228 msecs (HTTP/1.1 404) 5 headers in 183 bytes (1 switches on core 0)
Nov 02 12:11:55.479463 dv-neutron-863271-1-hyperv devstack@keystone.service[82066]: DEBUG keystone.server.flask.request_processing.middleware.auth_context [None req-441a0b4a-05cc-48b6-a176-49900cfb0ff6 None admin] Authenticating user token {{(pid=82066) process_request /usr/local/lib/python3.8/dist-packages/keystonemiddleware/auth_token/__init__.py:407}}
Nov 02 12:11:55.542821 dv-neutron-863271-1-hyperv devstack@keystone.service[82065]: [pid: 82065|app: 0|req: 84/163] 10.222.0.58 () {58 vars in 1282 bytes} [Wed Nov 2 12:11:54 2022] GET /identity/v3/auth/tokens => generated 799 bytes in 789 msecs (HTTP/1.1 200) 6 headers in 358 bytes (1 switches on core 0)
Nov 02 12:11:55.543737 dv-neutron-863271-1-hyperv devstack@keystone.service[82065]: DEBUG keystone.server.flask.request_processing.middleware.auth_context [None req-29ef99bc-1cef-4791-8204-cc52db741949 None admin] Authenticating user token {{(pid=82065) process_request /usr/local/lib/python3.8/dist-packages/keystonemiddleware/auth_token/__init__.py:407}}
Nov 02 12:11:55.731844 dv-neutron-863271-1-hyperv devstack@keystone.service[82065]: DEBUG keystone.server.flask.request_processing.middleware.auth_context [None req-29ef99bc-1cef-4791-8204-cc52db741949 None admin] Validating token access rules against request {{(pid=82065) validate_allowed_request /usr/local/lib/python3.8/dist-packages/keystonemiddleware/auth_token/__init__.py:545}}
Nov 02 12:11:55.766267 dv-neutron-863271-1-hyperv devstack@keystone.service[82066]: DEBUG keystone.server.flask.request_processing.middleware.auth_context [None req-441a0b4a-05cc-48b6-a176-49900cfb0ff6 None admin] Validating token access rules against request {{(pid=82066) validate_allowed_request /usr/local/lib/python3.8/dist-packages/keystonemiddleware/auth_token/__init__.py:545}}
Nov 02 12:11:55.802319 dv-neutron-863271-1-hyperv devstack@keystone.service[82065]: DEBUG keystone.server.flask.request_processing.middleware.auth_context [None req-06092d34-7043-4278-b986-a7e0d031ec25 None admin] RBAC: auth_context: {'token': , 'domain_id': None, 'trust_id': None, 'trustor_id': None, 'trustee_id': None, 'domain_name': None, 'group_ids': [], 'user_id': '5e8b096279e840dea6f0e828507ca7f0', 'user_domain_id': 'default', 'system_scope': 'all', 'project_id': None, 'project_domain_id': None, 'roles': ['admin', 'member', 'reader'], 'is_admin_project': True, 'service_user_id': None, 'service_user_domain_id': None, 'service_project_id': None, 'service_project_domain_id': None, 'service_roles': []} {{(pid=82065) fill_context /opt/stack/keystone/keystone/server/flask/request_processing/middleware/auth_context.py:478}}
Nov 02 12:11:55.803305 dv-neutron-863271-1-hyperv devstack@keystone.service[82065]: DEBUG keystone.server.flask.request_processing.req_logging [None req-06092d34-7043-4278-b986-a7e0d031ec25 None admin] REQUEST_METHOD: `GET` {{(pid=82065) log_request_info /opt/stack/keystone/keystone/server/flask/request_processing/req_logging.py:27}}
Nov 02 12:11:55.803865 dv-neutron-863271-1-hyperv devstack@keystone.service[82065]: DEBUG keystone.server.flask.request_processing.req_logging [None req-06092d34-7043-4278-b986-a7e0d031ec25 None admin] SCRIPT_NAME: `/identity` {{(pid=82065) log_request_info /opt/stack/keystone/keystone/server/flask/request_processing/req_logging.py:28}}
Nov 02 12:11:55.804420 dv-neutron-863271-1-hyperv devstack@keystone.service[82065]: DEBUG keystone.server.flask.request_processing.req_logging [None req-06092d34-7043-4278-b986-a7e0d031ec25 None admin] PATH_INFO: `/v3/roles` {{(pid=82065) log_request_info /opt/stack/keystone/keystone/server/flask/request_processing/req_logging.py:29}}
Nov 02 12:11:55.805458 dv-neutron-863271-1-hyperv devstack@keystone.service[82065]: DEBUG keystone.common.rbac_enforcer.enforcer [None req-06092d34-7043-4278-b986-a7e0d031ec25 None admin] RBAC: Adding query filter params (name=member) {{(pid=82065) _extract_filter_values /opt/stack/keystone/keystone/common/rbac_enforcer/enforcer.py:167}}
Nov 02 12:11:55.805969 dv-neutron-863271-1-hyperv devstack@keystone.service[82065]: DEBUG keystone.common.rbac_enforcer.enforcer [None req-06092d34-7043-4278-b986-a7e0d031ec25 None admin] RBAC: Authorizing `identity:list_roles()` {{(pid=82065) enforce_call /opt/stack/keystone/keystone/common/rbac_enforcer/enforcer.py:449}}
Nov 02 12:11:55.808206 dv-neutron-863271-1-hyperv devstack@keystone.service[82065]: DEBUG keystone.common.rbac_enforcer.enforcer [None req-06092d34-7043-4278-b986-a7e0d031ec25 None admin] RBAC: Authorization granted {{(pid=82065) enforce_call /opt/stack/keystone/keystone/common/rbac_enforcer/enforcer.py:457}}
Nov 02 12:11:55.828390 dv-neutron-863271-1-hyperv devstack@keystone.service[82065]: [pid: 82065|app: 0|req: 85/164] 10.222.0.58 () {56 vars in 1101 bytes} [Wed Nov 2 12:11:55 2022] GET /identity/v3/roles?name=member => generated 341 bytes in 285 msecs (HTTP/1.1 200) 5 headers in 177 bytes (1 switches on core 0)
Nov 02 12:11:55.829624 dv-neutron-863271-1-hyperv devstack@keystone.service[82065]: DEBUG keystone.server.flask.request_processing.middleware.auth_context [None req-06092d34-7043-4278-b986-a7e0d031ec25 None admin] Authenticating user token {{(pid=82065) process_request /usr/local/lib/python3.8/dist-packages/keystonemiddleware/auth_token/__init__.py:407}}
Nov 02 12:11:55.838920 dv-neutron-863271-1-hyperv devstack@keystone.service[82066]: DEBUG keystone.server.flask.request_processing.middleware.auth_context [None req-f82fd844-aa2d-4f97-8a96-760d705da327 None admin] RBAC: auth_context: {'token': , 'domain_id': None, 'trust_id': None, 'trustor_id': None, 'trustee_id': None, 'domain_name': None, 'group_ids': [], 'user_id': '5e8b096279e840dea6f0e828507ca7f0', 'user_domain_id': 'default', 'system_scope': 'all', 'project_id': None, 'project_domain_id': None, 'roles': ['admin', 'member', 'reader'], 'is_admin_project': True, 'service_user_id': None, 'service_user_domain_id': None, 'service_project_id': None, 'service_project_domain_id': None, 'service_roles': []} {{(pid=82066) fill_context /opt/stack/keystone/keystone/server/flask/request_processing/middleware/auth_context.py:478}}
Nov 02 12:11:55.839876 dv-neutron-863271-1-hyperv devstack@keystone.service[82066]: DEBUG keystone.server.flask.request_processing.req_logging [None req-f82fd844-aa2d-4f97-8a96-760d705da327 None admin] REQUEST_METHOD: `GET` {{(pid=82066) log_request_info /opt/stack/keystone/keystone/server/flask/request_processing/req_logging.py:27}}
Nov 02 12:11:55.839876 dv-neutron-863271-1-hyperv devstack@keystone.service[82066]: DEBUG keystone.server.flask.request_processing.req_logging [None req-f82fd844-aa2d-4f97-8a96-760d705da327 None admin] SCRIPT_NAME: `/identity` {{(pid=82066) log_request_info /opt/stack/keystone/keystone/server/flask/request_processing/req_logging.py:28}}
Nov 02 12:11:55.840201 dv-neutron-863271-1-hyperv devstack@keystone.service[82066]: DEBUG keystone.server.flask.request_processing.req_logging [None req-f82fd844-aa2d-4f97-8a96-760d705da327 None admin] PATH_INFO: `/v3/users/416229b368f04f68bcd708366272b5c8` {{(pid=82066) log_request_info /opt/stack/keystone/keystone/server/flask/request_processing/req_logging.py:29}}
Nov 02 12:11:55.841590 dv-neutron-863271-1-hyperv devstack@keystone.service[82066]: DEBUG keystone.common.rbac_enforcer.enforcer [None req-f82fd844-aa2d-4f97-8a96-760d705da327 None admin] RBAC: Authorizing `identity:get_user(user_id=416229b368f04f68bcd708366272b5c8)` {{(pid=82066) enforce_call /opt/stack/keystone/keystone/common/rbac_enforcer/enforcer.py:449}}
Nov 02 12:11:55.843108 dv-neutron-863271-1-hyperv devstack@keystone.service[82066]: DEBUG keystone.common.rbac_enforcer.enforcer [None req-f82fd844-aa2d-4f97-8a96-760d705da327 None admin] RBAC: Authorization granted {{(pid=82066) enforce_call /opt/stack/keystone/keystone/common/rbac_enforcer/enforcer.py:457}}
Nov 02 12:11:55.845130 dv-neutron-863271-1-hyperv devstack@keystone.service[82066]: [pid: 82066|app: 0|req: 80/165] 10.222.0.58 () {56 vars in 1177 bytes} [Wed Nov 2 12:11:55 2022] GET /identity/v3/users/416229b368f04f68bcd708366272b5c8 => generated 275 bytes in 366 msecs (HTTP/1.1 200) 5 headers in 177 bytes (1 switches on core 0)
Nov 02 12:11:55.845722 dv-neutron-863271-1-hyperv devstack@keystone.service[82066]: DEBUG keystone.server.flask.request_processing.middleware.auth_context [None req-f82fd844-aa2d-4f97-8a96-760d705da327 None admin] Authenticating user token {{(pid=82066) process_request /usr/local/lib/python3.8/dist-packages/keystonemiddleware/auth_token/__init__.py:407}}
Nov 02 12:11:55.857659 dv-neutron-863271-1-hyperv devstack@keystone.service[82065]: DEBUG dbcounter [-] [82065] Writing DB stats keystone:SELECT=100 {{(pid=82065) stat_writer /usr/local/lib/python3.8/dist-packages/dbcounter.py:114}}
Nov 02 12:11:55.942531 dv-neutron-863271-1-hyperv devstack@keystone.service[82066]: DEBUG dbcounter [-] [82066] Writing DB stats keystone:SELECT=100 {{(pid=82066) stat_writer /usr/local/lib/python3.8/dist-packages/dbcounter.py:114}}
Nov 02 12:11:56.004903 dv-neutron-863271-1-hyperv devstack@keystone.service[82065]: DEBUG keystone.server.flask.request_processing.middleware.auth_context [None req-06092d34-7043-4278-b986-a7e0d031ec25 None admin] Validating token access rules against request {{(pid=82065) validate_allowed_request /usr/local/lib/python3.8/dist-packages/keystonemiddleware/auth_token/__init__.py:545}}
Nov 02 12:11:56.020755 dv-neutron-863271-1-hyperv devstack@keystone.service[82066]: DEBUG keystone.server.flask.request_processing.middleware.auth_context [None req-f82fd844-aa2d-4f97-8a96-760d705da327 None admin] Validating token access rules against request {{(pid=82066) validate_allowed_request /usr/local/lib/python3.8/dist-packages/keystonemiddleware/auth_token/__init__.py:545}}
Nov 02 12:11:56.059002 dv-neutron-863271-1-hyperv devstack@keystone.service[82065]: DEBUG keystone.server.flask.request_processing.middleware.auth_context [None req-79fdf9db-8284-4866-b73e-8d66f28bb018 None admin] RBAC: auth_context: {'token': , 'domain_id': None, 'trust_id': None, 'trustor_id': None, 'trustee_id': None, 'domain_name': None, 'group_ids': [], 'user_id': '5e8b096279e840dea6f0e828507ca7f0', 'user_domain_id': 'default', 'system_scope': 'all', 'project_id': None, 'project_domain_id': None, 'roles': ['admin', 'member', 'reader'], 'is_admin_project': True, 'service_user_id': None, 'service_user_domain_id': None, 'service_project_id': None, 'service_project_domain_id': None, 'service_roles': []} {{(pid=82065) fill_context /opt/stack/keystone/keystone/server/flask/request_processing/middleware/auth_context.py:478}}
Nov 02 12:11:56.059866 dv-neutron-863271-1-hyperv devstack@keystone.service[82065]: DEBUG keystone.server.flask.request_processing.req_logging [None req-79fdf9db-8284-4866-b73e-8d66f28bb018 None admin] REQUEST_METHOD: `GET` {{(pid=82065) log_request_info /opt/stack/keystone/keystone/server/flask/request_processing/req_logging.py:27}}
Nov 02 12:11:56.060183 dv-neutron-863271-1-hyperv devstack@keystone.service[82065]: DEBUG keystone.server.flask.request_processing.req_logging [None req-79fdf9db-8284-4866-b73e-8d66f28bb018 None admin] SCRIPT_NAME: `/identity` {{(pid=82065) log_request_info /opt/stack/keystone/keystone/server/flask/request_processing/req_logging.py:28}}
Nov 02 12:11:56.060461 dv-neutron-863271-1-hyperv devstack@keystone.service[82065]: DEBUG keystone.server.flask.request_processing.req_logging [None req-79fdf9db-8284-4866-b73e-8d66f28bb018 None admin] PATH_INFO: `/v3/projects/bbaedc4a49c04a27a5da3025816d64ed` {{(pid=82065) log_request_info /opt/stack/keystone/keystone/server/flask/request_processing/req_logging.py:29}}
Nov 02 12:11:56.064920 dv-neutron-863271-1-hyperv devstack@keystone.service[82065]: DEBUG keystone.common.rbac_enforcer.enforcer [None req-79fdf9db-8284-4866-b73e-8d66f28bb018 None admin] RBAC: Authorizing `identity:get_project(project_id=bbaedc4a49c04a27a5da3025816d64ed)` {{(pid=82065) enforce_call /opt/stack/keystone/keystone/common/rbac_enforcer/enforcer.py:449}}
Nov 02 12:11:56.065995 dv-neutron-863271-1-hyperv devstack@keystone.service[82066]: DEBUG keystone.server.flask.request_processing.middleware.auth_context [None req-2d0a4e0e-d124-4284-b755-3587326dfa57 None admin] RBAC: auth_context: {'token': , 'domain_id': None, 'trust_id': None, 'trustor_id': None, 'trustee_id': None, 'domain_name': None, 'group_ids': [], 'user_id': '5e8b096279e840dea6f0e828507ca7f0', 'user_domain_id': 'default', 'system_scope': 'all', 'project_id': None, 'project_domain_id': None, 'roles': ['admin', 'member', 'reader'], 'is_admin_project': True, 'service_user_id': None, 'service_user_domain_id': None, 'service_project_id': None, 'service_project_domain_id': None, 'service_roles': []} {{(pid=82066) fill_context /opt/stack/keystone/keystone/server/flask/request_processing/middleware/auth_context.py:478}}
Nov 02 12:11:56.066821 dv-neutron-863271-1-hyperv devstack@keystone.service[82066]: DEBUG keystone.server.flask.request_processing.req_logging [None req-2d0a4e0e-d124-4284-b755-3587326dfa57 None admin] REQUEST_METHOD: `GET` {{(pid=82066) log_request_info /opt/stack/keystone/keystone/server/flask/request_processing/req_logging.py:27}}
Nov 02 12:11:56.068812 dv-neutron-863271-1-hyperv devstack@keystone.service[82065]: DEBUG keystone.common.rbac_enforcer.enforcer [None req-79fdf9db-8284-4866-b73e-8d66f28bb018 None admin] RBAC: Authorization granted {{(pid=82065) enforce_call /opt/stack/keystone/keystone/common/rbac_enforcer/enforcer.py:457}}
Nov 02 12:11:56.069348 dv-neutron-863271-1-hyperv devstack@keystone.service[82066]: DEBUG keystone.server.flask.request_processing.req_logging [None req-2d0a4e0e-d124-4284-b755-3587326dfa57 None admin] SCRIPT_NAME: `/identity` {{(pid=82066) log_request_info /opt/stack/keystone/keystone/server/flask/request_processing/req_logging.py:28}}
Nov 02 12:11:56.069802 dv-neutron-863271-1-hyperv devstack@keystone.service[82066]: DEBUG keystone.server.flask.request_processing.req_logging [None req-2d0a4e0e-d124-4284-b755-3587326dfa57 None admin] PATH_INFO: `/v3/roles/admin` {{(pid=82066) log_request_info /opt/stack/keystone/keystone/server/flask/request_processing/req_logging.py:29}}
Nov 02 12:11:56.072710 dv-neutron-863271-1-hyperv devstack@keystone.service[82065]: [pid: 82065|app: 0|req: 86/166] 10.222.0.58 () {56 vars in 1186 bytes} [Wed Nov 2 12:11:55 2022] GET /identity/v3/projects/bbaedc4a49c04a27a5da3025816d64ed => generated 298 bytes in 243 msecs (HTTP/1.1 200) 5 headers in 177 bytes (1 switches on core 0)
Nov 02 12:11:56.074066 dv-neutron-863271-1-hyperv devstack@keystone.service[82065]: DEBUG keystone.server.flask.request_processing.middleware.auth_context [None req-79fdf9db-8284-4866-b73e-8d66f28bb018 None admin] Authenticating user token {{(pid=82065) process_request /usr/local/lib/python3.8/dist-packages/keystonemiddleware/auth_token/__init__.py:407}}
Nov 02 12:11:56.095685 dv-neutron-863271-1-hyperv devstack@keystone.service[82066]: DEBUG keystone.common.rbac_enforcer.enforcer [None req-2d0a4e0e-d124-4284-b755-3587326dfa57 None admin] Extracting inferred target data resulted in "NOT FOUND (404)". {{(pid=82066) enforce_call /opt/stack/keystone/keystone/common/rbac_enforcer/enforcer.py:409}}
Nov 02 12:11:56.102079 dv-neutron-863271-1-hyperv devstack@keystone.service[82066]: ERROR keystone.server.flask.application [None req-2d0a4e0e-d124-4284-b755-3587326dfa57 None admin] Could not find role: admin.: keystone.exception.RoleNotFound: Could not find role: admin.
Nov 02 12:11:56.102079 dv-neutron-863271-1-hyperv devstack@keystone.service[82066]: ERROR keystone.server.flask.application
Traceback (most recent call last):
Nov 02 12:11:56.102079 dv-neutron-863271-1-hyperv devstack@keystone.service[82066]: ERROR keystone.server.flask.application
File "/usr/local/lib/python3.8/dist-packages/flask/app.py", line 1820, in full_dispatch_request
Nov 02 12:11:56.102079 dv-neutron-863271-1-hyperv devstack@keystone.service[82066]: ERROR keystone.server.flask.application rv = self.dispatch_request()
Nov 02 12:11:56.102079 dv-neutron-863271-1-hyperv devstack@keystone.service[82066]: ERROR keystone.server.flask.application
File "/usr/local/lib/python3.8/dist-packages/flask/app.py", line 1796, in dispatch_request
Nov 02 12:11:56.102079 dv-neutron-863271-1-hyperv devstack@keystone.service[82066]: ERROR keystone.server.flask.application return self.ensure_sync(self.view_functions[rule.endpoint])(**view_args)
Nov 02 12:11:56.102079 dv-neutron-863271-1-hyperv devstack@keystone.service[82066]: ERROR keystone.server.flask.application
File "/usr/local/lib/python3.8/dist-packages/flask_restful/__init__.py", line 467, in wrapper
Nov 02 12:11:56.102079 dv-neutron-863271-1-hyperv devstack@keystone.service[82066]: ERROR keystone.server.flask.application resp = resource(*args, **kwargs)
Nov 02 12:11:56.102079 dv-neutron-863271-1-hyperv devstack@keystone.service[82066]: ERROR keystone.server.flask.application
File "/usr/local/lib/python3.8/dist-packages/flask/views.py", line 107, in view
Nov 02 12:11:56.102079 dv-neutron-863271-1-hyperv devstack@keystone.service[82066]: ERROR keystone.server.flask.application return current_app.ensure_sync(self.dispatch_request)(**kwargs)
Nov 02 12:11:56.102079 dv-neutron-863271-1-hyperv devstack@keystone.service[82066]: ERROR keystone.server.flask.application
File "/usr/local/lib/python3.8/dist-packages/flask_restful/__init__.py", line 582, in dispatch_request
Nov 02 12:11:56.102079 dv-neutron-863271-1-hyperv devstack@keystone.service[82066]: ERROR keystone.server.flask.application resp = meth(*args, **kwargs)
Nov 02 12:11:56.102079 dv-neutron-863271-1-hyperv devstack@keystone.service[82066]: ERROR keystone.server.flask.application
File "/opt/stack/keystone/keystone/api/roles.py", line 50, in get
Nov 02 12:11:56.102079 dv-neutron-863271-1-hyperv devstack@keystone.service[82066]: ERROR keystone.server.flask.application return self._get_role(role_id)
Nov 02 12:11:56.102079 dv-neutron-863271-1-hyperv devstack@keystone.service[82066]: ERROR keystone.server.flask.application
File "/opt/stack/keystone/keystone/api/roles.py", line 70, in _get_role
Nov 02 12:11:56.102079 dv-neutron-863271-1-hyperv devstack@keystone.service[82066]: ERROR keystone.server.flask.application ENFORCER.enforce_call(action='identity:get_role')
Nov 02 12:11:56.103214 dv-neutron-863271-1-hyperv devstack@keystone.service[82066]: ERROR keystone.server.flask.application
File "/opt/stack/keystone/keystone/common/rbac_enforcer/enforcer.py", line 402, in enforce_call
Nov 02 12:11:56.103214 dv-neutron-863271-1-hyperv devstack@keystone.service[82066]: ERROR keystone.server.flask.application policy_dict.update(cls._extract_member_target_data(
Nov 02 12:11:56.103214 dv-neutron-863271-1-hyperv devstack@keystone.service[82066]: ERROR keystone.server.flask.application
File "/opt/stack/keystone/keystone/common/rbac_enforcer/enforcer.py", line 234, in _extract_member_target_data
Nov 02 12:11:56.103214 dv-neutron-863271-1-hyperv devstack@keystone.service[82066]: ERROR keystone.server.flask.application member_name: func(flask.request.view_args[key])
Nov 02 12:11:56.103214 dv-neutron-863271-1-hyperv devstack@keystone.service[82066]: ERROR keystone.server.flask.application
File "/opt/stack/keystone/keystone/common/manager.py", line 115, in wrapped
Nov 02 12:11:56.103214 dv-neutron-863271-1-hyperv devstack@keystone.service[82066]: ERROR keystone.server.flask.application __ret_val = __f(*args, **kwargs)
Nov 02 12:11:56.103214 dv-neutron-863271-1-hyperv devstack@keystone.service[82066]: ERROR keystone.server.flask.application
File "/usr/local/lib/python3.8/dist-packages/decorator.py", line 232, in fun
Nov 02 12:11:56.103214 dv-neutron-863271-1-hyperv devstack@keystone.service[82066]: ERROR keystone.server.flask.application return caller(func, *(extras + args), **kw)
Nov 02 12:11:56.103214 dv-neutron-863271-1-hyperv devstack@keystone.service[82066]: ERROR keystone.server.flask.application
File "/usr/local/lib/python3.8/dist-packages/dogpile/cache/region.py", line 1577, in get_or_create_for_user_func
Nov 02 12:11:56.103214 dv-neutron-863271-1-hyperv devstack@keystone.service[82066]: ERROR keystone.server.flask.application return self.get_or_create(
Nov 02 12:11:56.103214 dv-neutron-863271-1-hyperv devstack@keystone.service[82066]: ERROR keystone.server.flask.application
File "/usr/local/lib/python3.8/dist-packages/dogpile/cache/region.py", line 1042, in get_or_create
Nov 02 12:11:56.103214 dv-neutron-863271-1-hyperv devstack@keystone.service[82066]: ERROR keystone.server.flask.application with Lock(
Nov 02 12:11:56.103214 dv-neutron-863271-1-hyperv devstack@keystone.service[82066]: ERROR keystone.server.flask.application
File "/usr/local/lib/python3.8/dist-packages/dogpile/lock.py", line 185, in __enter__
Nov 02 12:11:56.103214 dv-neutron-863271-1-hyperv devstack@keystone.service[82066]: ERROR keystone.server.flask.application return self._enter()
Nov 02 12:11:56.103214 dv-neutron-863271-1-hyperv devstack@keystone.service[82066]: ERROR keystone.server.flask.application
File "/usr/local/lib/python3.8/dist-packages/dogpile/lock.py", line 94, in _enter
Nov 02 12:11:56.103214 dv-neutron-863271-1-hyperv devstack@keystone.service[82066]: ERROR keystone.server.flask.application generated = self._enter_create(value, createdtime)
Nov 02 12:11:56.104749 dv-neutron-863271-1-hyperv devstack@keystone.service[82066]: ERROR keystone.server.flask.application
File "/usr/local/lib/python3.8/dist-packages/dogpile/lock.py", line 178, in _enter_create
Nov 02 12:11:56.104749 dv-neutron-863271-1-hyperv devstack@keystone.service[82066]: ERROR keystone.server.flask.application return self.creator()
Nov 02 12:11:56.104749 dv-neutron-863271-1-hyperv devstack@keystone.service[82066]: ERROR keystone.server.flask.application
File "/usr/local/lib/python3.8/dist-packages/dogpile/cache/region.py", line 995, in gen_value
Nov 02 12:11:56.104749 dv-neutron-863271-1-hyperv devstack@keystone.service[82066]: ERROR keystone.server.flask.application created_value = creator(
Nov 02 12:11:56.104749 dv-neutron-863271-1-hyperv devstack@keystone.service[82066]: ERROR keystone.server.flask.application
File "/opt/stack/keystone/keystone/assignment/core.py", line 1276, in get_role
Nov 02 12:11:56.104749 dv-neutron-863271-1-hyperv devstack@keystone.service[82066]: ERROR keystone.server.flask.application return self.driver.get_role(role_id)
Nov 02 12:11:56.104749 dv-neutron-863271-1-hyperv devstack@keystone.service[82066]: ERROR keystone.server.flask.application
File "/opt/stack/keystone/keystone/assignment/role_backends/sql.py", line 70, in get_role
Nov 02 12:11:56.104749 dv-neutron-863271-1-hyperv devstack@keystone.service[82066]: ERROR keystone.server.flask.application return self._get_role(session, role_id).to_dict()
Nov 02 12:11:56.104749 dv-neutron-863271-1-hyperv devstack@keystone.service[82066]: ERROR keystone.server.flask.application
File "/opt/stack/keystone/keystone/assignment/role_backends/sql.py", line 65, in _get_role
Nov 02 12:11:56.104749 dv-neutron-863271-1-hyperv devstack@keystone.service[82066]: ERROR keystone.server.flask.application raise exception.RoleNotFound(role_id=role_id)
Nov 02 12:11:56.104749 dv-neutron-863271-1-hyperv devstack@keystone.service[82066]: ERROR keystone.server.flask.application keystone.exception.RoleNotFound: Could not find role: admin.
Nov 02 12:11:56.104749 dv-neutron-863271-1-hyperv devstack@keystone.service[82066]: ERROR keystone.server.flask.application
Nov 02 12:11:56.109355 dv-neutron-863271-1-hyperv devstack@keystone.service[82066]: [pid: 82066|app: 0|req: 81/167] 10.222.0.58 () {56 vars in 1096 bytes} [Wed Nov 2 12:11:55 2022] GET /identity/v3/roles/admin => generated 83 bytes in 264 msecs (HTTP/1.1 404) 5 headers in 183 bytes (1 switches on core 0)
Nov 02 12:11:56.111886 dv-neutron-863271-1-hyperv devstack@keystone.service[82066]: DEBUG keystone.server.flask.request_processing.middleware.auth_context [None req-2d0a4e0e-d124-4284-b755-3587326dfa57 None admin] Authenticating user token {{(pid=82066) process_request /usr/local/lib/python3.8/dist-packages/keystonemiddleware/auth_token/__init__.py:407}}
Nov 02 12:11:56.249100 dv-neutron-863271-1-hyperv devstack@keystone.service[82066]: DEBUG dbcounter [-] [82066] Writing DB stats keystone:SELECT=100 {{(pid=82066) stat_writer /usr/local/lib/python3.8/dist-packages/dbcounter.py:114}}
Nov 02 12:11:56.266818 dv-neutron-863271-1-hyperv devstack@keystone.service[82066]: DEBUG keystone.server.flask.request_processing.middleware.auth_context [None req-2d0a4e0e-d124-4284-b755-3587326dfa57 None admin] Validating token access rules against request {{(pid=82066) validate_allowed_request /usr/local/lib/python3.8/dist-packages/keystonemiddleware/auth_token/__init__.py:545}}
Nov 02 12:11:56.267009 dv-neutron-863271-1-hyperv devstack@keystone.service[82065]: DEBUG dbcounter [-] [82065] Writing DB stats keystone:SELECT=100 {{(pid=82065) stat_writer /usr/local/lib/python3.8/dist-packages/dbcounter.py:114}}
Nov 02 12:11:56.302754 dv-neutron-863271-1-hyperv devstack@keystone.service[82066]: DEBUG keystone.server.flask.request_processing.middleware.auth_context [None req-32da76a8-bc9f-496d-8a2d-eeec5ee43c7f None admin] RBAC: auth_context: {'token': , 'domain_id': None, 'trust_id': None, 'trustor_id': None, 'trustee_id': None, 'domain_name': None, 'group_ids': [], 'user_id': '5e8b096279e840dea6f0e828507ca7f0', 'user_domain_id': 'default', 'system_scope': 'all', 'project_id': None, 'project_domain_id': None, 'roles': ['admin', 'member', 'reader'], 'is_admin_project': True, 'service_user_id': None, 'service_user_domain_id': None, 'service_project_id': None, 'service_project_domain_id': None, 'service_roles': []} {{(pid=82066) fill_context /opt/stack/keystone/keystone/server/flask/request_processing/middleware/auth_context.py:478}}
Nov 02 12:11:56.303554 dv-neutron-863271-1-hyperv devstack@keystone.service[82066]: DEBUG keystone.server.flask.request_processing.req_logging [None req-32da76a8-bc9f-496d-8a2d-eeec5ee43c7f None admin] REQUEST_METHOD: `GET` {{(pid=82066) log_request_info /opt/stack/keystone/keystone/server/flask/request_processing/req_logging.py:27}}
Nov 02 12:11:56.303866 dv-neutron-863271-1-hyperv devstack@keystone.service[82066]: DEBUG keystone.server.flask.request_processing.req_logging [None req-32da76a8-bc9f-496d-8a2d-eeec5ee43c7f None admin] SCRIPT_NAME: `/identity` {{(pid=82066) log_request_info /opt/stack/keystone/keystone/server/flask/request_processing/req_logging.py:28}}
Nov 02 12:11:56.304236 dv-neutron-863271-1-hyperv devstack@keystone.service[82066]: DEBUG keystone.server.flask.request_processing.req_logging [None req-32da76a8-bc9f-496d-8a2d-eeec5ee43c7f None admin] PATH_INFO: `/v3/auth/tokens` {{(pid=82066) log_request_info /opt/stack/keystone/keystone/server/flask/request_processing/req_logging.py:29}}
Nov 02 12:11:56.324311 dv-neutron-863271-1-hyperv devstack@keystone.service[82065]: DEBUG keystone.server.flask.request_processing.middleware.auth_context [None req-79fdf9db-8284-4866-b73e-8d66f28bb018 None admin] Validating token access rules against request {{(pid=82065) validate_allowed_request /usr/local/lib/python3.8/dist-packages/keystonemiddleware/auth_token/__init__.py:545}}
Nov 02 12:11:56.397404 dv-neutron-863271-1-hyperv devstack@keystone.service[82066]: DEBUG keystone.common.rbac_enforcer.enforcer [None req-32da76a8-bc9f-496d-8a2d-eeec5ee43c7f None admin] RBAC: Authorizing `identity:validate_token()` {{(pid=82066) enforce_call /opt/stack/keystone/keystone/common/rbac_enforcer/enforcer.py:449}}
Nov 02 12:11:56.399198 dv-neutron-863271-1-hyperv devstack@keystone.service[82066]: DEBUG keystone.common.rbac_enforcer.enforcer [None req-32da76a8-bc9f-496d-8a2d-eeec5ee43c7f None admin] RBAC: Authorization granted {{(pid=82066) enforce_call /opt/stack/keystone/keystone/common/rbac_enforcer/enforcer.py:457}}
Nov 02 12:11:56.400037 dv-neutron-863271-1-hyperv devstack@keystone.service[82065]: DEBUG keystone.server.flask.request_processing.middleware.auth_context [None req-1c04dc61-e440-45ec-b3c0-ddef3c88a3ed None admin] RBAC: auth_context: {'token': , 'domain_id': None, 'trust_id': None, 'trustor_id': None, 'trustee_id': None, 'domain_name': None, 'group_ids': [], 'user_id': '5e8b096279e840dea6f0e828507ca7f0', 'user_domain_id': 'default', 'system_scope': 'all', 'project_id': None, 'project_domain_id': None, 'roles': ['admin', 'member', 'reader'], 'is_admin_project': True, 'service_user_id': None, 'service_user_domain_id': None, 'service_project_id': None, 'service_project_domain_id': None, 'service_roles': []} {{(pid=82065) fill_context /opt/stack/keystone/keystone/server/flask/request_processing/middleware/auth_context.py:478}}
Nov 02 12:11:56.401409 dv-neutron-863271-1-hyperv devstack@keystone.service[82065]: DEBUG keystone.server.flask.request_processing.req_logging [None req-1c04dc61-e440-45ec-b3c0-ddef3c88a3ed None admin] REQUEST_METHOD: `GET` {{(pid=82065) log_request_info /opt/stack/keystone/keystone/server/flask/request_processing/req_logging.py:27}}
Nov 02 12:11:56.401839 dv-neutron-863271-1-hyperv devstack@keystone.service[82065]: DEBUG keystone.server.flask.request_processing.req_logging [None req-1c04dc61-e440-45ec-b3c0-ddef3c88a3ed None admin] SCRIPT_NAME: `/identity` {{(pid=82065) log_request_info /opt/stack/keystone/keystone/server/flask/request_processing/req_logging.py:28}}
Nov 02 12:11:56.402380 dv-neutron-863271-1-hyperv devstack@keystone.service[82065]: DEBUG keystone.server.flask.request_processing.req_logging [None req-1c04dc61-e440-45ec-b3c0-ddef3c88a3ed None admin] PATH_INFO: `/v3/users/416229b368f04f68bcd708366272b5c8` {{(pid=82065) log_request_info /opt/stack/keystone/keystone/server/flask/request_processing/req_logging.py:29}}
Nov 02 12:11:56.405570 dv-neutron-863271-1-hyperv devstack@keystone.service[82065]: DEBUG keystone.common.rbac_enforcer.enforcer [None req-1c04dc61-e440-45ec-b3c0-ddef3c88a3ed None admin] RBAC: Authorizing `identity:get_user(user_id=416229b368f04f68bcd708366272b5c8)` {{(pid=82065) enforce_call /opt/stack/keystone/keystone/common/rbac_enforcer/enforcer.py:449}}
Nov 02 12:11:56.407781 dv-neutron-863271-1-hyperv devstack@keystone.service[82065]: DEBUG keystone.common.rbac_enforcer.enforcer [None req-1c04dc61-e440-45ec-b3c0-ddef3c88a3ed None admin] RBAC: Authorization granted {{(pid=82065) enforce_call /opt/stack/keystone/keystone/common/rbac_enforcer/enforcer.py:457}}
Nov 02 12:11:56.409826 dv-neutron-863271-1-hyperv devstack@keystone.service[82065]: [pid: 82065|app: 0|req: 87/168] 10.222.0.58 () {56 vars in 1177 bytes} [Wed Nov 2 12:11:56 2022] GET /identity/v3/users/416229b368f04f68bcd708366272b5c8 => generated 275 bytes in 336 msecs (HTTP/1.1 200) 5 headers in 177 bytes (1 switches on core 0)
Nov 02 12:11:56.417391 dv-neutron-863271-1-hyperv devstack@keystone.service[82065]: DEBUG keystone.server.flask.request_processing.middleware.auth_context [None req-1c04dc61-e440-45ec-b3c0-ddef3c88a3ed None admin] Authenticating user token {{(pid=82065) process_request /usr/local/lib/python3.8/dist-packages/keystonemiddleware/auth_token/__init__.py:407}}
Nov 02 12:11:56.543648 dv-neutron-863271-1-hyperv devstack@keystone.service[82066]: DEBUG dbcounter [-] [82066] Writing DB stats keystone:SELECT=100 {{(pid=82066) stat_writer /usr/local/lib/python3.8/dist-packages/dbcounter.py:114}}
Nov 02 12:11:56.564193 dv-neutron-863271-1-hyperv devstack@keystone.service[82066]: [pid: 82066|app: 0|req: 82/169] 10.222.0.58 () {58 vars in 1282 bytes} [Wed Nov 2 12:11:56 2022] GET /identity/v3/auth/tokens => generated 799 bytes in 453 msecs (HTTP/1.1 200) 6 headers in 358 bytes (1 switches on core 0)
Nov 02 12:11:56.564983 dv-neutron-863271-1-hyperv devstack@keystone.service[82066]: DEBUG keystone.server.flask.request_processing.middleware.auth_context [None req-32da76a8-bc9f-496d-8a2d-eeec5ee43c7f None admin] Authenticating user token {{(pid=82066) process_request /usr/local/lib/python3.8/dist-packages/keystonemiddleware/auth_token/__init__.py:407}}
Nov 02 12:11:56.626865 dv-neutron-863271-1-hyperv devstack@keystone.service[82065]: DEBUG keystone.server.flask.request_processing.middleware.auth_context [None req-1c04dc61-e440-45ec-b3c0-ddef3c88a3ed None admin] Validating token access rules against request {{(pid=82065) validate_allowed_request /usr/local/lib/python3.8/dist-packages/keystonemiddleware/auth_token/__init__.py:545}}
Nov 02 12:11:56.719381 dv-neutron-863271-1-hyperv devstack@keystone.service[82065]: DEBUG keystone.server.flask.request_processing.middleware.auth_context [None req-a78fb5c4-c592-4431-9736-24b22c26e789 None admin] RBAC: auth_context: {'token': , 'domain_id': None, 'trust_id': None, 'trustor_id': None, 'trustee_id': None, 'domain_name': None, 'group_ids': [], 'user_id': '5e8b096279e840dea6f0e828507ca7f0', 'user_domain_id': 'default', 'system_scope': 'all', 'project_id': None, 'project_domain_id': None, 'roles': ['admin', 'member', 'reader'], 'is_admin_project': True, 'service_user_id': None, 'service_user_domain_id': None, 'service_project_id': None, 'service_project_domain_id': None, 'service_roles': []} {{(pid=82065) fill_context /opt/stack/keystone/keystone/server/flask/request_processing/middleware/auth_context.py:478}}
Nov 02 12:11:56.720643 dv-neutron-863271-1-hyperv devstack@keystone.service[82065]: DEBUG keystone.server.flask.request_processing.req_logging [None req-a78fb5c4-c592-4431-9736-24b22c26e789 None admin] REQUEST_METHOD: `GET` {{(pid=82065) log_request_info /opt/stack/keystone/keystone/server/flask/request_processing/req_logging.py:27}}
Nov 02 12:11:56.720935 dv-neutron-863271-1-hyperv devstack@keystone.service[82065]: DEBUG keystone.server.flask.request_processing.req_logging [None req-a78fb5c4-c592-4431-9736-24b22c26e789 None admin] SCRIPT_NAME: `/identity` {{(pid=82065) log_request_info /opt/stack/keystone/keystone/server/flask/request_processing/req_logging.py:28}}
Nov 02 12:11:56.721437 dv-neutron-863271-1-hyperv devstack@keystone.service[82065]: DEBUG keystone.server.flask.request_processing.req_logging [None req-a78fb5c4-c592-4431-9736-24b22c26e789 None admin] PATH_INFO: `/v3/role_assignments` {{(pid=82065) log_request_info /opt/stack/keystone/keystone/server/flask/request_processing/req_logging.py:29}}
Nov 02 12:11:56.722238 dv-neutron-863271-1-hyperv devstack@keystone.service[82065]: DEBUG keystone.common.rbac_enforcer.enforcer [None req-a78fb5c4-c592-4431-9736-24b22c26e789 None admin] RBAC: Adding query filter params (role.id=6ff2f2c50a6641b18f3b0b0b05cff963, scope.project.id=bbaedc4a49c04a27a5da3025816d64ed, user.id=416229b368f04f68bcd708366272b5c8) {{(pid=82065) _extract_filter_values /opt/stack/keystone/keystone/common/rbac_enforcer/enforcer.py:167}}
Nov 02 12:11:56.722551 dv-neutron-863271-1-hyperv devstack@keystone.service[82065]: DEBUG keystone.common.rbac_enforcer.enforcer [None req-a78fb5c4-c592-4431-9736-24b22c26e789 None admin] RBAC: Authorizing `identity:list_role_assignments()` {{(pid=82065) enforce_call /opt/stack/keystone/keystone/common/rbac_enforcer/enforcer.py:449}}
Nov 02 12:11:56.728361 dv-neutron-863271-1-hyperv devstack@keystone.service[82065]: DEBUG keystone.common.rbac_enforcer.enforcer [None req-a78fb5c4-c592-4431-9736-24b22c26e789 None admin] RBAC: Authorization granted {{(pid=82065) enforce_call /opt/stack/keystone/keystone/common/rbac_enforcer/enforcer.py:457}}
Nov 02 12:11:56.737376 dv-neutron-863271-1-hyperv devstack@keystone.service[82065]: [pid: 82065|app: 0|req: 88/170] 10.222.0.58 () {56 vars in 1374 bytes} [Wed Nov 2 12:11:56 2022] GET /identity/v3/role_assignments?user.id=416229b368f04f68bcd708366272b5c8&scope.project.id=bbaedc4a49c04a27a5da3025816d64ed&role.id=6ff2f2c50a6641b18f3b0b0b05cff963 => generated 608 bytes in 327 msecs (HTTP/1.1 200) 5 headers in 177 bytes (1 switches on core 0)
Nov 02 12:11:56.738272 dv-neutron-863271-1-hyperv devstack@keystone.service[82065]: DEBUG keystone.server.flask.request_processing.middleware.auth_context [None req-a78fb5c4-c592-4431-9736-24b22c26e789 None admin] Authenticating user token {{(pid=82065) process_request /usr/local/lib/python3.8/dist-packages/keystonemiddleware/auth_token/__init__.py:407}}
Nov 02 12:11:56.845070 dv-neutron-863271-1-hyperv devstack@keystone.service[82065]: DEBUG dbcounter [-] [82065] Writing DB stats keystone:SELECT=100 {{(pid=82065) stat_writer /usr/local/lib/python3.8/dist-packages/dbcounter.py:114}}
Nov 02 12:11:56.910600 dv-neutron-863271-1-hyperv devstack@keystone.service[82066]: DEBUG keystone.server.flask.request_processing.middleware.auth_context [None req-32da76a8-bc9f-496d-8a2d-eeec5ee43c7f None admin] Validating token access rules against request {{(pid=82066) validate_allowed_request /usr/local/lib/python3.8/dist-packages/keystonemiddleware/auth_token/__init__.py:545}}
Nov 02 12:11:56.995836 dv-neutron-863271-1-hyperv devstack@keystone.service[82066]: DEBUG keystone.server.flask.request_processing.middleware.auth_context [None req-bbd06849-699e-4713-acd5-da4ca8a6e8f3 None admin] RBAC: auth_context: {'token': , 'domain_id': None, 'trust_id': None, 'trustor_id': None, 'trustee_id': None, 'domain_name': None, 'group_ids': [], 'user_id': '5e8b096279e840dea6f0e828507ca7f0', 'user_domain_id': 'default', 'system_scope': 'all', 'project_id': None, 'project_domain_id': None, 'roles': ['admin', 'member', 'reader'], 'is_admin_project': True, 'service_user_id': None, 'service_user_domain_id': None, 'service_project_id': None, 'service_project_domain_id': None, 'service_roles': []} {{(pid=82066) fill_context /opt/stack/keystone/keystone/server/flask/request_processing/middleware/auth_context.py:478}}
Nov 02 12:11:56.996512 dv-neutron-863271-1-hyperv devstack@keystone.service[82066]: DEBUG keystone.server.flask.request_processing.req_logging [None req-bbd06849-699e-4713-acd5-da4ca8a6e8f3 None admin] REQUEST_METHOD: `GET` {{(pid=82066) log_request_info /opt/stack/keystone/keystone/server/flask/request_processing/req_logging.py:27}}
Nov 02 12:11:56.996796 dv-neutron-863271-1-hyperv devstack@keystone.service[82066]: DEBUG keystone.server.flask.request_processing.req_logging [None req-bbd06849-699e-4713-acd5-da4ca8a6e8f3 None admin] SCRIPT_NAME: `/identity` {{(pid=82066) log_request_info /opt/stack/keystone/keystone/server/flask/request_processing/req_logging.py:28}}
Nov 02 12:11:56.997102 dv-neutron-863271-1-hyperv devstack@keystone.service[82066]: DEBUG keystone.server.flask.request_processing.req_logging [None req-bbd06849-699e-4713-acd5-da4ca8a6e8f3 None admin] PATH_INFO: `/v3/roles` {{(pid=82066) log_request_info /opt/stack/keystone/keystone/server/flask/request_processing/req_logging.py:29}}
Nov 02 12:11:56.997912 dv-neutron-863271-1-hyperv devstack@keystone.service[82066]: DEBUG keystone.common.rbac_enforcer.enforcer [None req-bbd06849-699e-4713-acd5-da4ca8a6e8f3 None admin] RBAC: Adding query filter params (name=admin) {{(pid=82066) _extract_filter_values /opt/stack/keystone/keystone/common/rbac_enforcer/enforcer.py:167}}
Nov 02 12:11:56.998113 dv-neutron-863271-1-hyperv devstack@keystone.service[82066]: DEBUG keystone.common.rbac_enforcer.enforcer [None req-bbd06849-699e-4713-acd5-da4ca8a6e8f3 None admin] RBAC: Authorizing `identity:list_roles()` {{(pid=82066) enforce_call /opt/stack/keystone/keystone/common/rbac_enforcer/enforcer.py:449}}
Nov 02 12:11:56.999563 dv-neutron-863271-1-hyperv devstack@keystone.service[82066]: DEBUG keystone.common.rbac_enforcer.enforcer [None req-bbd06849-699e-4713-acd5-da4ca8a6e8f3 None admin] RBAC: Authorization granted {{(pid=82066) enforce_call /opt/stack/keystone/keystone/common/rbac_enforcer/enforcer.py:457}}
Nov 02 12:11:57.022104 dv-neutron-863271-1-hyperv devstack@keystone.service[82065]: DEBUG keystone.server.flask.request_processing.middleware.auth_context [None req-a78fb5c4-c592-4431-9736-24b22c26e789 None admin] Validating token access rules against request {{(pid=82065) validate_allowed_request /usr/local/lib/python3.8/dist-packages/keystonemiddleware/auth_token/__init__.py:545}}
Nov 02 12:11:57.023619 dv-neutron-863271-1-hyperv devstack@keystone.service[82066]: [pid: 82066|app: 0|req: 83/171] 10.222.0.58 () {56 vars in 1099 bytes} [Wed Nov 2 12:11:56 2022] GET /identity/v3/roles?name=admin => generated 339 bytes in 459 msecs (HTTP/1.1 200) 5 headers in 177 bytes (1 switches on core 0)
Nov 02 12:11:57.024541 dv-neutron-863271-1-hyperv devstack@keystone.service[82066]: DEBUG keystone.server.flask.request_processing.middleware.auth_context [None req-bbd06849-699e-4713-acd5-da4ca8a6e8f3 None admin] Authenticating user token {{(pid=82066) process_request /usr/local/lib/python3.8/dist-packages/keystonemiddleware/auth_token/__init__.py:407}}
Nov 02 12:11:57.075949 dv-neutron-863271-1-hyperv devstack@keystone.service[82065]: DEBUG keystone.server.flask.request_processing.middleware.auth_context [None req-22417371-4c18-4570-8e83-5af8201b6770 None admin] RBAC: auth_context: {'token': , 'domain_id': None, 'trust_id': None, 'trustor_id': None, 'trustee_id': None, 'domain_name': None, 'group_ids': [], 'user_id': '5e8b096279e840dea6f0e828507ca7f0', 'user_domain_id': 'default', 'system_scope': 'all', 'project_id': None, 'project_domain_id': None, 'roles': ['admin', 'member', 'reader'], 'is_admin_project': True, 'service_user_id': None, 'service_user_domain_id': None, 'service_project_id': None, 'service_project_domain_id': None, 'service_roles': []} {{(pid=82065) fill_context /opt/stack/keystone/keystone/server/flask/request_processing/middleware/auth_context.py:478}}
Nov 02 12:11:57.076672 dv-neutron-863271-1-hyperv devstack@keystone.service[82065]: DEBUG keystone.server.flask.request_processing.req_logging [None req-22417371-4c18-4570-8e83-5af8201b6770 None admin] REQUEST_METHOD: `GET` {{(pid=82065) log_request_info /opt/stack/keystone/keystone/server/flask/request_processing/req_logging.py:27}}
Nov 02 12:11:57.076975 dv-neutron-863271-1-hyperv devstack@keystone.service[82065]: DEBUG keystone.server.flask.request_processing.req_logging [None req-22417371-4c18-4570-8e83-5af8201b6770 None admin] SCRIPT_NAME: `/identity` {{(pid=82065) log_request_info /opt/stack/keystone/keystone/server/flask/request_processing/req_logging.py:28}}
Nov 02 12:11:57.077272 dv-neutron-863271-1-hyperv devstack@keystone.service[82065]: DEBUG keystone.server.flask.request_processing.req_logging [None req-22417371-4c18-4570-8e83-5af8201b6770 None admin] PATH_INFO: `/v3/auth/tokens` {{(pid=82065) log_request_info /opt/stack/keystone/keystone/server/flask/request_processing/req_logging.py:29}}
Nov 02 12:11:57.170345 dv-neutron-863271-1-hyperv devstack@keystone.service[82066]: DEBUG dbcounter [-] [82066] Writing DB stats keystone:SELECT=100 {{(pid=82066) stat_writer /usr/local/lib/python3.8/dist-packages/dbcounter.py:114}}
Nov 02 12:11:57.179852 dv-neutron-863271-1-hyperv devstack@keystone.service[82065]: DEBUG keystone.common.rbac_enforcer.enforcer [None req-22417371-4c18-4570-8e83-5af8201b6770 None admin] RBAC: Authorizing `identity:validate_token()` {{(pid=82065) enforce_call /opt/stack/keystone/keystone/common/rbac_enforcer/enforcer.py:449}}
Nov 02 12:11:57.183034 dv-neutron-863271-1-hyperv devstack@keystone.service[82065]: DEBUG keystone.common.rbac_enforcer.enforcer [None req-22417371-4c18-4570-8e83-5af8201b6770 None admin] RBAC: Authorization granted {{(pid=82065) enforce_call /opt/stack/keystone/keystone/common/rbac_enforcer/enforcer.py:457}}
Nov 02 12:11:57.193658 dv-neutron-863271-1-hyperv devstack@keystone.service[82065]: DEBUG dbcounter [-] [82065] Writing DB stats keystone:SELECT=100 {{(pid=82065) stat_writer /usr/local/lib/python3.8/dist-packages/dbcounter.py:114}}
Nov 02 12:11:57.309980 dv-neutron-863271-1-hyperv devstack@keystone.service[82065]: [pid: 82065|app: 0|req: 89/172] 10.222.0.58 () {58 vars in 1282 bytes} [Wed Nov 2 12:11:56 2022] GET /identity/v3/auth/tokens => generated 799 bytes in 572 msecs (HTTP/1.1 200) 6 headers in 358 bytes (1 switches on core 0)
Nov 02 12:11:57.310409 dv-neutron-863271-1-hyperv devstack@keystone.service[82066]: DEBUG keystone.server.flask.request_processing.middleware.auth_context [None req-bbd06849-699e-4713-acd5-da4ca8a6e8f3 None admin] Validating token access rules against request {{(pid=82066) validate_allowed_request /usr/local/lib/python3.8/dist-packages/keystonemiddleware/auth_token/__init__.py:545}}
Nov 02 12:11:57.311865 dv-neutron-863271-1-hyperv devstack@keystone.service[82065]: DEBUG keystone.server.flask.request_processing.middleware.auth_context [None req-22417371-4c18-4570-8e83-5af8201b6770 None admin] Authenticating user token {{(pid=82065) process_request /usr/local/lib/python3.8/dist-packages/keystonemiddleware/auth_token/__init__.py:407}}
Nov 02 12:11:57.434666 dv-neutron-863271-1-hyperv devstack@keystone.service[82065]: DEBUG keystone.server.flask.request_processing.middleware.auth_context [None req-22417371-4c18-4570-8e83-5af8201b6770 None admin] Validating token access rules against request {{(pid=82065) validate_allowed_request /usr/local/lib/python3.8/dist-packages/keystonemiddleware/auth_token/__init__.py:545}}
Nov 02 12:11:57.441242 dv-neutron-863271-1-hyperv devstack@keystone.service[82066]: DEBUG keystone.server.flask.request_processing.middleware.auth_context [None req-f8f6375e-1dac-45f0-b05a-e38015b9353d None admin] RBAC: auth_context: {'token': , 'domain_id': None, 'trust_id': None, 'trustor_id': None, 'trustee_id': None, 'domain_name': None, 'group_ids': [], 'user_id': '5e8b096279e840dea6f0e828507ca7f0', 'user_domain_id': 'default', 'system_scope': 'all', 'project_id': None, 'project_domain_id': None, 'roles': ['admin', 'member', 'reader'], 'is_admin_project': True, 'service_user_id': None, 'service_user_domain_id': None, 'service_project_id': None, 'service_project_domain_id': None, 'service_roles': []} {{(pid=82066) fill_context /opt/stack/keystone/keystone/server/flask/request_processing/middleware/auth_context.py:478}}
