Oct 19 10:10:40.296412 dv-neutron-861859-1-hyperv neutron-server[105388]: DEBUG neutron.plugins.ml2.rpc [None req-9626ace1-3c60-4c1d-ac4b-f13900efe1a8 None None] Device 34910c97-af91-47a0-9405-8d45f2e16ef8 up at agent ovs-agent-dv-neutron-861859-1-hyperv {{(pid=105388) update_device_up /opt/stack/neutron/neutron/plugins/ml2/rpc.py:296}}
Oct 19 10:10:40.299663 dv-neutron-861859-1-hyperv neutron-server[105388]: DEBUG dbcounter [-] [105388] Writing DB stats neutron:SELECT=96,neutron:INSERT=2,neutron:UPDATE=2 {{(pid=105388) stat_writer /usr/local/lib/python3.8/dist-packages/dbcounter.py:114}}
Oct 19 10:10:40.364738 dv-neutron-861859-1-hyperv neutron-server[105388]: DEBUG neutron.db.provisioning_blocks [None req-9626ace1-3c60-4c1d-ac4b-f13900efe1a8 None None] Provisioning complete for port 34910c97-af91-47a0-9405-8d45f2e16ef8 triggered by entity L2. {{(pid=105388) provisioning_complete /opt/stack/neutron/neutron/db/provisioning_blocks.py:144}}
Oct 19 10:10:40.365086 dv-neutron-861859-1-hyperv neutron-server[105388]: DEBUG neutron_lib.callbacks.manager [None req-9626ace1-3c60-4c1d-ac4b-f13900efe1a8 None None] Publish callbacks ['neutron.plugins.ml2.plugin.Ml2Plugin._port_provisioned-66382021'] for port (34910c97-af91-47a0-9405-8d45f2e16ef8), provisioning_complete {{(pid=105388) _notify_loop /usr/local/lib/python3.8/dist-packages/neutron_lib/callbacks/manager.py:176}}
Oct 19 10:10:40.365545 dv-neutron-861859-1-hyperv neutron-server[105388]: INFO neutron.plugins.ml2.plugin [None req-9626ace1-3c60-4c1d-ac4b-f13900efe1a8 None None] Attempt 1 to provision port 34910c97-af91-47a0-9405-8d45f2e16ef8
Oct 19 10:10:40.418160 dv-neutron-861859-1-hyperv neutron-server[105387]: DEBUG neutron.db.db_base_plugin_common [None req-b54fae3f-9082-4665-90ae-db735ba3b40b admin admin] Allocated IP 172.26.0.14 (d83fc551-0446-4db2-97da-2fcc6a97ae42/caa7ba38-34a5-465f-bddf-9a460caea279/46b107df-4726-40ba-839e-26b5d58b6e38) {{(pid=105387) _store_ip_allocation /opt/stack/neutron/neutron/db/db_base_plugin_common.py:131}}
Oct 19 10:10:40.464949 dv-neutron-861859-1-hyperv neutron-server[105388]: DEBUG neutron.plugins.ml2.plugin [None req-9626ace1-3c60-4c1d-ac4b-f13900efe1a8 None None] Current status of the port 34910c97-af91-47a0-9405-8d45f2e16ef8 is: DOWN; New status is: ACTIVE {{(pid=105388) _update_individual_port_db_status /opt/stack/neutron/neutron/plugins/ml2/plugin.py:2333}}
Oct 19 10:10:40.465364 dv-neutron-861859-1-hyperv neutron-server[105388]: DEBUG neutron_lib.callbacks.manager [None req-9626ace1-3c60-4c1d-ac4b-f13900efe1a8 None None] Publish callbacks ['neutron.plugins.ml2.plugin.SecurityGroupDbMixin._ensure_default_security_group_handler-66817873'] for port (34910c97-af91-47a0-9405-8d45f2e16ef8), before_update {{(pid=105388) _notify_loop /usr/local/lib/python3.8/dist-packages/neutron_lib/callbacks/manager.py:176}}
Oct 19 10:10:40.519478 dv-neutron-861859-1-hyperv neutron-server[105388]: DEBUG neutron.plugins.ml2.db [None req-9626ace1-3c60-4c1d-ac4b-f13900efe1a8 None None] For port 34910c97-af91-47a0-9405-8d45f2e16ef8, host dv-neutron-861859-1-hyperv, got binding levels [PortBindingLevel(driver='openvswitch',host='dv-neutron-861859-1-hyperv',level=0,port_id=34910c97-af91-47a0-9405-8d45f2e16ef8,segment=NetworkSegment(3608ca14-6b9f-4672-909a-fc04189c9d91),segment_id=3608ca14-6b9f-4672-909a-fc04189c9d91)] {{(pid=105388) get_binding_level_objs /opt/stack/neutron/neutron/plugins/ml2/db.py:74}}
Oct 19 10:10:40.528214 dv-neutron-861859-1-hyperv neutron-server[105388]: DEBUG neutron_lib.callbacks.manager [None req-9626ace1-3c60-4c1d-ac4b-f13900efe1a8 None None] Publish callbacks ['neutron.plugins.ml2.plugin.SecurityGroupServerNotifierRpcMixin._notify_sg_on_port_change-66817936', 'neutron.plugins.ml2.ovo_rpc._ObjectChangeHandler.handle_event-108657', 'neutron.api.rpc.agentnotifiers.dhcp_rpc_agent_api.DhcpAgentNotifyAPI._native_event_send_dhcp_notification-574363', 'neutron.db.l3_db.L3RpcNotifierMixin._notify_gateway_port_ip_changed-8744318107522', 'neutron.db.l3_dvrscheduler_db._notify_l3_agent_port_update-8744317600332', 'neutron.db.l3_hascheduler_db._notify_l3_agent_ha_port_update-8744317600350'] for port (34910c97-af91-47a0-9405-8d45f2e16ef8), after_update {{(pid=105388) _notify_loop /usr/local/lib/python3.8/dist-packages/neutron_lib/callbacks/manager.py:176}}
Oct 19 10:10:40.529043 dv-neutron-861859-1-hyperv neutron-server[105388]: DEBUG neutron.plugins.ml2.rpc [None req-9626ace1-3c60-4c1d-ac4b-f13900efe1a8 None None] Device 9ee34d33-338f-4fc6-bce8-9a7e503e1e20 up at agent ovs-agent-dv-neutron-861859-1-hyperv {{(pid=105388) update_device_up /opt/stack/neutron/neutron/plugins/ml2/rpc.py:296}}
Oct 19 10:10:40.570151 dv-neutron-861859-1-hyperv neutron-server[105387]: DEBUG neutron.scheduler.l3_agent_scheduler [None req-91b97c20-af4a-4d7a-abae-7cfbc605f4c6 admin admin] Router 968121e5-13c6-48de-8b76-a9528f898f9d is scheduled to L3 agent 78dc7395-b688-45dd-8abd-c5cc4f7de033 with binding_index 1 {{(pid=105387) bind_router /opt/stack/neutron/neutron/scheduler/l3_agent_scheduler.py:209}}
Oct 19 10:10:40.657189 dv-neutron-861859-1-hyperv neutron-server[105388]: DEBUG neutron.api.rpc.handlers.resources_rpc [None req-9626ace1-3c60-4c1d-ac4b-f13900efe1a8 None None] Pushing event updated for resources: {'Port': ['ID=34910c97-af91-47a0-9405-8d45f2e16ef8,revision_number=3']} {{(pid=105388) push /opt/stack/neutron/neutron/api/rpc/handlers/resources_rpc.py:237}}
Oct 19 10:10:40.662407 dv-neutron-861859-1-hyperv neutron-server[105387]: DEBUG neutron_lib.callbacks.manager [None req-b54fae3f-9082-4665-90ae-db735ba3b40b admin admin] Publish callbacks [] for port (46b107df-4726-40ba-839e-26b5d58b6e38), precommit_create {{(pid=105387) _notify_loop /usr/local/lib/python3.8/dist-packages/neutron_lib/callbacks/manager.py:176}}
Oct 19 10:10:40.672098 dv-neutron-861859-1-hyperv neutron-server[105388]: DEBUG neutron.db.provisioning_blocks [None req-9626ace1-3c60-4c1d-ac4b-f13900efe1a8 None None] Provisioning complete for port 9ee34d33-338f-4fc6-bce8-9a7e503e1e20 triggered by entity L2. {{(pid=105388) provisioning_complete /opt/stack/neutron/neutron/db/provisioning_blocks.py:144}}
Oct 19 10:10:40.672935 dv-neutron-861859-1-hyperv neutron-server[105388]: DEBUG neutron_lib.callbacks.manager [None req-9626ace1-3c60-4c1d-ac4b-f13900efe1a8 None None] Publish callbacks ['neutron.plugins.ml2.plugin.Ml2Plugin._port_provisioned-66382021'] for port (9ee34d33-338f-4fc6-bce8-9a7e503e1e20), provisioning_complete {{(pid=105388) _notify_loop /usr/local/lib/python3.8/dist-packages/neutron_lib/callbacks/manager.py:176}}
Oct 19 10:10:40.673264 dv-neutron-861859-1-hyperv neutron-server[105388]: INFO neutron.plugins.ml2.plugin [None req-9626ace1-3c60-4c1d-ac4b-f13900efe1a8 None None] Attempt 1 to provision port 9ee34d33-338f-4fc6-bce8-9a7e503e1e20
Oct 19 10:10:40.702563 dv-neutron-861859-1-hyperv neutron-server[105388]: DEBUG neutron.api.rpc.handlers.dhcp_rpc [None req-05a44551-1c17-480f-aa27-7f0236ece006 None None] Network 0051c086-965d-4651-a2ee-1d86769c12a5 requested from dv-neutron-861859-1-hyperv {{(pid=105388) get_network_info /opt/stack/neutron/neutron/api/rpc/handlers/dhcp_rpc.py:193}}
Oct 19 10:10:40.748893 dv-neutron-861859-1-hyperv neutron-server[105387]: DEBUG dbcounter [-] [105387] Writing DB stats neutron:SELECT=92,neutron:INSERT=6,neutron:UPDATE=2 {{(pid=105387) stat_writer /usr/local/lib/python3.8/dist-packages/dbcounter.py:114}}
Oct 19 10:10:40.845883 dv-neutron-861859-1-hyperv neutron-server[105387]: DEBUG neutron_lib.callbacks.manager [None req-b54fae3f-9082-4665-90ae-db735ba3b40b admin admin] Publish callbacks ['neutron.plugins.ml2.plugin.SecurityGroupServerNotifierRpcMixin._notify_sg_on_port_change-66817936', 'neutron.plugins.ml2.ovo_rpc._ObjectChangeHandler.handle_event-108657', 'neutron.api.rpc.agentnotifiers.dhcp_rpc_agent_api.DhcpAgentNotifyAPI._native_event_send_dhcp_notification-574363', 'neutron.db.l3_dvrscheduler_db._notify_l3_agent_new_port-8744317600314'] for port (46b107df-4726-40ba-839e-26b5d58b6e38), after_create {{(pid=105387) _notify_loop /usr/local/lib/python3.8/dist-packages/neutron_lib/callbacks/manager.py:176}}
Oct 19 10:10:40.873572 dv-neutron-861859-1-hyperv neutron-server[105388]: DEBUG neutron.db.provisioning_blocks [None req-b1c34020-681f-4a65-977d-3f00a98037fb None None] Provisioning complete for port 34910c97-af91-47a0-9405-8d45f2e16ef8 triggered by entity DHCP. {{(pid=105388) provisioning_complete /opt/stack/neutron/neutron/db/provisioning_blocks.py:144}}
Oct 19 10:10:40.873990 dv-neutron-861859-1-hyperv neutron-server[105388]: DEBUG neutron_lib.callbacks.manager [None req-b1c34020-681f-4a65-977d-3f00a98037fb None None] Publish callbacks ['neutron.plugins.ml2.plugin.Ml2Plugin._port_provisioned-66382021'] for port (34910c97-af91-47a0-9405-8d45f2e16ef8), provisioning_complete {{(pid=105388) _notify_loop /usr/local/lib/python3.8/dist-packages/neutron_lib/callbacks/manager.py:176}}
Oct 19 10:10:40.874338 dv-neutron-861859-1-hyperv neutron-server[105388]: INFO neutron.plugins.ml2.plugin [None req-b1c34020-681f-4a65-977d-3f00a98037fb None None] Attempt 1 to provision port 34910c97-af91-47a0-9405-8d45f2e16ef8
Oct 19 10:10:40.907474 dv-neutron-861859-1-hyperv neutron-server[105387]: DEBUG neutron.api.rpc.handlers.resources_rpc [None req-b54fae3f-9082-4665-90ae-db735ba3b40b admin admin] Pushing event updated for resources: {'Port': ['ID=46b107df-4726-40ba-839e-26b5d58b6e38,revision_number=1']} {{(pid=105387) push /opt/stack/neutron/neutron/api/rpc/handlers/resources_rpc.py:237}}
Oct 19 10:10:40.912657 dv-neutron-861859-1-hyperv neutron-server[105387]: DEBUG neutron.api.rpc.agentnotifiers.l3_rpc_agent_api [None req-91b97c20-af4a-4d7a-abae-7cfbc605f4c6 admin admin] Notify agent at l3_agent.dv-neutron-861859-1-hyperv the message routers_updated {{(pid=105387) _agent_notification /opt/stack/neutron/neutron/api/rpc/agentnotifiers/l3_rpc_agent_api.py:65}}
Oct 19 10:10:40.924630 dv-neutron-861859-1-hyperv neutron-server[105389]: DEBUG neutron.api.rpc.handlers.l3_rpc [None req-4db01c36-e1d9-4e2e-84eb-49eaa8cba085 None None] Sync routers for ids ['968121e5-13c6-48de-8b76-a9528f898f9d'] in dv-neutron-861859-1-hyperv {{(pid=105389) sync_routers /opt/stack/neutron/neutron/api/rpc/handlers/l3_rpc.py:125}}
Oct 19 10:10:40.945226 dv-neutron-861859-1-hyperv neutron-server[105389]: DEBUG neutron.db.l3_dvrscheduler_db [None req-4db01c36-e1d9-4e2e-84eb-49eaa8cba085 None None] Routers {'968121e5-13c6-48de-8b76-a9528f898f9d'} bound to L3 agent in host dv-neutron-861859-1-hyperv {{(pid=105389) _get_router_ids_for_agent /opt/stack/neutron/neutron/db/l3_dvrscheduler_db.py:426}}
Oct 19 10:10:40.947679 dv-neutron-861859-1-hyperv neutron-server[105389]: DEBUG neutron.db.l3_hamode_db [None req-4db01c36-e1d9-4e2e-84eb-49eaa8cba085 None None] neutron.services.l3_router.l3_router_plugin.L3RouterPlugin method get_ha_sync_data_for_host called with arguments (, 'dv-neutron-861859-1-hyperv', Agent(admin_state_up=True,agent_type='L3 agent',availability_zone='nova',binary='neutron-l3-agent',configurations={"agent_mode": "legacy", "ex_gw_ports": 1, "extensions": [], "floating_ips": 0, "handle_internal_only_routers": true, "interface_driver": "openvswitch", "interfaces": 1, "log_agent_heartbeats": false, "routers": 1},created_at=2022-10-19T10:03:05Z,description=,heartbeat_timestamp=2022-10-19T10:10:35Z,host='dv-neutron-861859-1-hyperv',id=78dc7395-b688-45dd-8abd-c5cc4f7de033,load=0,resource_versions=,resources_synced=,started_at=2022-10-19T10:03:05Z,topic='l3_agent')) {'router_ids': ['968121e5-13c6-48de-8b76-a9528f898f9d'], 'active': True} {{(pid=105389) wrapper /usr/local/lib/python3.8/dist-packages/oslo_log/helpers.py:65}}
Oct 19 10:10:40.948670 dv-neutron-861859-1-hyperv neutron-server[105387]: DEBUG neutron_lib.callbacks.manager [None req-91b97c20-af4a-4d7a-abae-7cfbc605f4c6 admin admin] Publish callbacks [] for router (None), before_response {{(pid=105387) _notify_loop /usr/local/lib/python3.8/dist-packages/neutron_lib/callbacks/manager.py:176}}
Oct 19 10:10:40.950177 dv-neutron-861859-1-hyperv neutron-server[105387]: INFO neutron.wsgi [None req-91b97c20-af4a-4d7a-abae-7cfbc605f4c6 admin admin] 10.222.0.16 "POST /networking/v2.0/routers HTTP/1.1" status: 201 len: 923 time: 3.3121150
Oct 19 10:10:40.952991 dv-neutron-861859-1-hyperv neutron-server[105386]: DEBUG neutron.wsgi [-] (105386) accepted ('10.222.0.16', 39570) {{(pid=105386) server /usr/local/lib/python3.8/dist-packages/eventlet/wsgi.py:1004}}
Oct 19 10:10:40.956286 dv-neutron-861859-1-hyperv neutron-server[105388]: DEBUG neutron.plugins.ml2.plugin [None req-9626ace1-3c60-4c1d-ac4b-f13900efe1a8 None None] Current status of the port 9ee34d33-338f-4fc6-bce8-9a7e503e1e20 is: DOWN; New status is: ACTIVE {{(pid=105388) _update_individual_port_db_status /opt/stack/neutron/neutron/plugins/ml2/plugin.py:2333}}
Oct 19 10:10:40.956681 dv-neutron-861859-1-hyperv neutron-server[105388]: DEBUG neutron_lib.callbacks.manager [None req-9626ace1-3c60-4c1d-ac4b-f13900efe1a8 None None] Publish callbacks ['neutron.plugins.ml2.plugin.SecurityGroupDbMixin._ensure_default_security_group_handler-66817873'] for port (9ee34d33-338f-4fc6-bce8-9a7e503e1e20), before_update {{(pid=105388) _notify_loop /usr/local/lib/python3.8/dist-packages/neutron_lib/callbacks/manager.py:176}}
Oct 19 10:10:40.969136 dv-neutron-861859-1-hyperv neutron-server[105387]: DEBUG neutron.scheduler.dhcp_agent_scheduler [None req-b54fae3f-9082-4665-90ae-db735ba3b40b admin admin] Network d83fc551-0446-4db2-97da-2fcc6a97ae42 is already hosted by enough agents. {{(pid=105387) _get_dhcp_agents_hosting_network /opt/stack/neutron/neutron/scheduler/dhcp_agent_scheduler.py:275}}
Oct 19 10:10:40.971597 dv-neutron-861859-1-hyperv neutron-server[105387]: DEBUG neutron.scheduler.base_scheduler [None req-b54fae3f-9082-4665-90ae-db735ba3b40b admin admin] Resources bound (agent type, host, resource id): {{(pid=105387) schedule /opt/stack/neutron/neutron/scheduler/base_scheduler.py:57}}
Oct 19 10:10:40.977705 dv-neutron-861859-1-hyperv neutron-server[105387]: DEBUG neutron.db.l3_dvrscheduler_db [None req-b54fae3f-9082-4665-90ae-db735ba3b40b admin admin] Received port after_create {{(pid=105387) _notify_l3_agent_new_port /opt/stack/neutron/neutron/db/l3_dvrscheduler_db.py:542}}
Oct 19 10:10:41.062838 dv-neutron-861859-1-hyperv neutron-server[105388]: DEBUG neutron.plugins.ml2.db [None req-9626ace1-3c60-4c1d-ac4b-f13900efe1a8 None None] For port 9ee34d33-338f-4fc6-bce8-9a7e503e1e20, host dv-neutron-861859-1-hyperv, got binding levels [PortBindingLevel(driver='openvswitch',host='dv-neutron-861859-1-hyperv',level=0,port_id=9ee34d33-338f-4fc6-bce8-9a7e503e1e20,segment=NetworkSegment(0a22e991-4bb2-40ed-a5fb-0ad96c326dd7),segment_id=0a22e991-4bb2-40ed-a5fb-0ad96c326dd7)] {{(pid=105388) get_binding_level_objs /opt/stack/neutron/neutron/plugins/ml2/db.py:74}}
Oct 19 10:10:41.115411 dv-neutron-861859-1-hyperv neutron-server[105388]: DEBUG neutron_lib.callbacks.manager [None req-9626ace1-3c60-4c1d-ac4b-f13900efe1a8 None None] Publish callbacks ['neutron.plugins.ml2.plugin.SecurityGroupServerNotifierRpcMixin._notify_sg_on_port_change-66817936', 'neutron.plugins.ml2.ovo_rpc._ObjectChangeHandler.handle_event-108657', 'neutron.api.rpc.agentnotifiers.dhcp_rpc_agent_api.DhcpAgentNotifyAPI._native_event_send_dhcp_notification-574363', 'neutron.db.l3_db.L3RpcNotifierMixin._notify_gateway_port_ip_changed-8744318107522', 'neutron.db.l3_dvrscheduler_db._notify_l3_agent_port_update-8744317600332', 'neutron.db.l3_hascheduler_db._notify_l3_agent_ha_port_update-8744317600350'] for port (9ee34d33-338f-4fc6-bce8-9a7e503e1e20), after_update {{(pid=105388) _notify_loop /usr/local/lib/python3.8/dist-packages/neutron_lib/callbacks/manager.py:176}}
Oct 19 10:10:41.195953 dv-neutron-861859-1-hyperv neutron-server[105388]: DEBUG neutron.api.rpc.handlers.dhcp_rpc [None req-b516f75f-ac93-4077-af5d-1c7eb71a8025 None None] Network aa406ec6-9235-432d-b0e4-a436f7d5587b requested from dv-neutron-861859-1-hyperv {{(pid=105388) get_network_info /opt/stack/neutron/neutron/api/rpc/handlers/dhcp_rpc.py:193}}
Oct 19 10:10:41.224381 dv-neutron-861859-1-hyperv neutron-server[105386]: DEBUG neutron.wsgi [-] (105386) accepted ('10.222.0.16', 39576) {{(pid=105386) server /usr/local/lib/python3.8/dist-packages/eventlet/wsgi.py:1004}}
Oct 19 10:10:41.251911 dv-neutron-861859-1-hyperv neutron-server[105388]: DEBUG neutron.plugins.ml2.plugin [None req-b1c34020-681f-4a65-977d-3f00a98037fb None None] Current status of the port 34910c97-af91-47a0-9405-8d45f2e16ef8 is: ACTIVE; New status is: ACTIVE {{(pid=105388) _update_individual_port_db_status /opt/stack/neutron/neutron/plugins/ml2/plugin.py:2333}}
Oct 19 10:10:41.284638 dv-neutron-861859-1-hyperv neutron-server[105387]: DEBUG dbcounter [-] [105387] Writing DB stats neutron:SELECT=93,neutron:INSERT=2,neutron:UPDATE=3,neutron:DELETE=2 {{(pid=105387) stat_writer /usr/local/lib/python3.8/dist-packages/dbcounter.py:114}}
Oct 19 10:10:41.350167 dv-neutron-861859-1-hyperv neutron-server[105386]: DEBUG neutron.wsgi [-] (105386) accepted ('10.222.0.16', 39580) {{(pid=105386) server /usr/local/lib/python3.8/dist-packages/eventlet/wsgi.py:1004}}
Oct 19 10:10:41.372794 dv-neutron-861859-1-hyperv neutron-server[105388]: DEBUG neutron.api.rpc.handlers.resources_rpc [None req-9626ace1-3c60-4c1d-ac4b-f13900efe1a8 None None] Pushing event updated for resources: {'Port': ['ID=9ee34d33-338f-4fc6-bce8-9a7e503e1e20,revision_number=3']} {{(pid=105388) push /opt/stack/neutron/neutron/api/rpc/handlers/resources_rpc.py:237}}
Oct 19 10:10:41.409332 dv-neutron-861859-1-hyperv neutron-server[105388]: DEBUG neutron.db.provisioning_blocks [None req-47f4d417-4167-4ca5-990f-d9a7ba22018a None None] Provisioning complete for port 9ee34d33-338f-4fc6-bce8-9a7e503e1e20 triggered by entity DHCP. {{(pid=105388) provisioning_complete /opt/stack/neutron/neutron/db/provisioning_blocks.py:144}}
Oct 19 10:10:41.410332 dv-neutron-861859-1-hyperv neutron-server[105388]: DEBUG neutron_lib.callbacks.manager [None req-47f4d417-4167-4ca5-990f-d9a7ba22018a None None] Publish callbacks ['neutron.plugins.ml2.plugin.Ml2Plugin._port_provisioned-66382021'] for port (9ee34d33-338f-4fc6-bce8-9a7e503e1e20), provisioning_complete {{(pid=105388) _notify_loop /usr/local/lib/python3.8/dist-packages/neutron_lib/callbacks/manager.py:176}}
Oct 19 10:10:41.411517 dv-neutron-861859-1-hyperv neutron-server[105388]: INFO neutron.plugins.ml2.plugin [None req-47f4d417-4167-4ca5-990f-d9a7ba22018a None None] Attempt 1 to provision port 9ee34d33-338f-4fc6-bce8-9a7e503e1e20
Oct 19 10:10:41.420453 dv-neutron-861859-1-hyperv neutron-server[105389]: DEBUG neutron.db.l3_dvr_db [None req-4db01c36-e1d9-4e2e-84eb-49eaa8cba085 None None] Set router 968121e5-13c6-48de-8b76-a9528f898f9d gateway port host: dv-neutron-861859-1-hyperv {{(pid=105389) _build_routers_list /opt/stack/neutron/neutron/db/l3_dvr_db.py:907}}
Oct 19 10:10:41.452415 dv-neutron-861859-1-hyperv neutron-server[105386]: DEBUG neutron.wsgi [-] (105386) accepted ('10.222.0.16', 39584) {{(pid=105386) server /usr/local/lib/python3.8/dist-packages/eventlet/wsgi.py:1004}}
Oct 19 10:10:41.464115 dv-neutron-861859-1-hyperv neutron-server[105388]: DEBUG dbcounter [-] [105388] Writing DB stats neutron:SELECT=98,neutron:UPDATE=2 {{(pid=105388) stat_writer /usr/local/lib/python3.8/dist-packages/dbcounter.py:114}}
Oct 19 10:10:41.478578 dv-neutron-861859-1-hyperv neutron-server[105387]: DEBUG neutron_lib.callbacks.manager [None req-b54fae3f-9082-4665-90ae-db735ba3b40b admin admin] Publish callbacks [] for router_gateway (f2d1c571-3934-45a1-912e-490cfaa31f02), after_create {{(pid=105387) _notify_loop /usr/local/lib/python3.8/dist-packages/neutron_lib/callbacks/manager.py:176}}
Oct 19 10:10:41.533783 dv-neutron-861859-1-hyperv neutron-server[105388]: DEBUG dbcounter [-] [105388] Writing DB stats neutron:SELECT=98,neutron:UPDATE=2 {{(pid=105388) stat_writer /usr/local/lib/python3.8/dist-packages/dbcounter.py:114}}
Oct 19 10:10:41.540301 dv-neutron-861859-1-hyperv neutron-server[105388]: DEBUG neutron.plugins.ml2.plugin [None req-47f4d417-4167-4ca5-990f-d9a7ba22018a None None] Current status of the port 9ee34d33-338f-4fc6-bce8-9a7e503e1e20 is: ACTIVE; New status is: ACTIVE {{(pid=105388) _update_individual_port_db_status /opt/stack/neutron/neutron/plugins/ml2/plugin.py:2333}}
Oct 19 10:10:41.557463 dv-neutron-861859-1-hyperv neutron-server[105387]: DEBUG neutron.wsgi [-] (105387) accepted ('10.222.0.16', 39590) {{(pid=105387) server /usr/local/lib/python3.8/dist-packages/eventlet/wsgi.py:1004}}
Oct 19 10:10:41.559338 dv-neutron-861859-1-hyperv neutron-server[105388]: DEBUG neutron.db.provisioning_blocks [None req-47f4d417-4167-4ca5-990f-d9a7ba22018a None None] Provisioning complete for port 34910c97-af91-47a0-9405-8d45f2e16ef8 triggered by entity DHCP. {{(pid=105388) provisioning_complete /opt/stack/neutron/neutron/db/provisioning_blocks.py:144}}
Oct 19 10:10:41.559863 dv-neutron-861859-1-hyperv neutron-server[105388]: DEBUG neutron_lib.callbacks.manager [None req-47f4d417-4167-4ca5-990f-d9a7ba22018a None None] Publish callbacks ['neutron.plugins.ml2.plugin.Ml2Plugin._port_provisioned-66382021'] for port (34910c97-af91-47a0-9405-8d45f2e16ef8), provisioning_complete {{(pid=105388) _notify_loop /usr/local/lib/python3.8/dist-packages/neutron_lib/callbacks/manager.py:176}}
Oct 19 10:10:41.560370 dv-neutron-861859-1-hyperv neutron-server[105388]: INFO neutron.plugins.ml2.plugin [None req-47f4d417-4167-4ca5-990f-d9a7ba22018a None None] Attempt 1 to provision port 34910c97-af91-47a0-9405-8d45f2e16ef8
Oct 19 10:10:41.756017 dv-neutron-861859-1-hyperv neutron-server[105389]: DEBUG neutron.db.l3_hamode_db [None req-4db01c36-e1d9-4e2e-84eb-49eaa8cba085 None None] neutron.services.l3_router.l3_router_plugin.L3RouterPlugin method _process_sync_ha_data called with arguments (, [{'id': '968121e5-13c6-48de-8b76-a9528f898f9d', 'name': 'tempest-ServersTestManualDisk-1265584196-router', 'tenant_id': 'cd1938ee1f85448b8d3d5a6cef9d1cf4', 'admin_state_up': True, 'status': 'ACTIVE', 'external_gateway_info': {'network_id': 'd83fc551-0446-4db2-97da-2fcc6a97ae42', 'external_fixed_ips': [{'subnet_id': 'caa7ba38-34a5-465f-bddf-9a460caea279', 'ip_address': '172.26.0.65'}], 'enable_snat': True}, 'gw_port_id': 'b11fa947-22bd-474d-bc13-6be7c9b9a1d3', 'description': '', 'availability_zones': ['nova'], 'distributed': False, 'ha': False, 'ha_vr_id': 0, 'availability_zone_hints': [], 'routes': [], 'flavor_id': None, 'tags': [], 'created_at': '2022-10-19T10:10:37Z', 'updated_at': '2022-10-19T10:10:39Z', 'revision_number': 3, 'project_id': 'cd1938ee1f85448b8d3d5a6cef9d1cf4', 'gw_port': {'id': 'b11fa947-22bd-474d-bc13-6be7c9b9a1d3', 'name': '', 'network_id': 'd83fc551-0446-4db2-97da-2fcc6a97ae42', 'tenant_id': '', 'mac_address': 'fa:16:3e:87:8c:49', 'admin_state_up': True, 'status': 'DOWN', 'device_id': '968121e5-13c6-48de-8b76-a9528f898f9d', 'device_owner': 'network:router_gateway', 'standard_attr_id': 51, 'fixed_ips': [{'subnet_id': 'caa7ba38-34a5-465f-bddf-9a460caea279', 'ip_address': '172.26.0.65', 'prefixlen': 24}], 'allowed_address_pairs': [], 'extra_dhcp_opts': [], 'security_groups': [], 'description': '', 'binding:vnic_type': 'normal', 'binding:profile': {}, 'binding:host_id': '', 'binding:vif_type': 'unbound', 'binding:vif_details': {}, 'port_security_enabled': False, 'tags': [], 'created_at': '2022-10-19T10:10:38Z', 'updated_at': '2022-10-19T10:10:38Z', 'revision_number': 1, 'project_id': '', 'subnets': [{'id': 'caa7ba38-34a5-465f-bddf-9a460caea279', 'cidr': '172.26.0.0/24', 'gateway_ip': '172.26.0.1', 'dns_nameservers': [], 'ipv6_ra_mode': None, 'subnetpool_id': None}], 'extra_subnets': [], 'address_scopes': {4: None, 6: None}, 'mtu': 1500}, 'enable_snat': True, 'gw_port_host': 'dv-neutron-861859-1-hyperv'}], 'dv-neutron-861859-1-hyperv', False) {} {{(pid=105389) wrapper /usr/local/lib/python3.8/dist-packages/oslo_log/helpers.py:65}}
Oct 19 10:10:41.795909 dv-neutron-861859-1-hyperv neutron-server[105389]: DEBUG neutron.api.rpc.handlers.l3_rpc [None req-4db01c36-e1d9-4e2e-84eb-49eaa8cba085 None None] Checking router: 968121e5-13c6-48de-8b76-a9528f898f9d for host: dv-neutron-861859-1-hyperv {{(pid=105389) _ensure_host_set_on_ports /opt/stack/neutron/neutron/api/rpc/handlers/l3_rpc.py:155}}
Oct 19 10:10:41.796276 dv-neutron-861859-1-hyperv neutron-server[105389]: DEBUG neutron.api.rpc.handlers.l3_rpc [None req-4db01c36-e1d9-4e2e-84eb-49eaa8cba085 None None] Updating router 968121e5-13c6-48de-8b76-a9528f898f9d port b11fa947-22bd-474d-bc13-6be7c9b9a1d3 binding host dv-neutron-861859-1-hyperv {{(pid=105389) _ensure_host_set_on_port /opt/stack/neutron/neutron/api/rpc/handlers/l3_rpc.py:205}}
Oct 19 10:10:41.816596 dv-neutron-861859-1-hyperv neutron-server[105388]: DEBUG neutron.plugins.ml2.plugin [None req-47f4d417-4167-4ca5-990f-d9a7ba22018a None None] Current status of the port 34910c97-af91-47a0-9405-8d45f2e16ef8 is: ACTIVE; New status is: ACTIVE {{(pid=105388) _update_individual_port_db_status /opt/stack/neutron/neutron/plugins/ml2/plugin.py:2333}}
Oct 19 10:10:41.841118 dv-neutron-861859-1-hyperv neutron-server[105387]: DEBUG neutron_lib.callbacks.manager [None req-b54fae3f-9082-4665-90ae-db735ba3b40b admin admin] Publish callbacks ['neutron.services.l3_router.l3_router_plugin.L3_HA_NAT_db_mixin._after_router_create-781767', 'neutron.services.l3_router.l3_router_plugin.DVRResourceOperationHandler._create_snat_interfaces_after_change-728338'] for router (f2d1c571-3934-45a1-912e-490cfaa31f02), after_create {{(pid=105387) _notify_loop /usr/local/lib/python3.8/dist-packages/neutron_lib/callbacks/manager.py:176}}
Oct 19 10:10:41.853312 dv-neutron-861859-1-hyperv neutron-server[105386]: DEBUG neutron.api.v2.base [None req-68523082-1882-40d8-a549-220d9f30fc59 tempest-ExternalNetworksTestJSON-1381858838 tempest-ExternalNetworksTestJSON-1381858838-project] Request body: {'network': {'name': 'tempest-ExternalNetworksTestJSON-test-network-21021793'}} {{(pid=105386) prepare_request_body /opt/stack/neutron/neutron/api/v2/base.py:730}}
Oct 19 10:10:41.853737 dv-neutron-861859-1-hyperv neutron-server[105389]: DEBUG neutron_lib.callbacks.manager [None req-4db01c36-e1d9-4e2e-84eb-49eaa8cba085 None None] Publish callbacks ['neutron.plugins.ml2.plugin.SecurityGroupDbMixin._ensure_default_security_group_handler-66817873'] for port (b11fa947-22bd-474d-bc13-6be7c9b9a1d3), before_update {{(pid=105389) _notify_loop /usr/local/lib/python3.8/dist-packages/neutron_lib/callbacks/manager.py:176}}
Oct 19 10:10:41.884131 dv-neutron-861859-1-hyperv neutron-server[105386]: DEBUG neutron.api.v2.base [None req-483f1d1c-f039-41b1-9d72-cf877387daac tempest-DHCPAgentSchedulersTestJSON-1959731107 tempest-DHCPAgentSchedulersTestJSON-1959731107-project] Request body: {'network': {'name': 'tempest-DHCPAgentSchedulersTestJSON-test-network-417522657'}} {{(pid=105386) prepare_request_body /opt/stack/neutron/neutron/api/v2/base.py:730}}
Oct 19 10:10:41.926860 dv-neutron-861859-1-hyperv neutron-server[105386]: DEBUG dbcounter [-] [105386] Writing DB stats neutron:SELECT=90,neutron:INSERT=8,neutron:UPDATE=1,neutron:DELETE=1 {{(pid=105386) stat_writer /usr/local/lib/python3.8/dist-packages/dbcounter.py:114}}
Oct 19 10:10:41.933013 dv-neutron-861859-1-hyperv neutron-server[105386]: DEBUG neutron.api.v2.base [None req-8c34619c-911a-44da-8d3d-f0cdb8231fea tempest-ExternalNetworksAdminNegativeTestJSON-1864184872 tempest-ExternalNetworksAdminNegativeTestJSON-1864184872-project-admin] Request body: {'floatingip': {'floating_network_id': 'd83fc551-0446-4db2-97da-2fcc6a97ae42'}} {{(pid=105386) prepare_request_body /opt/stack/neutron/neutron/api/v2/base.py:730}}
Oct 19 10:10:41.967595 dv-neutron-861859-1-hyperv neutron-server[105386]: DEBUG neutron.pecan_wsgi.hooks.quota_enforcement [None req-483f1d1c-f039-41b1-9d72-cf877387daac tempest-DHCPAgentSchedulersTestJSON-1959731107 tempest-DHCPAgentSchedulersTestJSON-1959731107-project] Made reservation on behalf of aac16465ddad4b0784938789df16ce37 for: {'network': 1} {{(pid=105386) before /opt/stack/neutron/neutron/pecan_wsgi/hooks/quota_enforcement.py:53}}
Oct 19 10:10:41.974025 dv-neutron-861859-1-hyperv neutron-server[105386]: DEBUG neutron_lib.callbacks.manager [None req-483f1d1c-f039-41b1-9d72-cf877387daac tempest-DHCPAgentSchedulersTestJSON-1959731107 tempest-DHCPAgentSchedulersTestJSON-1959731107-project] Publish callbacks ['neutron.plugins.ml2.plugin.SecurityGroupDbMixin._ensure_default_security_group_handler-66817873'] for network (None), before_create {{(pid=105386) _notify_loop /usr/local/lib/python3.8/dist-packages/neutron_lib/callbacks/manager.py:176}}
Oct 19 10:10:41.986291 dv-neutron-861859-1-hyperv neutron-server[105387]: DEBUG neutron.api.v2.base [None req-cf2d3d95-4da6-48de-81db-1863bdafc505 tempest-MeteringIpV6TestJSON-484900747 tempest-MeteringIpV6TestJSON-484900747-project-admin] Request body: {'metering_label': {'description': 'metering label created by tempest', 'name': 'tempest-metering-label-1024755095'}} {{(pid=105387) prepare_request_body /opt/stack/neutron/neutron/api/v2/base.py:730}}
Oct 19 10:10:41.986808 dv-neutron-861859-1-hyperv neutron-server[105387]: DEBUG neutron.api.v2.base [None req-cf2d3d95-4da6-48de-81db-1863bdafc505 tempest-MeteringIpV6TestJSON-484900747 tempest-MeteringIpV6TestJSON-484900747-project-admin] Unknown quota resources ['metering_label']. {{(pid=105387) _create /opt/stack/neutron/neutron/api/v2/base.py:497}}
Oct 19 10:10:42.042843 dv-neutron-861859-1-hyperv neutron-server[105388]: DEBUG neutron.db.provisioning_blocks [None req-d8d5ad6c-f3aa-45d6-8107-b462329789ba None None] Provisioning complete for port 9ee34d33-338f-4fc6-bce8-9a7e503e1e20 triggered by entity DHCP. {{(pid=105388) provisioning_complete /opt/stack/neutron/neutron/db/provisioning_blocks.py:144}}
Oct 19 10:10:42.043245 dv-neutron-861859-1-hyperv neutron-server[105388]: DEBUG neutron_lib.callbacks.manager [None req-d8d5ad6c-f3aa-45d6-8107-b462329789ba None None] Publish callbacks ['neutron.plugins.ml2.plugin.Ml2Plugin._port_provisioned-66382021'] for port (9ee34d33-338f-4fc6-bce8-9a7e503e1e20), provisioning_complete {{(pid=105388) _notify_loop /usr/local/lib/python3.8/dist-packages/neutron_lib/callbacks/manager.py:176}}
Oct 19 10:10:42.044188 dv-neutron-861859-1-hyperv neutron-server[105388]: INFO neutron.plugins.ml2.plugin [None req-d8d5ad6c-f3aa-45d6-8107-b462329789ba None None] Attempt 1 to provision port 9ee34d33-338f-4fc6-bce8-9a7e503e1e20
Oct 19 10:10:42.159452 dv-neutron-861859-1-hyperv neutron-server[105388]: DEBUG neutron.plugins.ml2.plugin [None req-d8d5ad6c-f3aa-45d6-8107-b462329789ba None None] Current status of the port 9ee34d33-338f-4fc6-bce8-9a7e503e1e20 is: ACTIVE; New status is: ACTIVE {{(pid=105388) _update_individual_port_db_status /opt/stack/neutron/neutron/plugins/ml2/plugin.py:2333}}
Oct 19 10:10:42.166900 dv-neutron-861859-1-hyperv neutron-server[105386]: DEBUG neutron.wsgi [-] (105386) accepted ('10.222.0.16', 39600) {{(pid=105386) server /usr/local/lib/python3.8/dist-packages/eventlet/wsgi.py:1004}}
Oct 19 10:10:42.168553 dv-neutron-861859-1-hyperv neutron-server[105386]: DEBUG neutron_lib.callbacks.manager [None req-483f1d1c-f039-41b1-9d72-cf877387daac tempest-DHCPAgentSchedulersTestJSON-1959731107 tempest-DHCPAgentSchedulersTestJSON-1959731107-project] Publish callbacks [] for security_group (None), before_create {{(pid=105386) _notify_loop /usr/local/lib/python3.8/dist-packages/neutron_lib/callbacks/manager.py:176}}
Oct 19 10:10:42.189637 dv-neutron-861859-1-hyperv neutron-server[105386]: DEBUG neutron_lib.callbacks.manager [None req-8c34619c-911a-44da-8d3d-f0cdb8231fea tempest-ExternalNetworksAdminNegativeTestJSON-1864184872 tempest-ExternalNetworksAdminNegativeTestJSON-1864184872-project-admin] Publish callbacks [] for floatingip (None), before_create {{(pid=105386) _notify_loop /usr/local/lib/python3.8/dist-packages/neutron_lib/callbacks/manager.py:176}}
Oct 19 10:10:42.225035 dv-neutron-861859-1-hyperv neutron-server[105386]: DEBUG dbcounter [-] [105386] Writing DB stats neutron:SELECT=93,neutron:INSERT=5,neutron:UPDATE=1,neutron:DELETE=1 {{(pid=105386) stat_writer /usr/local/lib/python3.8/dist-packages/dbcounter.py:114}}
Oct 19 10:10:42.277269 dv-neutron-861859-1-hyperv neutron-server[105386]: DEBUG neutron_lib.callbacks.manager [None req-dbd9032a-8e8a-4b9f-8353-54f9b4f60ff4 admin admin] Publish callbacks ['neutron.plugins.ml2.plugin.SecurityGroupDbMixin._ensure_default_security_group_handler-66817873'] for port (None), before_create {{(pid=105386) _notify_loop /usr/local/lib/python3.8/dist-packages/neutron_lib/callbacks/manager.py:176}}
Oct 19 10:10:42.285454 dv-neutron-861859-1-hyperv neutron-server[105388]: DEBUG neutron.plugins.ml2.rpc [None req-9626ace1-3c60-4c1d-ac4b-f13900efe1a8 None None] Device 34910c97-af91-47a0-9405-8d45f2e16ef8 up at agent ovs-agent-dv-neutron-861859-1-hyperv {{(pid=105388) update_device_up /opt/stack/neutron/neutron/plugins/ml2/rpc.py:296}}
Oct 19 10:10:42.305693 dv-neutron-861859-1-hyperv neutron-server[105386]: DEBUG neutron.pecan_wsgi.hooks.quota_enforcement [None req-68523082-1882-40d8-a549-220d9f30fc59 tempest-ExternalNetworksTestJSON-1381858838 tempest-ExternalNetworksTestJSON-1381858838-project] Made reservation on behalf of 583aad0afa384924b9e6bed714cc5319 for: {'network': 1} {{(pid=105386) before /opt/stack/neutron/neutron/pecan_wsgi/hooks/quota_enforcement.py:53}}
Oct 19 10:10:42.312293 dv-neutron-861859-1-hyperv neutron-server[105386]: DEBUG neutron_lib.callbacks.manager [None req-68523082-1882-40d8-a549-220d9f30fc59 tempest-ExternalNetworksTestJSON-1381858838 tempest-ExternalNetworksTestJSON-1381858838-project] Publish callbacks ['neutron.plugins.ml2.plugin.SecurityGroupDbMixin._ensure_default_security_group_handler-66817873'] for network (None), before_create {{(pid=105386) _notify_loop /usr/local/lib/python3.8/dist-packages/neutron_lib/callbacks/manager.py:176}}
Oct 19 10:10:42.365451 dv-neutron-861859-1-hyperv neutron-server[105386]: DEBUG neutron_lib.callbacks.manager [None req-68523082-1882-40d8-a549-220d9f30fc59 tempest-ExternalNetworksTestJSON-1381858838 tempest-ExternalNetworksTestJSON-1381858838-project] Publish callbacks [] for security_group (None), before_create {{(pid=105386) _notify_loop /usr/local/lib/python3.8/dist-packages/neutron_lib/callbacks/manager.py:176}}
Oct 19 10:10:42.396852 dv-neutron-861859-1-hyperv neutron-server[105388]: DEBUG neutron.db.provisioning_blocks [None req-9626ace1-3c60-4c1d-ac4b-f13900efe1a8 None None] Provisioning complete for port 34910c97-af91-47a0-9405-8d45f2e16ef8 triggered by entity L2. {{(pid=105388) provisioning_complete /opt/stack/neutron/neutron/db/provisioning_blocks.py:144}}
Oct 19 10:10:42.397257 dv-neutron-861859-1-hyperv neutron-server[105388]: DEBUG neutron_lib.callbacks.manager [None req-9626ace1-3c60-4c1d-ac4b-f13900efe1a8 None None] Publish callbacks ['neutron.plugins.ml2.plugin.Ml2Plugin._port_provisioned-66382021'] for port (34910c97-af91-47a0-9405-8d45f2e16ef8), provisioning_complete {{(pid=105388) _notify_loop /usr/local/lib/python3.8/dist-packages/neutron_lib/callbacks/manager.py:176}}
Oct 19 10:10:42.400464 dv-neutron-861859-1-hyperv neutron-server[105388]: INFO neutron.plugins.ml2.plugin [None req-9626ace1-3c60-4c1d-ac4b-f13900efe1a8 None None] Attempt 1 to provision port 34910c97-af91-47a0-9405-8d45f2e16ef8
Oct 19 10:10:42.468204 dv-neutron-861859-1-hyperv neutron-server[105389]: DEBUG neutron_lib.callbacks.manager [None req-4db01c36-e1d9-4e2e-84eb-49eaa8cba085 None None] Publish callbacks [] for port (b11fa947-22bd-474d-bc13-6be7c9b9a1d3), precommit_update {{(pid=105389) _notify_loop /usr/local/lib/python3.8/dist-packages/neutron_lib/callbacks/manager.py:176}}
Oct 19 10:10:42.478635 dv-neutron-861859-1-hyperv neutron-server[105389]: DEBUG neutron_lib.callbacks.manager [None req-4db01c36-e1d9-4e2e-84eb-49eaa8cba085 None None] Publish callbacks ['neutron.plugins.ml2.plugin.SecurityGroupServerNotifierRpcMixin._notify_sg_on_port_change-66817936', 'neutron.plugins.ml2.ovo_rpc._ObjectChangeHandler.handle_event-108657', 'neutron.api.rpc.agentnotifiers.dhcp_rpc_agent_api.DhcpAgentNotifyAPI._native_event_send_dhcp_notification-574363', 'neutron.db.l3_db.L3RpcNotifierMixin._notify_gateway_port_ip_changed-8744318107522', 'neutron.db.l3_dvrscheduler_db._notify_l3_agent_port_update-8744317600332', 'neutron.db.l3_hascheduler_db._notify_l3_agent_ha_port_update-8744317600350'] for port (b11fa947-22bd-474d-bc13-6be7c9b9a1d3), after_update {{(pid=105389) _notify_loop /usr/local/lib/python3.8/dist-packages/neutron_lib/callbacks/manager.py:176}}
Oct 19 10:10:42.532422 dv-neutron-861859-1-hyperv neutron-server[105387]: DEBUG neutron_lib.callbacks.manager [None req-cf2d3d95-4da6-48de-81db-1863bdafc505 tempest-MeteringIpV6TestJSON-484900747 tempest-MeteringIpV6TestJSON-484900747-project-admin] Publish callbacks [] for metering_label (None), before_response {{(pid=105387) _notify_loop /usr/local/lib/python3.8/dist-packages/neutron_lib/callbacks/manager.py:176}}
Oct 19 10:10:42.540716 dv-neutron-861859-1-hyperv neutron-server[105387]: INFO neutron.wsgi [None req-cf2d3d95-4da6-48de-81db-1863bdafc505 tempest-MeteringIpV6TestJSON-484900747 tempest-MeteringIpV6TestJSON-484900747-project-admin] 10.222.0.16 "POST /networking/v2.0/metering/metering-labels HTTP/1.1" status: 201 len: 478 time: 0.9800332
Oct 19 10:10:42.543422 dv-neutron-861859-1-hyperv neutron-server[105387]: DEBUG neutron.wsgi [-] (105387) accepted ('10.222.0.16', 39610) {{(pid=105387) server /usr/local/lib/python3.8/dist-packages/eventlet/wsgi.py:1004}}
Oct 19 10:10:42.568669 dv-neutron-861859-1-hyperv neutron-server[105387]: DEBUG neutron.api.v2.base [None req-d09cab6d-2285-4d1b-9eb7-92fb80b6cf5c tempest-MeteringIpV6TestJSON-484900747 tempest-MeteringIpV6TestJSON-484900747-project-admin] Request body: {'metering_label_rule': {'remote_ip_prefix': 'fd02::/64', 'direction': 'ingress', 'metering_label_id': '70a3ed8d-8c54-4af2-891c-d6feb5b1746d'}} {{(pid=105387) prepare_request_body /opt/stack/neutron/neutron/api/v2/base.py:730}}
Oct 19 10:10:42.572563 dv-neutron-861859-1-hyperv neutron-server[105387]: DEBUG neutron.api.v2.base [None req-d09cab6d-2285-4d1b-9eb7-92fb80b6cf5c tempest-MeteringIpV6TestJSON-484900747 tempest-MeteringIpV6TestJSON-484900747-project-admin] Unknown quota resources ['metering_label_rule']. {{(pid=105387) _create /opt/stack/neutron/neutron/api/v2/base.py:497}}
Oct 19 10:10:42.576010 dv-neutron-861859-1-hyperv neutron-server[105388]: DEBUG neutron.plugins.ml2.plugin [None req-9626ace1-3c60-4c1d-ac4b-f13900efe1a8 None None] Current status of the port 34910c97-af91-47a0-9405-8d45f2e16ef8 is: ACTIVE; New status is: ACTIVE {{(pid=105388) _update_individual_port_db_status /opt/stack/neutron/neutron/plugins/ml2/plugin.py:2333}}
Oct 19 10:10:42.577566 dv-neutron-861859-1-hyperv neutron-server[105388]: DEBUG neutron.plugins.ml2.rpc [None req-9626ace1-3c60-4c1d-ac4b-f13900efe1a8 None None] Device 9ee34d33-338f-4fc6-bce8-9a7e503e1e20 up at agent ovs-agent-dv-neutron-861859-1-hyperv {{(pid=105388) update_device_up /opt/stack/neutron/neutron/plugins/ml2/rpc.py:296}}
Oct 19 10:10:42.578657 dv-neutron-861859-1-hyperv neutron-server[105389]: DEBUG neutron.plugins.ml2.managers [None req-4db01c36-e1d9-4e2e-84eb-49eaa8cba085 None None] Attempting to bind port b11fa947-22bd-474d-bc13-6be7c9b9a1d3 on host dv-neutron-861859-1-hyperv for vnic_type normal with profile {{(pid=105389) bind_port /opt/stack/neutron/neutron/plugins/ml2/managers.py:810}}
Oct 19 10:10:42.579055 dv-neutron-861859-1-hyperv neutron-server[105389]: DEBUG neutron.plugins.ml2.managers [None req-4db01c36-e1d9-4e2e-84eb-49eaa8cba085 None None] Attempting to bind port b11fa947-22bd-474d-bc13-6be7c9b9a1d3 by drivers openvswitch,hyperv on host dv-neutron-861859-1-hyperv at level 0 using segments [{'id': 'aa237aa7-a11a-436d-a546-a91c66d92f7a', 'network_type': 'flat', 'physical_network': 'physnet1', 'segmentation_id': None, 'network_id': 'd83fc551-0446-4db2-97da-2fcc6a97ae42'}] {{(pid=105389) _bind_port_level /opt/stack/neutron/neutron/plugins/ml2/managers.py:835}}
Oct 19 10:10:42.580914 dv-neutron-861859-1-hyperv neutron-server[105389]: DEBUG neutron.plugins.ml2.drivers.mech_agent [None req-4db01c36-e1d9-4e2e-84eb-49eaa8cba085 None None] Attempting to bind port b11fa947-22bd-474d-bc13-6be7c9b9a1d3 on network d83fc551-0446-4db2-97da-2fcc6a97ae42 {{(pid=105389) bind_port /opt/stack/neutron/neutron/plugins/ml2/drivers/mech_agent.py:91}}
Oct 19 10:10:42.582309 dv-neutron-861859-1-hyperv neutron-server[105386]: DEBUG neutron_lib.callbacks.manager [None req-68523082-1882-40d8-a549-220d9f30fc59 tempest-ExternalNetworksTestJSON-1381858838 tempest-ExternalNetworksTestJSON-1381858838-project] Publish callbacks [] for security_group (39514962-c7e1-44a1-9860-4801091aebef), precommit_create {{(pid=105386) _notify_loop /usr/local/lib/python3.8/dist-packages/neutron_lib/callbacks/manager.py:176}}
Oct 19 10:10:42.592381 dv-neutron-861859-1-hyperv neutron-server[105386]: DEBUG neutron_lib.callbacks.manager [None req-8c34619c-911a-44da-8d3d-f0cdb8231fea tempest-ExternalNetworksAdminNegativeTestJSON-1864184872 tempest-ExternalNetworksAdminNegativeTestJSON-1864184872-project-admin] Publish callbacks ['neutron.plugins.ml2.plugin.SecurityGroupDbMixin._ensure_default_security_group_handler-66817873'] for port (None), before_create {{(pid=105386) _notify_loop /usr/local/lib/python3.8/dist-packages/neutron_lib/callbacks/manager.py:176}}
Oct 19 10:10:42.610707 dv-neutron-861859-1-hyperv neutron-server[105386]: DEBUG neutron_lib.callbacks.manager [None req-68523082-1882-40d8-a549-220d9f30fc59 tempest-ExternalNetworksTestJSON-1381858838 tempest-ExternalNetworksTestJSON-1381858838-project] Publish callbacks ['neutron.plugins.ml2.ovo_rpc._ObjectChangeHandler.handle_event-738626'] for security_group (39514962-c7e1-44a1-9860-4801091aebef), after_create {{(pid=105386) _notify_loop /usr/local/lib/python3.8/dist-packages/neutron_lib/callbacks/manager.py:176}}
Oct 19 10:10:42.651800 dv-neutron-861859-1-hyperv neutron-server[105388]: DEBUG neutron.db.provisioning_blocks [None req-9626ace1-3c60-4c1d-ac4b-f13900efe1a8 None None] Provisioning complete for port 9ee34d33-338f-4fc6-bce8-9a7e503e1e20 triggered by entity L2. {{(pid=105388) provisioning_complete /opt/stack/neutron/neutron/db/provisioning_blocks.py:144}}
Oct 19 10:10:42.652716 dv-neutron-861859-1-hyperv neutron-server[105388]: DEBUG neutron_lib.callbacks.manager [None req-9626ace1-3c60-4c1d-ac4b-f13900efe1a8 None None] Publish callbacks ['neutron.plugins.ml2.plugin.Ml2Plugin._port_provisioned-66382021'] for port (9ee34d33-338f-4fc6-bce8-9a7e503e1e20), provisioning_complete {{(pid=105388) _notify_loop /usr/local/lib/python3.8/dist-packages/neutron_lib/callbacks/manager.py:176}}
Oct 19 10:10:42.653252 dv-neutron-861859-1-hyperv neutron-server[105388]: INFO neutron.plugins.ml2.plugin [None req-9626ace1-3c60-4c1d-ac4b-f13900efe1a8 None None] Attempt 1 to provision port 9ee34d33-338f-4fc6-bce8-9a7e503e1e20
Oct 19 10:10:42.665795 dv-neutron-861859-1-hyperv neutron-server[105389]: DEBUG neutron.api.rpc.handlers.resources_rpc [None req-9147dc1e-df60-431e-a811-bdf113d711d9 None None] Pushing event updated for resources: {'Port': ['ID=b11fa947-22bd-474d-bc13-6be7c9b9a1d3,revision_number=2']} {{(pid=105389) push /opt/stack/neutron/neutron/api/rpc/handlers/resources_rpc.py:237}}
Oct 19 10:10:42.675262 dv-neutron-861859-1-hyperv neutron-server[105389]: DEBUG neutron.plugins.ml2.drivers.mech_agent [None req-4db01c36-e1d9-4e2e-84eb-49eaa8cba085 None None] Checking agent: {'id': '8fabd5dd-5253-4b28-b01b-b70ddb2f7724', 'agent_type': 'Open vSwitch agent', 'binary': 'neutron-openvswitch-agent', 'topic': 'N/A', 'host': 'dv-neutron-861859-1-hyperv', 'admin_state_up': True, 'created_at': datetime.datetime(2022, 10, 19, 10, 3, 8), 'started_at': datetime.datetime(2022, 10, 19, 10, 3, 38), 'heartbeat_timestamp': datetime.datetime(2022, 10, 19, 10, 10, 38), 'description': None, 'resources_synced': None, 'availability_zone': None, 'alive': True, 'configurations': {'arp_responder_enabled': False, 'baremetal_smartnic': False, 'bridge_mappings': {'physnet1': 'br-data'}, 'datapath_type': 'system', 'devices': 0, 'enable_distributed_routing': False, 'extensions': [], 'in_distributed_mode': False, 'integration_bridge': 'br-int', 'l2_population': False, 'log_agent_heartbeats': False, 'ovs_capabilities': {'datapath_types': ['netdev', 'system'], 'iface_types': ['erspan', 'geneve', 'gre', 'internal', 'ip6erspan', 'ip6gre', 'lisp', 'patch', 'stt', 'system', 'tap', 'vxlan']}, 'ovs_hybrid_plug': False, 'resource_provider_bandwidths': {}, 'resource_provider_hypervisors': {'br-data': 'dv-neutron-861859-1-hyperv'}, 'resource_provider_inventory_defaults': {'allocation_ratio': 1.0, 'min_unit': 1, 'step_size': 1, 'reserved': 0}, 'resource_provider_packet_processing_inventory_defaults': {'allocation_ratio': 1.0, 'min_unit': 1, 'step_size': 1, 'reserved': 0}, 'resource_provider_packet_processing_with_direction': {}, 'resource_provider_packet_processing_without_direction': {}, 'tunnel_types': [], 'tunneling_ip': None, 'vhostuser_socket_dir': '/var/run/openvswitch'}, 'resource_versions': {'AddressGroup': '1.2', 'Agent': '1.1', 'ConntrackHelper': '1.0', 'LocalIPAssociation': '1.0', 'Log': '1.0', 'NDPProxy': '1.0', 'Network': '1.1', 'Port': '1.7', 'PortForwarding': '1.3', 'QosPolicy': '1.10', 'SecurityGroup': '1.5', 'SecurityGroupRule': '1.2', 'SubPort': '1.0', 'Subnet': '1.1', 'Trunk': '1.1'}} {{(pid=105389) bind_port /opt/stack/neutron/neutron/plugins/ml2/drivers/mech_agent.py:127}}
Oct 19 10:10:42.675695 dv-neutron-861859-1-hyperv neutron-server[105389]: DEBUG neutron.plugins.ml2.drivers.mech_agent [None req-4db01c36-e1d9-4e2e-84eb-49eaa8cba085 None None] Checking segment: {'id': 'aa237aa7-a11a-436d-a546-a91c66d92f7a', 'network_type': 'flat', 'physical_network': 'physnet1', 'segmentation_id': None, 'network_id': 'd83fc551-0446-4db2-97da-2fcc6a97ae42'} for mappings: {'physnet1': 'br-data'} with network types: ['local', 'flat', 'vlan'] {{(pid=105389) check_segment_for_agent /opt/stack/neutron/neutron/plugins/ml2/drivers/mech_agent.py:399}}
Oct 19 10:10:42.676276 dv-neutron-861859-1-hyperv neutron-server[105389]: DEBUG neutron_lib.callbacks.manager [None req-4db01c36-e1d9-4e2e-84eb-49eaa8cba085 None None] Publish callbacks [] for ovs_bridge_name (None), before_read {{(pid=105389) _notify_loop /usr/local/lib/python3.8/dist-packages/neutron_lib/callbacks/manager.py:176}}
Oct 19 10:10:42.676803 dv-neutron-861859-1-hyperv neutron-server[105389]: DEBUG neutron.plugins.ml2.drivers.mech_agent [None req-4db01c36-e1d9-4e2e-84eb-49eaa8cba085 None None] Bound using segment: {'id': 'aa237aa7-a11a-436d-a546-a91c66d92f7a', 'network_type': 'flat', 'physical_network': 'physnet1', 'segmentation_id': None, 'network_id': 'd83fc551-0446-4db2-97da-2fcc6a97ae42'} {{(pid=105389) bind_port /opt/stack/neutron/neutron/plugins/ml2/drivers/mech_agent.py:137}}
Oct 19 10:10:42.677342 dv-neutron-861859-1-hyperv neutron-server[105389]: DEBUG neutron.plugins.ml2.managers [None req-4db01c36-e1d9-4e2e-84eb-49eaa8cba085 None None] Bound port: b11fa947-22bd-474d-bc13-6be7c9b9a1d3, host: dv-neutron-861859-1-hyperv, vif_type: ovs, vif_details: {"connectivity": "l2", "port_filter": true, "ovs_hybrid_plug": false, "datapath_type": "system", "bridge_name": "br-int"}, binding_levels: [{'bound_driver': 'openvswitch', 'bound_segment': {'id': 'aa237aa7-a11a-436d-a546-a91c66d92f7a', 'network_type': 'flat', 'physical_network': 'physnet1', 'segmentation_id': None, 'network_id': 'd83fc551-0446-4db2-97da-2fcc6a97ae42'}}] {{(pid=105389) _bind_port_level /opt/stack/neutron/neutron/plugins/ml2/managers.py:947}}
Oct 19 10:10:42.677730 dv-neutron-861859-1-hyperv neutron-server[105389]: DEBUG neutron_lib.callbacks.manager [None req-4db01c36-e1d9-4e2e-84eb-49eaa8cba085 None None] Publish callbacks ['neutron.plugins.ml2.plugin.SecurityGroupDbMixin._ensure_default_security_group_handler-66817873'] for port (b11fa947-22bd-474d-bc13-6be7c9b9a1d3), before_update {{(pid=105389) _notify_loop /usr/local/lib/python3.8/dist-packages/neutron_lib/callbacks/manager.py:176}}
Oct 19 10:10:42.683084 dv-neutron-861859-1-hyperv neutron-server[105386]: DEBUG neutron.api.rpc.handlers.resources_rpc [None req-68523082-1882-40d8-a549-220d9f30fc59 tempest-ExternalNetworksTestJSON-1381858838 tempest-ExternalNetworksTestJSON-1381858838-project] Pushing event updated for resources: {'SecurityGroup': ['ID=39514962-c7e1-44a1-9860-4801091aebef,revision_number=1']} {{(pid=105386) push /opt/stack/neutron/neutron/api/rpc/handlers/resources_rpc.py:237}}
Oct 19 10:10:42.700038 dv-neutron-861859-1-hyperv neutron-server[105386]: DEBUG neutron.api.v2.base [None req-1856c4e4-064a-458c-9fda-dc2d8fa18f92 tempest-QuotasNegativeTest-961144017 tempest-QuotasNegativeTest-961144017-project-admin] Request body: {'quota': {'network': 2}} {{(pid=105386) prepare_request_body /opt/stack/neutron/neutron/api/v2/base.py:730}}
Oct 19 10:10:42.726726 dv-neutron-861859-1-hyperv neutron-server[105389]: DEBUG neutron.api.rpc.callbacks.version_manager [None req-9147dc1e-df60-431e-a811-bdf113d711d9 None None] Version for resource type AddressGroup changed None to 1.2 on consumer Open vSwitch agent@dv-neutron-861859-1-hyperv {{(pid=105389) _set_version /opt/stack/neutron/neutron/api/rpc/callbacks/version_manager.py:113}}
Oct 19 10:10:42.727084 dv-neutron-861859-1-hyperv neutron-server[105389]: DEBUG neutron.api.rpc.callbacks.version_manager [None req-9147dc1e-df60-431e-a811-bdf113d711d9 None None] Version for resource type Agent changed None to 1.1 on consumer Open vSwitch agent@dv-neutron-861859-1-hyperv {{(pid=105389) _set_version /opt/stack/neutron/neutron/api/rpc/callbacks/version_manager.py:113}}
