Oct 20 03:34:04.400541 dv-neutron-861845-1-hyperv neutron-server[90076]: DEBUG neutron.quota.resource [None req-7b614035-7e96-49f5-859b-ec5fde2ee31c admin admin] Usage tracker for resource:subnet and tenant:9f0ec4b446194ccca71fbf5b29f04da2 is out of sync, need to count used quota {{(pid=90076) count_used /opt/stack/neutron/neutron/quota/resource.py:270}}
Oct 20 03:34:04.404157 dv-neutron-861845-1-hyperv neutron-server[90076]: DEBUG neutron.quota.resource [None req-7b614035-7e96-49f5-859b-ec5fde2ee31c admin admin] Quota usage for subnet was recalculated. Used quota:0. {{(pid=90076) count_used /opt/stack/neutron/neutron/quota/resource.py:290}}
Oct 20 03:34:04.410426 dv-neutron-861845-1-hyperv neutron-server[90076]: DEBUG neutron.db.quota.driver [None req-7b614035-7e96-49f5-859b-ec5fde2ee31c admin admin] Attempting to reserve 1 items for resource subnet. Total usage: 0; quota limit: 100; headroom:100 {{(pid=90076) make_reservation /opt/stack/neutron/neutron/db/quota/driver.py:246}}
Oct 20 03:34:04.574255 dv-neutron-861845-1-hyperv neutron-server[90076]: DEBUG neutron.pecan_wsgi.hooks.quota_enforcement [None req-7b614035-7e96-49f5-859b-ec5fde2ee31c admin admin] Made reservation on behalf of 9f0ec4b446194ccca71fbf5b29f04da2 for: {'subnet': 1} {{(pid=90076) before /opt/stack/neutron/neutron/pecan_wsgi/hooks/quota_enforcement.py:53}}
Oct 20 03:34:04.577781 dv-neutron-861845-1-hyperv neutron-server[90076]: DEBUG neutron_lib.callbacks.manager [None req-7b614035-7e96-49f5-859b-ec5fde2ee31c admin admin] Notify callbacks [] for subnet, before_create {{(pid=90076) _notify_loop /usr/local/lib/python3.8/dist-packages/neutron_lib/callbacks/manager.py:192}}
Oct 20 03:34:04.732423 dv-neutron-861845-1-hyperv neutron-server[90076]: DEBUG neutron.api.v2.base [None req-692aceae-def6-4db4-940c-fcc1dd22986b admin admin] Request body: {'network': {'name': 'tempest-ServersTestJSON-587628576-network', 'tenant_id': '11a8482750be4303a67c8d621e384bae'}} {{(pid=90076) prepare_request_body /opt/stack/neutron/neutron/api/v2/base.py:729}}
Oct 20 03:34:04.739487 dv-neutron-861845-1-hyperv neutron-server[90076]: DEBUG neutron.db.quota.driver [None req-692aceae-def6-4db4-940c-fcc1dd22986b admin admin] Resources subnetpool have unlimited quota limit. It is not required to calculate headroom {{(pid=90076) make_reservation /opt/stack/neutron/neutron/db/quota/driver.py:219}}
Oct 20 03:34:04.745779 dv-neutron-861845-1-hyperv neutron-server[90076]: DEBUG neutron.quota.resource [None req-692aceae-def6-4db4-940c-fcc1dd22986b admin admin] Usage tracker for resource:network and tenant:11a8482750be4303a67c8d621e384bae is out of sync, need to count used quota {{(pid=90076) count_used /opt/stack/neutron/neutron/quota/resource.py:270}}
Oct 20 03:34:04.748672 dv-neutron-861845-1-hyperv neutron-server[90076]: DEBUG neutron.quota.resource [None req-692aceae-def6-4db4-940c-fcc1dd22986b admin admin] Quota usage for network was recalculated. Used quota:0. {{(pid=90076) count_used /opt/stack/neutron/neutron/quota/resource.py:290}}
Oct 20 03:34:04.760107 dv-neutron-861845-1-hyperv neutron-server[90076]: DEBUG neutron.db.quota.driver [None req-692aceae-def6-4db4-940c-fcc1dd22986b admin admin] Attempting to reserve 1 items for resource network. Total usage: 0; quota limit: 100; headroom:100 {{(pid=90076) make_reservation /opt/stack/neutron/neutron/db/quota/driver.py:246}}
Oct 20 03:34:04.843177 dv-neutron-861845-1-hyperv neutron-server[90076]: DEBUG neutron.pecan_wsgi.hooks.quota_enforcement [None req-692aceae-def6-4db4-940c-fcc1dd22986b admin admin] Made reservation on behalf of 11a8482750be4303a67c8d621e384bae for: {'network': 1} {{(pid=90076) before /opt/stack/neutron/neutron/pecan_wsgi/hooks/quota_enforcement.py:53}}
Oct 20 03:34:04.845537 dv-neutron-861845-1-hyperv neutron-server[90076]: DEBUG neutron_lib.callbacks.manager [None req-692aceae-def6-4db4-940c-fcc1dd22986b admin admin] Notify callbacks ['neutron.plugins.ml2.plugin.SecurityGroupDbMixin._ensure_default_security_group_handler-641792'] for network, before_create {{(pid=90076) _notify_loop /usr/local/lib/python3.8/dist-packages/neutron_lib/callbacks/manager.py:192}}
Oct 20 03:34:04.857531 dv-neutron-861845-1-hyperv neutron-server[90076]: DEBUG neutron_lib.callbacks.manager [None req-692aceae-def6-4db4-940c-fcc1dd22986b admin admin] Notify callbacks [] for security_group, before_create {{(pid=90076) _notify_loop /usr/local/lib/python3.8/dist-packages/neutron_lib/callbacks/manager.py:192}}
Oct 20 03:34:04.863571 dv-neutron-861845-1-hyperv neutron-server[90075]: DEBUG neutron.api.v2.base [None req-888c9c9d-d84c-4c77-b6a0-2815bf2ef432 admin admin] Request body: {'network': {'name': 'tempest-ServersTestManualDisk-555318138-network', 'tenant_id': 'a27959fcca784c4695723b7839ad2e57'}} {{(pid=90075) prepare_request_body /opt/stack/neutron/neutron/api/v2/base.py:729}}
Oct 20 03:34:04.870193 dv-neutron-861845-1-hyperv neutron-server[90075]: DEBUG neutron.db.quota.driver [None req-888c9c9d-d84c-4c77-b6a0-2815bf2ef432 admin admin] Resources subnetpool have unlimited quota limit. It is not required to calculate headroom {{(pid=90075) make_reservation /opt/stack/neutron/neutron/db/quota/driver.py:219}}
Oct 20 03:34:04.871717 dv-neutron-861845-1-hyperv neutron-server[90076]: DEBUG neutron.db.quota.driver [None req-692aceae-def6-4db4-940c-fcc1dd22986b admin admin] Resources subnetpool have unlimited quota limit. It is not required to calculate headroom {{(pid=90076) make_reservation /opt/stack/neutron/neutron/db/quota/driver.py:219}}
Oct 20 03:34:04.874598 dv-neutron-861845-1-hyperv neutron-server[90075]: DEBUG neutron.quota.resource [None req-888c9c9d-d84c-4c77-b6a0-2815bf2ef432 admin admin] Usage tracker for resource:network and tenant:a27959fcca784c4695723b7839ad2e57 is out of sync, need to count used quota {{(pid=90075) count_used /opt/stack/neutron/neutron/quota/resource.py:270}}
Oct 20 03:34:04.875412 dv-neutron-861845-1-hyperv neutron-server[90076]: DEBUG neutron.quota.resource [None req-692aceae-def6-4db4-940c-fcc1dd22986b admin admin] Usage tracker for resource:security_group_rule and tenant:11a8482750be4303a67c8d621e384bae is out of sync, need to count used quota {{(pid=90076) count_used /opt/stack/neutron/neutron/quota/resource.py:270}}
Oct 20 03:34:04.878063 dv-neutron-861845-1-hyperv neutron-server[90075]: DEBUG neutron.quota.resource [None req-888c9c9d-d84c-4c77-b6a0-2815bf2ef432 admin admin] Quota usage for network was recalculated. Used quota:0. {{(pid=90075) count_used /opt/stack/neutron/neutron/quota/resource.py:290}}
Oct 20 03:34:04.878206 dv-neutron-861845-1-hyperv neutron-server[90076]: DEBUG neutron.quota.resource [None req-692aceae-def6-4db4-940c-fcc1dd22986b admin admin] Quota usage for security_group_rule was recalculated. Used quota:0. {{(pid=90076) count_used /opt/stack/neutron/neutron/quota/resource.py:290}}
Oct 20 03:34:04.883703 dv-neutron-861845-1-hyperv neutron-server[90076]: DEBUG neutron.db.quota.driver [None req-692aceae-def6-4db4-940c-fcc1dd22986b admin admin] Attempting to reserve 4 items for resource security_group_rule. Total usage: 0; quota limit: 100; headroom:100 {{(pid=90076) make_reservation /opt/stack/neutron/neutron/db/quota/driver.py:246}}
Oct 20 03:34:04.884582 dv-neutron-861845-1-hyperv neutron-server[90075]: DEBUG neutron.db.quota.driver [None req-888c9c9d-d84c-4c77-b6a0-2815bf2ef432 admin admin] Attempting to reserve 1 items for resource network. Total usage: 0; quota limit: 100; headroom:100 {{(pid=90075) make_reservation /opt/stack/neutron/neutron/db/quota/driver.py:246}}
Oct 20 03:34:04.900480 dv-neutron-861845-1-hyperv neutron-server[90076]: DEBUG neutron_lib.callbacks.manager [None req-7b614035-7e96-49f5-859b-ec5fde2ee31c admin admin] Notify callbacks ['neutron.plugins.ml2.ovo_rpc._ObjectChangeHandler.handle_event-3707244', 'neutron.api.rpc.agentnotifiers.dhcp_rpc_agent_api.DhcpAgentNotifyAPI._native_event_send_dhcp_notification-3729060'] for subnet, after_create {{(pid=90076) _notify_loop /usr/local/lib/python3.8/dist-packages/neutron_lib/callbacks/manager.py:192}}
Oct 20 03:34:04.980979 dv-neutron-861845-1-hyperv neutron-server[90075]: DEBUG neutron.pecan_wsgi.hooks.quota_enforcement [None req-888c9c9d-d84c-4c77-b6a0-2815bf2ef432 admin admin] Made reservation on behalf of a27959fcca784c4695723b7839ad2e57 for: {'network': 1} {{(pid=90075) before /opt/stack/neutron/neutron/pecan_wsgi/hooks/quota_enforcement.py:53}}
Oct 20 03:34:04.983749 dv-neutron-861845-1-hyperv neutron-server[90075]: DEBUG neutron_lib.callbacks.manager [None req-888c9c9d-d84c-4c77-b6a0-2815bf2ef432 admin admin] Notify callbacks ['neutron.plugins.ml2.plugin.SecurityGroupDbMixin._ensure_default_security_group_handler-641792'] for network, before_create {{(pid=90075) _notify_loop /usr/local/lib/python3.8/dist-packages/neutron_lib/callbacks/manager.py:192}}
Oct 20 03:34:04.997109 dv-neutron-861845-1-hyperv neutron-server[90075]: DEBUG neutron_lib.callbacks.manager [None req-888c9c9d-d84c-4c77-b6a0-2815bf2ef432 admin admin] Notify callbacks [] for security_group, before_create {{(pid=90075) _notify_loop /usr/local/lib/python3.8/dist-packages/neutron_lib/callbacks/manager.py:192}}
Oct 20 03:34:05.016767 dv-neutron-861845-1-hyperv neutron-server[90075]: DEBUG neutron.db.quota.driver [None req-888c9c9d-d84c-4c77-b6a0-2815bf2ef432 admin admin] Resources subnetpool have unlimited quota limit. It is not required to calculate headroom {{(pid=90075) make_reservation /opt/stack/neutron/neutron/db/quota/driver.py:219}}
Oct 20 03:34:05.021244 dv-neutron-861845-1-hyperv neutron-server[90075]: DEBUG neutron.quota.resource [None req-888c9c9d-d84c-4c77-b6a0-2815bf2ef432 admin admin] Usage tracker for resource:security_group_rule and tenant:a27959fcca784c4695723b7839ad2e57 is out of sync, need to count used quota {{(pid=90075) count_used /opt/stack/neutron/neutron/quota/resource.py:270}}
Oct 20 03:34:05.023971 dv-neutron-861845-1-hyperv neutron-server[90075]: DEBUG neutron.quota.resource [None req-888c9c9d-d84c-4c77-b6a0-2815bf2ef432 admin admin] Quota usage for security_group_rule was recalculated. Used quota:0. {{(pid=90075) count_used /opt/stack/neutron/neutron/quota/resource.py:290}}
Oct 20 03:34:05.031853 dv-neutron-861845-1-hyperv neutron-server[90075]: DEBUG neutron.db.quota.driver [None req-888c9c9d-d84c-4c77-b6a0-2815bf2ef432 admin admin] Attempting to reserve 4 items for resource security_group_rule. Total usage: 0; quota limit: 100; headroom:100 {{(pid=90075) make_reservation /opt/stack/neutron/neutron/db/quota/driver.py:246}}
Oct 20 03:34:05.068580 dv-neutron-861845-1-hyperv neutron-server[90076]: DEBUG neutron.plugins.ml2.drivers.mech_agent [None req-7b614035-7e96-49f5-859b-ec5fde2ee31c admin admin] Checking segment: {'id': '03eedc88-ec03-4909-9b26-9f2d65188daa', 'network_type': 'vlan', 'physical_network': 'physnet1', 'segmentation_id': 355, 'network_id': '0d196197-6218-45a1-954c-3d461e643c4a'} for mappings: {'physnet1': 'br-data'} with network types: ['local', 'flat', 'vlan'] {{(pid=90076) check_segment_for_agent /opt/stack/neutron/neutron/plugins/ml2/drivers/mech_agent.py:343}}
Oct 20 03:34:05.068928 dv-neutron-861845-1-hyperv neutron-server[90076]: DEBUG neutron.scheduler.dhcp_agent_scheduler [None req-7b614035-7e96-49f5-859b-ec5fde2ee31c admin admin] Network hostable DHCP agents. Network: 0d196197-6218-45a1-954c-3d461e643c4a, hostable agents: ['236eb0e6-2706-4063-b45b-01c6ec52690f'], hosted agents: [] {{(pid=90076) _get_network_hostable_dhcp_agents /opt/stack/neutron/neutron/scheduler/dhcp_agent_scheduler.py:329}}
Oct 20 03:34:05.097160 dv-neutron-861845-1-hyperv neutron-server[90076]: DEBUG neutron_lib.callbacks.manager [None req-692aceae-def6-4db4-940c-fcc1dd22986b admin admin] Notify callbacks [] for security_group, precommit_create {{(pid=90076) _notify_loop /usr/local/lib/python3.8/dist-packages/neutron_lib/callbacks/manager.py:192}}
Oct 20 03:34:05.099746 dv-neutron-861845-1-hyperv neutron-server[90076]: DEBUG neutron.api.rpc.handlers.resources_rpc [None req-7b614035-7e96-49f5-859b-ec5fde2ee31c admin admin] Pushing event updated for resources: {'Subnet': ['ID=0c79944e-5c4b-4d85-ab14-bb3cdf1ffec9,revision_number=0']} {{(pid=90076) push /opt/stack/neutron/neutron/api/rpc/handlers/resources_rpc.py:237}}
Oct 20 03:34:05.117609 dv-neutron-861845-1-hyperv neutron-server[90076]: DEBUG neutron.api.rpc.callbacks.version_manager [None req-7b614035-7e96-49f5-859b-ec5fde2ee31c admin admin] Version for resource type AddressGroup changed None to 1.2 on consumer Open vSwitch agent@dv-neutron-861845-1-hyperv {{(pid=90076) _set_version /opt/stack/neutron/neutron/api/rpc/callbacks/version_manager.py:113}}
Oct 20 03:34:05.117609 dv-neutron-861845-1-hyperv neutron-server[90076]: DEBUG neutron.api.rpc.callbacks.version_manager [None req-7b614035-7e96-49f5-859b-ec5fde2ee31c admin admin] Version for resource type ConntrackHelper changed None to 1.0 on consumer Open vSwitch agent@dv-neutron-861845-1-hyperv {{(pid=90076) _set_version /opt/stack/neutron/neutron/api/rpc/callbacks/version_manager.py:113}}
Oct 20 03:34:05.117609 dv-neutron-861845-1-hyperv neutron-server[90076]: DEBUG neutron.api.rpc.callbacks.version_manager [None req-7b614035-7e96-49f5-859b-ec5fde2ee31c admin admin] Version for resource type Log changed None to 1.0 on consumer Open vSwitch agent@dv-neutron-861845-1-hyperv {{(pid=90076) _set_version /opt/stack/neutron/neutron/api/rpc/callbacks/version_manager.py:113}}
Oct 20 03:34:05.117609 dv-neutron-861845-1-hyperv neutron-server[90076]: DEBUG neutron.api.rpc.callbacks.version_manager [None req-7b614035-7e96-49f5-859b-ec5fde2ee31c admin admin] Version for resource type Network changed None to 1.1 on consumer Open vSwitch agent@dv-neutron-861845-1-hyperv {{(pid=90076) _set_version /opt/stack/neutron/neutron/api/rpc/callbacks/version_manager.py:113}}
Oct 20 03:34:05.117609 dv-neutron-861845-1-hyperv neutron-server[90076]: DEBUG neutron.api.rpc.callbacks.version_manager [None req-7b614035-7e96-49f5-859b-ec5fde2ee31c admin admin] Version for resource type Port changed None to 1.7 on consumer Open vSwitch agent@dv-neutron-861845-1-hyperv {{(pid=90076) _set_version /opt/stack/neutron/neutron/api/rpc/callbacks/version_manager.py:113}}
Oct 20 03:34:05.117609 dv-neutron-861845-1-hyperv neutron-server[90076]: DEBUG neutron.api.rpc.callbacks.version_manager [None req-7b614035-7e96-49f5-859b-ec5fde2ee31c admin admin] Version for resource type PortForwarding changed None to 1.2 on consumer Open vSwitch agent@dv-neutron-861845-1-hyperv {{(pid=90076) _set_version /opt/stack/neutron/neutron/api/rpc/callbacks/version_manager.py:113}}
Oct 20 03:34:05.117609 dv-neutron-861845-1-hyperv neutron-server[90076]: DEBUG neutron.api.rpc.callbacks.version_manager [None req-7b614035-7e96-49f5-859b-ec5fde2ee31c admin admin] Version for resource type QosPolicy changed None to 1.8 on consumer Open vSwitch agent@dv-neutron-861845-1-hyperv {{(pid=90076) _set_version /opt/stack/neutron/neutron/api/rpc/callbacks/version_manager.py:113}}
Oct 20 03:34:05.117609 dv-neutron-861845-1-hyperv neutron-server[90076]: DEBUG neutron.api.rpc.callbacks.version_manager [None req-7b614035-7e96-49f5-859b-ec5fde2ee31c admin admin] Version for resource type SecurityGroup changed None to 1.4 on consumer Open vSwitch agent@dv-neutron-861845-1-hyperv {{(pid=90076) _set_version /opt/stack/neutron/neutron/api/rpc/callbacks/version_manager.py:113}}
Oct 20 03:34:05.117609 dv-neutron-861845-1-hyperv neutron-server[90076]: DEBUG neutron.api.rpc.callbacks.version_manager [None req-7b614035-7e96-49f5-859b-ec5fde2ee31c admin admin] Version for resource type SecurityGroupRule changed None to 1.2 on consumer Open vSwitch agent@dv-neutron-861845-1-hyperv {{(pid=90076) _set_version /opt/stack/neutron/neutron/api/rpc/callbacks/version_manager.py:113}}
Oct 20 03:34:05.117609 dv-neutron-861845-1-hyperv neutron-server[90076]: DEBUG neutron.api.rpc.callbacks.version_manager [None req-7b614035-7e96-49f5-859b-ec5fde2ee31c admin admin] Version for resource type SubPort changed None to 1.0 on consumer Open vSwitch agent@dv-neutron-861845-1-hyperv {{(pid=90076) _set_version /opt/stack/neutron/neutron/api/rpc/callbacks/version_manager.py:113}}
Oct 20 03:34:05.117609 dv-neutron-861845-1-hyperv neutron-server[90076]: DEBUG neutron.api.rpc.callbacks.version_manager [None req-7b614035-7e96-49f5-859b-ec5fde2ee31c admin admin] Version for resource type Subnet changed None to 1.1 on consumer Open vSwitch agent@dv-neutron-861845-1-hyperv {{(pid=90076) _set_version /opt/stack/neutron/neutron/api/rpc/callbacks/version_manager.py:113}}
Oct 20 03:34:05.117609 dv-neutron-861845-1-hyperv neutron-server[90076]: DEBUG neutron.api.rpc.callbacks.version_manager [None req-7b614035-7e96-49f5-859b-ec5fde2ee31c admin admin] Version for resource type Trunk changed None to 1.1 on consumer Open vSwitch agent@dv-neutron-861845-1-hyperv {{(pid=90076) _set_version /opt/stack/neutron/neutron/api/rpc/callbacks/version_manager.py:113}}
Oct 20 03:34:05.117609 dv-neutron-861845-1-hyperv neutron-server[90076]: DEBUG neutron.api.rpc.callbacks.version_manager [None req-7b614035-7e96-49f5-859b-ec5fde2ee31c admin admin] Tracked resource versions report:
Oct 20 03:34:05.117609 dv-neutron-861845-1-hyperv neutron-server[90076]: pushed versions:
Oct 20 03:34:05.117609 dv-neutron-861845-1-hyperv neutron-server[90076]: { 'AddressGroup': {'1.2'},
Oct 20 03:34:05.117609 dv-neutron-861845-1-hyperv neutron-server[90076]: 'ConntrackHelper': {'1.0'},
Oct 20 03:34:05.117609 dv-neutron-861845-1-hyperv neutron-server[90076]: 'Log': {'1.0'},
Oct 20 03:34:05.117609 dv-neutron-861845-1-hyperv neutron-server[90076]: 'Network': {'1.1'},
Oct 20 03:34:05.117609 dv-neutron-861845-1-hyperv neutron-server[90076]: 'Port': {'1.7'},
Oct 20 03:34:05.117609 dv-neutron-861845-1-hyperv neutron-server[90076]: 'PortForwarding': {'1.2'},
Oct 20 03:34:05.117609 dv-neutron-861845-1-hyperv neutron-server[90076]: 'QosPolicy': {'1.8'},
Oct 20 03:34:05.117609 dv-neutron-861845-1-hyperv neutron-server[90076]: 'SecurityGroup': {'1.4'},
Oct 20 03:34:05.117609 dv-neutron-861845-1-hyperv neutron-server[90076]: 'SecurityGroupRule': {'1.2'},
Oct 20 03:34:05.117609 dv-neutron-861845-1-hyperv neutron-server[90076]: 'SubPort': {'1.0'},
Oct 20 03:34:05.117609 dv-neutron-861845-1-hyperv neutron-server[90076]: 'Subnet': {'1.1'},
Oct 20 03:34:05.117609 dv-neutron-861845-1-hyperv neutron-server[90076]: 'Trunk': {'1.1'}}
Oct 20 03:34:05.117609 dv-neutron-861845-1-hyperv neutron-server[90076]: consumer versions:
Oct 20 03:34:05.117609 dv-neutron-861845-1-hyperv neutron-server[90076]: { DHCP agent@dv-neutron-861845-1-hyperv: {},
Oct 20 03:34:05.117609 dv-neutron-861845-1-hyperv neutron-server[90076]: HyperV agent@hv-neutron-8618: {},
Oct 20 03:34:05.117609 dv-neutron-861845-1-hyperv neutron-server[90076]: L3 agent@dv-neutron-861845-1-hyperv: {},
Oct 20 03:34:05.117609 dv-neutron-861845-1-hyperv neutron-server[90076]: Metadata agent@dv-neutron-861845-1-hyperv: {},
Oct 20 03:34:05.117609 dv-neutron-861845-1-hyperv neutron-server[90076]: Metering agent@dv-neutron-861845-1-hyperv: {},
Oct 20 03:34:05.117609 dv-neutron-861845-1-hyperv neutron-server[90076]: Open vSwitch agent@dv-neutron-861845-1-hyperv: { 'AddressGroup': '1.2',
Oct 20 03:34:05.117609 dv-neutron-861845-1-hyperv neutron-server[90076]: 'ConntrackHelper': '1.0',
Oct 20 03:34:05.117609 dv-neutron-861845-1-hyperv neutron-server[90076]: 'Log': '1.0',
Oct 20 03:34:05.117609 dv-neutron-861845-1-hyperv neutron-server[90076]: 'Network': '1.1',
Oct 20 03:34:05.117609 dv-neutron-861845-1-hyperv neutron-server[90076]: 'Port': '1.7',
Oct 20 03:34:05.117609 dv-neutron-861845-1-hyperv neutron-server[90076]: 'PortForwarding': '1.2',
Oct 20 03:34:05.117609 dv-neutron-861845-1-hyperv neutron-server[90076]: 'QosPolicy': '1.8',
Oct 20 03:34:05.117609 dv-neutron-861845-1-hyperv neutron-server[90076]: 'SecurityGroup': '1.4',
Oct 20 03:34:05.117609 dv-neutron-861845-1-hyperv neutron-server[90076]: 'SecurityGroupRule': '1.2',
Oct 20 03:34:05.120444 dv-neutron-861845-1-hyperv neutron-server[90076]: 'SubPort': '1.0',
Oct 20 03:34:05.120444 dv-neutron-861845-1-hyperv neutron-server[90076]: 'Subnet': '1.1',
Oct 20 03:34:05.120444 dv-neutron-861845-1-hyperv neutron-server[90076]: 'Trunk': '1.1'}}
Oct 20 03:34:05.120444 dv-neutron-861845-1-hyperv neutron-server[90076]: {{(pid=90076) report /opt/stack/neutron/neutron/api/rpc/callbacks/version_manager.py:175}}
Oct 20 03:34:05.131479 dv-neutron-861845-1-hyperv neutron-server[90075]: DEBUG neutron_lib.callbacks.manager [None req-888c9c9d-d84c-4c77-b6a0-2815bf2ef432 admin admin] Notify callbacks [] for security_group, precommit_create {{(pid=90075) _notify_loop /usr/local/lib/python3.8/dist-packages/neutron_lib/callbacks/manager.py:192}}
Oct 20 03:34:05.163297 dv-neutron-861845-1-hyperv neutron-server[90076]: DEBUG neutron_lib.callbacks.manager [None req-692aceae-def6-4db4-940c-fcc1dd22986b admin admin] Notify callbacks ['neutron.plugins.ml2.ovo_rpc._ObjectChangeHandler.handle_event-3704595'] for security_group, after_create {{(pid=90076) _notify_loop /usr/local/lib/python3.8/dist-packages/neutron_lib/callbacks/manager.py:192}}
Oct 20 03:34:05.192027 dv-neutron-861845-1-hyperv neutron-server[90075]: DEBUG neutron_lib.callbacks.manager [None req-888c9c9d-d84c-4c77-b6a0-2815bf2ef432 admin admin] Notify callbacks ['neutron.plugins.ml2.ovo_rpc._ObjectChangeHandler.handle_event-3704595'] for security_group, after_create {{(pid=90075) _notify_loop /usr/local/lib/python3.8/dist-packages/neutron_lib/callbacks/manager.py:192}}
Oct 20 03:34:05.194309 dv-neutron-861845-1-hyperv neutron-server[90076]: DEBUG neutron.plugins.ml2.drivers.helpers [None req-692aceae-def6-4db4-940c-fcc1dd22986b admin admin] vlan segment allocate from pool success with {'physical_network': 'physnet1', 'vlan_id': 387} {{(pid=90076) allocate_partially_specified_segment /opt/stack/neutron/neutron/plugins/ml2/drivers/helpers.py:153}}
Oct 20 03:34:05.196186 dv-neutron-861845-1-hyperv neutron-server[90076]: DEBUG neutron.scheduler.dhcp_agent_scheduler [None req-7b614035-7e96-49f5-859b-ec5fde2ee31c admin admin] Network 0d196197-6218-45a1-954c-3d461e643c4a is scheduled to be hosted by DHCP agent 236eb0e6-2706-4063-b45b-01c6ec52690f with binding_index 1 {{(pid=90076) bind /opt/stack/neutron/neutron/scheduler/dhcp_agent_scheduler.py:227}}
Oct 20 03:34:05.209976 dv-neutron-861845-1-hyperv neutron-server[90076]: DEBUG neutron.api.rpc.handlers.resources_rpc [None req-692aceae-def6-4db4-940c-fcc1dd22986b admin admin] Pushing event updated for resources: {'SecurityGroup': ['ID=c702d137-f806-4d2f-895b-eba83f881b1a,revision_number=1']} {{(pid=90076) push /opt/stack/neutron/neutron/api/rpc/handlers/resources_rpc.py:237}}
Oct 20 03:34:05.215229 dv-neutron-861845-1-hyperv neutron-server[90076]: DEBUG neutron_lib.callbacks.manager [None req-692aceae-def6-4db4-940c-fcc1dd22986b admin admin] Notify callbacks ['neutron.plugins.ml2.plugin.Ml2Plugin._handle_segment_change-985205'] for segment, precommit_create {{(pid=90076) _notify_loop /usr/local/lib/python3.8/dist-packages/neutron_lib/callbacks/manager.py:192}}
Oct 20 03:34:05.215643 dv-neutron-861845-1-hyperv neutron-server[90076]: INFO neutron.db.segments_db [None req-692aceae-def6-4db4-940c-fcc1dd22986b admin admin] Added segment 09d9fca9-e79a-42c3-9110-920b31ddf994 of type vlan for network 882bf6d0-6c16-4916-9f9f-41770489d122
Oct 20 03:34:05.233954 dv-neutron-861845-1-hyperv neutron-server[90075]: DEBUG neutron.plugins.ml2.drivers.helpers [None req-888c9c9d-d84c-4c77-b6a0-2815bf2ef432 admin admin] vlan segment allocate from pool success with {'physical_network': 'physnet1', 'vlan_id': 360} {{(pid=90075) allocate_partially_specified_segment /opt/stack/neutron/neutron/plugins/ml2/drivers/helpers.py:153}}
Oct 20 03:34:05.245899 dv-neutron-861845-1-hyperv neutron-server[90075]: DEBUG neutron.api.rpc.handlers.resources_rpc [None req-888c9c9d-d84c-4c77-b6a0-2815bf2ef432 admin admin] Pushing event updated for resources: {'SecurityGroup': ['ID=33e297da-015c-410c-a9cc-76a8605fe6c3,revision_number=1']} {{(pid=90075) push /opt/stack/neutron/neutron/api/rpc/handlers/resources_rpc.py:237}}
Oct 20 03:34:05.248882 dv-neutron-861845-1-hyperv neutron-server[90076]: DEBUG neutron_lib.callbacks.manager [None req-692aceae-def6-4db4-940c-fcc1dd22986b admin admin] Notify callbacks ['neutron.services.auto_allocate.db._ensure_external_network_default_value_callback-8730571464012'] for network, precommit_create {{(pid=90076) _notify_loop /usr/local/lib/python3.8/dist-packages/neutron_lib/callbacks/manager.py:192}}
Oct 20 03:34:05.250804 dv-neutron-861845-1-hyperv neutron-server[90075]: DEBUG neutron_lib.callbacks.manager [None req-888c9c9d-d84c-4c77-b6a0-2815bf2ef432 admin admin] Notify callbacks ['neutron.plugins.ml2.plugin.Ml2Plugin._handle_segment_change-985205'] for segment, precommit_create {{(pid=90075) _notify_loop /usr/local/lib/python3.8/dist-packages/neutron_lib/callbacks/manager.py:192}}
Oct 20 03:34:05.251141 dv-neutron-861845-1-hyperv neutron-server[90075]: INFO neutron.db.segments_db [None req-888c9c9d-d84c-4c77-b6a0-2815bf2ef432 admin admin] Added segment a0af5bc3-7633-4695-96c9-c78e52298f55 of type vlan for network 4277c4e3-e481-4cf9-a0b6-588981ac852f
Oct 20 03:34:05.280272 dv-neutron-861845-1-hyperv neutron-server[90075]: DEBUG neutron_lib.callbacks.manager [None req-888c9c9d-d84c-4c77-b6a0-2815bf2ef432 admin admin] Notify callbacks ['neutron.services.auto_allocate.db._ensure_external_network_default_value_callback-8730571464012'] for network, precommit_create {{(pid=90075) _notify_loop /usr/local/lib/python3.8/dist-packages/neutron_lib/callbacks/manager.py:192}}
Oct 20 03:34:05.304101 dv-neutron-861845-1-hyperv neutron-server[90076]: DEBUG neutron.scheduler.base_scheduler [None req-7b614035-7e96-49f5-859b-ec5fde2ee31c admin admin] Resources bound (agent type, host, resource id): (DHCP agent, dv-neutron-861845-1-hyperv, 0d196197-6218-45a1-954c-3d461e643c4a) {{(pid=90076) schedule /opt/stack/neutron/neutron/scheduler/base_scheduler.py:57}}
Oct 20 03:34:05.308840 dv-neutron-861845-1-hyperv neutron-server[90076]: DEBUG neutron.pecan_wsgi.hooks.policy_enforcement [None req-7b614035-7e96-49f5-859b-ec5fde2ee31c admin admin] Attributes excluded by policy engine: ['standard_attr_id', 'shared', 'network'] {{(pid=90076) _exclude_attributes_by_policy /opt/stack/neutron/neutron/pecan_wsgi/hooks/policy_enforcement.py:259}}
Oct 20 03:34:05.310176 dv-neutron-861845-1-hyperv neutron-server[90076]: DEBUG neutron_lib.callbacks.manager [None req-7b614035-7e96-49f5-859b-ec5fde2ee31c admin admin] Notify callbacks ['neutron.api.rpc.agentnotifiers.dhcp_rpc_agent_api.DhcpAgentNotifyAPI._send_dhcp_notification-3729078'] for subnet, before_response {{(pid=90076) _notify_loop /usr/local/lib/python3.8/dist-packages/neutron_lib/callbacks/manager.py:192}}
Oct 20 03:34:05.314320 dv-neutron-861845-1-hyperv neutron-server[90077]: DEBUG neutron.api.rpc.handlers.dhcp_rpc [None req-fb8f4346-297a-474d-9c27-83f3d705b21f None None] Network 0d196197-6218-45a1-954c-3d461e643c4a requested from dv-neutron-861845-1-hyperv {{(pid=90077) get_network_info /opt/stack/neutron/neutron/api/rpc/handlers/dhcp_rpc.py:213}}
Oct 20 03:34:05.372668 dv-neutron-861845-1-hyperv neutron-server[90076]: DEBUG neutron_lib.callbacks.manager [None req-692aceae-def6-4db4-940c-fcc1dd22986b admin admin] Notify callbacks ['neutron.plugins.ml2.ovo_rpc._ObjectChangeHandler.handle_event-3704770', 'neutron.api.rpc.agentnotifiers.dhcp_rpc_agent_api.DhcpAgentNotifyAPI._native_event_send_dhcp_notification-3729060'] for network, after_create {{(pid=90076) _notify_loop /usr/local/lib/python3.8/dist-packages/neutron_lib/callbacks/manager.py:192}}
Oct 20 03:34:05.374613 dv-neutron-861845-1-hyperv neutron-server[90076]: DEBUG neutron.pecan_wsgi.hooks.policy_enforcement [None req-692aceae-def6-4db4-940c-fcc1dd22986b admin admin] Attributes excluded by policy engine: ['standard_attr_id', 'vlan_transparent'] {{(pid=90076) _exclude_attributes_by_policy /opt/stack/neutron/neutron/pecan_wsgi/hooks/policy_enforcement.py:259}}
Oct 20 03:34:05.375510 dv-neutron-861845-1-hyperv neutron-server[90076]: DEBUG neutron_lib.callbacks.manager [None req-692aceae-def6-4db4-940c-fcc1dd22986b admin admin] Notify callbacks ['neutron.api.rpc.agentnotifiers.dhcp_rpc_agent_api.DhcpAgentNotifyAPI._send_dhcp_notification-3729078'] for network, before_response {{(pid=90076) _notify_loop /usr/local/lib/python3.8/dist-packages/neutron_lib/callbacks/manager.py:192}}
Oct 20 03:34:05.400669 dv-neutron-861845-1-hyperv neutron-server[90075]: DEBUG neutron_lib.callbacks.manager [None req-888c9c9d-d84c-4c77-b6a0-2815bf2ef432 admin admin] Notify callbacks ['neutron.plugins.ml2.ovo_rpc._ObjectChangeHandler.handle_event-3704770', 'neutron.api.rpc.agentnotifiers.dhcp_rpc_agent_api.DhcpAgentNotifyAPI._native_event_send_dhcp_notification-3729060'] for network, after_create {{(pid=90075) _notify_loop /usr/local/lib/python3.8/dist-packages/neutron_lib/callbacks/manager.py:192}}
Oct 20 03:34:05.401671 dv-neutron-861845-1-hyperv neutron-server[90075]: DEBUG neutron.pecan_wsgi.hooks.policy_enforcement [None req-888c9c9d-d84c-4c77-b6a0-2815bf2ef432 admin admin] Attributes excluded by policy engine: ['standard_attr_id', 'vlan_transparent'] {{(pid=90075) _exclude_attributes_by_policy /opt/stack/neutron/neutron/pecan_wsgi/hooks/policy_enforcement.py:259}}
Oct 20 03:34:05.402243 dv-neutron-861845-1-hyperv neutron-server[90075]: DEBUG neutron_lib.callbacks.manager [None req-888c9c9d-d84c-4c77-b6a0-2815bf2ef432 admin admin] Notify callbacks ['neutron.api.rpc.agentnotifiers.dhcp_rpc_agent_api.DhcpAgentNotifyAPI._send_dhcp_notification-3729078'] for network, before_response {{(pid=90075) _notify_loop /usr/local/lib/python3.8/dist-packages/neutron_lib/callbacks/manager.py:192}}
Oct 20 03:34:05.413218 dv-neutron-861845-1-hyperv neutron-server[90076]: INFO neutron.wsgi [None req-7b614035-7e96-49f5-859b-ec5fde2ee31c admin admin] 10.222.0.33 "POST /v2.0/subnets HTTP/1.1" status: 201 len: 846 time: 1.0287175
Oct 20 03:34:05.417706 dv-neutron-861845-1-hyperv neutron-server[90076]: DEBUG neutron.wsgi [-] (90076) accepted ('10.222.0.33', 56472) {{(pid=90076) server /usr/local/lib/python3.8/dist-packages/eventlet/wsgi.py:992}}
Oct 20 03:34:05.480763 dv-neutron-861845-1-hyperv neutron-server[90076]: DEBUG neutron.api.v2.base [None req-5a5e3074-cf3c-4aec-890b-2915ded07c70 admin admin] Request body: {'router': {'name': 'tempest-ServerActionsTestJSON-27738321-router', 'tenant_id': '9f0ec4b446194ccca71fbf5b29f04da2', 'external_gateway_info': {'network_id': '5b67b2bb-3d0c-4ad8-aff4-18cfa980bc7f'}}} {{(pid=90076) prepare_request_body /opt/stack/neutron/neutron/api/v2/base.py:729}}
Oct 20 03:34:05.493780 dv-neutron-861845-1-hyperv neutron-server[90076]: INFO neutron.wsgi [None req-692aceae-def6-4db4-940c-fcc1dd22986b admin admin] 10.222.0.33 "POST /v2.0/networks HTTP/1.1" status: 201 len: 878 time: 1.3560948
Oct 20 03:34:05.523865 dv-neutron-861845-1-hyperv neutron-server[90075]: DEBUG neutron.wsgi [-] (90075) accepted ('10.222.0.33', 56478) {{(pid=90075) server /usr/local/lib/python3.8/dist-packages/eventlet/wsgi.py:992}}
Oct 20 03:34:05.536093 dv-neutron-861845-1-hyperv neutron-server[90075]: INFO neutron.wsgi [None req-888c9c9d-d84c-4c77-b6a0-2815bf2ef432 admin admin] 10.222.0.33 "POST /v2.0/networks HTTP/1.1" status: 201 len: 884 time: 1.1573834
Oct 20 03:34:05.540519 dv-neutron-861845-1-hyperv neutron-server[90075]: DEBUG neutron.wsgi [-] (90075) accepted ('10.222.0.33', 56484) {{(pid=90075) server /usr/local/lib/python3.8/dist-packages/eventlet/wsgi.py:992}}
Oct 20 03:34:05.545372 dv-neutron-861845-1-hyperv neutron-server[90076]: DEBUG neutron.db.quota.driver [None req-5a5e3074-cf3c-4aec-890b-2915ded07c70 admin admin] Resources subnetpool have unlimited quota limit. It is not required to calculate headroom {{(pid=90076) make_reservation /opt/stack/neutron/neutron/db/quota/driver.py:219}}
Oct 20 03:34:05.547388 dv-neutron-861845-1-hyperv neutron-server[90075]: DEBUG neutron.api.v2.base [None req-38230c1a-58ef-4146-b53e-ee07235ed772 admin admin] Request body: {'subnet': {'network_id': '882bf6d0-6c16-4916-9f9f-41770489d122', 'cidr': '172.20.0.0/28', 'name': 'tempest-ServersTestJSON-587628576-subnet', 'tenant_id': '11a8482750be4303a67c8d621e384bae', 'enable_dhcp': True, 'ip_version': 4}} {{(pid=90075) prepare_request_body /opt/stack/neutron/neutron/api/v2/base.py:729}}
Oct 20 03:34:05.548914 dv-neutron-861845-1-hyperv neutron-server[90076]: DEBUG neutron.quota.resource [None req-5a5e3074-cf3c-4aec-890b-2915ded07c70 admin admin] Usage tracker for resource:router and tenant:9f0ec4b446194ccca71fbf5b29f04da2 is out of sync, need to count used quota {{(pid=90076) count_used /opt/stack/neutron/neutron/quota/resource.py:270}}
Oct 20 03:34:05.552029 dv-neutron-861845-1-hyperv neutron-server[90076]: DEBUG neutron.quota.resource [None req-5a5e3074-cf3c-4aec-890b-2915ded07c70 admin admin] Quota usage for router was recalculated. Used quota:0. {{(pid=90076) count_used /opt/stack/neutron/neutron/quota/resource.py:290}}
Oct 20 03:34:05.553017 dv-neutron-861845-1-hyperv neutron-server[90075]: DEBUG neutron.db.quota.driver [None req-38230c1a-58ef-4146-b53e-ee07235ed772 admin admin] Resources subnetpool have unlimited quota limit. It is not required to calculate headroom {{(pid=90075) make_reservation /opt/stack/neutron/neutron/db/quota/driver.py:219}}
Oct 20 03:34:05.554710 dv-neutron-861845-1-hyperv neutron-server[90076]: DEBUG neutron.api.rpc.handlers.resources_rpc [None req-692aceae-def6-4db4-940c-fcc1dd22986b admin admin] Pushing event updated for resources: {'Network': ['ID=882bf6d0-6c16-4916-9f9f-41770489d122,revision_number=1']} {{(pid=90076) push /opt/stack/neutron/neutron/api/rpc/handlers/resources_rpc.py:237}}
Oct 20 03:34:05.560408 dv-neutron-861845-1-hyperv neutron-server[90076]: DEBUG neutron.db.quota.driver [None req-5a5e3074-cf3c-4aec-890b-2915ded07c70 admin admin] Attempting to reserve 1 items for resource router. Total usage: 0; quota limit: 100; headroom:100 {{(pid=90076) make_reservation /opt/stack/neutron/neutron/db/quota/driver.py:246}}
Oct 20 03:34:05.569914 dv-neutron-861845-1-hyperv neutron-server[90077]: DEBUG neutron.api.rpc.handlers.dhcp_rpc [None req-a3808e8e-d748-4a0d-baa1-8dc96f7fbc9d None None] Create dhcp port {'port': {'name': '', 'admin_state_up': True, 'device_id': 'dhcp6c8ee93d-d0ae-5950-9eca-7be169bdb799-0d196197-6218-45a1-954c-3d461e643c4a', 'network_id': '0d196197-6218-45a1-954c-3d461e643c4a', 'tenant_id': '9f0ec4b446194ccca71fbf5b29f04da2', 'fixed_ips': [{'subnet_id': '0c79944e-5c4b-4d85-ab14-bb3cdf1ffec9'}]}} from dv-neutron-861845-1-hyperv. {{(pid=90077) create_dhcp_port /opt/stack/neutron/neutron/api/rpc/handlers/dhcp_rpc.py:279}}
Oct 20 03:34:05.573506 dv-neutron-861845-1-hyperv neutron-server[90077]: DEBUG neutron_lib.callbacks.manager [None req-a3808e8e-d748-4a0d-baa1-8dc96f7fbc9d None None] Notify callbacks ['neutron.plugins.ml2.plugin.SecurityGroupDbMixin._ensure_default_security_group_handler-641792'] for port, before_create {{(pid=90077) _notify_loop /usr/local/lib/python3.8/dist-packages/neutron_lib/callbacks/manager.py:192}}
Oct 20 03:34:05.577486 dv-neutron-861845-1-hyperv neutron-server[90075]: DEBUG neutron.api.v2.base [None req-5dc06bdd-31ec-4515-b0ab-f07c1f73eac0 admin admin] Request body: {'subnet': {'network_id': '4277c4e3-e481-4cf9-a0b6-588981ac852f', 'cidr': '172.20.0.0/28', 'name': 'tempest-ServersTestManualDisk-555318138-subnet', 'tenant_id': 'a27959fcca784c4695723b7839ad2e57', 'enable_dhcp': True, 'ip_version': 4}} {{(pid=90075) prepare_request_body /opt/stack/neutron/neutron/api/v2/base.py:729}}
Oct 20 03:34:05.583842 dv-neutron-861845-1-hyperv neutron-server[90077]: DEBUG neutron.plugins.ml2.rpc [None req-f866a911-8285-408b-83d4-61279c1cb603 None None] Network 882bf6d0-6c16-4916-9f9f-41770489d122 details requested by agent ovs-agent-dv-neutron-861845-1-hyperv with host dv-neutron-861845-1-hyperv {{(pid=90077) get_network_details /opt/stack/neutron/neutron/plugins/ml2/rpc.py:232}}
Oct 20 03:34:05.586853 dv-neutron-861845-1-hyperv neutron-server[90075]: DEBUG neutron.quota.resource [None req-38230c1a-58ef-4146-b53e-ee07235ed772 admin admin] Usage tracker for resource:subnet and tenant:11a8482750be4303a67c8d621e384bae is out of sync, need to count used quota {{(pid=90075) count_used /opt/stack/neutron/neutron/quota/resource.py:270}}
Oct 20 03:34:05.592519 dv-neutron-861845-1-hyperv neutron-server[90075]: DEBUG neutron.db.quota.driver [None req-5dc06bdd-31ec-4515-b0ab-f07c1f73eac0 admin admin] Resources subnetpool have unlimited quota limit. It is not required to calculate headroom {{(pid=90075) make_reservation /opt/stack/neutron/neutron/db/quota/driver.py:219}}
Oct 20 03:34:05.594807 dv-neutron-861845-1-hyperv neutron-server[90075]: DEBUG neutron.quota.resource [None req-38230c1a-58ef-4146-b53e-ee07235ed772 admin admin] Quota usage for subnet was recalculated. Used quota:0. {{(pid=90075) count_used /opt/stack/neutron/neutron/quota/resource.py:290}}
Oct 20 03:34:05.600896 dv-neutron-861845-1-hyperv neutron-server[90075]: DEBUG neutron.db.quota.driver [None req-38230c1a-58ef-4146-b53e-ee07235ed772 admin admin] Attempting to reserve 1 items for resource subnet. Total usage: 0; quota limit: 100; headroom:100 {{(pid=90075) make_reservation /opt/stack/neutron/neutron/db/quota/driver.py:246}}
Oct 20 03:34:05.616285 dv-neutron-861845-1-hyperv neutron-server[90075]: DEBUG neutron.api.rpc.handlers.resources_rpc [None req-888c9c9d-d84c-4c77-b6a0-2815bf2ef432 admin admin] Pushing event updated for resources: {'Network': ['ID=4277c4e3-e481-4cf9-a0b6-588981ac852f,revision_number=1']} {{(pid=90075) push /opt/stack/neutron/neutron/api/rpc/handlers/resources_rpc.py:237}}
Oct 20 03:34:05.618850 dv-neutron-861845-1-hyperv neutron-server[90075]: DEBUG neutron.quota.resource [None req-5dc06bdd-31ec-4515-b0ab-f07c1f73eac0 admin admin] Usage tracker for resource:subnet and tenant:a27959fcca784c4695723b7839ad2e57 is out of sync, need to count used quota {{(pid=90075) count_used /opt/stack/neutron/neutron/quota/resource.py:270}}
Oct 20 03:34:05.622639 dv-neutron-861845-1-hyperv neutron-server[90075]: DEBUG neutron.quota.resource [None req-5dc06bdd-31ec-4515-b0ab-f07c1f73eac0 admin admin] Quota usage for subnet was recalculated. Used quota:0. {{(pid=90075) count_used /opt/stack/neutron/neutron/quota/resource.py:290}}
Oct 20 03:34:05.630080 dv-neutron-861845-1-hyperv neutron-server[90075]: DEBUG neutron.db.quota.driver [None req-5dc06bdd-31ec-4515-b0ab-f07c1f73eac0 admin admin] Attempting to reserve 1 items for resource subnet. Total usage: 0; quota limit: 100; headroom:100 {{(pid=90075) make_reservation /opt/stack/neutron/neutron/db/quota/driver.py:246}}
Oct 20 03:34:05.654940 dv-neutron-861845-1-hyperv neutron-server[90077]: DEBUG neutron.plugins.ml2.rpc [None req-f866a911-8285-408b-83d4-61279c1cb603 None None] Network 4277c4e3-e481-4cf9-a0b6-588981ac852f details requested by agent ovs-agent-dv-neutron-861845-1-hyperv with host dv-neutron-861845-1-hyperv {{(pid=90077) get_network_details /opt/stack/neutron/neutron/plugins/ml2/rpc.py:232}}
Oct 20 03:34:05.680352 dv-neutron-861845-1-hyperv neutron-server[90075]: DEBUG neutron.pecan_wsgi.hooks.quota_enforcement [None req-38230c1a-58ef-4146-b53e-ee07235ed772 admin admin] Made reservation on behalf of 11a8482750be4303a67c8d621e384bae for: {'subnet': 1} {{(pid=90075) before /opt/stack/neutron/neutron/pecan_wsgi/hooks/quota_enforcement.py:53}}
Oct 20 03:34:05.681893 dv-neutron-861845-1-hyperv neutron-server[90076]: DEBUG neutron_lib.callbacks.manager [None req-5a5e3074-cf3c-4aec-890b-2915ded07c70 admin admin] Notify callbacks ['neutron.services.l3_router.l3_router_plugin.L3_HA_NAT_db_mixin._before_router_create-3726189', 'neutron.services.l3_router.service_providers.driver_controller.DriverController._check_router_request-65123'] for router, before_create {{(pid=90076) _notify_loop /usr/local/lib/python3.8/dist-packages/neutron_lib/callbacks/manager.py:192}}
Oct 20 03:34:05.685594 dv-neutron-861845-1-hyperv neutron-server[90076]: DEBUG neutron_lib.callbacks.manager [None req-5a5e3074-cf3c-4aec-890b-2915ded07c70 admin admin] Notify callbacks ['neutron.services.l3_router.l3_router_plugin.L3_HA_NAT_db_mixin._precommit_router_create-3723025', 'neutron.services.l3_router.l3_router_plugin.DVRResourceOperationHandler._set_distributed_flag-3726248', 'neutron.services.l3_router.l3_router_plugin.RouterAvailabilityZoneMixin._process_az_request-3713203', 'neutron.services.l3_router.service_providers.driver_controller.DriverController._set_router_provider-65128'] for router, precommit_create {{(pid=90076) _notify_loop /usr/local/lib/python3.8/dist-packages/neutron_lib/callbacks/manager.py:192}}
Oct 20 03:34:05.688565 dv-neutron-861845-1-hyperv neutron-server[90075]: DEBUG neutron_lib.callbacks.manager [None req-38230c1a-58ef-4146-b53e-ee07235ed772 admin admin] Notify callbacks [] for subnet, before_create {{(pid=90075) _notify_loop /usr/local/lib/python3.8/dist-packages/neutron_lib/callbacks/manager.py:192}}
Oct 20 03:34:05.707089 dv-neutron-861845-1-hyperv neutron-server[90076]: DEBUG neutron_lib.callbacks.manager [None req-5a5e3074-cf3c-4aec-890b-2915ded07c70 admin admin] Notify callbacks [] for router_controller, precommit_add_association {{(pid=90076) _notify_loop /usr/local/lib/python3.8/dist-packages/neutron_lib/callbacks/manager.py:192}}
Oct 20 03:34:05.772814 dv-neutron-861845-1-hyperv neutron-server[90075]: DEBUG neutron.pecan_wsgi.hooks.quota_enforcement [None req-5dc06bdd-31ec-4515-b0ab-f07c1f73eac0 admin admin] Made reservation on behalf of a27959fcca784c4695723b7839ad2e57 for: {'subnet': 1} {{(pid=90075) before /opt/stack/neutron/neutron/pecan_wsgi/hooks/quota_enforcement.py:53}}
Oct 20 03:34:05.775129 dv-neutron-861845-1-hyperv neutron-server[90075]: DEBUG neutron_lib.callbacks.manager [None req-5dc06bdd-31ec-4515-b0ab-f07c1f73eac0 admin admin] Notify callbacks [] for subnet, before_create {{(pid=90075) _notify_loop /usr/local/lib/python3.8/dist-packages/neutron_lib/callbacks/manager.py:192}}
Oct 20 03:34:05.977448 dv-neutron-861845-1-hyperv neutron-server[90077]: DEBUG neutron.db.db_base_plugin_common [None req-a3808e8e-d748-4a0d-baa1-8dc96f7fbc9d None None] Allocated IP 172.20.0.2 (0d196197-6218-45a1-954c-3d461e643c4a/0c79944e-5c4b-4d85-ab14-bb3cdf1ffec9/11123943-3139-432a-bde8-74328ded53ce) {{(pid=90077) _store_ip_allocation /opt/stack/neutron/neutron/db/db_base_plugin_common.py:131}}
Oct 20 03:34:06.158586 dv-neutron-861845-1-hyperv neutron-server[90076]: DEBUG neutron_lib.callbacks.manager [None req-5a5e3074-cf3c-4aec-890b-2915ded07c70 admin admin] Notify callbacks ['neutron.services.l3_router.l3_router_plugin.DVRResourceOperationHandler._handle_distributed_migration-3726230', 'neutron.services.l3_router.l3_router_plugin.L3_HA_NAT_db_mixin._validate_migration-3726086', 'neutron.services.l3_router.service_providers.driver_controller.DriverController._update_router_provider-65054'] for router, precommit_update {{(pid=90076) _notify_loop /usr/local/lib/python3.8/dist-packages/neutron_lib/callbacks/manager.py:192}}
Oct 20 03:34:06.161069 dv-neutron-861845-1-hyperv neutron-server[90075]: DEBUG neutron_lib.callbacks.manager [None req-38230c1a-58ef-4146-b53e-ee07235ed772 admin admin] Notify callbacks ['neutron.plugins.ml2.ovo_rpc._ObjectChangeHandler.handle_event-3707244', 'neutron.api.rpc.agentnotifiers.dhcp_rpc_agent_api.DhcpAgentNotifyAPI._native_event_send_dhcp_notification-3729060'] for subnet, after_create {{(pid=90075) _notify_loop /usr/local/lib/python3.8/dist-packages/neutron_lib/callbacks/manager.py:192}}
Oct 20 03:34:06.202269 dv-neutron-861845-1-hyperv neutron-server[90075]: DEBUG neutron_lib.callbacks.manager [None req-5dc06bdd-31ec-4515-b0ab-f07c1f73eac0 admin admin] Notify callbacks ['neutron.plugins.ml2.ovo_rpc._ObjectChangeHandler.handle_event-3707244', 'neutron.api.rpc.agentnotifiers.dhcp_rpc_agent_api.DhcpAgentNotifyAPI._native_event_send_dhcp_notification-3729060'] for subnet, after_create {{(pid=90075) _notify_loop /usr/local/lib/python3.8/dist-packages/neutron_lib/callbacks/manager.py:192}}
Oct 20 03:34:06.249995 dv-neutron-861845-1-hyperv neutron-server[90075]: DEBUG neutron.api.rpc.handlers.resources_rpc [None req-38230c1a-58ef-4146-b53e-ee07235ed772 admin admin] Pushing event updated for resources: {'Subnet': ['ID=94288ffe-ca2b-4c6c-a7d0-d6b32528ab61,revision_number=0']} {{(pid=90075) push /opt/stack/neutron/neutron/api/rpc/handlers/resources_rpc.py:237}}
Oct 20 03:34:06.292307 dv-neutron-861845-1-hyperv neutron-server[90077]: DEBUG neutron_lib.callbacks.manager [None req-a3808e8e-d748-4a0d-baa1-8dc96f7fbc9d None None] Notify callbacks [] for port, precommit_create {{(pid=90077) _notify_loop /usr/local/lib/python3.8/dist-packages/neutron_lib/callbacks/manager.py:192}}
Oct 20 03:34:06.305138 dv-neutron-861845-1-hyperv neutron-server[90077]: DEBUG neutron.db.provisioning_blocks [None req-a3808e8e-d748-4a0d-baa1-8dc96f7fbc9d None None] Transition to ACTIVE for port object 11123943-3139-432a-bde8-74328ded53ce will not be triggered until provisioned by entity L2. {{(pid=90077) add_provisioning_component /opt/stack/neutron/neutron/db/provisioning_blocks.py:74}}
Oct 20 03:34:06.329422 dv-neutron-861845-1-hyperv neutron-server[90077]: DEBUG neutron.db.provisioning_blocks [None req-a3808e8e-d748-4a0d-baa1-8dc96f7fbc9d None None] Transition to ACTIVE for port object 11123943-3139-432a-bde8-74328ded53ce will not be triggered until provisioned by entity DHCP. {{(pid=90077) add_provisioning_component /opt/stack/neutron/neutron/db/provisioning_blocks.py:74}}
Oct 20 03:34:06.400085 dv-neutron-861845-1-hyperv neutron-server[90075]: DEBUG neutron.plugins.ml2.drivers.mech_agent [None req-5dc06bdd-31ec-4515-b0ab-f07c1f73eac0 admin admin] Checking segment: {'id': 'a0af5bc3-7633-4695-96c9-c78e52298f55', 'network_type': 'vlan', 'physical_network': 'physnet1', 'segmentation_id': 360, 'network_id': '4277c4e3-e481-4cf9-a0b6-588981ac852f'} for mappings: {'physnet1': 'br-data'} with network types: ['local', 'flat', 'vlan'] {{(pid=90075) check_segment_for_agent /opt/stack/neutron/neutron/plugins/ml2/drivers/mech_agent.py:343}}
Oct 20 03:34:06.400430 dv-neutron-861845-1-hyperv neutron-server[90075]: DEBUG neutron.scheduler.dhcp_agent_scheduler [None req-5dc06bdd-31ec-4515-b0ab-f07c1f73eac0 admin admin] Network hostable DHCP agents. Network: 4277c4e3-e481-4cf9-a0b6-588981ac852f, hostable agents: ['236eb0e6-2706-4063-b45b-01c6ec52690f'], hosted agents: [] {{(pid=90075) _get_network_hostable_dhcp_agents /opt/stack/neutron/neutron/scheduler/dhcp_agent_scheduler.py:329}}
Oct 20 03:34:06.406600 dv-neutron-861845-1-hyperv neutron-server[90075]: DEBUG neutron.plugins.ml2.drivers.mech_agent [None req-38230c1a-58ef-4146-b53e-ee07235ed772 admin admin] Checking segment: {'id': '09d9fca9-e79a-42c3-9110-920b31ddf994', 'network_type': 'vlan', 'physical_network': 'physnet1', 'segmentation_id': 387, 'network_id': '882bf6d0-6c16-4916-9f9f-41770489d122'} for mappings: {'physnet1': 'br-data'} with network types: ['local', 'flat', 'vlan'] {{(pid=90075) check_segment_for_agent /opt/stack/neutron/neutron/plugins/ml2/drivers/mech_agent.py:343}}
Oct 20 03:34:06.407217 dv-neutron-861845-1-hyperv neutron-server[90075]: DEBUG neutron.scheduler.dhcp_agent_scheduler [None req-38230c1a-58ef-4146-b53e-ee07235ed772 admin admin] Network hostable DHCP agents. Network: 882bf6d0-6c16-4916-9f9f-41770489d122, hostable agents: ['236eb0e6-2706-4063-b45b-01c6ec52690f'], hosted agents: [] {{(pid=90075) _get_network_hostable_dhcp_agents /opt/stack/neutron/neutron/scheduler/dhcp_agent_scheduler.py:329}}
Oct 20 03:34:06.410674 dv-neutron-861845-1-hyperv neutron-server[90075]: DEBUG neutron.api.rpc.handlers.resources_rpc [None req-5dc06bdd-31ec-4515-b0ab-f07c1f73eac0 admin admin] Pushing event updated for resources: {'Subnet': ['ID=7565b3d8-46f3-4426-8c11-3169f2aca43c,revision_number=0']} {{(pid=90075) push /opt/stack/neutron/neutron/api/rpc/handlers/resources_rpc.py:237}}
Oct 20 03:34:06.421343 dv-neutron-861845-1-hyperv neutron-server[90077]: DEBUG neutron_lib.callbacks.manager [None req-a3808e8e-d748-4a0d-baa1-8dc96f7fbc9d None None] Notify callbacks ['neutron.plugins.ml2.plugin.SecurityGroupServerNotifierRpcMixin.notify_sg_on_port_change-641477', 'neutron.plugins.ml2.ovo_rpc._ObjectChangeHandler.handle_event-281157', 'neutron.api.rpc.agentnotifiers.dhcp_rpc_agent_api.DhcpAgentNotifyAPI._native_event_send_dhcp_notification-3729060', 'neutron.db.l3_dvrscheduler_db._notify_l3_agent_new_port-8730571479507'] for port, after_create {{(pid=90077) _notify_loop /usr/local/lib/python3.8/dist-packages/neutron_lib/callbacks/manager.py:192}}
Oct 20 03:34:06.487368 dv-neutron-861845-1-hyperv neutron-server[90077]: DEBUG neutron.api.rpc.handlers.resources_rpc [None req-a3808e8e-d748-4a0d-baa1-8dc96f7fbc9d None None] Pushing event updated for resources: {'Port': ['ID=11123943-3139-432a-bde8-74328ded53ce,revision_number=1']} {{(pid=90077) push /opt/stack/neutron/neutron/api/rpc/handlers/resources_rpc.py:237}}
Oct 20 03:34:06.496083 dv-neutron-861845-1-hyperv neutron-server[90077]: DEBUG neutron.api.rpc.callbacks.version_manager [None req-a3808e8e-d748-4a0d-baa1-8dc96f7fbc9d None None] Version for resource type AddressGroup changed None to 1.2 on consumer Open vSwitch agent@dv-neutron-861845-1-hyperv {{(pid=90077) _set_version /opt/stack/neutron/neutron/api/rpc/callbacks/version_manager.py:113}}
Oct 20 03:34:06.496445 dv-neutron-861845-1-hyperv neutron-server[90077]: DEBUG neutron.api.rpc.callbacks.version_manager [None req-a3808e8e-d748-4a0d-baa1-8dc96f7fbc9d None None] Version for resource type ConntrackHelper changed None to 1.0 on consumer Open vSwitch agent@dv-neutron-861845-1-hyperv {{(pid=90077) _set_version /opt/stack/neutron/neutron/api/rpc/callbacks/version_manager.py:113}}
