Oct 20 03:26:24.479947 dv-neutron-861842-1-hyperv devstack@n-api.service[102927]: DEBUG nova.api.openstack.wsgi_app [-] oslo_messaging_rabbit.rpc_conn_pool_size = 30 {{(pid=102927) log_opt_values /usr/local/lib/python3.8/dist-packages/oslo_config/cfg.py:2609}}
Oct 20 03:26:24.480285 dv-neutron-861842-1-hyperv devstack@n-api.service[102927]: DEBUG nova.api.openstack.wsgi_app [-] oslo_messaging_rabbit.ssl = False {{(pid=102927) log_opt_values /usr/local/lib/python3.8/dist-packages/oslo_config/cfg.py:2609}}
Oct 20 03:26:24.480616 dv-neutron-861842-1-hyperv devstack@n-api.service[102927]: DEBUG nova.api.openstack.wsgi_app [-] oslo_messaging_rabbit.ssl_ca_file = {{(pid=102927) log_opt_values /usr/local/lib/python3.8/dist-packages/oslo_config/cfg.py:2609}}
Oct 20 03:26:24.480948 dv-neutron-861842-1-hyperv devstack@n-api.service[102927]: DEBUG nova.api.openstack.wsgi_app [-] oslo_messaging_rabbit.ssl_cert_file = {{(pid=102927) log_opt_values /usr/local/lib/python3.8/dist-packages/oslo_config/cfg.py:2609}}
Oct 20 03:26:24.481277 dv-neutron-861842-1-hyperv devstack@n-api.service[102927]: DEBUG nova.api.openstack.wsgi_app [-] oslo_messaging_rabbit.ssl_key_file = {{(pid=102927) log_opt_values /usr/local/lib/python3.8/dist-packages/oslo_config/cfg.py:2609}}
Oct 20 03:26:24.481607 dv-neutron-861842-1-hyperv devstack@n-api.service[102927]: DEBUG nova.api.openstack.wsgi_app [-] oslo_messaging_rabbit.ssl_version = {{(pid=102927) log_opt_values /usr/local/lib/python3.8/dist-packages/oslo_config/cfg.py:2609}}
Oct 20 03:26:24.481965 dv-neutron-861842-1-hyperv devstack@n-api.service[102927]: DEBUG nova.api.openstack.wsgi_app [-] oslo_messaging_notifications.driver = ['messagingv2'] {{(pid=102927) log_opt_values /usr/local/lib/python3.8/dist-packages/oslo_config/cfg.py:2609}}
Oct 20 03:26:24.482281 dv-neutron-861842-1-hyperv devstack@n-api.service[102927]: DEBUG nova.api.openstack.wsgi_app [-] oslo_messaging_notifications.retry = -1 {{(pid=102927) log_opt_values /usr/local/lib/python3.8/dist-packages/oslo_config/cfg.py:2609}}
Oct 20 03:26:24.482632 dv-neutron-861842-1-hyperv devstack@n-api.service[102927]: DEBUG nova.api.openstack.wsgi_app [-] oslo_messaging_notifications.topics = ['notifications'] {{(pid=102927) log_opt_values /usr/local/lib/python3.8/dist-packages/oslo_config/cfg.py:2609}}
Oct 20 03:26:24.482965 dv-neutron-861842-1-hyperv devstack@n-api.service[102927]: DEBUG nova.api.openstack.wsgi_app [-] oslo_messaging_notifications.transport_url = **** {{(pid=102927) log_opt_values /usr/local/lib/python3.8/dist-packages/oslo_config/cfg.py:2609}}
Oct 20 03:26:24.483211 dv-neutron-861842-1-hyperv devstack@n-api.service[102927]: DEBUG nova.api.openstack.wsgi_app [-] ******************************************************************************** {{(pid=102927) log_opt_values /usr/local/lib/python3.8/dist-packages/oslo_config/cfg.py:2613}}
Oct 20 03:26:24.501498 dv-neutron-861842-1-hyperv devstack@n-api.service[102926]: DEBUG oslo_db.sqlalchemy.engines [None req-4ae97278-af4b-49b7-9a78-3f9bcb05d99c None None] MySQL server mode set to STRICT_TRANS_TABLES,STRICT_ALL_TABLES,NO_ZERO_IN_DATE,NO_ZERO_DATE,ERROR_FOR_DIVISION_BY_ZERO,TRADITIONAL,NO_ENGINE_SUBSTITUTION {{(pid=102926) _check_effective_sql_mode /usr/local/lib/python3.8/dist-packages/oslo_db/sqlalchemy/engines.py:314}}
Oct 20 03:26:24.505854 dv-neutron-861842-1-hyperv devstack@n-api.service[102927]: DEBUG oslo_db.sqlalchemy.engines [None req-f79590bd-be2e-4328-b508-ac08bd4994ea None None] MySQL server mode set to STRICT_TRANS_TABLES,STRICT_ALL_TABLES,NO_ZERO_IN_DATE,NO_ZERO_DATE,ERROR_FOR_DIVISION_BY_ZERO,TRADITIONAL,NO_ENGINE_SUBSTITUTION {{(pid=102927) _check_effective_sql_mode /usr/local/lib/python3.8/dist-packages/oslo_db/sqlalchemy/engines.py:314}}
Oct 20 03:26:24.583016 dv-neutron-861842-1-hyperv devstack@n-api.service[102926]: DEBUG nova.context [None req-4ae97278-af4b-49b7-9a78-3f9bcb05d99c None None] Found 2 cells: 00000000-0000-0000-0000-000000000000(cell0),f571d90e-cdfc-4c47-a591-302aa691e1eb(cell1) {{(pid=102926) load_cells /opt/stack/nova/nova/context.py:464}}
Oct 20 03:26:24.587770 dv-neutron-861842-1-hyperv devstack@n-api.service[102926]: DEBUG oslo_concurrency.lockutils [None req-4ae97278-af4b-49b7-9a78-3f9bcb05d99c None None] Lock "00000000-0000-0000-0000-000000000000" acquired by "nova.context.set_target_cell..get_or_set_cached_cell_and_set_connections" :: waited 0.000s {{(pid=102926) inner /usr/local/lib/python3.8/dist-packages/oslo_concurrency/lockutils.py:355}}
Oct 20 03:26:24.588872 dv-neutron-861842-1-hyperv devstack@n-api.service[102927]: DEBUG nova.context [None req-f79590bd-be2e-4328-b508-ac08bd4994ea None None] Found 2 cells: 00000000-0000-0000-0000-000000000000(cell0),f571d90e-cdfc-4c47-a591-302aa691e1eb(cell1) {{(pid=102927) load_cells /opt/stack/nova/nova/context.py:464}}
Oct 20 03:26:24.589368 dv-neutron-861842-1-hyperv devstack@n-api.service[102926]: DEBUG oslo_concurrency.lockutils [None req-4ae97278-af4b-49b7-9a78-3f9bcb05d99c None None] Lock "00000000-0000-0000-0000-000000000000" released by "nova.context.set_target_cell..get_or_set_cached_cell_and_set_connections" :: held 0.002s {{(pid=102926) inner /usr/local/lib/python3.8/dist-packages/oslo_concurrency/lockutils.py:367}}
Oct 20 03:26:24.590163 dv-neutron-861842-1-hyperv devstack@n-api.service[102926]: DEBUG oslo_concurrency.lockutils [None req-4ae97278-af4b-49b7-9a78-3f9bcb05d99c None None] Lock "f571d90e-cdfc-4c47-a591-302aa691e1eb" acquired by "nova.context.set_target_cell..get_or_set_cached_cell_and_set_connections" :: waited 0.000s {{(pid=102926) inner /usr/local/lib/python3.8/dist-packages/oslo_concurrency/lockutils.py:355}}
Oct 20 03:26:24.593055 dv-neutron-861842-1-hyperv devstack@n-api.service[102927]: DEBUG oslo_concurrency.lockutils [None req-f79590bd-be2e-4328-b508-ac08bd4994ea None None] Lock "00000000-0000-0000-0000-000000000000" acquired by "nova.context.set_target_cell..get_or_set_cached_cell_and_set_connections" :: waited 0.000s {{(pid=102927) inner /usr/local/lib/python3.8/dist-packages/oslo_concurrency/lockutils.py:355}}
Oct 20 03:26:24.593729 dv-neutron-861842-1-hyperv devstack@n-api.service[102926]: DEBUG oslo_concurrency.lockutils [None req-4ae97278-af4b-49b7-9a78-3f9bcb05d99c None None] Lock "f571d90e-cdfc-4c47-a591-302aa691e1eb" released by "nova.context.set_target_cell..get_or_set_cached_cell_and_set_connections" :: held 0.003s {{(pid=102926) inner /usr/local/lib/python3.8/dist-packages/oslo_concurrency/lockutils.py:367}}
Oct 20 03:26:24.594618 dv-neutron-861842-1-hyperv devstack@n-api.service[102927]: DEBUG oslo_concurrency.lockutils [None req-f79590bd-be2e-4328-b508-ac08bd4994ea None None] Lock "00000000-0000-0000-0000-000000000000" released by "nova.context.set_target_cell..get_or_set_cached_cell_and_set_connections" :: held 0.002s {{(pid=102927) inner /usr/local/lib/python3.8/dist-packages/oslo_concurrency/lockutils.py:367}}
Oct 20 03:26:24.595425 dv-neutron-861842-1-hyperv devstack@n-api.service[102927]: DEBUG oslo_concurrency.lockutils [None req-f79590bd-be2e-4328-b508-ac08bd4994ea None None] Lock "f571d90e-cdfc-4c47-a591-302aa691e1eb" acquired by "nova.context.set_target_cell..get_or_set_cached_cell_and_set_connections" :: waited 0.000s {{(pid=102927) inner /usr/local/lib/python3.8/dist-packages/oslo_concurrency/lockutils.py:355}}
Oct 20 03:26:24.597414 dv-neutron-861842-1-hyperv devstack@n-api.service[102927]: DEBUG oslo_concurrency.lockutils [None req-f79590bd-be2e-4328-b508-ac08bd4994ea None None] Lock "f571d90e-cdfc-4c47-a591-302aa691e1eb" released by "nova.context.set_target_cell..get_or_set_cached_cell_and_set_connections" :: held 0.002s {{(pid=102927) inner /usr/local/lib/python3.8/dist-packages/oslo_concurrency/lockutils.py:367}}
Oct 20 03:26:24.605389 dv-neutron-861842-1-hyperv devstack@n-api.service[102926]: DEBUG oslo_db.sqlalchemy.engines [None req-4ae97278-af4b-49b7-9a78-3f9bcb05d99c None None] MySQL server mode set to STRICT_TRANS_TABLES,STRICT_ALL_TABLES,NO_ZERO_IN_DATE,NO_ZERO_DATE,ERROR_FOR_DIVISION_BY_ZERO,TRADITIONAL,NO_ENGINE_SUBSTITUTION {{(pid=102926) _check_effective_sql_mode /usr/local/lib/python3.8/dist-packages/oslo_db/sqlalchemy/engines.py:314}}
Oct 20 03:26:24.608138 dv-neutron-861842-1-hyperv devstack@n-api.service[102926]: DEBUG oslo_db.sqlalchemy.engines [None req-4ae97278-af4b-49b7-9a78-3f9bcb05d99c None None] MySQL server mode set to STRICT_TRANS_TABLES,STRICT_ALL_TABLES,NO_ZERO_IN_DATE,NO_ZERO_DATE,ERROR_FOR_DIVISION_BY_ZERO,TRADITIONAL,NO_ENGINE_SUBSTITUTION {{(pid=102926) _check_effective_sql_mode /usr/local/lib/python3.8/dist-packages/oslo_db/sqlalchemy/engines.py:314}}
Oct 20 03:26:24.613369 dv-neutron-861842-1-hyperv devstack@n-api.service[102927]: DEBUG oslo_db.sqlalchemy.engines [None req-f79590bd-be2e-4328-b508-ac08bd4994ea None None] MySQL server mode set to STRICT_TRANS_TABLES,STRICT_ALL_TABLES,NO_ZERO_IN_DATE,NO_ZERO_DATE,ERROR_FOR_DIVISION_BY_ZERO,TRADITIONAL,NO_ENGINE_SUBSTITUTION {{(pid=102927) _check_effective_sql_mode /usr/local/lib/python3.8/dist-packages/oslo_db/sqlalchemy/engines.py:314}}
Oct 20 03:26:24.616351 dv-neutron-861842-1-hyperv devstack@n-api.service[102927]: DEBUG oslo_db.sqlalchemy.engines [None req-f79590bd-be2e-4328-b508-ac08bd4994ea None None] MySQL server mode set to STRICT_TRANS_TABLES,STRICT_ALL_TABLES,NO_ZERO_IN_DATE,NO_ZERO_DATE,ERROR_FOR_DIVISION_BY_ZERO,TRADITIONAL,NO_ENGINE_SUBSTITUTION {{(pid=102927) _check_effective_sql_mode /usr/local/lib/python3.8/dist-packages/oslo_db/sqlalchemy/engines.py:314}}
Oct 20 03:26:24.877525 dv-neutron-861842-1-hyperv devstack@n-api.service[102926]: DEBUG oslo_db.sqlalchemy.engines [None req-4ae97278-af4b-49b7-9a78-3f9bcb05d99c None None] MySQL server mode set to STRICT_TRANS_TABLES,STRICT_ALL_TABLES,NO_ZERO_IN_DATE,NO_ZERO_DATE,ERROR_FOR_DIVISION_BY_ZERO,TRADITIONAL,NO_ENGINE_SUBSTITUTION {{(pid=102926) _check_effective_sql_mode /usr/local/lib/python3.8/dist-packages/oslo_db/sqlalchemy/engines.py:314}}
Oct 20 03:26:24.885203 dv-neutron-861842-1-hyperv devstack@n-api.service[102927]: DEBUG oslo_db.sqlalchemy.engines [None req-f79590bd-be2e-4328-b508-ac08bd4994ea None None] MySQL server mode set to STRICT_TRANS_TABLES,STRICT_ALL_TABLES,NO_ZERO_IN_DATE,NO_ZERO_DATE,ERROR_FOR_DIVISION_BY_ZERO,TRADITIONAL,NO_ENGINE_SUBSTITUTION {{(pid=102927) _check_effective_sql_mode /usr/local/lib/python3.8/dist-packages/oslo_db/sqlalchemy/engines.py:314}}
Oct 20 03:26:25.222879 dv-neutron-861842-1-hyperv devstack@n-api.service[102926]: WARNING keystonemiddleware.auth_token [None req-4ae97278-af4b-49b7-9a78-3f9bcb05d99c None None] AuthToken middleware is set with keystone_authtoken.service_token_roles_required set to False. This is backwards compatible but deprecated behaviour. Please set this to True.
Oct 20 03:26:25.229567 dv-neutron-861842-1-hyperv devstack@n-api.service[102926]: WARNING keystonemiddleware.auth_token [None req-4ae97278-af4b-49b7-9a78-3f9bcb05d99c None None] Configuring www_authenticate_uri to point to the public identity endpoint is required; clients may not be able to authenticate against an admin endpoint
Oct 20 03:26:25.230389 dv-neutron-861842-1-hyperv devstack@n-api.service[102927]: WARNING keystonemiddleware.auth_token [None req-f79590bd-be2e-4328-b508-ac08bd4994ea None None] AuthToken middleware is set with keystone_authtoken.service_token_roles_required set to False. This is backwards compatible but deprecated behaviour. Please set this to True.
Oct 20 03:26:25.236978 dv-neutron-861842-1-hyperv devstack@n-api.service[102927]: WARNING keystonemiddleware.auth_token [None req-f79590bd-be2e-4328-b508-ac08bd4994ea None None] Configuring www_authenticate_uri to point to the public identity endpoint is required; clients may not be able to authenticate against an admin endpoint
Oct 20 03:26:25.574328 dv-neutron-861842-1-hyperv devstack@n-api.service[102926]: WARNING keystonemiddleware.auth_token [None req-4ae97278-af4b-49b7-9a78-3f9bcb05d99c None None] AuthToken middleware is set with keystone_authtoken.service_token_roles_required set to False. This is backwards compatible but deprecated behaviour. Please set this to True.
Oct 20 03:26:25.579505 dv-neutron-861842-1-hyperv devstack@n-api.service[102926]: WARNING keystonemiddleware.auth_token [None req-4ae97278-af4b-49b7-9a78-3f9bcb05d99c None None] Configuring www_authenticate_uri to point to the public identity endpoint is required; clients may not be able to authenticate against an admin endpoint
Oct 20 03:26:25.585598 dv-neutron-861842-1-hyperv devstack@n-api.service[102926]: WSGI app 0 (mountpoint='') ready in 6 seconds on interpreter 0x55c306d959c0 pid: 102926 (default app)
Oct 20 03:26:25.587662 dv-neutron-861842-1-hyperv devstack@n-api.service[102926]: DEBUG nova.api.openstack.wsgi [None req-4ae97278-af4b-49b7-9a78-3f9bcb05d99c None None] Calling method '>' {{(pid=102926) _process_stack /opt/stack/nova/nova/api/openstack/wsgi.py:513}}
Oct 20 03:26:25.588883 dv-neutron-861842-1-hyperv devstack@n-api.service[102926]: INFO nova.api.openstack.requestlog [None req-4ae97278-af4b-49b7-9a78-3f9bcb05d99c None None] 10.222.0.20 "GET /compute/v2.1/" status: 200 len: 388 microversion: 2.1 time: 0.001772
Oct 20 03:26:25.589289 dv-neutron-861842-1-hyperv devstack@n-api.service[102926]: [pid: 102926|app: 0|req: 1/1] 10.222.0.20 () {50 vars in 788 bytes} [Thu Oct 20 03:26:25 2022] GET /compute/v2.1/ => generated 388 bytes in 3 msecs (HTTP/1.1 200) 9 headers in 357 bytes (1 switches on core 0)
Oct 20 03:26:25.594724 dv-neutron-861842-1-hyperv devstack@n-api.service[102927]: WARNING keystonemiddleware.auth_token [None req-f79590bd-be2e-4328-b508-ac08bd4994ea None None] AuthToken middleware is set with keystone_authtoken.service_token_roles_required set to False. This is backwards compatible but deprecated behaviour. Please set this to True.
Oct 20 03:26:25.599919 dv-neutron-861842-1-hyperv devstack@n-api.service[102927]: WARNING keystonemiddleware.auth_token [None req-f79590bd-be2e-4328-b508-ac08bd4994ea None None] Configuring www_authenticate_uri to point to the public identity endpoint is required; clients may not be able to authenticate against an admin endpoint
Oct 20 03:26:25.605710 dv-neutron-861842-1-hyperv devstack@n-api.service[102927]: WSGI app 0 (mountpoint='') ready in 6 seconds on interpreter 0x55c306d959c0 pid: 102927 (default app)
Oct 20 03:27:46.145440 dv-neutron-861842-1-hyperv devstack@n-api.service[102926]: DEBUG nova.api.openstack.wsgi [None req-4ae97278-af4b-49b7-9a78-3f9bcb05d99c None None] Calling method '>' {{(pid=102926) _process_stack /opt/stack/nova/nova/api/openstack/wsgi.py:513}}
Oct 20 03:27:46.146428 dv-neutron-861842-1-hyperv devstack@n-api.service[102926]: INFO nova.api.openstack.requestlog [None req-4ae97278-af4b-49b7-9a78-3f9bcb05d99c None None] 10.222.0.20 "GET /compute/v2.1" status: 200 len: 388 microversion: 2.1 time: 0.001394
Oct 20 03:27:46.146993 dv-neutron-861842-1-hyperv devstack@n-api.service[102926]: [pid: 102926|app: 0|req: 2/2] 10.222.0.20 () {54 vars in 930 bytes} [Thu Oct 20 03:27:46 2022] GET /compute/v2.1 => generated 388 bytes in 2 msecs (HTTP/1.1 200) 9 headers in 357 bytes (1 switches on core 0)
Oct 20 03:27:46.616188 dv-neutron-861842-1-hyperv devstack@n-api.service[102927]: DEBUG nova.api.openstack.wsgi [None req-d18f1075-4767-4eb0-8cf4-c8967d4a92f5 admin admin] Calling method '>' {{(pid=102927) _process_stack /opt/stack/nova/nova/api/openstack/wsgi.py:513}}
Oct 20 03:27:46.645753 dv-neutron-861842-1-hyperv devstack@n-api.service[102927]: INFO nova.api.openstack.requestlog [None req-d18f1075-4767-4eb0-8cf4-c8967d4a92f5 admin admin] 10.222.0.20 "GET /compute/v2.1/flavors/detail?is_public=True" status: 200 len: 15 microversion: 2.61 time: 0.491394
Oct 20 03:27:46.646655 dv-neutron-861842-1-hyperv devstack@n-api.service[102927]: [pid: 102927|app: 0|req: 1/3] 10.222.0.20 () {60 vars in 1291 bytes} [Thu Oct 20 03:27:46 2022] GET /compute/v2.1/flavors/detail?is_public=True => generated 15 bytes in 493 msecs (HTTP/1.1 200) 9 headers in 358 bytes (1 switches on core 0)
Oct 20 03:27:48.933906 dv-neutron-861842-1-hyperv devstack@n-api.service[102926]: DEBUG nova.api.openstack.wsgi [None req-4ae97278-af4b-49b7-9a78-3f9bcb05d99c None None] Calling method '>' {{(pid=102926) _process_stack /opt/stack/nova/nova/api/openstack/wsgi.py:513}}
Oct 20 03:27:48.934904 dv-neutron-861842-1-hyperv devstack@n-api.service[102926]: INFO nova.api.openstack.requestlog [None req-4ae97278-af4b-49b7-9a78-3f9bcb05d99c None None] 10.222.0.20 "GET /compute/v2.1" status: 200 len: 388 microversion: 2.1 time: 0.001416
Oct 20 03:27:48.935571 dv-neutron-861842-1-hyperv devstack@n-api.service[102926]: [pid: 102926|app: 0|req: 3/4] 10.222.0.20 () {54 vars in 930 bytes} [Thu Oct 20 03:27:48 2022] GET /compute/v2.1 => generated 388 bytes in 2 msecs (HTTP/1.1 200) 9 headers in 357 bytes (1 switches on core 0)
Oct 20 03:27:48.999372 dv-neutron-861842-1-hyperv devstack@n-api.service[102927]: DEBUG nova.api.openstack.wsgi [None req-b9fee4b2-4f1e-4af7-acc2-4d96671cab9e admin admin] Action: 'create', calling method: >, body: {"flavor": {"os-flavor-access:is_public": true, "name": "cirros256", "id": "c1", "swap": 0, "vcpus": 1, "ram": 256, "rxtx_factor": 1.0, "OS-FLV-EXT-DATA:ephemeral": 0, "disk": 1}} {{(pid=102927) _process_stack /opt/stack/nova/nova/api/openstack/wsgi.py:511}}
Oct 20 03:27:49.018051 dv-neutron-861842-1-hyperv devstack@n-api.service[102927]: /usr/local/lib/python3.8/dist-packages/oslo_policy/policy.py:1075: UserWarning: Policy os_compute_api:os-flavor-manage:create failed scope check. The token used to make the request was project scoped but the policy requires ['system'] scope. This behavior may change in the future where using the intended scope is required
Oct 20 03:27:49.018051 dv-neutron-861842-1-hyperv devstack@n-api.service[102927]: warnings.warn(msg)
Oct 20 03:27:49.045740 dv-neutron-861842-1-hyperv devstack@n-api.service[102927]: INFO nova.api.openstack.requestlog [None req-b9fee4b2-4f1e-4af7-acc2-4d96671cab9e admin admin] 10.222.0.20 "POST /compute/v2.1/flavors" status: 200 len: 407 microversion: 2.61 time: 0.103159
Oct 20 03:27:49.046223 dv-neutron-861842-1-hyperv devstack@n-api.service[102927]: [pid: 102927|app: 0|req: 2/5] 10.222.0.20 () {64 vars in 1282 bytes} [Thu Oct 20 03:27:48 2022] POST /compute/v2.1/flavors => generated 407 bytes in 104 msecs (HTTP/1.1 200) 9 headers in 359 bytes (1 switches on core 0)
Oct 20 03:27:49.276401 dv-neutron-861842-1-hyperv devstack@n-api.service[102926]: DEBUG nova.api.openstack.wsgi [None req-6b4a8682-f443-4127-8204-01f5b4991a33 admin admin] Action: 'create', calling method: >, body: {"extra_specs": {"hw_rng:allowed": "True"}} {{(pid=102926) _process_stack /opt/stack/nova/nova/api/openstack/wsgi.py:511}}
Oct 20 03:27:49.278951 dv-neutron-861842-1-hyperv devstack@n-api.service[102926]: /usr/local/lib/python3.8/dist-packages/oslo_policy/policy.py:1075: UserWarning: Policy os_compute_api:os-flavor-extra-specs:create failed scope check. The token used to make the request was project scoped but the policy requires ['system'] scope. This behavior may change in the future where using the intended scope is required
Oct 20 03:27:49.278951 dv-neutron-861842-1-hyperv devstack@n-api.service[102926]: warnings.warn(msg)
Oct 20 03:27:49.331014 dv-neutron-861842-1-hyperv devstack@n-api.service[102926]: INFO nova.api.openstack.requestlog [None req-6b4a8682-f443-4127-8204-01f5b4991a33 admin admin] 10.222.0.20 "POST /compute/v2.1/flavors/c1/os-extra_specs" status: 200 len: 43 microversion: 2.61 time: 0.275372
Oct 20 03:27:49.340371 dv-neutron-861842-1-hyperv devstack@n-api.service[102926]: [pid: 102926|app: 0|req: 4/6] 10.222.0.20 () {64 vars in 1335 bytes} [Thu Oct 20 03:27:49 2022] POST /compute/v2.1/flavors/c1/os-extra_specs => generated 43 bytes in 277 msecs (HTTP/1.1 200) 9 headers in 358 bytes (2 switches on core 0)
Oct 20 03:27:51.671274 dv-neutron-861842-1-hyperv devstack@n-api.service[102927]: DEBUG nova.api.openstack.wsgi [None req-b9fee4b2-4f1e-4af7-acc2-4d96671cab9e admin admin] Calling method '>' {{(pid=102927) _process_stack /opt/stack/nova/nova/api/openstack/wsgi.py:513}}
Oct 20 03:27:51.672521 dv-neutron-861842-1-hyperv devstack@n-api.service[102927]: INFO nova.api.openstack.requestlog [None req-b9fee4b2-4f1e-4af7-acc2-4d96671cab9e admin admin] 10.222.0.20 "GET /compute/v2.1" status: 200 len: 388 microversion: 2.1 time: 0.001454
Oct 20 03:27:51.673001 dv-neutron-861842-1-hyperv devstack@n-api.service[102927]: [pid: 102927|app: 0|req: 3/7] 10.222.0.20 () {54 vars in 930 bytes} [Thu Oct 20 03:27:51 2022] GET /compute/v2.1 => generated 388 bytes in 3 msecs (HTTP/1.1 200) 9 headers in 357 bytes (1 switches on core 0)
Oct 20 03:27:51.797350 dv-neutron-861842-1-hyperv devstack@n-api.service[102926]: DEBUG nova.api.openstack.wsgi [None req-b541ef04-bd59-44aa-8e42-89f2a84f53f9 admin admin] Action: 'create', calling method: >, body: {"flavor": {"vcpus": 1, "swap": 0, "ram": 512, "os-flavor-access:is_public": true, "id": "d1", "OS-FLV-EXT-DATA:ephemeral": 0, "name": "ds512M", "rxtx_factor": 1.0, "disk": 5}} {{(pid=102926) _process_stack /opt/stack/nova/nova/api/openstack/wsgi.py:511}}
Oct 20 03:27:51.818948 dv-neutron-861842-1-hyperv devstack@n-api.service[102926]: /usr/local/lib/python3.8/dist-packages/oslo_policy/policy.py:1075: UserWarning: Policy os_compute_api:os-flavor-manage:create failed scope check. The token used to make the request was project scoped but the policy requires ['system'] scope. This behavior may change in the future where using the intended scope is required
Oct 20 03:27:51.818948 dv-neutron-861842-1-hyperv devstack@n-api.service[102926]: warnings.warn(msg)
Oct 20 03:27:51.839350 dv-neutron-861842-1-hyperv devstack@n-api.service[102926]: INFO nova.api.openstack.requestlog [None req-b541ef04-bd59-44aa-8e42-89f2a84f53f9 admin admin] 10.222.0.20 "POST /compute/v2.1/flavors" status: 200 len: 404 microversion: 2.61 time: 0.159581
Oct 20 03:27:51.840093 dv-neutron-861842-1-hyperv devstack@n-api.service[102926]: [pid: 102926|app: 0|req: 5/8] 10.222.0.20 () {64 vars in 1282 bytes} [Thu Oct 20 03:27:51 2022] POST /compute/v2.1/flavors => generated 404 bytes in 161 msecs (HTTP/1.1 200) 9 headers in 359 bytes (1 switches on core 0)
Oct 20 03:27:51.853118 dv-neutron-861842-1-hyperv devstack@n-api.service[102927]: DEBUG nova.api.openstack.wsgi [None req-15a71730-cce4-4459-95b3-ff11ef5e4cd3 admin admin] Action: 'create', calling method: >, body: {"extra_specs": {"hw_rng:allowed": "True"}} {{(pid=102927) _process_stack /opt/stack/nova/nova/api/openstack/wsgi.py:511}}
Oct 20 03:27:51.855865 dv-neutron-861842-1-hyperv devstack@n-api.service[102927]: /usr/local/lib/python3.8/dist-packages/oslo_policy/policy.py:1075: UserWarning: Policy os_compute_api:os-flavor-extra-specs:create failed scope check. The token used to make the request was project scoped but the policy requires ['system'] scope. This behavior may change in the future where using the intended scope is required
Oct 20 03:27:51.855865 dv-neutron-861842-1-hyperv devstack@n-api.service[102927]: warnings.warn(msg)
Oct 20 03:27:51.892889 dv-neutron-861842-1-hyperv devstack@n-api.service[102927]: INFO nova.api.openstack.requestlog [None req-15a71730-cce4-4459-95b3-ff11ef5e4cd3 admin admin] 10.222.0.20 "POST /compute/v2.1/flavors/d1/os-extra_specs" status: 200 len: 43 microversion: 2.61 time: 0.043309
Oct 20 03:27:51.894018 dv-neutron-861842-1-hyperv devstack@n-api.service[102927]: [pid: 102927|app: 0|req: 4/9] 10.222.0.20 () {64 vars in 1335 bytes} [Thu Oct 20 03:27:51 2022] POST /compute/v2.1/flavors/d1/os-extra_specs => generated 43 bytes in 45 msecs (HTTP/1.1 200) 9 headers in 358 bytes (2 switches on core 0)
Oct 20 03:27:54.282283 dv-neutron-861842-1-hyperv devstack@n-api.service[102926]: DEBUG nova.api.openstack.wsgi [None req-b541ef04-bd59-44aa-8e42-89f2a84f53f9 admin admin] Calling method '>' {{(pid=102926) _process_stack /opt/stack/nova/nova/api/openstack/wsgi.py:513}}
Oct 20 03:27:54.283297 dv-neutron-861842-1-hyperv devstack@n-api.service[102926]: INFO nova.api.openstack.requestlog [None req-b541ef04-bd59-44aa-8e42-89f2a84f53f9 admin admin] 10.222.0.20 "GET /compute/v2.1" status: 200 len: 388 microversion: 2.1 time: 0.001573
Oct 20 03:27:54.283867 dv-neutron-861842-1-hyperv devstack@n-api.service[102926]: [pid: 102926|app: 0|req: 6/10] 10.222.0.20 () {54 vars in 930 bytes} [Thu Oct 20 03:27:54 2022] GET /compute/v2.1 => generated 388 bytes in 3 msecs (HTTP/1.1 200) 9 headers in 357 bytes (1 switches on core 0)
Oct 20 03:27:54.364054 dv-neutron-861842-1-hyperv devstack@n-api.service[102927]: DEBUG nova.api.openstack.wsgi [None req-7eb7d1f7-5677-4119-95e0-863b4bc011e9 admin admin] Action: 'create', calling method: >, body: {"flavor": {"disk": 10, "swap": 0, "OS-FLV-EXT-DATA:ephemeral": 0, "name": "ds1G", "rxtx_factor": 1.0, "vcpus": 1, "ram": 1024, "id": "d2", "os-flavor-access:is_public": true}} {{(pid=102927) _process_stack /opt/stack/nova/nova/api/openstack/wsgi.py:511}}
Oct 20 03:27:54.390494 dv-neutron-861842-1-hyperv devstack@n-api.service[102927]: INFO nova.api.openstack.requestlog [None req-7eb7d1f7-5677-4119-95e0-863b4bc011e9 admin admin] 10.222.0.20 "POST /compute/v2.1/flavors" status: 200 len: 404 microversion: 2.61 time: 0.100158
Oct 20 03:27:54.406209 dv-neutron-861842-1-hyperv devstack@n-api.service[102927]: [pid: 102927|app: 0|req: 5/11] 10.222.0.20 () {64 vars in 1282 bytes} [Thu Oct 20 03:27:54 2022] POST /compute/v2.1/flavors => generated 404 bytes in 102 msecs (HTTP/1.1 200) 9 headers in 359 bytes (2 switches on core 0)
Oct 20 03:27:54.408539 dv-neutron-861842-1-hyperv devstack@n-api.service[102926]: DEBUG nova.api.openstack.wsgi [None req-7c5b9dd4-fb33-4756-8511-b5096eb70f2b admin admin] Action: 'create', calling method: >, body: {"extra_specs": {"hw_rng:allowed": "True"}} {{(pid=102926) _process_stack /opt/stack/nova/nova/api/openstack/wsgi.py:511}}
Oct 20 03:27:54.458628 dv-neutron-861842-1-hyperv devstack@n-api.service[102926]: INFO nova.api.openstack.requestlog [None req-7c5b9dd4-fb33-4756-8511-b5096eb70f2b admin admin] 10.222.0.20 "POST /compute/v2.1/flavors/d2/os-extra_specs" status: 200 len: 43 microversion: 2.61 time: 0.056904
Oct 20 03:27:54.459834 dv-neutron-861842-1-hyperv devstack@n-api.service[102926]: [pid: 102926|app: 0|req: 7/12] 10.222.0.20 () {64 vars in 1335 bytes} [Thu Oct 20 03:27:54 2022] POST /compute/v2.1/flavors/d2/os-extra_specs => generated 43 bytes in 59 msecs (HTTP/1.1 200) 9 headers in 358 bytes (1 switches on core 0)
Oct 20 03:27:56.966653 dv-neutron-861842-1-hyperv devstack@n-api.service[102927]: DEBUG nova.api.openstack.wsgi [None req-7eb7d1f7-5677-4119-95e0-863b4bc011e9 admin admin] Calling method '>' {{(pid=102927) _process_stack /opt/stack/nova/nova/api/openstack/wsgi.py:513}}
Oct 20 03:27:56.968245 dv-neutron-861842-1-hyperv devstack@n-api.service[102927]: INFO nova.api.openstack.requestlog [None req-7eb7d1f7-5677-4119-95e0-863b4bc011e9 admin admin] 10.222.0.20 "GET /compute/v2.1" status: 200 len: 388 microversion: 2.1 time: 0.002026
Oct 20 03:27:56.970081 dv-neutron-861842-1-hyperv devstack@n-api.service[102927]: [pid: 102927|app: 0|req: 6/13] 10.222.0.20 () {54 vars in 930 bytes} [Thu Oct 20 03:27:56 2022] GET /compute/v2.1 => generated 388 bytes in 4 msecs (HTTP/1.1 200) 9 headers in 357 bytes (1 switches on core 0)
Oct 20 03:27:57.036903 dv-neutron-861842-1-hyperv devstack@n-api.service[102926]: DEBUG nova.api.openstack.wsgi [None req-e275ac48-eec5-46af-9e03-97abf3c4b84d admin admin] Action: 'create', calling method: >, body: {"flavor": {"rxtx_factor": 1.0, "vcpus": 2, "os-flavor-access:is_public": true, "ram": 2048, "OS-FLV-EXT-DATA:ephemeral": 0, "swap": 0, "name": "ds2G", "disk": 10, "id": "d3"}} {{(pid=102926) _process_stack /opt/stack/nova/nova/api/openstack/wsgi.py:511}}
Oct 20 03:27:57.057715 dv-neutron-861842-1-hyperv devstack@n-api.service[102926]: INFO nova.api.openstack.requestlog [None req-e275ac48-eec5-46af-9e03-97abf3c4b84d admin admin] 10.222.0.20 "POST /compute/v2.1/flavors" status: 200 len: 404 microversion: 2.61 time: 0.080918
Oct 20 03:27:57.058500 dv-neutron-861842-1-hyperv devstack@n-api.service[102926]: [pid: 102926|app: 0|req: 8/14] 10.222.0.20 () {64 vars in 1282 bytes} [Thu Oct 20 03:27:56 2022] POST /compute/v2.1/flavors => generated 404 bytes in 82 msecs (HTTP/1.1 200) 9 headers in 359 bytes (1 switches on core 0)
Oct 20 03:27:57.072624 dv-neutron-861842-1-hyperv devstack@n-api.service[102927]: DEBUG nova.api.openstack.wsgi [None req-11760719-9212-411e-8186-0aa369799e6e admin admin] Action: 'create', calling method: >, body: {"extra_specs": {"hw_rng:allowed": "True"}} {{(pid=102927) _process_stack /opt/stack/nova/nova/api/openstack/wsgi.py:511}}
Oct 20 03:27:57.100738 dv-neutron-861842-1-hyperv devstack@n-api.service[102927]: INFO nova.api.openstack.requestlog [None req-11760719-9212-411e-8186-0aa369799e6e admin admin] 10.222.0.20 "POST /compute/v2.1/flavors/d3/os-extra_specs" status: 200 len: 43 microversion: 2.61 time: 0.031598
Oct 20 03:27:57.111574 dv-neutron-861842-1-hyperv devstack@n-api.service[102927]: [pid: 102927|app: 0|req: 7/15] 10.222.0.20 () {64 vars in 1335 bytes} [Thu Oct 20 03:27:57 2022] POST /compute/v2.1/flavors/d3/os-extra_specs => generated 43 bytes in 43 msecs (HTTP/1.1 200) 9 headers in 358 bytes (2 switches on core 0)
Oct 20 03:27:59.631010 dv-neutron-861842-1-hyperv devstack@n-api.service[102926]: DEBUG nova.api.openstack.wsgi [None req-e275ac48-eec5-46af-9e03-97abf3c4b84d admin admin] Calling method '>' {{(pid=102926) _process_stack /opt/stack/nova/nova/api/openstack/wsgi.py:513}}
Oct 20 03:27:59.632052 dv-neutron-861842-1-hyperv devstack@n-api.service[102926]: INFO nova.api.openstack.requestlog [None req-e275ac48-eec5-46af-9e03-97abf3c4b84d admin admin] 10.222.0.20 "GET /compute/v2.1" status: 200 len: 388 microversion: 2.1 time: 0.001461
Oct 20 03:27:59.633594 dv-neutron-861842-1-hyperv devstack@n-api.service[102926]: [pid: 102926|app: 0|req: 9/16] 10.222.0.20 () {54 vars in 930 bytes} [Thu Oct 20 03:27:59 2022] GET /compute/v2.1 => generated 388 bytes in 4 msecs (HTTP/1.1 200) 9 headers in 357 bytes (1 switches on core 0)
Oct 20 03:27:59.726463 dv-neutron-861842-1-hyperv devstack@n-api.service[102927]: DEBUG nova.api.openstack.wsgi [None req-ef6b81a5-4ae0-4650-90a7-746c63be6952 admin admin] Action: 'create', calling method: >, body: {"flavor": {"id": "d4", "swap": 0, "OS-FLV-EXT-DATA:ephemeral": 0, "ram": 4096, "rxtx_factor": 1.0, "name": "ds4G", "os-flavor-access:is_public": true, "disk": 20, "vcpus": 4}} {{(pid=102927) _process_stack /opt/stack/nova/nova/api/openstack/wsgi.py:511}}
Oct 20 03:27:59.759883 dv-neutron-861842-1-hyperv devstack@n-api.service[102927]: INFO nova.api.openstack.requestlog [None req-ef6b81a5-4ae0-4650-90a7-746c63be6952 admin admin] 10.222.0.20 "POST /compute/v2.1/flavors" status: 200 len: 404 microversion: 2.61 time: 0.119482
Oct 20 03:27:59.761024 dv-neutron-861842-1-hyperv devstack@n-api.service[102927]: [pid: 102927|app: 0|req: 8/17] 10.222.0.20 () {64 vars in 1282 bytes} [Thu Oct 20 03:27:59 2022] POST /compute/v2.1/flavors => generated 404 bytes in 121 msecs (HTTP/1.1 200) 9 headers in 359 bytes (2 switches on core 0)
Oct 20 03:27:59.774183 dv-neutron-861842-1-hyperv devstack@n-api.service[102926]: DEBUG nova.api.openstack.wsgi [None req-1ca9bc25-c0f4-4783-a937-0f6d8d324e40 admin admin] Action: 'create', calling method: >, body: {"extra_specs": {"hw_rng:allowed": "True"}} {{(pid=102926) _process_stack /opt/stack/nova/nova/api/openstack/wsgi.py:511}}
Oct 20 03:27:59.803019 dv-neutron-861842-1-hyperv devstack@n-api.service[102926]: INFO nova.api.openstack.requestlog [None req-1ca9bc25-c0f4-4783-a937-0f6d8d324e40 admin admin] 10.222.0.20 "POST /compute/v2.1/flavors/d4/os-extra_specs" status: 200 len: 43 microversion: 2.61 time: 0.032430
Oct 20 03:27:59.803501 dv-neutron-861842-1-hyperv devstack@n-api.service[102926]: [pid: 102926|app: 0|req: 10/18] 10.222.0.20 () {64 vars in 1335 bytes} [Thu Oct 20 03:27:59 2022] POST /compute/v2.1/flavors/d4/os-extra_specs => generated 43 bytes in 34 msecs (HTTP/1.1 200) 9 headers in 358 bytes (1 switches on core 0)
Oct 20 03:28:02.167593 dv-neutron-861842-1-hyperv devstack@n-api.service[102927]: DEBUG nova.api.openstack.wsgi [None req-ef6b81a5-4ae0-4650-90a7-746c63be6952 admin admin] Calling method '>' {{(pid=102927) _process_stack /opt/stack/nova/nova/api/openstack/wsgi.py:513}}
Oct 20 03:28:02.168921 dv-neutron-861842-1-hyperv devstack@n-api.service[102927]: INFO nova.api.openstack.requestlog [None req-ef6b81a5-4ae0-4650-90a7-746c63be6952 admin admin] 10.222.0.20 "GET /compute/v2.1" status: 200 len: 388 microversion: 2.1 time: 0.001750
Oct 20 03:28:02.169407 dv-neutron-861842-1-hyperv devstack@n-api.service[102927]: [pid: 102927|app: 0|req: 9/19] 10.222.0.20 () {54 vars in 930 bytes} [Thu Oct 20 03:28:02 2022] GET /compute/v2.1 => generated 388 bytes in 3 msecs (HTTP/1.1 200) 9 headers in 357 bytes (1 switches on core 0)
Oct 20 03:28:02.236860 dv-neutron-861842-1-hyperv devstack@n-api.service[102926]: DEBUG nova.api.openstack.wsgi [None req-604a68e4-53c7-4aae-a6f1-f7c9cb1deb30 admin admin] Calling method '>' {{(pid=102926) _process_stack /opt/stack/nova/nova/api/openstack/wsgi.py:513}}
Oct 20 03:28:02.263058 dv-neutron-861842-1-hyperv devstack@n-api.service[102926]: INFO nova.api.openstack.requestlog [None req-604a68e4-53c7-4aae-a6f1-f7c9cb1deb30 admin admin] 10.222.0.20 "GET /compute/v2.1/flavors/detail?is_public=True" status: 200 len: 2106 microversion: 2.61 time: 0.085765
Oct 20 03:28:02.264409 dv-neutron-861842-1-hyperv devstack@n-api.service[102926]: [pid: 102926|app: 0|req: 11/20] 10.222.0.20 () {60 vars in 1291 bytes} [Thu Oct 20 03:28:02 2022] GET /compute/v2.1/flavors/detail?is_public=True => generated 2106 bytes in 88 msecs (HTTP/1.1 200) 9 headers in 360 bytes (1 switches on core 0)
Oct 20 03:28:04.609586 dv-neutron-861842-1-hyperv devstack@n-api.service[102927]: DEBUG nova.api.openstack.wsgi [None req-ef6b81a5-4ae0-4650-90a7-746c63be6952 admin admin] Calling method '>' {{(pid=102927) _process_stack /opt/stack/nova/nova/api/openstack/wsgi.py:513}}
Oct 20 03:28:04.610597 dv-neutron-861842-1-hyperv devstack@n-api.service[102927]: INFO nova.api.openstack.requestlog [None req-ef6b81a5-4ae0-4650-90a7-746c63be6952 admin admin] 10.222.0.20 "GET /compute/v2.1" status: 200 len: 388 microversion: 2.1 time: 0.001841
Oct 20 03:28:04.611003 dv-neutron-861842-1-hyperv devstack@n-api.service[102927]: [pid: 102927|app: 0|req: 10/21] 10.222.0.20 () {54 vars in 930 bytes} [Thu Oct 20 03:28:04 2022] GET /compute/v2.1 => generated 388 bytes in 3 msecs (HTTP/1.1 200) 9 headers in 357 bytes (1 switches on core 0)
Oct 20 03:28:04.674675 dv-neutron-861842-1-hyperv devstack@n-api.service[102926]: DEBUG nova.api.openstack.wsgi [None req-04386507-3af1-4685-9e5e-de18c78edff4 admin admin] Action: 'create', calling method: >, body: {"flavor": {"ram": 512, "OS-FLV-EXT-DATA:ephemeral": 0, "name": "m1.tiny", "os-flavor-access:is_public": true, "swap": 0, "vcpus": 1, "disk": 1, "id": "1", "rxtx_factor": 1.0}} {{(pid=102926) _process_stack /opt/stack/nova/nova/api/openstack/wsgi.py:511}}
Oct 20 03:28:04.698058 dv-neutron-861842-1-hyperv devstack@n-api.service[102926]: INFO nova.api.openstack.requestlog [None req-04386507-3af1-4685-9e5e-de18c78edff4 admin admin] 10.222.0.20 "POST /compute/v2.1/flavors" status: 200 len: 402 microversion: 2.61 time: 0.080055
Oct 20 03:28:04.699030 dv-neutron-861842-1-hyperv devstack@n-api.service[102926]: [pid: 102926|app: 0|req: 12/22] 10.222.0.20 () {64 vars in 1282 bytes} [Thu Oct 20 03:28:04 2022] POST /compute/v2.1/flavors => generated 402 bytes in 82 msecs (HTTP/1.1 200) 9 headers in 359 bytes (1 switches on core 0)
Oct 20 03:28:04.713146 dv-neutron-861842-1-hyperv devstack@n-api.service[102927]: DEBUG nova.api.openstack.wsgi [None req-59067ed4-d070-4ee5-b6cd-786688c91a3e admin admin] Action: 'create', calling method: >, body: {"extra_specs": {"hw_rng:allowed": "True"}} {{(pid=102927) _process_stack /opt/stack/nova/nova/api/openstack/wsgi.py:511}}
Oct 20 03:28:04.738318 dv-neutron-861842-1-hyperv devstack@n-api.service[102927]: INFO nova.api.openstack.requestlog [None req-59067ed4-d070-4ee5-b6cd-786688c91a3e admin admin] 10.222.0.20 "POST /compute/v2.1/flavors/1/os-extra_specs" status: 200 len: 43 microversion: 2.61 time: 0.028875
Oct 20 03:28:04.739247 dv-neutron-861842-1-hyperv devstack@n-api.service[102927]: [pid: 102927|app: 0|req: 11/23] 10.222.0.20 () {64 vars in 1332 bytes} [Thu Oct 20 03:28:04 2022] POST /compute/v2.1/flavors/1/os-extra_specs => generated 43 bytes in 31 msecs (HTTP/1.1 200) 9 headers in 358 bytes (1 switches on core 0)
Oct 20 03:28:07.037663 dv-neutron-861842-1-hyperv devstack@n-api.service[102926]: DEBUG nova.api.openstack.wsgi [None req-04386507-3af1-4685-9e5e-de18c78edff4 admin admin] Calling method '>' {{(pid=102926) _process_stack /opt/stack/nova/nova/api/openstack/wsgi.py:513}}
Oct 20 03:28:07.038740 dv-neutron-861842-1-hyperv devstack@n-api.service[102926]: INFO nova.api.openstack.requestlog [None req-04386507-3af1-4685-9e5e-de18c78edff4 admin admin] 10.222.0.20 "GET /compute/v2.1" status: 200 len: 388 microversion: 2.1 time: 0.001546
Oct 20 03:28:07.039166 dv-neutron-861842-1-hyperv devstack@n-api.service[102926]: [pid: 102926|app: 0|req: 13/24] 10.222.0.20 () {54 vars in 930 bytes} [Thu Oct 20 03:28:07 2022] GET /compute/v2.1 => generated 388 bytes in 3 msecs (HTTP/1.1 200) 9 headers in 357 bytes (1 switches on core 0)
Oct 20 03:28:07.110705 dv-neutron-861842-1-hyperv devstack@n-api.service[102927]: DEBUG nova.api.openstack.wsgi [None req-5c348868-0c13-4081-8533-32530a171543 admin admin] Action: 'create', calling method: >, body: {"flavor": {"swap": 0, "name": "m1.small", "rxtx_factor": 1.0, "disk": 20, "os-flavor-access:is_public": true, "ram": 2048, "vcpus": 1, "OS-FLV-EXT-DATA:ephemeral": 0, "id": "2"}} {{(pid=102927) _process_stack /opt/stack/nova/nova/api/openstack/wsgi.py:511}}
Oct 20 03:28:07.128292 dv-neutron-861842-1-hyperv devstack@n-api.service[102927]: INFO nova.api.openstack.requestlog [None req-5c348868-0c13-4081-8533-32530a171543 admin admin] 10.222.0.20 "POST /compute/v2.1/flavors" status: 200 len: 405 microversion: 2.61 time: 0.082594
Oct 20 03:28:07.128858 dv-neutron-861842-1-hyperv devstack@n-api.service[102927]: [pid: 102927|app: 0|req: 12/25] 10.222.0.20 () {64 vars in 1282 bytes} [Thu Oct 20 03:28:07 2022] POST /compute/v2.1/flavors => generated 405 bytes in 84 msecs (HTTP/1.1 200) 9 headers in 359 bytes (1 switches on core 0)
Oct 20 03:28:07.141493 dv-neutron-861842-1-hyperv devstack@n-api.service[102926]: DEBUG nova.api.openstack.wsgi [None req-aadcb014-f626-43e5-aa75-7aa9d9f43d90 admin admin] Action: 'create', calling method: >, body: {"extra_specs": {"hw_rng:allowed": "True"}} {{(pid=102926) _process_stack /opt/stack/nova/nova/api/openstack/wsgi.py:511}}
Oct 20 03:28:07.164203 dv-neutron-861842-1-hyperv devstack@n-api.service[102926]: INFO nova.api.openstack.requestlog [None req-aadcb014-f626-43e5-aa75-7aa9d9f43d90 admin admin] 10.222.0.20 "POST /compute/v2.1/flavors/2/os-extra_specs" status: 200 len: 43 microversion: 2.61 time: 0.026439
Oct 20 03:28:07.164800 dv-neutron-861842-1-hyperv devstack@n-api.service[102926]: [pid: 102926|app: 0|req: 14/26] 10.222.0.20 () {64 vars in 1332 bytes} [Thu Oct 20 03:28:07 2022] POST /compute/v2.1/flavors/2/os-extra_specs => generated 43 bytes in 28 msecs (HTTP/1.1 200) 9 headers in 358 bytes (2 switches on core 0)
Oct 20 03:28:09.481275 dv-neutron-861842-1-hyperv devstack@n-api.service[102927]: DEBUG nova.api.openstack.wsgi [None req-5c348868-0c13-4081-8533-32530a171543 admin admin] Calling method '>' {{(pid=102927) _process_stack /opt/stack/nova/nova/api/openstack/wsgi.py:513}}
Oct 20 03:28:09.482280 dv-neutron-861842-1-hyperv devstack@n-api.service[102927]: INFO nova.api.openstack.requestlog [None req-5c348868-0c13-4081-8533-32530a171543 admin admin] 10.222.0.20 "GET /compute/v2.1" status: 200 len: 388 microversion: 2.1 time: 0.001453
Oct 20 03:28:09.482691 dv-neutron-861842-1-hyperv devstack@n-api.service[102927]: [pid: 102927|app: 0|req: 13/27] 10.222.0.20 () {54 vars in 930 bytes} [Thu Oct 20 03:28:09 2022] GET /compute/v2.1 => generated 388 bytes in 2 msecs (HTTP/1.1 200) 9 headers in 357 bytes (1 switches on core 0)
Oct 20 03:28:09.553376 dv-neutron-861842-1-hyperv devstack@n-api.service[102926]: DEBUG nova.api.openstack.wsgi [None req-5bfc23ff-2191-48a4-ba0e-75a6736993bc admin admin] Action: 'create', calling method: >, body: {"flavor": {"os-flavor-access:is_public": true, "swap": 0, "name": "m1.medium", "id": "3", "vcpus": 2, "rxtx_factor": 1.0, "OS-FLV-EXT-DATA:ephemeral": 0, "disk": 40, "ram": 4096}} {{(pid=102926) _process_stack /opt/stack/nova/nova/api/openstack/wsgi.py:511}}
Oct 20 03:28:09.572150 dv-neutron-861842-1-hyperv devstack@n-api.service[102926]: INFO nova.api.openstack.requestlog [None req-5bfc23ff-2191-48a4-ba0e-75a6736993bc admin admin] 10.222.0.20 "POST /compute/v2.1/flavors" status: 200 len: 406 microversion: 2.61 time: 0.082807
Oct 20 03:28:09.572718 dv-neutron-861842-1-hyperv devstack@n-api.service[102926]: [pid: 102926|app: 0|req: 15/28] 10.222.0.20 () {64 vars in 1282 bytes} [Thu Oct 20 03:28:09 2022] POST /compute/v2.1/flavors => generated 406 bytes in 84 msecs (HTTP/1.1 200) 9 headers in 359 bytes (1 switches on core 0)
Oct 20 03:28:09.587226 dv-neutron-861842-1-hyperv devstack@n-api.service[102927]: DEBUG nova.api.openstack.wsgi [None req-0fdad475-216b-44de-be47-9285371b9a63 admin admin] Action: 'create', calling method: >, body: {"extra_specs": {"hw_rng:allowed": "True"}} {{(pid=102927) _process_stack /opt/stack/nova/nova/api/openstack/wsgi.py:511}}
Oct 20 03:28:09.612864 dv-neutron-861842-1-hyperv devstack@n-api.service[102927]: INFO nova.api.openstack.requestlog [None req-0fdad475-216b-44de-be47-9285371b9a63 admin admin] 10.222.0.20 "POST /compute/v2.1/flavors/3/os-extra_specs" status: 200 len: 43 microversion: 2.61 time: 0.030453
Oct 20 03:28:09.613634 dv-neutron-861842-1-hyperv devstack@n-api.service[102927]: [pid: 102927|app: 0|req: 14/29] 10.222.0.20 () {64 vars in 1332 bytes} [Thu Oct 20 03:28:09 2022] POST /compute/v2.1/flavors/3/os-extra_specs => generated 43 bytes in 32 msecs (HTTP/1.1 200) 9 headers in 358 bytes (1 switches on core 0)
Oct 20 03:28:11.874739 dv-neutron-861842-1-hyperv devstack@n-api.service[102926]: DEBUG nova.api.openstack.wsgi [None req-5bfc23ff-2191-48a4-ba0e-75a6736993bc admin admin] Calling method '>' {{(pid=102926) _process_stack /opt/stack/nova/nova/api/openstack/wsgi.py:513}}
Oct 20 03:28:11.875736 dv-neutron-861842-1-hyperv devstack@n-api.service[102926]: INFO nova.api.openstack.requestlog [None req-5bfc23ff-2191-48a4-ba0e-75a6736993bc admin admin] 10.222.0.20 "GET /compute/v2.1" status: 200 len: 388 microversion: 2.1 time: 0.001441
Oct 20 03:28:11.876310 dv-neutron-861842-1-hyperv devstack@n-api.service[102926]: [pid: 102926|app: 0|req: 16/30] 10.222.0.20 () {54 vars in 930 bytes} [Thu Oct 20 03:28:11 2022] GET /compute/v2.1 => generated 388 bytes in 3 msecs (HTTP/1.1 200) 9 headers in 357 bytes (1 switches on core 0)
Oct 20 03:28:11.933031 dv-neutron-861842-1-hyperv devstack@n-api.service[102927]: DEBUG nova.api.openstack.wsgi [None req-2f6a0d7e-4282-49d8-9ed5-587eb1727211 admin admin] Action: 'create', calling method: >, body: {"flavor": {"name": "m1.large", "id": "4", "vcpus": 4, "ram": 8192, "disk": 80, "swap": 0, "rxtx_factor": 1.0, "os-flavor-access:is_public": true, "OS-FLV-EXT-DATA:ephemeral": 0}} {{(pid=102927) _process_stack /opt/stack/nova/nova/api/openstack/wsgi.py:511}}
Oct 20 03:28:11.950167 dv-neutron-861842-1-hyperv devstack@n-api.service[102927]: INFO nova.api.openstack.requestlog [None req-2f6a0d7e-4282-49d8-9ed5-587eb1727211 admin admin] 10.222.0.20 "POST /compute/v2.1/flavors" status: 200 len: 405 microversion: 2.61 time: 0.067897
Oct 20 03:28:11.950712 dv-neutron-861842-1-hyperv devstack@n-api.service[102927]: [pid: 102927|app: 0|req: 15/31] 10.222.0.20 () {64 vars in 1282 bytes} [Thu Oct 20 03:28:11 2022] POST /compute/v2.1/flavors => generated 405 bytes in 69 msecs (HTTP/1.1 200) 9 headers in 359 bytes (1 switches on core 0)
Oct 20 03:28:11.963175 dv-neutron-861842-1-hyperv devstack@n-api.service[102926]: DEBUG nova.api.openstack.wsgi [None req-c428dde4-c9b3-443c-bf6b-3d1309216129 admin admin] Action: 'create', calling method: >, body: {"extra_specs": {"hw_rng:allowed": "True"}} {{(pid=102926) _process_stack /opt/stack/nova/nova/api/openstack/wsgi.py:511}}
Oct 20 03:28:11.985603 dv-neutron-861842-1-hyperv devstack@n-api.service[102926]: INFO nova.api.openstack.requestlog [None req-c428dde4-c9b3-443c-bf6b-3d1309216129 admin admin] 10.222.0.20 "POST /compute/v2.1/flavors/4/os-extra_specs" status: 200 len: 43 microversion: 2.61 time: 0.025949
Oct 20 03:28:11.986171 dv-neutron-861842-1-hyperv devstack@n-api.service[102926]: [pid: 102926|app: 0|req: 17/32] 10.222.0.20 () {64 vars in 1332 bytes} [Thu Oct 20 03:28:11 2022] POST /compute/v2.1/flavors/4/os-extra_specs => generated 43 bytes in 27 msecs (HTTP/1.1 200) 9 headers in 358 bytes (1 switches on core 0)
Oct 20 03:28:14.242416 dv-neutron-861842-1-hyperv devstack@n-api.service[102927]: DEBUG nova.api.openstack.wsgi [None req-2f6a0d7e-4282-49d8-9ed5-587eb1727211 admin admin] Calling method '>' {{(pid=102927) _process_stack /opt/stack/nova/nova/api/openstack/wsgi.py:513}}
Oct 20 03:28:14.243424 dv-neutron-861842-1-hyperv devstack@n-api.service[102927]: INFO nova.api.openstack.requestlog [None req-2f6a0d7e-4282-49d8-9ed5-587eb1727211 admin admin] 10.222.0.20 "GET /compute/v2.1" status: 200 len: 388 microversion: 2.1 time: 0.001421
Oct 20 03:28:14.243833 dv-neutron-861842-1-hyperv devstack@n-api.service[102927]: [pid: 102927|app: 0|req: 16/33] 10.222.0.20 () {54 vars in 930 bytes} [Thu Oct 20 03:28:14 2022] GET /compute/v2.1 => generated 388 bytes in 2 msecs (HTTP/1.1 200) 9 headers in 357 bytes (1 switches on core 0)
Oct 20 03:28:14.305516 dv-neutron-861842-1-hyperv devstack@n-api.service[102926]: DEBUG nova.api.openstack.wsgi [None req-e40c224f-417a-4269-ae22-825a122fe149 admin admin] Action: 'create', calling method: >, body: {"flavor": {"vcpus": 8, "os-flavor-access:is_public": true, "swap": 0, "ram": 16384, "id": "5", "rxtx_factor": 1.0, "OS-FLV-EXT-DATA:ephemeral": 0, "name": "m1.xlarge", "disk": 160}} {{(pid=102926) _process_stack /opt/stack/nova/nova/api/openstack/wsgi.py:511}}
Oct 20 03:28:14.327526 dv-neutron-861842-1-hyperv devstack@n-api.service[102926]: INFO nova.api.openstack.requestlog [None req-e40c224f-417a-4269-ae22-825a122fe149 admin admin] 10.222.0.20 "POST /compute/v2.1/flavors" status: 200 len: 408 microversion: 2.61 time: 0.076763
Oct 20 03:28:14.328090 dv-neutron-861842-1-hyperv devstack@n-api.service[102926]: [pid: 102926|app: 0|req: 18/34] 10.222.0.20 () {64 vars in 1282 bytes} [Thu Oct 20 03:28:14 2022] POST /compute/v2.1/flavors => generated 408 bytes in 78 msecs (HTTP/1.1 200) 9 headers in 359 bytes (1 switches on core 0)
Oct 20 03:28:14.340946 dv-neutron-861842-1-hyperv devstack@n-api.service[102927]: DEBUG nova.api.openstack.wsgi [None req-7e74b223-70d1-4c50-8a1a-c26ea5484eab admin admin] Action: 'create', calling method: >, body: {"extra_specs": {"hw_rng:allowed": "True"}} {{(pid=102927) _process_stack /opt/stack/nova/nova/api/openstack/wsgi.py:511}}
Oct 20 03:28:14.364517 dv-neutron-861842-1-hyperv devstack@n-api.service[102927]: INFO nova.api.openstack.requestlog [None req-7e74b223-70d1-4c50-8a1a-c26ea5484eab admin admin] 10.222.0.20 "POST /compute/v2.1/flavors/5/os-extra_specs" status: 200 len: 43 microversion: 2.61 time: 0.027477
Oct 20 03:28:14.365083 dv-neutron-861842-1-hyperv devstack@n-api.service[102927]: [pid: 102927|app: 0|req: 17/35] 10.222.0.20 () {64 vars in 1332 bytes} [Thu Oct 20 03:28:14 2022] POST /compute/v2.1/flavors/5/os-extra_specs => generated 43 bytes in 29 msecs (HTTP/1.1 200) 9 headers in 358 bytes (1 switches on core 0)
Oct 20 03:28:58.177183 dv-neutron-861842-1-hyperv devstack@n-api.service[102926]: DEBUG nova.api.openstack.wsgi [None req-e40c224f-417a-4269-ae22-825a122fe149 admin admin] Calling method '>' {{(pid=102926) _process_stack /opt/stack/nova/nova/api/openstack/wsgi.py:513}}
Oct 20 03:28:58.178189 dv-neutron-861842-1-hyperv devstack@n-api.service[102926]: INFO nova.api.openstack.requestlog [None req-e40c224f-417a-4269-ae22-825a122fe149 admin admin] 10.222.0.20 "GET /compute/v2.1" status: 200 len: 388 microversion: 2.1 time: 0.001464
Oct 20 03:28:58.178589 dv-neutron-861842-1-hyperv devstack@n-api.service[102926]: [pid: 102926|app: 0|req: 19/36] 10.222.0.20 () {54 vars in 930 bytes} [Thu Oct 20 03:28:58 2022] GET /compute/v2.1 => generated 388 bytes in 2 msecs (HTTP/1.1 200) 9 headers in 357 bytes (2 switches on core 0)
Oct 20 03:28:58.236205 dv-neutron-861842-1-hyperv devstack@n-api.service[102927]: DEBUG nova.api.openstack.wsgi [None req-f515f049-ab78-4c28-9172-4f320ea18016 admin admin] Calling method '>' {{(pid=102927) _process_stack /opt/stack/nova/nova/api/openstack/wsgi.py:513}}
Oct 20 03:28:58.253485 dv-neutron-861842-1-hyperv devstack@n-api.service[102927]: INFO nova.api.openstack.requestlog [None req-f515f049-ab78-4c28-9172-4f320ea18016 admin admin] 10.222.0.20 "GET /compute/v2.1/flavors/detail?is_public=True" status: 200 len: 4202 microversion: 2.61 time: 0.067775
Oct 20 03:28:58.254029 dv-neutron-861842-1-hyperv devstack@n-api.service[102927]: [pid: 102927|app: 0|req: 18/37] 10.222.0.20 () {60 vars in 1291 bytes} [Thu Oct 20 03:28:58 2022] GET /compute/v2.1/flavors/detail?is_public=True => generated 4202 bytes in 69 msecs (HTTP/1.1 200) 9 headers in 360 bytes (1 switches on core 0)
Oct 20 03:28:59.731918 dv-neutron-861842-1-hyperv devstack@n-api.service[102926]: DEBUG nova.api.openstack.wsgi [None req-e40c224f-417a-4269-ae22-825a122fe149 admin admin] Calling method '>' {{(pid=102926) _process_stack /opt/stack/nova/nova/api/openstack/wsgi.py:513}}
