File "/usr/local/lib/python3.8/dist-packages/flask/app.py", line 1820, in full_dispatch_request
Oct 19 08:32:40.259724 dv-neutron-861828-1-hyperv devstack@keystone.service[88602]: ERROR keystone.server.flask.application rv = self.dispatch_request()
Oct 19 08:32:40.259724 dv-neutron-861828-1-hyperv devstack@keystone.service[88602]: ERROR keystone.server.flask.application
File "/usr/local/lib/python3.8/dist-packages/flask/app.py", line 1796, in dispatch_request
Oct 19 08:32:40.259724 dv-neutron-861828-1-hyperv devstack@keystone.service[88602]: ERROR keystone.server.flask.application return self.ensure_sync(self.view_functions[rule.endpoint])(**view_args)
Oct 19 08:32:40.259724 dv-neutron-861828-1-hyperv devstack@keystone.service[88602]: ERROR keystone.server.flask.application
File "/usr/local/lib/python3.8/dist-packages/flask_restful/__init__.py", line 467, in wrapper
Oct 19 08:32:40.259724 dv-neutron-861828-1-hyperv devstack@keystone.service[88602]: ERROR keystone.server.flask.application resp = resource(*args, **kwargs)
Oct 19 08:32:40.259724 dv-neutron-861828-1-hyperv devstack@keystone.service[88602]: ERROR keystone.server.flask.application
File "/usr/local/lib/python3.8/dist-packages/flask/views.py", line 107, in view
Oct 19 08:32:40.259724 dv-neutron-861828-1-hyperv devstack@keystone.service[88602]: ERROR keystone.server.flask.application return current_app.ensure_sync(self.dispatch_request)(**kwargs)
Oct 19 08:32:40.259724 dv-neutron-861828-1-hyperv devstack@keystone.service[88602]: ERROR keystone.server.flask.application
File "/usr/local/lib/python3.8/dist-packages/flask_restful/__init__.py", line 582, in dispatch_request
Oct 19 08:32:40.259724 dv-neutron-861828-1-hyperv devstack@keystone.service[88602]: ERROR keystone.server.flask.application resp = meth(*args, **kwargs)
Oct 19 08:32:40.259724 dv-neutron-861828-1-hyperv devstack@keystone.service[88602]: ERROR keystone.server.flask.application
File "/opt/stack/keystone/keystone/api/roles.py", line 50, in get
Oct 19 08:32:40.259724 dv-neutron-861828-1-hyperv devstack@keystone.service[88602]: ERROR keystone.server.flask.application return self._get_role(role_id)
Oct 19 08:32:40.259724 dv-neutron-861828-1-hyperv devstack@keystone.service[88602]: ERROR keystone.server.flask.application
File "/opt/stack/keystone/keystone/api/roles.py", line 70, in _get_role
Oct 19 08:32:40.259724 dv-neutron-861828-1-hyperv devstack@keystone.service[88602]: ERROR keystone.server.flask.application ENFORCER.enforce_call(action='identity:get_role')
Oct 19 08:32:40.265249 dv-neutron-861828-1-hyperv devstack@keystone.service[88602]: ERROR keystone.server.flask.application
File "/opt/stack/keystone/keystone/common/rbac_enforcer/enforcer.py", line 402, in enforce_call
Oct 19 08:32:40.265249 dv-neutron-861828-1-hyperv devstack@keystone.service[88602]: ERROR keystone.server.flask.application policy_dict.update(cls._extract_member_target_data(
Oct 19 08:32:40.265249 dv-neutron-861828-1-hyperv devstack@keystone.service[88602]: ERROR keystone.server.flask.application
File "/opt/stack/keystone/keystone/common/rbac_enforcer/enforcer.py", line 234, in _extract_member_target_data
Oct 19 08:32:40.265249 dv-neutron-861828-1-hyperv devstack@keystone.service[88602]: ERROR keystone.server.flask.application member_name: func(flask.request.view_args[key])
Oct 19 08:32:40.265249 dv-neutron-861828-1-hyperv devstack@keystone.service[88602]: ERROR keystone.server.flask.application
File "/opt/stack/keystone/keystone/common/manager.py", line 115, in wrapped
Oct 19 08:32:40.265249 dv-neutron-861828-1-hyperv devstack@keystone.service[88602]: ERROR keystone.server.flask.application __ret_val = __f(*args, **kwargs)
Oct 19 08:32:40.265249 dv-neutron-861828-1-hyperv devstack@keystone.service[88602]: ERROR keystone.server.flask.application
File "/usr/local/lib/python3.8/dist-packages/decorator.py", line 232, in fun
Oct 19 08:32:40.265249 dv-neutron-861828-1-hyperv devstack@keystone.service[88602]: ERROR keystone.server.flask.application return caller(func, *(extras + args), **kw)
Oct 19 08:32:40.265249 dv-neutron-861828-1-hyperv devstack@keystone.service[88602]: ERROR keystone.server.flask.application
File "/usr/local/lib/python3.8/dist-packages/dogpile/cache/region.py", line 1577, in get_or_create_for_user_func
Oct 19 08:32:40.265249 dv-neutron-861828-1-hyperv devstack@keystone.service[88602]: ERROR keystone.server.flask.application return self.get_or_create(
Oct 19 08:32:40.265249 dv-neutron-861828-1-hyperv devstack@keystone.service[88602]: ERROR keystone.server.flask.application
File "/usr/local/lib/python3.8/dist-packages/dogpile/cache/region.py", line 1042, in get_or_create
Oct 19 08:32:40.265249 dv-neutron-861828-1-hyperv devstack@keystone.service[88602]: ERROR keystone.server.flask.application with Lock(
Oct 19 08:32:40.265249 dv-neutron-861828-1-hyperv devstack@keystone.service[88602]: ERROR keystone.server.flask.application
File "/usr/local/lib/python3.8/dist-packages/dogpile/lock.py", line 185, in __enter__
Oct 19 08:32:40.265249 dv-neutron-861828-1-hyperv devstack@keystone.service[88602]: ERROR keystone.server.flask.application return self._enter()
Oct 19 08:32:40.265249 dv-neutron-861828-1-hyperv devstack@keystone.service[88602]: ERROR keystone.server.flask.application
File "/usr/local/lib/python3.8/dist-packages/dogpile/lock.py", line 94, in _enter
Oct 19 08:32:40.265249 dv-neutron-861828-1-hyperv devstack@keystone.service[88602]: ERROR keystone.server.flask.application generated = self._enter_create(value, createdtime)
Oct 19 08:32:40.266053 dv-neutron-861828-1-hyperv devstack@keystone.service[88602]: ERROR keystone.server.flask.application
File "/usr/local/lib/python3.8/dist-packages/dogpile/lock.py", line 178, in _enter_create
Oct 19 08:32:40.266053 dv-neutron-861828-1-hyperv devstack@keystone.service[88602]: ERROR keystone.server.flask.application return self.creator()
Oct 19 08:32:40.266053 dv-neutron-861828-1-hyperv devstack@keystone.service[88602]: ERROR keystone.server.flask.application
File "/usr/local/lib/python3.8/dist-packages/dogpile/cache/region.py", line 995, in gen_value
Oct 19 08:32:40.266053 dv-neutron-861828-1-hyperv devstack@keystone.service[88602]: ERROR keystone.server.flask.application created_value = creator(
Oct 19 08:32:40.266053 dv-neutron-861828-1-hyperv devstack@keystone.service[88602]: ERROR keystone.server.flask.application
File "/opt/stack/keystone/keystone/assignment/core.py", line 1276, in get_role
Oct 19 08:32:40.266053 dv-neutron-861828-1-hyperv devstack@keystone.service[88602]: ERROR keystone.server.flask.application return self.driver.get_role(role_id)
Oct 19 08:32:40.266053 dv-neutron-861828-1-hyperv devstack@keystone.service[88602]: ERROR keystone.server.flask.application
File "/opt/stack/keystone/keystone/assignment/role_backends/sql.py", line 70, in get_role
Oct 19 08:32:40.266053 dv-neutron-861828-1-hyperv devstack@keystone.service[88602]: ERROR keystone.server.flask.application return self._get_role(session, role_id).to_dict()
Oct 19 08:32:40.266053 dv-neutron-861828-1-hyperv devstack@keystone.service[88602]: ERROR keystone.server.flask.application
File "/opt/stack/keystone/keystone/assignment/role_backends/sql.py", line 65, in _get_role
Oct 19 08:32:40.266053 dv-neutron-861828-1-hyperv devstack@keystone.service[88602]: ERROR keystone.server.flask.application raise exception.RoleNotFound(role_id=role_id)
Oct 19 08:32:40.266053 dv-neutron-861828-1-hyperv devstack@keystone.service[88602]: ERROR keystone.server.flask.application keystone.exception.RoleNotFound: Could not find role: admin.
Oct 19 08:32:40.266053 dv-neutron-861828-1-hyperv devstack@keystone.service[88602]: ERROR keystone.server.flask.application
Oct 19 08:32:40.266053 dv-neutron-861828-1-hyperv devstack@keystone.service[88602]: [pid: 88602|app: 0|req: 88/171] 10.222.0.25 () {56 vars in 1096 bytes} [Wed Oct 19 08:32:40 2022] GET /identity/v3/roles/admin => generated 83 bytes in 153 msecs (HTTP/1.1 404) 5 headers in 183 bytes (1 switches on core 0)
Oct 19 08:32:40.266053 dv-neutron-861828-1-hyperv devstack@keystone.service[88602]: DEBUG keystone.server.flask.request_processing.middleware.auth_context [None req-71034c98-7510-457e-8cce-93564c9b8908 None admin] Authenticating user token {{(pid=88602) process_request /usr/local/lib/python3.8/dist-packages/keystonemiddleware/auth_token/__init__.py:407}}
Oct 19 08:32:40.267559 dv-neutron-861828-1-hyperv devstack@keystone.service[88601]: [pid: 88601|app: 0|req: 84/172] 10.222.0.25 () {60 vars in 1132 bytes} [Wed Oct 19 08:32:40 2022] POST /identity/v3/users => generated 297 bytes in 231 msecs (HTTP/1.1 201) 5 headers in 182 bytes (1 switches on core 0)
Oct 19 08:32:40.268563 dv-neutron-861828-1-hyperv devstack@keystone.service[88601]: DEBUG keystone.server.flask.request_processing.middleware.auth_context [None req-0ecc676b-c82b-43cc-9b0c-89d22cc79205 None admin] Authenticating user token {{(pid=88601) process_request /usr/local/lib/python3.8/dist-packages/keystonemiddleware/auth_token/__init__.py:407}}
Oct 19 08:32:40.350690 dv-neutron-861828-1-hyperv devstack@keystone.service[88601]: DEBUG dbcounter [-] [88601] Writing DB stats keystone:SELECT=97,keystone:INSERT=3 {{(pid=88601) stat_writer /usr/local/lib/python3.8/dist-packages/dbcounter.py:114}}
Oct 19 08:32:40.379964 dv-neutron-861828-1-hyperv devstack@keystone.service[88602]: DEBUG keystone.server.flask.request_processing.middleware.auth_context [None req-71034c98-7510-457e-8cce-93564c9b8908 None admin] Validating token access rules against request {{(pid=88602) validate_allowed_request /usr/local/lib/python3.8/dist-packages/keystonemiddleware/auth_token/__init__.py:545}}
Oct 19 08:32:40.383836 dv-neutron-861828-1-hyperv devstack@keystone.service[88601]: DEBUG keystone.server.flask.request_processing.middleware.auth_context [None req-0ecc676b-c82b-43cc-9b0c-89d22cc79205 None admin] Validating token access rules against request {{(pid=88601) validate_allowed_request /usr/local/lib/python3.8/dist-packages/keystonemiddleware/auth_token/__init__.py:545}}
Oct 19 08:32:40.410886 dv-neutron-861828-1-hyperv devstack@keystone.service[88602]: DEBUG dbcounter [-] [88602] Writing DB stats keystone:SELECT=100 {{(pid=88602) stat_writer /usr/local/lib/python3.8/dist-packages/dbcounter.py:114}}
Oct 19 08:32:40.420926 dv-neutron-861828-1-hyperv devstack@keystone.service[88601]: DEBUG keystone.server.flask.request_processing.middleware.auth_context [None req-40354fd0-4034-4adb-b7fe-d3b6699bb22d None admin] RBAC: auth_context: {'token': , 'domain_id': None, 'trust_id': None, 'trustor_id': None, 'trustee_id': None, 'domain_name': None, 'group_ids': [], 'user_id': '8c3115127ebf4e528295e24824b43c48', 'user_domain_id': 'default', 'system_scope': 'all', 'project_id': None, 'project_domain_id': None, 'roles': ['admin', 'member', 'reader'], 'is_admin_project': True, 'service_user_id': None, 'service_user_domain_id': None, 'service_project_id': None, 'service_project_domain_id': None, 'service_roles': []} {{(pid=88601) fill_context /opt/stack/keystone/keystone/server/flask/request_processing/middleware/auth_context.py:478}}
Oct 19 08:32:40.421588 dv-neutron-861828-1-hyperv devstack@keystone.service[88601]: DEBUG keystone.server.flask.request_processing.req_logging [None req-40354fd0-4034-4adb-b7fe-d3b6699bb22d None admin] REQUEST_METHOD: `GET` {{(pid=88601) log_request_info /opt/stack/keystone/keystone/server/flask/request_processing/req_logging.py:27}}
Oct 19 08:32:40.421867 dv-neutron-861828-1-hyperv devstack@keystone.service[88601]: DEBUG keystone.server.flask.request_processing.req_logging [None req-40354fd0-4034-4adb-b7fe-d3b6699bb22d None admin] SCRIPT_NAME: `/identity` {{(pid=88601) log_request_info /opt/stack/keystone/keystone/server/flask/request_processing/req_logging.py:28}}
Oct 19 08:32:40.422139 dv-neutron-861828-1-hyperv devstack@keystone.service[88601]: DEBUG keystone.server.flask.request_processing.req_logging [None req-40354fd0-4034-4adb-b7fe-d3b6699bb22d None admin] PATH_INFO: `/v3/users/10bee50e894a4607960784e5a0fc86f3` {{(pid=88601) log_request_info /opt/stack/keystone/keystone/server/flask/request_processing/req_logging.py:29}}
Oct 19 08:32:40.424372 dv-neutron-861828-1-hyperv devstack@keystone.service[88602]: DEBUG keystone.server.flask.request_processing.middleware.auth_context [None req-3508f462-a0d5-4cfd-a932-73bc2d8a676b None admin] RBAC: auth_context: {'token': , 'domain_id': None, 'trust_id': None, 'trustor_id': None, 'trustee_id': None, 'domain_name': None, 'group_ids': [], 'user_id': '8c3115127ebf4e528295e24824b43c48', 'user_domain_id': 'default', 'system_scope': 'all', 'project_id': None, 'project_domain_id': None, 'roles': ['admin', 'member', 'reader'], 'is_admin_project': True, 'service_user_id': None, 'service_user_domain_id': None, 'service_project_id': None, 'service_project_domain_id': None, 'service_roles': []} {{(pid=88602) fill_context /opt/stack/keystone/keystone/server/flask/request_processing/middleware/auth_context.py:478}}
Oct 19 08:32:40.425048 dv-neutron-861828-1-hyperv devstack@keystone.service[88602]: DEBUG keystone.server.flask.request_processing.req_logging [None req-3508f462-a0d5-4cfd-a932-73bc2d8a676b None admin] REQUEST_METHOD: `GET` {{(pid=88602) log_request_info /opt/stack/keystone/keystone/server/flask/request_processing/req_logging.py:27}}
Oct 19 08:32:40.425330 dv-neutron-861828-1-hyperv devstack@keystone.service[88602]: DEBUG keystone.server.flask.request_processing.req_logging [None req-3508f462-a0d5-4cfd-a932-73bc2d8a676b None admin] SCRIPT_NAME: `/identity` {{(pid=88602) log_request_info /opt/stack/keystone/keystone/server/flask/request_processing/req_logging.py:28}}
Oct 19 08:32:40.426438 dv-neutron-861828-1-hyperv devstack@keystone.service[88602]: DEBUG keystone.server.flask.request_processing.req_logging [None req-3508f462-a0d5-4cfd-a932-73bc2d8a676b None admin] PATH_INFO: `/v3/roles/anotherrole` {{(pid=88602) log_request_info /opt/stack/keystone/keystone/server/flask/request_processing/req_logging.py:29}}
Oct 19 08:32:40.443780 dv-neutron-861828-1-hyperv devstack@keystone.service[88602]: DEBUG keystone.common.rbac_enforcer.enforcer [None req-3508f462-a0d5-4cfd-a932-73bc2d8a676b None admin] Extracting inferred target data resulted in "NOT FOUND (404)". {{(pid=88602) enforce_call /opt/stack/keystone/keystone/common/rbac_enforcer/enforcer.py:409}}
Oct 19 08:32:40.443970 dv-neutron-861828-1-hyperv devstack@keystone.service[88601]: DEBUG keystone.common.rbac_enforcer.enforcer [None req-40354fd0-4034-4adb-b7fe-d3b6699bb22d None admin] RBAC: Authorizing `identity:get_user(user_id=10bee50e894a4607960784e5a0fc86f3)` {{(pid=88601) enforce_call /opt/stack/keystone/keystone/common/rbac_enforcer/enforcer.py:449}}
Oct 19 08:32:40.443970 dv-neutron-861828-1-hyperv devstack@keystone.service[88601]: DEBUG keystone.common.rbac_enforcer.enforcer [None req-40354fd0-4034-4adb-b7fe-d3b6699bb22d None admin] RBAC: Authorization granted {{(pid=88601) enforce_call /opt/stack/keystone/keystone/common/rbac_enforcer/enforcer.py:457}}
Oct 19 08:32:40.444118 dv-neutron-861828-1-hyperv devstack@keystone.service[88602]: ERROR keystone.server.flask.application [None req-3508f462-a0d5-4cfd-a932-73bc2d8a676b None admin] Could not find role: anotherrole.: keystone.exception.RoleNotFound: Could not find role: anotherrole.
Oct 19 08:32:40.444118 dv-neutron-861828-1-hyperv devstack@keystone.service[88602]: ERROR keystone.server.flask.application
Traceback (most recent call last):
Oct 19 08:32:40.444118 dv-neutron-861828-1-hyperv devstack@keystone.service[88602]: ERROR keystone.server.flask.application
File "/usr/local/lib/python3.8/dist-packages/flask/app.py", line 1820, in full_dispatch_request
Oct 19 08:32:40.444118 dv-neutron-861828-1-hyperv devstack@keystone.service[88602]: ERROR keystone.server.flask.application rv = self.dispatch_request()
Oct 19 08:32:40.444118 dv-neutron-861828-1-hyperv devstack@keystone.service[88602]: ERROR keystone.server.flask.application
File "/usr/local/lib/python3.8/dist-packages/flask/app.py", line 1796, in dispatch_request
Oct 19 08:32:40.444118 dv-neutron-861828-1-hyperv devstack@keystone.service[88602]: ERROR keystone.server.flask.application return self.ensure_sync(self.view_functions[rule.endpoint])(**view_args)
Oct 19 08:32:40.444118 dv-neutron-861828-1-hyperv devstack@keystone.service[88602]: ERROR keystone.server.flask.application
File "/usr/local/lib/python3.8/dist-packages/flask_restful/__init__.py", line 467, in wrapper
Oct 19 08:32:40.444118 dv-neutron-861828-1-hyperv devstack@keystone.service[88602]: ERROR keystone.server.flask.application resp = resource(*args, **kwargs)
Oct 19 08:32:40.444118 dv-neutron-861828-1-hyperv devstack@keystone.service[88602]: ERROR keystone.server.flask.application
File "/usr/local/lib/python3.8/dist-packages/flask/views.py", line 107, in view
Oct 19 08:32:40.444118 dv-neutron-861828-1-hyperv devstack@keystone.service[88602]: ERROR keystone.server.flask.application return current_app.ensure_sync(self.dispatch_request)(**kwargs)
Oct 19 08:32:40.444118 dv-neutron-861828-1-hyperv devstack@keystone.service[88602]: ERROR keystone.server.flask.application
File "/usr/local/lib/python3.8/dist-packages/flask_restful/__init__.py", line 582, in dispatch_request
Oct 19 08:32:40.444118 dv-neutron-861828-1-hyperv devstack@keystone.service[88602]: ERROR keystone.server.flask.application resp = meth(*args, **kwargs)
Oct 19 08:32:40.444118 dv-neutron-861828-1-hyperv devstack@keystone.service[88602]: ERROR keystone.server.flask.application
File "/opt/stack/keystone/keystone/api/roles.py", line 50, in get
Oct 19 08:32:40.444118 dv-neutron-861828-1-hyperv devstack@keystone.service[88602]: ERROR keystone.server.flask.application return self._get_role(role_id)
Oct 19 08:32:40.444118 dv-neutron-861828-1-hyperv devstack@keystone.service[88602]: ERROR keystone.server.flask.application
File "/opt/stack/keystone/keystone/api/roles.py", line 70, in _get_role
Oct 19 08:32:40.444118 dv-neutron-861828-1-hyperv devstack@keystone.service[88602]: ERROR keystone.server.flask.application ENFORCER.enforce_call(action='identity:get_role')
Oct 19 08:32:40.444974 dv-neutron-861828-1-hyperv devstack@keystone.service[88602]: ERROR keystone.server.flask.application
File "/opt/stack/keystone/keystone/common/rbac_enforcer/enforcer.py", line 402, in enforce_call
Oct 19 08:32:40.444974 dv-neutron-861828-1-hyperv devstack@keystone.service[88602]: ERROR keystone.server.flask.application policy_dict.update(cls._extract_member_target_data(
Oct 19 08:32:40.444974 dv-neutron-861828-1-hyperv devstack@keystone.service[88602]: ERROR keystone.server.flask.application
File "/opt/stack/keystone/keystone/common/rbac_enforcer/enforcer.py", line 234, in _extract_member_target_data
Oct 19 08:32:40.444974 dv-neutron-861828-1-hyperv devstack@keystone.service[88602]: ERROR keystone.server.flask.application member_name: func(flask.request.view_args[key])
Oct 19 08:32:40.444974 dv-neutron-861828-1-hyperv devstack@keystone.service[88602]: ERROR keystone.server.flask.application
File "/opt/stack/keystone/keystone/common/manager.py", line 115, in wrapped
Oct 19 08:32:40.444974 dv-neutron-861828-1-hyperv devstack@keystone.service[88602]: ERROR keystone.server.flask.application __ret_val = __f(*args, **kwargs)
Oct 19 08:32:40.444974 dv-neutron-861828-1-hyperv devstack@keystone.service[88602]: ERROR keystone.server.flask.application
File "/usr/local/lib/python3.8/dist-packages/decorator.py", line 232, in fun
Oct 19 08:32:40.444974 dv-neutron-861828-1-hyperv devstack@keystone.service[88602]: ERROR keystone.server.flask.application return caller(func, *(extras + args), **kw)
Oct 19 08:32:40.444974 dv-neutron-861828-1-hyperv devstack@keystone.service[88602]: ERROR keystone.server.flask.application
File "/usr/local/lib/python3.8/dist-packages/dogpile/cache/region.py", line 1577, in get_or_create_for_user_func
Oct 19 08:32:40.444974 dv-neutron-861828-1-hyperv devstack@keystone.service[88602]: ERROR keystone.server.flask.application return self.get_or_create(
Oct 19 08:32:40.444974 dv-neutron-861828-1-hyperv devstack@keystone.service[88602]: ERROR keystone.server.flask.application
File "/usr/local/lib/python3.8/dist-packages/dogpile/cache/region.py", line 1042, in get_or_create
Oct 19 08:32:40.444974 dv-neutron-861828-1-hyperv devstack@keystone.service[88602]: ERROR keystone.server.flask.application with Lock(
Oct 19 08:32:40.444974 dv-neutron-861828-1-hyperv devstack@keystone.service[88602]: ERROR keystone.server.flask.application
File "/usr/local/lib/python3.8/dist-packages/dogpile/lock.py", line 185, in __enter__
Oct 19 08:32:40.444974 dv-neutron-861828-1-hyperv devstack@keystone.service[88602]: ERROR keystone.server.flask.application return self._enter()
Oct 19 08:32:40.444974 dv-neutron-861828-1-hyperv devstack@keystone.service[88602]: ERROR keystone.server.flask.application
File "/usr/local/lib/python3.8/dist-packages/dogpile/lock.py", line 94, in _enter
Oct 19 08:32:40.444974 dv-neutron-861828-1-hyperv devstack@keystone.service[88602]: ERROR keystone.server.flask.application generated = self._enter_create(value, createdtime)
Oct 19 08:32:40.445751 dv-neutron-861828-1-hyperv devstack@keystone.service[88602]: ERROR keystone.server.flask.application
File "/usr/local/lib/python3.8/dist-packages/dogpile/lock.py", line 178, in _enter_create
Oct 19 08:32:40.445751 dv-neutron-861828-1-hyperv devstack@keystone.service[88602]: ERROR keystone.server.flask.application return self.creator()
Oct 19 08:32:40.445751 dv-neutron-861828-1-hyperv devstack@keystone.service[88602]: ERROR keystone.server.flask.application
File "/usr/local/lib/python3.8/dist-packages/dogpile/cache/region.py", line 995, in gen_value
Oct 19 08:32:40.445751 dv-neutron-861828-1-hyperv devstack@keystone.service[88602]: ERROR keystone.server.flask.application created_value = creator(
Oct 19 08:32:40.445751 dv-neutron-861828-1-hyperv devstack@keystone.service[88602]: ERROR keystone.server.flask.application
File "/opt/stack/keystone/keystone/assignment/core.py", line 1276, in get_role
Oct 19 08:32:40.445751 dv-neutron-861828-1-hyperv devstack@keystone.service[88602]: ERROR keystone.server.flask.application return self.driver.get_role(role_id)
Oct 19 08:32:40.445751 dv-neutron-861828-1-hyperv devstack@keystone.service[88602]: ERROR keystone.server.flask.application
File "/opt/stack/keystone/keystone/assignment/role_backends/sql.py", line 70, in get_role
Oct 19 08:32:40.445751 dv-neutron-861828-1-hyperv devstack@keystone.service[88602]: ERROR keystone.server.flask.application return self._get_role(session, role_id).to_dict()
Oct 19 08:32:40.445751 dv-neutron-861828-1-hyperv devstack@keystone.service[88602]: ERROR keystone.server.flask.application
File "/opt/stack/keystone/keystone/assignment/role_backends/sql.py", line 65, in _get_role
Oct 19 08:32:40.445751 dv-neutron-861828-1-hyperv devstack@keystone.service[88602]: ERROR keystone.server.flask.application raise exception.RoleNotFound(role_id=role_id)
Oct 19 08:32:40.445751 dv-neutron-861828-1-hyperv devstack@keystone.service[88602]: ERROR keystone.server.flask.application keystone.exception.RoleNotFound: Could not find role: anotherrole.
Oct 19 08:32:40.445751 dv-neutron-861828-1-hyperv devstack@keystone.service[88602]: ERROR keystone.server.flask.application
Oct 19 08:32:40.446364 dv-neutron-861828-1-hyperv devstack@keystone.service[88601]: [pid: 88601|app: 0|req: 85/173] 10.222.0.25 () {56 vars in 1177 bytes} [Wed Oct 19 08:32:40 2022] GET /identity/v3/users/10bee50e894a4607960784e5a0fc86f3 => generated 297 bytes in 174 msecs (HTTP/1.1 200) 5 headers in 177 bytes (1 switches on core 0)
Oct 19 08:32:40.446364 dv-neutron-861828-1-hyperv devstack@keystone.service[88601]: DEBUG keystone.server.flask.request_processing.middleware.auth_context [None req-40354fd0-4034-4adb-b7fe-d3b6699bb22d None admin] Authenticating user token {{(pid=88601) process_request /usr/local/lib/python3.8/dist-packages/keystonemiddleware/auth_token/__init__.py:407}}
Oct 19 08:32:40.446494 dv-neutron-861828-1-hyperv devstack@keystone.service[88602]: [pid: 88602|app: 0|req: 89/174] 10.222.0.25 () {56 vars in 1114 bytes} [Wed Oct 19 08:32:40 2022] GET /identity/v3/roles/anotherrole => generated 89 bytes in 182 msecs (HTTP/1.1 404) 5 headers in 183 bytes (1 switches on core 0)
Oct 19 08:32:40.449511 dv-neutron-861828-1-hyperv devstack@keystone.service[88602]: DEBUG keystone.server.flask.request_processing.middleware.auth_context [None req-3508f462-a0d5-4cfd-a932-73bc2d8a676b None admin] Authenticating user token {{(pid=88602) process_request /usr/local/lib/python3.8/dist-packages/keystonemiddleware/auth_token/__init__.py:407}}
Oct 19 08:32:40.576614 dv-neutron-861828-1-hyperv devstack@keystone.service[88601]: DEBUG keystone.server.flask.request_processing.middleware.auth_context [None req-40354fd0-4034-4adb-b7fe-d3b6699bb22d None admin] Validating token access rules against request {{(pid=88601) validate_allowed_request /usr/local/lib/python3.8/dist-packages/keystonemiddleware/auth_token/__init__.py:545}}
Oct 19 08:32:40.577900 dv-neutron-861828-1-hyperv devstack@keystone.service[88602]: DEBUG keystone.server.flask.request_processing.middleware.auth_context [None req-3508f462-a0d5-4cfd-a932-73bc2d8a676b None admin] Validating token access rules against request {{(pid=88602) validate_allowed_request /usr/local/lib/python3.8/dist-packages/keystonemiddleware/auth_token/__init__.py:545}}
Oct 19 08:32:40.616131 dv-neutron-861828-1-hyperv devstack@keystone.service[88601]: DEBUG dbcounter [-] [88601] Writing DB stats keystone:SELECT=100 {{(pid=88601) stat_writer /usr/local/lib/python3.8/dist-packages/dbcounter.py:114}}
Oct 19 08:32:40.618917 dv-neutron-861828-1-hyperv devstack@keystone.service[88602]: DEBUG keystone.server.flask.request_processing.middleware.auth_context [None req-8cf13d58-69da-4b49-86da-8e3117cc6d85 None admin] RBAC: auth_context: {'token': , 'domain_id': None, 'trust_id': None, 'trustor_id': None, 'trustee_id': None, 'domain_name': None, 'group_ids': [], 'user_id': '8c3115127ebf4e528295e24824b43c48', 'user_domain_id': 'default', 'system_scope': 'all', 'project_id': None, 'project_domain_id': None, 'roles': ['admin', 'member', 'reader'], 'is_admin_project': True, 'service_user_id': None, 'service_user_domain_id': None, 'service_project_id': None, 'service_project_domain_id': None, 'service_roles': []} {{(pid=88602) fill_context /opt/stack/keystone/keystone/server/flask/request_processing/middleware/auth_context.py:478}}
Oct 19 08:32:40.619551 dv-neutron-861828-1-hyperv devstack@keystone.service[88602]: DEBUG keystone.server.flask.request_processing.req_logging [None req-8cf13d58-69da-4b49-86da-8e3117cc6d85 None admin] REQUEST_METHOD: `GET` {{(pid=88602) log_request_info /opt/stack/keystone/keystone/server/flask/request_processing/req_logging.py:27}}
Oct 19 08:32:40.619830 dv-neutron-861828-1-hyperv devstack@keystone.service[88602]: DEBUG keystone.server.flask.request_processing.req_logging [None req-8cf13d58-69da-4b49-86da-8e3117cc6d85 None admin] SCRIPT_NAME: `/identity` {{(pid=88602) log_request_info /opt/stack/keystone/keystone/server/flask/request_processing/req_logging.py:28}}
Oct 19 08:32:40.620104 dv-neutron-861828-1-hyperv devstack@keystone.service[88602]: DEBUG keystone.server.flask.request_processing.req_logging [None req-8cf13d58-69da-4b49-86da-8e3117cc6d85 None admin] PATH_INFO: `/v3/projects/d4f281dd4a2c40ee8f254dd67cf601ee` {{(pid=88602) log_request_info /opt/stack/keystone/keystone/server/flask/request_processing/req_logging.py:29}}
Oct 19 08:32:40.621348 dv-neutron-861828-1-hyperv devstack@keystone.service[88602]: DEBUG keystone.common.rbac_enforcer.enforcer [None req-8cf13d58-69da-4b49-86da-8e3117cc6d85 None admin] RBAC: Authorizing `identity:get_project(project_id=d4f281dd4a2c40ee8f254dd67cf601ee)` {{(pid=88602) enforce_call /opt/stack/keystone/keystone/common/rbac_enforcer/enforcer.py:449}}
Oct 19 08:32:40.622329 dv-neutron-861828-1-hyperv devstack@keystone.service[88601]: DEBUG keystone.server.flask.request_processing.middleware.auth_context [None req-7334b0ee-5300-49cf-9a43-7215bae9c27e None admin] RBAC: auth_context: {'token': , 'domain_id': None, 'trust_id': None, 'trustor_id': None, 'trustee_id': None, 'domain_name': None, 'group_ids': [], 'user_id': '8c3115127ebf4e528295e24824b43c48', 'user_domain_id': 'default', 'system_scope': 'all', 'project_id': None, 'project_domain_id': None, 'roles': ['admin', 'member', 'reader'], 'is_admin_project': True, 'service_user_id': None, 'service_user_domain_id': None, 'service_project_id': None, 'service_project_domain_id': None, 'service_roles': []} {{(pid=88601) fill_context /opt/stack/keystone/keystone/server/flask/request_processing/middleware/auth_context.py:478}}
Oct 19 08:32:40.622800 dv-neutron-861828-1-hyperv devstack@keystone.service[88602]: DEBUG keystone.common.rbac_enforcer.enforcer [None req-8cf13d58-69da-4b49-86da-8e3117cc6d85 None admin] RBAC: Authorization granted {{(pid=88602) enforce_call /opt/stack/keystone/keystone/common/rbac_enforcer/enforcer.py:457}}
Oct 19 08:32:40.622961 dv-neutron-861828-1-hyperv devstack@keystone.service[88601]: DEBUG keystone.server.flask.request_processing.req_logging [None req-7334b0ee-5300-49cf-9a43-7215bae9c27e None admin] REQUEST_METHOD: `GET` {{(pid=88601) log_request_info /opt/stack/keystone/keystone/server/flask/request_processing/req_logging.py:27}}
Oct 19 08:32:40.623213 dv-neutron-861828-1-hyperv devstack@keystone.service[88601]: DEBUG keystone.server.flask.request_processing.req_logging [None req-7334b0ee-5300-49cf-9a43-7215bae9c27e None admin] SCRIPT_NAME: `/identity` {{(pid=88601) log_request_info /opt/stack/keystone/keystone/server/flask/request_processing/req_logging.py:28}}
Oct 19 08:32:40.623486 dv-neutron-861828-1-hyperv devstack@keystone.service[88601]: DEBUG keystone.server.flask.request_processing.req_logging [None req-7334b0ee-5300-49cf-9a43-7215bae9c27e None admin] PATH_INFO: `/v3/roles` {{(pid=88601) log_request_info /opt/stack/keystone/keystone/server/flask/request_processing/req_logging.py:29}}
Oct 19 08:32:40.624155 dv-neutron-861828-1-hyperv devstack@keystone.service[88601]: DEBUG keystone.common.rbac_enforcer.enforcer [None req-7334b0ee-5300-49cf-9a43-7215bae9c27e None admin] RBAC: Adding query filter params (name=admin) {{(pid=88601) _extract_filter_values /opt/stack/keystone/keystone/common/rbac_enforcer/enforcer.py:167}}
Oct 19 08:32:40.624472 dv-neutron-861828-1-hyperv devstack@keystone.service[88601]: DEBUG keystone.common.rbac_enforcer.enforcer [None req-7334b0ee-5300-49cf-9a43-7215bae9c27e None admin] RBAC: Authorizing `identity:list_roles()` {{(pid=88601) enforce_call /opt/stack/keystone/keystone/common/rbac_enforcer/enforcer.py:449}}
Oct 19 08:32:40.625955 dv-neutron-861828-1-hyperv devstack@keystone.service[88602]: [pid: 88602|app: 0|req: 90/175] 10.222.0.25 () {56 vars in 1186 bytes} [Wed Oct 19 08:32:40 2022] GET /identity/v3/projects/d4f281dd4a2c40ee8f254dd67cf601ee => generated 302 bytes in 176 msecs (HTTP/1.1 200) 5 headers in 177 bytes (1 switches on core 0)
Oct 19 08:32:40.627286 dv-neutron-861828-1-hyperv devstack@keystone.service[88601]: DEBUG keystone.common.rbac_enforcer.enforcer [None req-7334b0ee-5300-49cf-9a43-7215bae9c27e None admin] RBAC: Authorization granted {{(pid=88601) enforce_call /opt/stack/keystone/keystone/common/rbac_enforcer/enforcer.py:457}}
Oct 19 08:32:40.627400 dv-neutron-861828-1-hyperv devstack@keystone.service[88602]: DEBUG keystone.server.flask.request_processing.middleware.auth_context [None req-8cf13d58-69da-4b49-86da-8e3117cc6d85 None admin] Authenticating user token {{(pid=88602) process_request /usr/local/lib/python3.8/dist-packages/keystonemiddleware/auth_token/__init__.py:407}}
Oct 19 08:32:40.636563 dv-neutron-861828-1-hyperv devstack@keystone.service[88601]: [pid: 88601|app: 0|req: 86/176] 10.222.0.25 () {56 vars in 1099 bytes} [Wed Oct 19 08:32:40 2022] GET /identity/v3/roles?name=admin => generated 339 bytes in 193 msecs (HTTP/1.1 200) 5 headers in 177 bytes (1 switches on core 0)
Oct 19 08:32:40.637630 dv-neutron-861828-1-hyperv devstack@keystone.service[88601]: DEBUG keystone.server.flask.request_processing.middleware.auth_context [None req-7334b0ee-5300-49cf-9a43-7215bae9c27e None admin] Authenticating user token {{(pid=88601) process_request /usr/local/lib/python3.8/dist-packages/keystonemiddleware/auth_token/__init__.py:407}}
Oct 19 08:32:40.693308 dv-neutron-861828-1-hyperv devstack@keystone.service[88602]: DEBUG dbcounter [-] [88602] Writing DB stats keystone:SELECT=100 {{(pid=88602) stat_writer /usr/local/lib/python3.8/dist-packages/dbcounter.py:114}}
Oct 19 08:32:40.749687 dv-neutron-861828-1-hyperv devstack@keystone.service[88601]: DEBUG keystone.server.flask.request_processing.middleware.auth_context [None req-7334b0ee-5300-49cf-9a43-7215bae9c27e None admin] Validating token access rules against request {{(pid=88601) validate_allowed_request /usr/local/lib/python3.8/dist-packages/keystonemiddleware/auth_token/__init__.py:545}}
Oct 19 08:32:40.754486 dv-neutron-861828-1-hyperv devstack@keystone.service[88602]: DEBUG keystone.server.flask.request_processing.middleware.auth_context [None req-8cf13d58-69da-4b49-86da-8e3117cc6d85 None admin] Validating token access rules against request {{(pid=88602) validate_allowed_request /usr/local/lib/python3.8/dist-packages/keystonemiddleware/auth_token/__init__.py:545}}
Oct 19 08:32:40.785864 dv-neutron-861828-1-hyperv devstack@keystone.service[88601]: DEBUG keystone.server.flask.request_processing.middleware.auth_context [None req-c15cafeb-1adb-4596-aa06-e2a2fb0c2036 None admin] RBAC: auth_context: {'token': , 'domain_id': None, 'trust_id': None, 'trustor_id': None, 'trustee_id': None, 'domain_name': None, 'group_ids': [], 'user_id': '8c3115127ebf4e528295e24824b43c48', 'user_domain_id': 'default', 'system_scope': 'all', 'project_id': None, 'project_domain_id': None, 'roles': ['admin', 'member', 'reader'], 'is_admin_project': True, 'service_user_id': None, 'service_user_domain_id': None, 'service_project_id': None, 'service_project_domain_id': None, 'service_roles': []} {{(pid=88601) fill_context /opt/stack/keystone/keystone/server/flask/request_processing/middleware/auth_context.py:478}}
Oct 19 08:32:40.786622 dv-neutron-861828-1-hyperv devstack@keystone.service[88601]: DEBUG keystone.server.flask.request_processing.req_logging [None req-c15cafeb-1adb-4596-aa06-e2a2fb0c2036 None admin] REQUEST_METHOD: `PUT` {{(pid=88601) log_request_info /opt/stack/keystone/keystone/server/flask/request_processing/req_logging.py:27}}
Oct 19 08:32:40.786974 dv-neutron-861828-1-hyperv devstack@keystone.service[88601]: DEBUG keystone.server.flask.request_processing.req_logging [None req-c15cafeb-1adb-4596-aa06-e2a2fb0c2036 None admin] SCRIPT_NAME: `/identity` {{(pid=88601) log_request_info /opt/stack/keystone/keystone/server/flask/request_processing/req_logging.py:28}}
Oct 19 08:32:40.787312 dv-neutron-861828-1-hyperv devstack@keystone.service[88601]: DEBUG keystone.server.flask.request_processing.req_logging [None req-c15cafeb-1adb-4596-aa06-e2a2fb0c2036 None admin] PATH_INFO: `/v3/projects/d4f281dd4a2c40ee8f254dd67cf601ee/users/10bee50e894a4607960784e5a0fc86f3/roles/64c166bd9a8d4e1296a0ce1cdafa9519` {{(pid=88601) log_request_info /opt/stack/keystone/keystone/server/flask/request_processing/req_logging.py:29}}
Oct 19 08:32:40.789462 dv-neutron-861828-1-hyperv devstack@keystone.service[88601]: DEBUG keystone.common.rbac_enforcer.enforcer [None req-c15cafeb-1adb-4596-aa06-e2a2fb0c2036 None admin] RBAC: Authorizing `identity:create_grant(project_id=d4f281dd4a2c40ee8f254dd67cf601ee, user_id=10bee50e894a4607960784e5a0fc86f3, role_id=64c166bd9a8d4e1296a0ce1cdafa9519)` {{(pid=88601) enforce_call /opt/stack/keystone/keystone/common/rbac_enforcer/enforcer.py:449}}
Oct 19 08:32:40.791560 dv-neutron-861828-1-hyperv devstack@keystone.service[88601]: DEBUG keystone.common.rbac_enforcer.enforcer [None req-c15cafeb-1adb-4596-aa06-e2a2fb0c2036 None admin] RBAC: Authorization granted {{(pid=88601) enforce_call /opt/stack/keystone/keystone/common/rbac_enforcer/enforcer.py:457}}
Oct 19 08:32:40.796130 dv-neutron-861828-1-hyperv devstack@keystone.service[88602]: DEBUG keystone.server.flask.request_processing.middleware.auth_context [None req-2a71d5ab-b5b4-4a82-ad80-9543a1e58ca3 None admin] RBAC: auth_context: {'token': , 'domain_id': None, 'trust_id': None, 'trustor_id': None, 'trustee_id': None, 'domain_name': None, 'group_ids': [], 'user_id': '8c3115127ebf4e528295e24824b43c48', 'user_domain_id': 'default', 'system_scope': 'all', 'project_id': None, 'project_domain_id': None, 'roles': ['admin', 'member', 'reader'], 'is_admin_project': True, 'service_user_id': None, 'service_user_domain_id': None, 'service_project_id': None, 'service_project_domain_id': None, 'service_roles': []} {{(pid=88602) fill_context /opt/stack/keystone/keystone/server/flask/request_processing/middleware/auth_context.py:478}}
Oct 19 08:32:40.796736 dv-neutron-861828-1-hyperv devstack@keystone.service[88602]: DEBUG keystone.server.flask.request_processing.req_logging [None req-2a71d5ab-b5b4-4a82-ad80-9543a1e58ca3 None admin] REQUEST_METHOD: `GET` {{(pid=88602) log_request_info /opt/stack/keystone/keystone/server/flask/request_processing/req_logging.py:27}}
Oct 19 08:32:40.797087 dv-neutron-861828-1-hyperv devstack@keystone.service[88602]: DEBUG keystone.server.flask.request_processing.req_logging [None req-2a71d5ab-b5b4-4a82-ad80-9543a1e58ca3 None admin] SCRIPT_NAME: `/identity` {{(pid=88602) log_request_info /opt/stack/keystone/keystone/server/flask/request_processing/req_logging.py:28}}
Oct 19 08:32:40.797359 dv-neutron-861828-1-hyperv devstack@keystone.service[88602]: DEBUG keystone.server.flask.request_processing.req_logging [None req-2a71d5ab-b5b4-4a82-ad80-9543a1e58ca3 None admin] PATH_INFO: `/v3/roles` {{(pid=88602) log_request_info /opt/stack/keystone/keystone/server/flask/request_processing/req_logging.py:29}}
Oct 19 08:32:40.798052 dv-neutron-861828-1-hyperv devstack@keystone.service[88602]: DEBUG keystone.common.rbac_enforcer.enforcer [None req-2a71d5ab-b5b4-4a82-ad80-9543a1e58ca3 None admin] RBAC: Adding query filter params (name=anotherrole) {{(pid=88602) _extract_filter_values /opt/stack/keystone/keystone/common/rbac_enforcer/enforcer.py:167}}
Oct 19 08:32:40.798392 dv-neutron-861828-1-hyperv devstack@keystone.service[88602]: DEBUG keystone.common.rbac_enforcer.enforcer [None req-2a71d5ab-b5b4-4a82-ad80-9543a1e58ca3 None admin] RBAC: Authorizing `identity:list_roles()` {{(pid=88602) enforce_call /opt/stack/keystone/keystone/common/rbac_enforcer/enforcer.py:449}}
Oct 19 08:32:40.799768 dv-neutron-861828-1-hyperv devstack@keystone.service[88602]: DEBUG keystone.common.rbac_enforcer.enforcer [None req-2a71d5ab-b5b4-4a82-ad80-9543a1e58ca3 None admin] RBAC: Authorization granted {{(pid=88602) enforce_call /opt/stack/keystone/keystone/common/rbac_enforcer/enforcer.py:457}}
Oct 19 08:32:40.808448 dv-neutron-861828-1-hyperv devstack@keystone.service[88602]: [pid: 88602|app: 0|req: 91/177] 10.222.0.25 () {56 vars in 1111 bytes} [Wed Oct 19 08:32:40 2022] GET /identity/v3/roles?name=anotherrole => generated 334 bytes in 183 msecs (HTTP/1.1 200) 5 headers in 177 bytes (1 switches on core 0)
Oct 19 08:32:40.809095 dv-neutron-861828-1-hyperv devstack@keystone.service[88602]: DEBUG keystone.server.flask.request_processing.middleware.auth_context [None req-2a71d5ab-b5b4-4a82-ad80-9543a1e58ca3 None admin] Authenticating user token {{(pid=88602) process_request /usr/local/lib/python3.8/dist-packages/keystonemiddleware/auth_token/__init__.py:407}}
Oct 19 08:32:40.878037 dv-neutron-861828-1-hyperv devstack@keystone.service[88601]: [pid: 88601|app: 0|req: 87/178] 10.222.0.25 () {58 vars in 1439 bytes} [Wed Oct 19 08:32:40 2022] PUT /identity/v3/projects/d4f281dd4a2c40ee8f254dd67cf601ee/users/10bee50e894a4607960784e5a0fc86f3/roles/64c166bd9a8d4e1296a0ce1cdafa9519 => generated 0 bytes in 241 msecs (HTTP/1.1 204) 3 headers in 132 bytes (0 switches on core 0)
Oct 19 08:32:40.880251 dv-neutron-861828-1-hyperv devstack@keystone.service[88601]: DEBUG keystone.server.flask.request_processing.middleware.auth_context [None req-c15cafeb-1adb-4596-aa06-e2a2fb0c2036 None admin] Authenticating user token {{(pid=88601) process_request /usr/local/lib/python3.8/dist-packages/keystonemiddleware/auth_token/__init__.py:407}}
Oct 19 08:32:40.936652 dv-neutron-861828-1-hyperv devstack@keystone.service[88602]: DEBUG keystone.server.flask.request_processing.middleware.auth_context [None req-2a71d5ab-b5b4-4a82-ad80-9543a1e58ca3 None admin] Validating token access rules against request {{(pid=88602) validate_allowed_request /usr/local/lib/python3.8/dist-packages/keystonemiddleware/auth_token/__init__.py:545}}
Oct 19 08:32:40.952952 dv-neutron-861828-1-hyperv devstack@keystone.service[88602]: DEBUG dbcounter [-] [88602] Writing DB stats keystone:SELECT=100 {{(pid=88602) stat_writer /usr/local/lib/python3.8/dist-packages/dbcounter.py:114}}
Oct 19 08:32:40.977714 dv-neutron-861828-1-hyperv devstack@keystone.service[88602]: DEBUG keystone.server.flask.request_processing.middleware.auth_context [None req-208253a9-1c2b-46a8-8c1d-6d37c81e9a99 None admin] RBAC: auth_context: {'token': , 'domain_id': None, 'trust_id': None, 'trustor_id': None, 'trustee_id': None, 'domain_name': None, 'group_ids': [], 'user_id': '8c3115127ebf4e528295e24824b43c48', 'user_domain_id': 'default', 'system_scope': 'all', 'project_id': None, 'project_domain_id': None, 'roles': ['admin', 'member', 'reader'], 'is_admin_project': True, 'service_user_id': None, 'service_user_domain_id': None, 'service_project_id': None, 'service_project_domain_id': None, 'service_roles': []} {{(pid=88602) fill_context /opt/stack/keystone/keystone/server/flask/request_processing/middleware/auth_context.py:478}}
Oct 19 08:32:40.978843 dv-neutron-861828-1-hyperv devstack@keystone.service[88602]: DEBUG keystone.server.flask.request_processing.req_logging [None req-208253a9-1c2b-46a8-8c1d-6d37c81e9a99 None admin] REQUEST_METHOD: `GET` {{(pid=88602) log_request_info /opt/stack/keystone/keystone/server/flask/request_processing/req_logging.py:27}}
Oct 19 08:32:40.979335 dv-neutron-861828-1-hyperv devstack@keystone.service[88602]: DEBUG keystone.server.flask.request_processing.req_logging [None req-208253a9-1c2b-46a8-8c1d-6d37c81e9a99 None admin] SCRIPT_NAME: `/identity` {{(pid=88602) log_request_info /opt/stack/keystone/keystone/server/flask/request_processing/req_logging.py:28}}
Oct 19 08:32:40.979827 dv-neutron-861828-1-hyperv devstack@keystone.service[88602]: DEBUG keystone.server.flask.request_processing.req_logging [None req-208253a9-1c2b-46a8-8c1d-6d37c81e9a99 None admin] PATH_INFO: `/v3/users/1a1de9f823b44313a60fefd4c0ea73b5` {{(pid=88602) log_request_info /opt/stack/keystone/keystone/server/flask/request_processing/req_logging.py:29}}
Oct 19 08:32:40.981382 dv-neutron-861828-1-hyperv devstack@keystone.service[88602]: DEBUG keystone.common.rbac_enforcer.enforcer [None req-208253a9-1c2b-46a8-8c1d-6d37c81e9a99 None admin] RBAC: Authorizing `identity:get_user(user_id=1a1de9f823b44313a60fefd4c0ea73b5)` {{(pid=88602) enforce_call /opt/stack/keystone/keystone/common/rbac_enforcer/enforcer.py:449}}
Oct 19 08:32:40.983114 dv-neutron-861828-1-hyperv devstack@keystone.service[88602]: DEBUG keystone.common.rbac_enforcer.enforcer [None req-208253a9-1c2b-46a8-8c1d-6d37c81e9a99 None admin] RBAC: Authorization granted {{(pid=88602) enforce_call /opt/stack/keystone/keystone/common/rbac_enforcer/enforcer.py:457}}
Oct 19 08:32:40.985233 dv-neutron-861828-1-hyperv devstack@keystone.service[88602]: [pid: 88602|app: 0|req: 92/179] 10.222.0.25 () {56 vars in 1177 bytes} [Wed Oct 19 08:32:40 2022] GET /identity/v3/users/1a1de9f823b44313a60fefd4c0ea73b5 => generated 283 bytes in 176 msecs (HTTP/1.1 200) 5 headers in 177 bytes (1 switches on core 0)
Oct 19 08:32:40.991292 dv-neutron-861828-1-hyperv devstack@keystone.service[88602]: DEBUG keystone.server.flask.request_processing.middleware.auth_context [None req-208253a9-1c2b-46a8-8c1d-6d37c81e9a99 None admin] Authenticating user token {{(pid=88602) process_request /usr/local/lib/python3.8/dist-packages/keystonemiddleware/auth_token/__init__.py:407}}
Oct 19 08:32:41.013218 dv-neutron-861828-1-hyperv devstack@keystone.service[88601]: DEBUG dbcounter [-] [88601] Writing DB stats keystone:SELECT=99,keystone:INSERT=1 {{(pid=88601) stat_writer /usr/local/lib/python3.8/dist-packages/dbcounter.py:114}}
Oct 19 08:32:41.088813 dv-neutron-861828-1-hyperv devstack@keystone.service[88601]: DEBUG keystone.server.flask.request_processing.middleware.auth_context [None req-c15cafeb-1adb-4596-aa06-e2a2fb0c2036 None admin] Validating token access rules against request {{(pid=88601) validate_allowed_request /usr/local/lib/python3.8/dist-packages/keystonemiddleware/auth_token/__init__.py:545}}
Oct 19 08:32:41.138277 dv-neutron-861828-1-hyperv devstack@keystone.service[88601]: DEBUG keystone.server.flask.request_processing.middleware.auth_context [None req-32073895-3d19-40ae-9dbd-c1f85e5f1a5a None admin] RBAC: auth_context: {'token': , 'domain_id': None, 'trust_id': None, 'trustor_id': None, 'trustee_id': None, 'domain_name': None, 'group_ids': [], 'user_id': '8c3115127ebf4e528295e24824b43c48', 'user_domain_id': 'default', 'system_scope': 'all', 'project_id': None, 'project_domain_id': None, 'roles': ['admin', 'member', 'reader'], 'is_admin_project': True, 'service_user_id': None, 'service_user_domain_id': None, 'service_project_id': None, 'service_project_domain_id': None, 'service_roles': []} {{(pid=88601) fill_context /opt/stack/keystone/keystone/server/flask/request_processing/middleware/auth_context.py:478}}
Oct 19 08:32:41.139026 dv-neutron-861828-1-hyperv devstack@keystone.service[88601]: DEBUG keystone.server.flask.request_processing.req_logging [None req-32073895-3d19-40ae-9dbd-c1f85e5f1a5a None admin] REQUEST_METHOD: `GET` {{(pid=88601) log_request_info /opt/stack/keystone/keystone/server/flask/request_processing/req_logging.py:27}}
Oct 19 08:32:41.139318 dv-neutron-861828-1-hyperv devstack@keystone.service[88601]: DEBUG keystone.server.flask.request_processing.req_logging [None req-32073895-3d19-40ae-9dbd-c1f85e5f1a5a None admin] SCRIPT_NAME: `/identity` {{(pid=88601) log_request_info /opt/stack/keystone/keystone/server/flask/request_processing/req_logging.py:28}}
Oct 19 08:32:41.139597 dv-neutron-861828-1-hyperv devstack@keystone.service[88601]: DEBUG keystone.server.flask.request_processing.req_logging [None req-32073895-3d19-40ae-9dbd-c1f85e5f1a5a None admin] PATH_INFO: `/v3/users/1a1de9f823b44313a60fefd4c0ea73b5` {{(pid=88601) log_request_info /opt/stack/keystone/keystone/server/flask/request_processing/req_logging.py:29}}
Oct 19 08:32:41.140797 dv-neutron-861828-1-hyperv devstack@keystone.service[88601]: DEBUG keystone.common.rbac_enforcer.enforcer [None req-32073895-3d19-40ae-9dbd-c1f85e5f1a5a None admin] RBAC: Authorizing `identity:get_user(user_id=1a1de9f823b44313a60fefd4c0ea73b5)` {{(pid=88601) enforce_call /opt/stack/keystone/keystone/common/rbac_enforcer/enforcer.py:449}}
Oct 19 08:32:41.142461 dv-neutron-861828-1-hyperv devstack@keystone.service[88601]: DEBUG keystone.common.rbac_enforcer.enforcer [None req-32073895-3d19-40ae-9dbd-c1f85e5f1a5a None admin] RBAC: Authorization granted {{(pid=88601) enforce_call /opt/stack/keystone/keystone/common/rbac_enforcer/enforcer.py:457}}
Oct 19 08:32:41.144654 dv-neutron-861828-1-hyperv devstack@keystone.service[88601]: [pid: 88601|app: 0|req: 88/180] 10.222.0.25 () {56 vars in 1177 bytes} [Wed Oct 19 08:32:40 2022] GET /identity/v3/users/1a1de9f823b44313a60fefd4c0ea73b5 => generated 283 bytes in 265 msecs (HTTP/1.1 200) 5 headers in 177 bytes (1 switches on core 0)
Oct 19 08:32:41.150118 dv-neutron-861828-1-hyperv devstack@keystone.service[88601]: DEBUG keystone.server.flask.request_processing.middleware.auth_context [None req-32073895-3d19-40ae-9dbd-c1f85e5f1a5a None admin] Authenticating user token {{(pid=88601) process_request /usr/local/lib/python3.8/dist-packages/keystonemiddleware/auth_token/__init__.py:407}}
Oct 19 08:32:41.151648 dv-neutron-861828-1-hyperv devstack@keystone.service[88602]: DEBUG keystone.server.flask.request_processing.middleware.auth_context [None req-208253a9-1c2b-46a8-8c1d-6d37c81e9a99 None admin] Validating token access rules against request {{(pid=88602) validate_allowed_request /usr/local/lib/python3.8/dist-packages/keystonemiddleware/auth_token/__init__.py:545}}
Oct 19 08:32:41.245495 dv-neutron-861828-1-hyperv devstack@keystone.service[88602]: DEBUG keystone.server.flask.request_processing.middleware.auth_context [None req-ff3cc681-215d-4455-8c1d-f6642ad7c129 None admin] RBAC: auth_context: {'token': , 'domain_id': None, 'trust_id': None, 'trustor_id': None, 'trustee_id': None, 'domain_name': None, 'group_ids': [], 'user_id': '8c3115127ebf4e528295e24824b43c48', 'user_domain_id': 'default', 'system_scope': 'all', 'project_id': None, 'project_domain_id': None, 'roles': ['admin', 'member', 'reader'], 'is_admin_project': True, 'service_user_id': None, 'service_user_domain_id': None, 'service_project_id': None, 'service_project_domain_id': None, 'service_roles': []} {{(pid=88602) fill_context /opt/stack/keystone/keystone/server/flask/request_processing/middleware/auth_context.py:478}}
Oct 19 08:32:41.246130 dv-neutron-861828-1-hyperv devstack@keystone.service[88602]: DEBUG keystone.server.flask.request_processing.req_logging [None req-ff3cc681-215d-4455-8c1d-f6642ad7c129 None admin] REQUEST_METHOD: `GET` {{(pid=88602) log_request_info /opt/stack/keystone/keystone/server/flask/request_processing/req_logging.py:27}}
