Oct 18 07:58:27.835468 dv-neutron-861625-1-hyperv devstack@n-api.service[103758]: DEBUG nova.policy [None req-4af6d6d3-2a7b-45ce-accb-8d845894d782 tempest-TestNetworkBasicOps-1937489106 tempest-TestNetworkBasicOps-1937489106-project] Policy check for os_compute_api:os-extended-server-attributes failed with credentials {'is_admin': False, 'user_id': '2d46a13d589e4ca183d897504e2ae765', 'user_domain_id': 'default', 'system_scope': None, 'domain_id': None, 'project_id': 'fe65c6866dd844bd972010a3653293ed', 'project_domain_id': 'default', 'roles': ['member', 'reader'], 'is_admin_project': True, 'service_user_id': None, 'service_user_domain_id': None, 'service_project_id': None, 'service_project_domain_id': None, 'service_roles': []} {{(pid=103758) authorize /opt/stack/nova/nova/policy.py:199}}
Oct 18 07:58:27.844474 dv-neutron-861625-1-hyperv devstack@n-api.service[103758]: INFO nova.api.openstack.requestlog [None req-4af6d6d3-2a7b-45ce-accb-8d845894d782 tempest-TestNetworkBasicOps-1937489106 tempest-TestNetworkBasicOps-1937489106-project] 10.222.0.17 "GET /compute/v2.1/servers/dca13c53-47f7-4d03-b53b-044592e05c97" status: 200 len: 1372 microversion: 2.1 time: 0.410682
Oct 18 07:58:27.845288 dv-neutron-861625-1-hyperv devstack@n-api.service[103758]: [pid: 103758|app: 0|req: 120/227] 10.222.0.17 () {58 vars in 1236 bytes} [Tue Oct 18 07:58:27 2022] GET /compute/v2.1/servers/dca13c53-47f7-4d03-b53b-044592e05c97 => generated 1372 bytes in 412 msecs (HTTP/1.1 200) 9 headers in 358 bytes (2 switches on core 0)
Oct 18 07:58:28.869838 dv-neutron-861625-1-hyperv devstack@n-api.service[103759]: DEBUG nova.api.openstack.wsgi [None req-d62700a3-f73f-4bba-af24-eb1328ab1c5a tempest-TestNetworkBasicOps-1937489106 tempest-TestNetworkBasicOps-1937489106-project] Calling method '>' {{(pid=103759) _process_stack /opt/stack/nova/nova/api/openstack/wsgi.py:513}}
Oct 18 07:58:28.870461 dv-neutron-861625-1-hyperv devstack@n-api.service[103759]: DEBUG nova.compute.api [None req-d62700a3-f73f-4bba-af24-eb1328ab1c5a tempest-TestNetworkBasicOps-1937489106 tempest-TestNetworkBasicOps-1937489106-project] [instance: dca13c53-47f7-4d03-b53b-044592e05c97] Fetching instance by UUID {{(pid=103759) get /opt/stack/nova/nova/compute/api.py:2815}}
Oct 18 07:58:28.881465 dv-neutron-861625-1-hyperv devstack@n-api.service[103759]: DEBUG oslo_concurrency.lockutils [None req-d62700a3-f73f-4bba-af24-eb1328ab1c5a tempest-TestNetworkBasicOps-1937489106 tempest-TestNetworkBasicOps-1937489106-project] Lock "076270a1-de31-482f-a189-d39bdbec055f" acquired by "nova.context.set_target_cell..get_or_set_cached_cell_and_set_connections" :: waited 0.000s {{(pid=103759) inner /usr/local/lib/python3.8/dist-packages/oslo_concurrency/lockutils.py:355}}
Oct 18 07:58:28.882119 dv-neutron-861625-1-hyperv devstack@n-api.service[103759]: DEBUG oslo_concurrency.lockutils [None req-d62700a3-f73f-4bba-af24-eb1328ab1c5a tempest-TestNetworkBasicOps-1937489106 tempest-TestNetworkBasicOps-1937489106-project] Lock "076270a1-de31-482f-a189-d39bdbec055f" released by "nova.context.set_target_cell..get_or_set_cached_cell_and_set_connections" :: held 0.001s {{(pid=103759) inner /usr/local/lib/python3.8/dist-packages/oslo_concurrency/lockutils.py:367}}
Oct 18 07:58:28.883157 dv-neutron-861625-1-hyperv devstack@n-api.service[103759]: DEBUG oslo_concurrency.lockutils [None req-d62700a3-f73f-4bba-af24-eb1328ab1c5a tempest-TestNetworkBasicOps-1937489106 tempest-TestNetworkBasicOps-1937489106-project] Lock "076270a1-de31-482f-a189-d39bdbec055f" acquired by "nova.context.set_target_cell..get_or_set_cached_cell_and_set_connections" :: waited 0.000s {{(pid=103759) inner /usr/local/lib/python3.8/dist-packages/oslo_concurrency/lockutils.py:355}}
Oct 18 07:58:28.883845 dv-neutron-861625-1-hyperv devstack@n-api.service[103759]: DEBUG oslo_concurrency.lockutils [None req-d62700a3-f73f-4bba-af24-eb1328ab1c5a tempest-TestNetworkBasicOps-1937489106 tempest-TestNetworkBasicOps-1937489106-project] Lock "076270a1-de31-482f-a189-d39bdbec055f" released by "nova.context.set_target_cell..get_or_set_cached_cell_and_set_connections" :: held 0.001s {{(pid=103759) inner /usr/local/lib/python3.8/dist-packages/oslo_concurrency/lockutils.py:367}}
Oct 18 07:58:29.357674 dv-neutron-861625-1-hyperv devstack@n-api.service[103759]: DEBUG nova.policy [None req-d62700a3-f73f-4bba-af24-eb1328ab1c5a tempest-TestNetworkBasicOps-1937489106 tempest-TestNetworkBasicOps-1937489106-project] Policy check for os_compute_api:os-extended-server-attributes failed with credentials {'is_admin': False, 'user_id': '2d46a13d589e4ca183d897504e2ae765', 'user_domain_id': 'default', 'system_scope': None, 'domain_id': None, 'project_id': 'fe65c6866dd844bd972010a3653293ed', 'project_domain_id': 'default', 'roles': ['member', 'reader'], 'is_admin_project': True, 'service_user_id': None, 'service_user_domain_id': None, 'service_project_id': None, 'service_project_domain_id': None, 'service_roles': []} {{(pid=103759) authorize /opt/stack/nova/nova/policy.py:199}}
Oct 18 07:58:29.366355 dv-neutron-861625-1-hyperv devstack@n-api.service[103759]: INFO nova.api.openstack.requestlog [None req-d62700a3-f73f-4bba-af24-eb1328ab1c5a tempest-TestNetworkBasicOps-1937489106 tempest-TestNetworkBasicOps-1937489106-project] 10.222.0.17 "GET /compute/v2.1/servers/dca13c53-47f7-4d03-b53b-044592e05c97" status: 200 len: 1372 microversion: 2.1 time: 0.501251
Oct 18 07:58:29.382810 dv-neutron-861625-1-hyperv devstack@n-api.service[103759]: [pid: 103759|app: 0|req: 108/228] 10.222.0.17 () {58 vars in 1236 bytes} [Tue Oct 18 07:58:28 2022] GET /compute/v2.1/servers/dca13c53-47f7-4d03-b53b-044592e05c97 => generated 1372 bytes in 518 msecs (HTTP/1.1 200) 9 headers in 358 bytes (1 switches on core 0)
Oct 18 07:58:29.504877 dv-neutron-861625-1-hyperv devstack@n-api.service[103758]: DEBUG nova.api.openstack.wsgi [None req-6df53552-996b-4ca0-8c8d-20e7415bc3f9 tempest-TestNetworkAdvancedServerOps-616781225 tempest-TestNetworkAdvancedServerOps-616781225-project] Calling method '>' {{(pid=103758) _process_stack /opt/stack/nova/nova/api/openstack/wsgi.py:513}}
Oct 18 07:58:29.505501 dv-neutron-861625-1-hyperv devstack@n-api.service[103758]: DEBUG nova.compute.api [None req-6df53552-996b-4ca0-8c8d-20e7415bc3f9 tempest-TestNetworkAdvancedServerOps-616781225 tempest-TestNetworkAdvancedServerOps-616781225-project] [instance: c7be673f-68c9-42c7-b38f-b796fda43830] Fetching instance by UUID {{(pid=103758) get /opt/stack/nova/nova/compute/api.py:2815}}
Oct 18 07:58:29.530003 dv-neutron-861625-1-hyperv devstack@n-api.service[103759]: DEBUG nova.api.openstack.wsgi [req-0518699d-0a3b-44cd-b571-7217e247d109 req-d53fadc0-0c81-47a0-95bf-6ac71b220ff2 service nova] Action: 'create', calling method: >, body: {"events": [{"name": "network-changed", "server_uuid": "c7be673f-68c9-42c7-b38f-b796fda43830", "tag": "33ecbfac-5bb2-4402-84cb-93db145dbe5b"}]} {{(pid=103759) _process_stack /opt/stack/nova/nova/api/openstack/wsgi.py:511}}
Oct 18 07:58:29.531661 dv-neutron-861625-1-hyperv devstack@n-api.service[103759]: /usr/local/lib/python3.8/dist-packages/oslo_policy/policy.py:1065: UserWarning: Policy os_compute_api:os-server-external-events:create failed scope check. The token used to make the request was project scoped but the policy requires ['system'] scope. This behavior may change in the future where using the intended scope is required
Oct 18 07:58:29.531661 dv-neutron-861625-1-hyperv devstack@n-api.service[103759]: warnings.warn(msg)
Oct 18 07:58:29.537658 dv-neutron-861625-1-hyperv devstack@n-api.service[103758]: DEBUG oslo_concurrency.lockutils [None req-6df53552-996b-4ca0-8c8d-20e7415bc3f9 tempest-TestNetworkAdvancedServerOps-616781225 tempest-TestNetworkAdvancedServerOps-616781225-project] Lock "076270a1-de31-482f-a189-d39bdbec055f" acquired by "nova.context.set_target_cell..get_or_set_cached_cell_and_set_connections" :: waited 0.000s {{(pid=103758) inner /usr/local/lib/python3.8/dist-packages/oslo_concurrency/lockutils.py:355}}
Oct 18 07:58:29.538114 dv-neutron-861625-1-hyperv devstack@n-api.service[103758]: DEBUG oslo_concurrency.lockutils [None req-6df53552-996b-4ca0-8c8d-20e7415bc3f9 tempest-TestNetworkAdvancedServerOps-616781225 tempest-TestNetworkAdvancedServerOps-616781225-project] Lock "076270a1-de31-482f-a189-d39bdbec055f" released by "nova.context.set_target_cell..get_or_set_cached_cell_and_set_connections" :: held 0.001s {{(pid=103758) inner /usr/local/lib/python3.8/dist-packages/oslo_concurrency/lockutils.py:367}}
Oct 18 07:58:29.539088 dv-neutron-861625-1-hyperv devstack@n-api.service[103758]: DEBUG oslo_concurrency.lockutils [None req-6df53552-996b-4ca0-8c8d-20e7415bc3f9 tempest-TestNetworkAdvancedServerOps-616781225 tempest-TestNetworkAdvancedServerOps-616781225-project] Lock "076270a1-de31-482f-a189-d39bdbec055f" acquired by "nova.context.set_target_cell..get_or_set_cached_cell_and_set_connections" :: waited 0.000s {{(pid=103758) inner /usr/local/lib/python3.8/dist-packages/oslo_concurrency/lockutils.py:355}}
Oct 18 07:58:29.539525 dv-neutron-861625-1-hyperv devstack@n-api.service[103758]: DEBUG oslo_concurrency.lockutils [None req-6df53552-996b-4ca0-8c8d-20e7415bc3f9 tempest-TestNetworkAdvancedServerOps-616781225 tempest-TestNetworkAdvancedServerOps-616781225-project] Lock "076270a1-de31-482f-a189-d39bdbec055f" released by "nova.context.set_target_cell..get_or_set_cached_cell_and_set_connections" :: held 0.000s {{(pid=103758) inner /usr/local/lib/python3.8/dist-packages/oslo_concurrency/lockutils.py:367}}
Oct 18 07:58:29.552366 dv-neutron-861625-1-hyperv devstack@n-api.service[103759]: DEBUG oslo_concurrency.lockutils [req-0518699d-0a3b-44cd-b571-7217e247d109 req-d53fadc0-0c81-47a0-95bf-6ac71b220ff2 service nova] Lock "076270a1-de31-482f-a189-d39bdbec055f" acquired by "nova.context.set_target_cell..get_or_set_cached_cell_and_set_connections" :: waited 0.000s {{(pid=103759) inner /usr/local/lib/python3.8/dist-packages/oslo_concurrency/lockutils.py:355}}
Oct 18 07:58:29.552874 dv-neutron-861625-1-hyperv devstack@n-api.service[103759]: DEBUG oslo_concurrency.lockutils [req-0518699d-0a3b-44cd-b571-7217e247d109 req-d53fadc0-0c81-47a0-95bf-6ac71b220ff2 service nova] Lock "076270a1-de31-482f-a189-d39bdbec055f" released by "nova.context.set_target_cell..get_or_set_cached_cell_and_set_connections" :: held 0.004s {{(pid=103759) inner /usr/local/lib/python3.8/dist-packages/oslo_concurrency/lockutils.py:367}}
Oct 18 07:58:29.593480 dv-neutron-861625-1-hyperv devstack@n-api.service[103759]: INFO nova.api.openstack.compute.server_external_events [req-0518699d-0a3b-44cd-b571-7217e247d109 req-d53fadc0-0c81-47a0-95bf-6ac71b220ff2 service nova] Creating event network-changed:33ecbfac-5bb2-4402-84cb-93db145dbe5b for instance c7be673f-68c9-42c7-b38f-b796fda43830 on hv-neutron-8616
Oct 18 07:58:29.605548 dv-neutron-861625-1-hyperv devstack@n-api.service[103759]: INFO nova.api.openstack.requestlog [req-0518699d-0a3b-44cd-b571-7217e247d109 req-d53fadc0-0c81-47a0-95bf-6ac71b220ff2 service nova] 10.222.0.17 "POST /compute/v2.1/os-server-external-events" status: 200 len: 179 microversion: 2.1 time: 0.080346
Oct 18 07:58:29.606673 dv-neutron-861625-1-hyperv devstack@n-api.service[103759]: [pid: 103759|app: 0|req: 109/229] 10.222.0.17 () {64 vars in 1317 bytes} [Tue Oct 18 07:58:29 2022] POST /compute/v2.1/os-server-external-events => generated 179 bytes in 83 msecs (HTTP/1.1 200) 9 headers in 357 bytes (2 switches on core 0)
Oct 18 07:58:30.003739 dv-neutron-861625-1-hyperv devstack@n-api.service[103758]: DEBUG nova.policy [None req-6df53552-996b-4ca0-8c8d-20e7415bc3f9 tempest-TestNetworkAdvancedServerOps-616781225 tempest-TestNetworkAdvancedServerOps-616781225-project] Policy check for os_compute_api:os-extended-server-attributes failed with credentials {'is_admin': False, 'user_id': '5a0a56f2e12e4b58bb518bcadd690adf', 'user_domain_id': 'default', 'system_scope': None, 'domain_id': None, 'project_id': 'f8333236bf28401c8d3f7884ffe3941f', 'project_domain_id': 'default', 'roles': ['member', 'reader'], 'is_admin_project': True, 'service_user_id': None, 'service_user_domain_id': None, 'service_project_id': None, 'service_project_domain_id': None, 'service_roles': []} {{(pid=103758) authorize /opt/stack/nova/nova/policy.py:199}}
Oct 18 07:58:30.018934 dv-neutron-861625-1-hyperv devstack@n-api.service[103758]: INFO nova.api.openstack.requestlog [None req-6df53552-996b-4ca0-8c8d-20e7415bc3f9 tempest-TestNetworkAdvancedServerOps-616781225 tempest-TestNetworkAdvancedServerOps-616781225-project] 10.222.0.17 "GET /compute/v2.1/servers/c7be673f-68c9-42c7-b38f-b796fda43830" status: 200 len: 1564 microversion: 2.1 time: 0.517844
Oct 18 07:58:30.024352 dv-neutron-861625-1-hyperv devstack@n-api.service[103758]: [pid: 103758|app: 0|req: 121/230] 10.222.0.17 () {58 vars in 1236 bytes} [Tue Oct 18 07:58:29 2022] GET /compute/v2.1/servers/c7be673f-68c9-42c7-b38f-b796fda43830 => generated 1564 bytes in 524 msecs (HTTP/1.1 200) 9 headers in 358 bytes (1 switches on core 0)
Oct 18 07:58:30.390360 dv-neutron-861625-1-hyperv devstack@n-api.service[103759]: DEBUG nova.api.openstack.wsgi [None req-6c3c30e1-3f12-419a-a1a1-2d0b31d468fd tempest-TestNetworkBasicOps-1937489106 tempest-TestNetworkBasicOps-1937489106-project] Calling method '>' {{(pid=103759) _process_stack /opt/stack/nova/nova/api/openstack/wsgi.py:513}}
Oct 18 07:58:30.391723 dv-neutron-861625-1-hyperv devstack@n-api.service[103759]: DEBUG nova.compute.api [None req-6c3c30e1-3f12-419a-a1a1-2d0b31d468fd tempest-TestNetworkBasicOps-1937489106 tempest-TestNetworkBasicOps-1937489106-project] [instance: dca13c53-47f7-4d03-b53b-044592e05c97] Fetching instance by UUID {{(pid=103759) get /opt/stack/nova/nova/compute/api.py:2815}}
Oct 18 07:58:30.400326 dv-neutron-861625-1-hyperv devstack@n-api.service[103759]: DEBUG oslo_concurrency.lockutils [None req-6c3c30e1-3f12-419a-a1a1-2d0b31d468fd tempest-TestNetworkBasicOps-1937489106 tempest-TestNetworkBasicOps-1937489106-project] Lock "076270a1-de31-482f-a189-d39bdbec055f" acquired by "nova.context.set_target_cell..get_or_set_cached_cell_and_set_connections" :: waited 0.000s {{(pid=103759) inner /usr/local/lib/python3.8/dist-packages/oslo_concurrency/lockutils.py:355}}
Oct 18 07:58:30.401180 dv-neutron-861625-1-hyperv devstack@n-api.service[103759]: DEBUG oslo_concurrency.lockutils [None req-6c3c30e1-3f12-419a-a1a1-2d0b31d468fd tempest-TestNetworkBasicOps-1937489106 tempest-TestNetworkBasicOps-1937489106-project] Lock "076270a1-de31-482f-a189-d39bdbec055f" released by "nova.context.set_target_cell..get_or_set_cached_cell_and_set_connections" :: held 0.001s {{(pid=103759) inner /usr/local/lib/python3.8/dist-packages/oslo_concurrency/lockutils.py:367}}
Oct 18 07:58:30.402541 dv-neutron-861625-1-hyperv devstack@n-api.service[103759]: DEBUG oslo_concurrency.lockutils [None req-6c3c30e1-3f12-419a-a1a1-2d0b31d468fd tempest-TestNetworkBasicOps-1937489106 tempest-TestNetworkBasicOps-1937489106-project] Lock "076270a1-de31-482f-a189-d39bdbec055f" acquired by "nova.context.set_target_cell..get_or_set_cached_cell_and_set_connections" :: waited 0.000s {{(pid=103759) inner /usr/local/lib/python3.8/dist-packages/oslo_concurrency/lockutils.py:355}}
Oct 18 07:58:30.403195 dv-neutron-861625-1-hyperv devstack@n-api.service[103759]: DEBUG oslo_concurrency.lockutils [None req-6c3c30e1-3f12-419a-a1a1-2d0b31d468fd tempest-TestNetworkBasicOps-1937489106 tempest-TestNetworkBasicOps-1937489106-project] Lock "076270a1-de31-482f-a189-d39bdbec055f" released by "nova.context.set_target_cell..get_or_set_cached_cell_and_set_connections" :: held 0.001s {{(pid=103759) inner /usr/local/lib/python3.8/dist-packages/oslo_concurrency/lockutils.py:367}}
Oct 18 07:58:30.901408 dv-neutron-861625-1-hyperv devstack@n-api.service[103759]: DEBUG nova.policy [None req-6c3c30e1-3f12-419a-a1a1-2d0b31d468fd tempest-TestNetworkBasicOps-1937489106 tempest-TestNetworkBasicOps-1937489106-project] Policy check for os_compute_api:os-extended-server-attributes failed with credentials {'is_admin': False, 'user_id': '2d46a13d589e4ca183d897504e2ae765', 'user_domain_id': 'default', 'system_scope': None, 'domain_id': None, 'project_id': 'fe65c6866dd844bd972010a3653293ed', 'project_domain_id': 'default', 'roles': ['member', 'reader'], 'is_admin_project': True, 'service_user_id': None, 'service_user_domain_id': None, 'service_project_id': None, 'service_project_domain_id': None, 'service_roles': []} {{(pid=103759) authorize /opt/stack/nova/nova/policy.py:199}}
Oct 18 07:58:30.911712 dv-neutron-861625-1-hyperv devstack@n-api.service[103759]: INFO nova.api.openstack.requestlog [None req-6c3c30e1-3f12-419a-a1a1-2d0b31d468fd tempest-TestNetworkBasicOps-1937489106 tempest-TestNetworkBasicOps-1937489106-project] 10.222.0.17 "GET /compute/v2.1/servers/dca13c53-47f7-4d03-b53b-044592e05c97" status: 200 len: 1372 microversion: 2.1 time: 0.525920
Oct 18 07:58:30.913026 dv-neutron-861625-1-hyperv devstack@n-api.service[103759]: [pid: 103759|app: 0|req: 110/231] 10.222.0.17 () {58 vars in 1236 bytes} [Tue Oct 18 07:58:30 2022] GET /compute/v2.1/servers/dca13c53-47f7-4d03-b53b-044592e05c97 => generated 1372 bytes in 528 msecs (HTTP/1.1 200) 9 headers in 358 bytes (1 switches on core 0)
Oct 18 07:58:31.936435 dv-neutron-861625-1-hyperv devstack@n-api.service[103758]: DEBUG nova.api.openstack.wsgi [None req-cb160123-8319-4f42-b7d4-b99b2e157d37 tempest-TestNetworkBasicOps-1937489106 tempest-TestNetworkBasicOps-1937489106-project] Calling method '>' {{(pid=103758) _process_stack /opt/stack/nova/nova/api/openstack/wsgi.py:513}}
Oct 18 07:58:31.937543 dv-neutron-861625-1-hyperv devstack@n-api.service[103758]: DEBUG nova.compute.api [None req-cb160123-8319-4f42-b7d4-b99b2e157d37 tempest-TestNetworkBasicOps-1937489106 tempest-TestNetworkBasicOps-1937489106-project] [instance: dca13c53-47f7-4d03-b53b-044592e05c97] Fetching instance by UUID {{(pid=103758) get /opt/stack/nova/nova/compute/api.py:2815}}
Oct 18 07:58:31.944900 dv-neutron-861625-1-hyperv devstack@n-api.service[103758]: DEBUG oslo_concurrency.lockutils [None req-cb160123-8319-4f42-b7d4-b99b2e157d37 tempest-TestNetworkBasicOps-1937489106 tempest-TestNetworkBasicOps-1937489106-project] Lock "076270a1-de31-482f-a189-d39bdbec055f" acquired by "nova.context.set_target_cell..get_or_set_cached_cell_and_set_connections" :: waited 0.000s {{(pid=103758) inner /usr/local/lib/python3.8/dist-packages/oslo_concurrency/lockutils.py:355}}
Oct 18 07:58:31.945416 dv-neutron-861625-1-hyperv devstack@n-api.service[103758]: DEBUG oslo_concurrency.lockutils [None req-cb160123-8319-4f42-b7d4-b99b2e157d37 tempest-TestNetworkBasicOps-1937489106 tempest-TestNetworkBasicOps-1937489106-project] Lock "076270a1-de31-482f-a189-d39bdbec055f" released by "nova.context.set_target_cell..get_or_set_cached_cell_and_set_connections" :: held 0.001s {{(pid=103758) inner /usr/local/lib/python3.8/dist-packages/oslo_concurrency/lockutils.py:367}}
Oct 18 07:58:31.946389 dv-neutron-861625-1-hyperv devstack@n-api.service[103758]: DEBUG oslo_concurrency.lockutils [None req-cb160123-8319-4f42-b7d4-b99b2e157d37 tempest-TestNetworkBasicOps-1937489106 tempest-TestNetworkBasicOps-1937489106-project] Lock "076270a1-de31-482f-a189-d39bdbec055f" acquired by "nova.context.set_target_cell..get_or_set_cached_cell_and_set_connections" :: waited 0.000s {{(pid=103758) inner /usr/local/lib/python3.8/dist-packages/oslo_concurrency/lockutils.py:355}}
Oct 18 07:58:31.947110 dv-neutron-861625-1-hyperv devstack@n-api.service[103758]: DEBUG oslo_concurrency.lockutils [None req-cb160123-8319-4f42-b7d4-b99b2e157d37 tempest-TestNetworkBasicOps-1937489106 tempest-TestNetworkBasicOps-1937489106-project] Lock "076270a1-de31-482f-a189-d39bdbec055f" released by "nova.context.set_target_cell..get_or_set_cached_cell_and_set_connections" :: held 0.001s {{(pid=103758) inner /usr/local/lib/python3.8/dist-packages/oslo_concurrency/lockutils.py:367}}
Oct 18 07:58:32.267933 dv-neutron-861625-1-hyperv devstack@n-api.service[103759]: DEBUG nova.api.openstack.wsgi [req-6e5d8389-07d8-4c14-86d2-5d9ad873c08e req-c87097f0-8b5e-4d14-b921-9c7505cdca84 service nova] Action: 'create', calling method: >, body: {"events": [{"server_uuid": "dca13c53-47f7-4d03-b53b-044592e05c97", "name": "network-vif-plugged", "status": "completed", "tag": "0a57c4a7-08fa-4685-be62-f24939fb5142"}]} {{(pid=103759) _process_stack /opt/stack/nova/nova/api/openstack/wsgi.py:511}}
Oct 18 07:58:32.269659 dv-neutron-861625-1-hyperv devstack@n-api.service[103759]: /usr/local/lib/python3.8/dist-packages/oslo_policy/policy.py:1065: UserWarning: Policy os_compute_api:os-server-external-events:create failed scope check. The token used to make the request was project scoped but the policy requires ['system'] scope. This behavior may change in the future where using the intended scope is required
Oct 18 07:58:32.269659 dv-neutron-861625-1-hyperv devstack@n-api.service[103759]: warnings.warn(msg)
Oct 18 07:58:32.274435 dv-neutron-861625-1-hyperv devstack@n-api.service[103758]: DEBUG nova.policy [None req-cb160123-8319-4f42-b7d4-b99b2e157d37 tempest-TestNetworkBasicOps-1937489106 tempest-TestNetworkBasicOps-1937489106-project] Policy check for os_compute_api:os-extended-server-attributes failed with credentials {'is_admin': False, 'user_id': '2d46a13d589e4ca183d897504e2ae765', 'user_domain_id': 'default', 'system_scope': None, 'domain_id': None, 'project_id': 'fe65c6866dd844bd972010a3653293ed', 'project_domain_id': 'default', 'roles': ['member', 'reader'], 'is_admin_project': True, 'service_user_id': None, 'service_user_domain_id': None, 'service_project_id': None, 'service_project_domain_id': None, 'service_roles': []} {{(pid=103758) authorize /opt/stack/nova/nova/policy.py:199}}
Oct 18 07:58:32.296892 dv-neutron-861625-1-hyperv devstack@n-api.service[103759]: DEBUG oslo_concurrency.lockutils [req-6e5d8389-07d8-4c14-86d2-5d9ad873c08e req-c87097f0-8b5e-4d14-b921-9c7505cdca84 service nova] Lock "076270a1-de31-482f-a189-d39bdbec055f" acquired by "nova.context.set_target_cell..get_or_set_cached_cell_and_set_connections" :: waited 0.000s {{(pid=103759) inner /usr/local/lib/python3.8/dist-packages/oslo_concurrency/lockutils.py:355}}
Oct 18 07:58:32.299738 dv-neutron-861625-1-hyperv devstack@n-api.service[103759]: DEBUG oslo_concurrency.lockutils [req-6e5d8389-07d8-4c14-86d2-5d9ad873c08e req-c87097f0-8b5e-4d14-b921-9c7505cdca84 service nova] Lock "076270a1-de31-482f-a189-d39bdbec055f" released by "nova.context.set_target_cell..get_or_set_cached_cell_and_set_connections" :: held 0.003s {{(pid=103759) inner /usr/local/lib/python3.8/dist-packages/oslo_concurrency/lockutils.py:367}}
Oct 18 07:58:32.304991 dv-neutron-861625-1-hyperv devstack@n-api.service[103758]: INFO nova.api.openstack.requestlog [None req-cb160123-8319-4f42-b7d4-b99b2e157d37 tempest-TestNetworkBasicOps-1937489106 tempest-TestNetworkBasicOps-1937489106-project] 10.222.0.17 "GET /compute/v2.1/servers/dca13c53-47f7-4d03-b53b-044592e05c97" status: 200 len: 1372 microversion: 2.1 time: 0.367431
Oct 18 07:58:32.320825 dv-neutron-861625-1-hyperv devstack@n-api.service[103758]: [pid: 103758|app: 0|req: 122/232] 10.222.0.17 () {58 vars in 1236 bytes} [Tue Oct 18 07:58:31 2022] GET /compute/v2.1/servers/dca13c53-47f7-4d03-b53b-044592e05c97 => generated 1372 bytes in 390 msecs (HTTP/1.1 200) 9 headers in 358 bytes (1 switches on core 0)
Oct 18 07:58:32.336421 dv-neutron-861625-1-hyperv devstack@n-api.service[103759]: INFO nova.api.openstack.compute.server_external_events [req-6e5d8389-07d8-4c14-86d2-5d9ad873c08e req-c87097f0-8b5e-4d14-b921-9c7505cdca84 service nova] Creating event network-vif-plugged:0a57c4a7-08fa-4685-be62-f24939fb5142 for instance dca13c53-47f7-4d03-b53b-044592e05c97 on hv-neutron-8616
Oct 18 07:58:32.357243 dv-neutron-861625-1-hyperv devstack@n-api.service[103759]: INFO nova.api.openstack.requestlog [req-6e5d8389-07d8-4c14-86d2-5d9ad873c08e req-c87097f0-8b5e-4d14-b921-9c7505cdca84 service nova] 10.222.0.17 "POST /compute/v2.1/os-server-external-events" status: 200 len: 183 microversion: 2.1 time: 0.087740
Oct 18 07:58:32.372174 dv-neutron-861625-1-hyperv devstack@n-api.service[103759]: [pid: 103759|app: 0|req: 111/233] 10.222.0.17 () {64 vars in 1317 bytes} [Tue Oct 18 07:58:32 2022] POST /compute/v2.1/os-server-external-events => generated 183 bytes in 109 msecs (HTTP/1.1 200) 9 headers in 357 bytes (2 switches on core 0)
Oct 18 07:58:33.329143 dv-neutron-861625-1-hyperv devstack@n-api.service[103758]: DEBUG nova.api.openstack.wsgi [None req-3e391b51-ca12-4058-a704-043d265d5c2d tempest-TestNetworkBasicOps-1937489106 tempest-TestNetworkBasicOps-1937489106-project] Calling method '>' {{(pid=103758) _process_stack /opt/stack/nova/nova/api/openstack/wsgi.py:513}}
Oct 18 07:58:33.329757 dv-neutron-861625-1-hyperv devstack@n-api.service[103758]: DEBUG nova.compute.api [None req-3e391b51-ca12-4058-a704-043d265d5c2d tempest-TestNetworkBasicOps-1937489106 tempest-TestNetworkBasicOps-1937489106-project] [instance: dca13c53-47f7-4d03-b53b-044592e05c97] Fetching instance by UUID {{(pid=103758) get /opt/stack/nova/nova/compute/api.py:2815}}
Oct 18 07:58:33.337843 dv-neutron-861625-1-hyperv devstack@n-api.service[103758]: DEBUG oslo_concurrency.lockutils [None req-3e391b51-ca12-4058-a704-043d265d5c2d tempest-TestNetworkBasicOps-1937489106 tempest-TestNetworkBasicOps-1937489106-project] Lock "076270a1-de31-482f-a189-d39bdbec055f" acquired by "nova.context.set_target_cell..get_or_set_cached_cell_and_set_connections" :: waited 0.000s {{(pid=103758) inner /usr/local/lib/python3.8/dist-packages/oslo_concurrency/lockutils.py:355}}
Oct 18 07:58:33.338297 dv-neutron-861625-1-hyperv devstack@n-api.service[103758]: DEBUG oslo_concurrency.lockutils [None req-3e391b51-ca12-4058-a704-043d265d5c2d tempest-TestNetworkBasicOps-1937489106 tempest-TestNetworkBasicOps-1937489106-project] Lock "076270a1-de31-482f-a189-d39bdbec055f" released by "nova.context.set_target_cell..get_or_set_cached_cell_and_set_connections" :: held 0.001s {{(pid=103758) inner /usr/local/lib/python3.8/dist-packages/oslo_concurrency/lockutils.py:367}}
Oct 18 07:58:33.339133 dv-neutron-861625-1-hyperv devstack@n-api.service[103758]: DEBUG oslo_concurrency.lockutils [None req-3e391b51-ca12-4058-a704-043d265d5c2d tempest-TestNetworkBasicOps-1937489106 tempest-TestNetworkBasicOps-1937489106-project] Lock "076270a1-de31-482f-a189-d39bdbec055f" acquired by "nova.context.set_target_cell..get_or_set_cached_cell_and_set_connections" :: waited 0.000s {{(pid=103758) inner /usr/local/lib/python3.8/dist-packages/oslo_concurrency/lockutils.py:355}}
Oct 18 07:58:33.339565 dv-neutron-861625-1-hyperv devstack@n-api.service[103758]: DEBUG oslo_concurrency.lockutils [None req-3e391b51-ca12-4058-a704-043d265d5c2d tempest-TestNetworkBasicOps-1937489106 tempest-TestNetworkBasicOps-1937489106-project] Lock "076270a1-de31-482f-a189-d39bdbec055f" released by "nova.context.set_target_cell..get_or_set_cached_cell_and_set_connections" :: held 0.000s {{(pid=103758) inner /usr/local/lib/python3.8/dist-packages/oslo_concurrency/lockutils.py:367}}
Oct 18 07:58:33.734884 dv-neutron-861625-1-hyperv devstack@n-api.service[103758]: DEBUG nova.policy [None req-3e391b51-ca12-4058-a704-043d265d5c2d tempest-TestNetworkBasicOps-1937489106 tempest-TestNetworkBasicOps-1937489106-project] Policy check for os_compute_api:os-extended-server-attributes failed with credentials {'is_admin': False, 'user_id': '2d46a13d589e4ca183d897504e2ae765', 'user_domain_id': 'default', 'system_scope': None, 'domain_id': None, 'project_id': 'fe65c6866dd844bd972010a3653293ed', 'project_domain_id': 'default', 'roles': ['member', 'reader'], 'is_admin_project': True, 'service_user_id': None, 'service_user_domain_id': None, 'service_project_id': None, 'service_project_domain_id': None, 'service_roles': []} {{(pid=103758) authorize /opt/stack/nova/nova/policy.py:199}}
Oct 18 07:58:33.745490 dv-neutron-861625-1-hyperv devstack@n-api.service[103758]: INFO nova.api.openstack.requestlog [None req-3e391b51-ca12-4058-a704-043d265d5c2d tempest-TestNetworkBasicOps-1937489106 tempest-TestNetworkBasicOps-1937489106-project] 10.222.0.17 "GET /compute/v2.1/servers/dca13c53-47f7-4d03-b53b-044592e05c97" status: 200 len: 1372 microversion: 2.1 time: 0.421072
Oct 18 07:58:33.746321 dv-neutron-861625-1-hyperv devstack@n-api.service[103758]: [pid: 103758|app: 0|req: 123/234] 10.222.0.17 () {58 vars in 1236 bytes} [Tue Oct 18 07:58:33 2022] GET /compute/v2.1/servers/dca13c53-47f7-4d03-b53b-044592e05c97 => generated 1372 bytes in 423 msecs (HTTP/1.1 200) 9 headers in 358 bytes (1 switches on core 0)
Oct 18 07:58:34.776629 dv-neutron-861625-1-hyperv devstack@n-api.service[103759]: DEBUG nova.api.openstack.wsgi [None req-43842b17-ad19-40d6-be70-e04b4d584cad tempest-TestNetworkBasicOps-1937489106 tempest-TestNetworkBasicOps-1937489106-project] Calling method '>' {{(pid=103759) _process_stack /opt/stack/nova/nova/api/openstack/wsgi.py:513}}
Oct 18 07:58:34.777505 dv-neutron-861625-1-hyperv devstack@n-api.service[103759]: DEBUG nova.compute.api [None req-43842b17-ad19-40d6-be70-e04b4d584cad tempest-TestNetworkBasicOps-1937489106 tempest-TestNetworkBasicOps-1937489106-project] [instance: dca13c53-47f7-4d03-b53b-044592e05c97] Fetching instance by UUID {{(pid=103759) get /opt/stack/nova/nova/compute/api.py:2815}}
Oct 18 07:58:34.785414 dv-neutron-861625-1-hyperv devstack@n-api.service[103759]: DEBUG oslo_concurrency.lockutils [None req-43842b17-ad19-40d6-be70-e04b4d584cad tempest-TestNetworkBasicOps-1937489106 tempest-TestNetworkBasicOps-1937489106-project] Lock "076270a1-de31-482f-a189-d39bdbec055f" acquired by "nova.context.set_target_cell..get_or_set_cached_cell_and_set_connections" :: waited 0.000s {{(pid=103759) inner /usr/local/lib/python3.8/dist-packages/oslo_concurrency/lockutils.py:355}}
Oct 18 07:58:34.786227 dv-neutron-861625-1-hyperv devstack@n-api.service[103759]: DEBUG oslo_concurrency.lockutils [None req-43842b17-ad19-40d6-be70-e04b4d584cad tempest-TestNetworkBasicOps-1937489106 tempest-TestNetworkBasicOps-1937489106-project] Lock "076270a1-de31-482f-a189-d39bdbec055f" released by "nova.context.set_target_cell..get_or_set_cached_cell_and_set_connections" :: held 0.001s {{(pid=103759) inner /usr/local/lib/python3.8/dist-packages/oslo_concurrency/lockutils.py:367}}
Oct 18 07:58:34.787246 dv-neutron-861625-1-hyperv devstack@n-api.service[103759]: DEBUG oslo_concurrency.lockutils [None req-43842b17-ad19-40d6-be70-e04b4d584cad tempest-TestNetworkBasicOps-1937489106 tempest-TestNetworkBasicOps-1937489106-project] Lock "076270a1-de31-482f-a189-d39bdbec055f" acquired by "nova.context.set_target_cell..get_or_set_cached_cell_and_set_connections" :: waited 0.000s {{(pid=103759) inner /usr/local/lib/python3.8/dist-packages/oslo_concurrency/lockutils.py:355}}
Oct 18 07:58:34.787750 dv-neutron-861625-1-hyperv devstack@n-api.service[103759]: DEBUG oslo_concurrency.lockutils [None req-43842b17-ad19-40d6-be70-e04b4d584cad tempest-TestNetworkBasicOps-1937489106 tempest-TestNetworkBasicOps-1937489106-project] Lock "076270a1-de31-482f-a189-d39bdbec055f" released by "nova.context.set_target_cell..get_or_set_cached_cell_and_set_connections" :: held 0.000s {{(pid=103759) inner /usr/local/lib/python3.8/dist-packages/oslo_concurrency/lockutils.py:367}}
Oct 18 07:58:35.245672 dv-neutron-861625-1-hyperv devstack@n-api.service[103759]: DEBUG nova.policy [None req-43842b17-ad19-40d6-be70-e04b4d584cad tempest-TestNetworkBasicOps-1937489106 tempest-TestNetworkBasicOps-1937489106-project] Policy check for os_compute_api:os-extended-server-attributes failed with credentials {'is_admin': False, 'user_id': '2d46a13d589e4ca183d897504e2ae765', 'user_domain_id': 'default', 'system_scope': None, 'domain_id': None, 'project_id': 'fe65c6866dd844bd972010a3653293ed', 'project_domain_id': 'default', 'roles': ['member', 'reader'], 'is_admin_project': True, 'service_user_id': None, 'service_user_domain_id': None, 'service_project_id': None, 'service_project_domain_id': None, 'service_roles': []} {{(pid=103759) authorize /opt/stack/nova/nova/policy.py:199}}
Oct 18 07:58:35.256638 dv-neutron-861625-1-hyperv devstack@n-api.service[103759]: INFO nova.api.openstack.requestlog [None req-43842b17-ad19-40d6-be70-e04b4d584cad tempest-TestNetworkBasicOps-1937489106 tempest-TestNetworkBasicOps-1937489106-project] 10.222.0.17 "GET /compute/v2.1/servers/dca13c53-47f7-4d03-b53b-044592e05c97" status: 200 len: 1545 microversion: 2.1 time: 0.491000
Oct 18 07:58:35.257364 dv-neutron-861625-1-hyperv devstack@n-api.service[103759]: [pid: 103759|app: 0|req: 112/235] 10.222.0.17 () {58 vars in 1236 bytes} [Tue Oct 18 07:58:34 2022] GET /compute/v2.1/servers/dca13c53-47f7-4d03-b53b-044592e05c97 => generated 1545 bytes in 493 msecs (HTTP/1.1 200) 9 headers in 358 bytes (1 switches on core 0)
Oct 18 07:58:35.279599 dv-neutron-861625-1-hyperv devstack@n-api.service[103758]: DEBUG nova.api.openstack.wsgi [None req-0bd3840f-9e96-4373-a3ff-a160d2645169 tempest-TestNetworkBasicOps-1937489106 tempest-TestNetworkBasicOps-1937489106-project] Calling method '>' {{(pid=103758) _process_stack /opt/stack/nova/nova/api/openstack/wsgi.py:513}}
Oct 18 07:58:35.280793 dv-neutron-861625-1-hyperv devstack@n-api.service[103758]: DEBUG nova.compute.api [None req-0bd3840f-9e96-4373-a3ff-a160d2645169 tempest-TestNetworkBasicOps-1937489106 tempest-TestNetworkBasicOps-1937489106-project] [instance: dca13c53-47f7-4d03-b53b-044592e05c97] Fetching instance by UUID {{(pid=103758) get /opt/stack/nova/nova/compute/api.py:2815}}
Oct 18 07:58:35.288377 dv-neutron-861625-1-hyperv devstack@n-api.service[103758]: DEBUG oslo_concurrency.lockutils [None req-0bd3840f-9e96-4373-a3ff-a160d2645169 tempest-TestNetworkBasicOps-1937489106 tempest-TestNetworkBasicOps-1937489106-project] Lock "076270a1-de31-482f-a189-d39bdbec055f" acquired by "nova.context.set_target_cell..get_or_set_cached_cell_and_set_connections" :: waited 0.000s {{(pid=103758) inner /usr/local/lib/python3.8/dist-packages/oslo_concurrency/lockutils.py:355}}
Oct 18 07:58:35.288932 dv-neutron-861625-1-hyperv devstack@n-api.service[103758]: DEBUG oslo_concurrency.lockutils [None req-0bd3840f-9e96-4373-a3ff-a160d2645169 tempest-TestNetworkBasicOps-1937489106 tempest-TestNetworkBasicOps-1937489106-project] Lock "076270a1-de31-482f-a189-d39bdbec055f" released by "nova.context.set_target_cell..get_or_set_cached_cell_and_set_connections" :: held 0.001s {{(pid=103758) inner /usr/local/lib/python3.8/dist-packages/oslo_concurrency/lockutils.py:367}}
Oct 18 07:58:35.289829 dv-neutron-861625-1-hyperv devstack@n-api.service[103758]: DEBUG oslo_concurrency.lockutils [None req-0bd3840f-9e96-4373-a3ff-a160d2645169 tempest-TestNetworkBasicOps-1937489106 tempest-TestNetworkBasicOps-1937489106-project] Lock "076270a1-de31-482f-a189-d39bdbec055f" acquired by "nova.context.set_target_cell..get_or_set_cached_cell_and_set_connections" :: waited 0.000s {{(pid=103758) inner /usr/local/lib/python3.8/dist-packages/oslo_concurrency/lockutils.py:355}}
Oct 18 07:58:35.290792 dv-neutron-861625-1-hyperv devstack@n-api.service[103758]: DEBUG oslo_concurrency.lockutils [None req-0bd3840f-9e96-4373-a3ff-a160d2645169 tempest-TestNetworkBasicOps-1937489106 tempest-TestNetworkBasicOps-1937489106-project] Lock "076270a1-de31-482f-a189-d39bdbec055f" released by "nova.context.set_target_cell..get_or_set_cached_cell_and_set_connections" :: held 0.001s {{(pid=103758) inner /usr/local/lib/python3.8/dist-packages/oslo_concurrency/lockutils.py:367}}
Oct 18 07:58:35.508383 dv-neutron-861625-1-hyperv devstack@n-api.service[103758]: DEBUG nova.policy [None req-0bd3840f-9e96-4373-a3ff-a160d2645169 tempest-TestNetworkBasicOps-1937489106 tempest-TestNetworkBasicOps-1937489106-project] Policy check for os_compute_api:os-extended-server-attributes failed with credentials {'is_admin': False, 'user_id': '2d46a13d589e4ca183d897504e2ae765', 'user_domain_id': 'default', 'system_scope': None, 'domain_id': None, 'project_id': 'fe65c6866dd844bd972010a3653293ed', 'project_domain_id': 'default', 'roles': ['member', 'reader'], 'is_admin_project': True, 'service_user_id': None, 'service_user_domain_id': None, 'service_project_id': None, 'service_project_domain_id': None, 'service_roles': []} {{(pid=103758) authorize /opt/stack/nova/nova/policy.py:199}}
Oct 18 07:58:35.525571 dv-neutron-861625-1-hyperv devstack@n-api.service[103758]: INFO nova.api.openstack.requestlog [None req-0bd3840f-9e96-4373-a3ff-a160d2645169 tempest-TestNetworkBasicOps-1937489106 tempest-TestNetworkBasicOps-1937489106-project] 10.222.0.17 "GET /compute/v2.1/servers/dca13c53-47f7-4d03-b53b-044592e05c97" status: 200 len: 1545 microversion: 2.1 time: 0.250246
Oct 18 07:58:35.526350 dv-neutron-861625-1-hyperv devstack@n-api.service[103758]: [pid: 103758|app: 0|req: 124/236] 10.222.0.17 () {58 vars in 1236 bytes} [Tue Oct 18 07:58:35 2022] GET /compute/v2.1/servers/dca13c53-47f7-4d03-b53b-044592e05c97 => generated 1545 bytes in 252 msecs (HTTP/1.1 200) 9 headers in 358 bytes (1 switches on core 0)
Oct 18 07:58:48.865806 dv-neutron-861625-1-hyperv devstack@n-api.service[103759]: DEBUG nova.api.openstack.wsgi [None req-4d0fd8fe-b746-4359-a393-a03061b57d00 tempest-TestNetworkAdvancedServerOps-616781225 tempest-TestNetworkAdvancedServerOps-616781225-project] Action: 'action', calling method: >, body: {"os-getConsoleOutput": {}} {{(pid=103759) _process_stack /opt/stack/nova/nova/api/openstack/wsgi.py:511}}
Oct 18 07:58:48.866800 dv-neutron-861625-1-hyperv devstack@n-api.service[103759]: DEBUG nova.compute.api [None req-4d0fd8fe-b746-4359-a393-a03061b57d00 tempest-TestNetworkAdvancedServerOps-616781225 tempest-TestNetworkAdvancedServerOps-616781225-project] [instance: c7be673f-68c9-42c7-b38f-b796fda43830] Fetching instance by UUID {{(pid=103759) get /opt/stack/nova/nova/compute/api.py:2815}}
Oct 18 07:58:48.876090 dv-neutron-861625-1-hyperv devstack@n-api.service[103759]: DEBUG oslo_concurrency.lockutils [None req-4d0fd8fe-b746-4359-a393-a03061b57d00 tempest-TestNetworkAdvancedServerOps-616781225 tempest-TestNetworkAdvancedServerOps-616781225-project] Lock "076270a1-de31-482f-a189-d39bdbec055f" acquired by "nova.context.set_target_cell..get_or_set_cached_cell_and_set_connections" :: waited 0.000s {{(pid=103759) inner /usr/local/lib/python3.8/dist-packages/oslo_concurrency/lockutils.py:355}}
Oct 18 07:58:48.876752 dv-neutron-861625-1-hyperv devstack@n-api.service[103759]: DEBUG oslo_concurrency.lockutils [None req-4d0fd8fe-b746-4359-a393-a03061b57d00 tempest-TestNetworkAdvancedServerOps-616781225 tempest-TestNetworkAdvancedServerOps-616781225-project] Lock "076270a1-de31-482f-a189-d39bdbec055f" released by "nova.context.set_target_cell..get_or_set_cached_cell_and_set_connections" :: held 0.001s {{(pid=103759) inner /usr/local/lib/python3.8/dist-packages/oslo_concurrency/lockutils.py:367}}
Oct 18 07:58:48.877690 dv-neutron-861625-1-hyperv devstack@n-api.service[103759]: DEBUG oslo_concurrency.lockutils [None req-4d0fd8fe-b746-4359-a393-a03061b57d00 tempest-TestNetworkAdvancedServerOps-616781225 tempest-TestNetworkAdvancedServerOps-616781225-project] Lock "076270a1-de31-482f-a189-d39bdbec055f" acquired by "nova.context.set_target_cell..get_or_set_cached_cell_and_set_connections" :: waited 0.000s {{(pid=103759) inner /usr/local/lib/python3.8/dist-packages/oslo_concurrency/lockutils.py:355}}
Oct 18 07:58:48.878269 dv-neutron-861625-1-hyperv devstack@n-api.service[103759]: DEBUG oslo_concurrency.lockutils [None req-4d0fd8fe-b746-4359-a393-a03061b57d00 tempest-TestNetworkAdvancedServerOps-616781225 tempest-TestNetworkAdvancedServerOps-616781225-project] Lock "076270a1-de31-482f-a189-d39bdbec055f" released by "nova.context.set_target_cell..get_or_set_cached_cell_and_set_connections" :: held 0.000s {{(pid=103759) inner /usr/local/lib/python3.8/dist-packages/oslo_concurrency/lockutils.py:367}}
Oct 18 07:58:49.002945 dv-neutron-861625-1-hyperv devstack@n-api.service[103759]: INFO nova.api.openstack.requestlog [None req-4d0fd8fe-b746-4359-a393-a03061b57d00 tempest-TestNetworkAdvancedServerOps-616781225 tempest-TestNetworkAdvancedServerOps-616781225-project] 10.222.0.17 "POST /compute/v2.1/servers/c7be673f-68c9-42c7-b38f-b796fda43830/action" status: 200 len: 28658 microversion: 2.1 time: 0.140754
Oct 18 07:58:49.010065 dv-neutron-861625-1-hyperv devstack@n-api.service[103759]: [pid: 103759|app: 0|req: 113/237] 10.222.0.17 () {60 vars in 1278 bytes} [Tue Oct 18 07:58:48 2022] POST /compute/v2.1/servers/c7be673f-68c9-42c7-b38f-b796fda43830/action => generated 28658 bytes in 143 msecs (HTTP/1.1 200) 9 headers in 359 bytes (1 switches on core 0)
Oct 18 07:59:00.009397 dv-neutron-861625-1-hyperv devstack@n-api.service[103758]: DEBUG nova.api.openstack.wsgi [None req-85e473dc-e869-4571-969a-4de05cac4b52 tempest-TestNetworkAdvancedServerOps-616781225 tempest-TestNetworkAdvancedServerOps-616781225-project] Action: 'action', calling method: >, body: {"rebuild": {"imageRef": "9e4089ec-6b87-4d0c-865b-f05442829097"}} {{(pid=103758) _process_stack /opt/stack/nova/nova/api/openstack/wsgi.py:511}}
Oct 18 07:59:00.010774 dv-neutron-861625-1-hyperv devstack@n-api.service[103758]: DEBUG nova.compute.api [None req-85e473dc-e869-4571-969a-4de05cac4b52 tempest-TestNetworkAdvancedServerOps-616781225 tempest-TestNetworkAdvancedServerOps-616781225-project] [instance: c7be673f-68c9-42c7-b38f-b796fda43830] Fetching instance by UUID {{(pid=103758) get /opt/stack/nova/nova/compute/api.py:2815}}
Oct 18 07:59:00.018717 dv-neutron-861625-1-hyperv devstack@n-api.service[103758]: DEBUG oslo_concurrency.lockutils [None req-85e473dc-e869-4571-969a-4de05cac4b52 tempest-TestNetworkAdvancedServerOps-616781225 tempest-TestNetworkAdvancedServerOps-616781225-project] Lock "076270a1-de31-482f-a189-d39bdbec055f" acquired by "nova.context.set_target_cell..get_or_set_cached_cell_and_set_connections" :: waited 0.000s {{(pid=103758) inner /usr/local/lib/python3.8/dist-packages/oslo_concurrency/lockutils.py:355}}
Oct 18 07:59:00.019174 dv-neutron-861625-1-hyperv devstack@n-api.service[103758]: DEBUG oslo_concurrency.lockutils [None req-85e473dc-e869-4571-969a-4de05cac4b52 tempest-TestNetworkAdvancedServerOps-616781225 tempest-TestNetworkAdvancedServerOps-616781225-project] Lock "076270a1-de31-482f-a189-d39bdbec055f" released by "nova.context.set_target_cell..get_or_set_cached_cell_and_set_connections" :: held 0.001s {{(pid=103758) inner /usr/local/lib/python3.8/dist-packages/oslo_concurrency/lockutils.py:367}}
Oct 18 07:59:00.019949 dv-neutron-861625-1-hyperv devstack@n-api.service[103758]: DEBUG oslo_concurrency.lockutils [None req-85e473dc-e869-4571-969a-4de05cac4b52 tempest-TestNetworkAdvancedServerOps-616781225 tempest-TestNetworkAdvancedServerOps-616781225-project] Lock "076270a1-de31-482f-a189-d39bdbec055f" acquired by "nova.context.set_target_cell..get_or_set_cached_cell_and_set_connections" :: waited 0.000s {{(pid=103758) inner /usr/local/lib/python3.8/dist-packages/oslo_concurrency/lockutils.py:355}}
Oct 18 07:59:00.020392 dv-neutron-861625-1-hyperv devstack@n-api.service[103758]: DEBUG oslo_concurrency.lockutils [None req-85e473dc-e869-4571-969a-4de05cac4b52 tempest-TestNetworkAdvancedServerOps-616781225 tempest-TestNetworkAdvancedServerOps-616781225-project] Lock "076270a1-de31-482f-a189-d39bdbec055f" released by "nova.context.set_target_cell..get_or_set_cached_cell_and_set_connections" :: held 0.000s {{(pid=103758) inner /usr/local/lib/python3.8/dist-packages/oslo_concurrency/lockutils.py:367}}
Oct 18 07:59:00.150862 dv-neutron-861625-1-hyperv devstack@n-api.service[103758]: DEBUG nova.virt.hardware [None req-85e473dc-e869-4571-969a-4de05cac4b52 tempest-TestNetworkAdvancedServerOps-616781225 tempest-TestNetworkAdvancedServerOps-616781225-project] Flavor limits 0:0:0 {{(pid=103758) get_cpu_topology_constraints /opt/stack/nova/nova/virt/hardware.py:343}}
Oct 18 07:59:00.151527 dv-neutron-861625-1-hyperv devstack@n-api.service[103758]: DEBUG nova.virt.hardware [None req-85e473dc-e869-4571-969a-4de05cac4b52 tempest-TestNetworkAdvancedServerOps-616781225 tempest-TestNetworkAdvancedServerOps-616781225-project] Image limits 0:0:0 {{(pid=103758) get_cpu_topology_constraints /opt/stack/nova/nova/virt/hardware.py:347}}
Oct 18 07:59:00.152105 dv-neutron-861625-1-hyperv devstack@n-api.service[103758]: DEBUG nova.virt.hardware [None req-85e473dc-e869-4571-969a-4de05cac4b52 tempest-TestNetworkAdvancedServerOps-616781225 tempest-TestNetworkAdvancedServerOps-616781225-project] Flavor pref 0:0:0 {{(pid=103758) get_cpu_topology_constraints /opt/stack/nova/nova/virt/hardware.py:383}}
Oct 18 07:59:00.152595 dv-neutron-861625-1-hyperv devstack@n-api.service[103758]: DEBUG nova.virt.hardware [None req-85e473dc-e869-4571-969a-4de05cac4b52 tempest-TestNetworkAdvancedServerOps-616781225 tempest-TestNetworkAdvancedServerOps-616781225-project] Image pref 0:0:0 {{(pid=103758) get_cpu_topology_constraints /opt/stack/nova/nova/virt/hardware.py:387}}
Oct 18 07:59:00.153081 dv-neutron-861625-1-hyperv devstack@n-api.service[103758]: DEBUG nova.virt.hardware [None req-85e473dc-e869-4571-969a-4de05cac4b52 tempest-TestNetworkAdvancedServerOps-616781225 tempest-TestNetworkAdvancedServerOps-616781225-project] Chose sockets=0, cores=0, threads=0; limits were sockets=65536, cores=65536, threads=65536 {{(pid=103758) get_cpu_topology_constraints /opt/stack/nova/nova/virt/hardware.py:425}}
Oct 18 07:59:00.251745 dv-neutron-861625-1-hyperv devstack@n-api.service[103758]: DEBUG nova.compute.api [None req-85e473dc-e869-4571-969a-4de05cac4b52 tempest-TestNetworkAdvancedServerOps-616781225 tempest-TestNetworkAdvancedServerOps-616781225-project] [instance: c7be673f-68c9-42c7-b38f-b796fda43830] Fetching instance by UUID {{(pid=103758) get /opt/stack/nova/nova/compute/api.py:2815}}
Oct 18 07:59:00.259817 dv-neutron-861625-1-hyperv devstack@n-api.service[103758]: DEBUG oslo_concurrency.lockutils [None req-85e473dc-e869-4571-969a-4de05cac4b52 tempest-TestNetworkAdvancedServerOps-616781225 tempest-TestNetworkAdvancedServerOps-616781225-project] Lock "076270a1-de31-482f-a189-d39bdbec055f" acquired by "nova.context.set_target_cell..get_or_set_cached_cell_and_set_connections" :: waited 0.000s {{(pid=103758) inner /usr/local/lib/python3.8/dist-packages/oslo_concurrency/lockutils.py:355}}
Oct 18 07:59:00.260276 dv-neutron-861625-1-hyperv devstack@n-api.service[103758]: DEBUG oslo_concurrency.lockutils [None req-85e473dc-e869-4571-969a-4de05cac4b52 tempest-TestNetworkAdvancedServerOps-616781225 tempest-TestNetworkAdvancedServerOps-616781225-project] Lock "076270a1-de31-482f-a189-d39bdbec055f" released by "nova.context.set_target_cell..get_or_set_cached_cell_and_set_connections" :: held 0.001s {{(pid=103758) inner /usr/local/lib/python3.8/dist-packages/oslo_concurrency/lockutils.py:367}}
Oct 18 07:59:00.261854 dv-neutron-861625-1-hyperv devstack@n-api.service[103758]: DEBUG oslo_concurrency.lockutils [None req-85e473dc-e869-4571-969a-4de05cac4b52 tempest-TestNetworkAdvancedServerOps-616781225 tempest-TestNetworkAdvancedServerOps-616781225-project] Lock "076270a1-de31-482f-a189-d39bdbec055f" acquired by "nova.context.set_target_cell..get_or_set_cached_cell_and_set_connections" :: waited 0.000s {{(pid=103758) inner /usr/local/lib/python3.8/dist-packages/oslo_concurrency/lockutils.py:355}}
Oct 18 07:59:00.262305 dv-neutron-861625-1-hyperv devstack@n-api.service[103758]: DEBUG oslo_concurrency.lockutils [None req-85e473dc-e869-4571-969a-4de05cac4b52 tempest-TestNetworkAdvancedServerOps-616781225 tempest-TestNetworkAdvancedServerOps-616781225-project] Lock "076270a1-de31-482f-a189-d39bdbec055f" released by "nova.context.set_target_cell..get_or_set_cached_cell_and_set_connections" :: held 0.001s {{(pid=103758) inner /usr/local/lib/python3.8/dist-packages/oslo_concurrency/lockutils.py:367}}
Oct 18 07:59:00.327673 dv-neutron-861625-1-hyperv devstack@n-api.service[103758]: INFO nova.api.openstack.requestlog [None req-85e473dc-e869-4571-969a-4de05cac4b52 tempest-TestNetworkAdvancedServerOps-616781225 tempest-TestNetworkAdvancedServerOps-616781225-project] 10.222.0.17 "POST /compute/v2.1/servers/c7be673f-68c9-42c7-b38f-b796fda43830/action" status: 202 len: 1136 microversion: 2.1 time: 0.322065
Oct 18 07:59:00.328591 dv-neutron-861625-1-hyperv devstack@n-api.service[103758]: [pid: 103758|app: 0|req: 125/238] 10.222.0.17 () {60 vars in 1278 bytes} [Tue Oct 18 07:59:00 2022] POST /compute/v2.1/servers/c7be673f-68c9-42c7-b38f-b796fda43830/action => generated 1136 bytes in 324 msecs (HTTP/1.1 202) 10 headers in 452 bytes (1 switches on core 0)
Oct 18 07:59:00.358185 dv-neutron-861625-1-hyperv devstack@n-api.service[103759]: DEBUG nova.api.openstack.wsgi [None req-9f96495a-5cc9-4812-b3b0-132b7a4fb13f tempest-TestNetworkAdvancedServerOps-616781225 tempest-TestNetworkAdvancedServerOps-616781225-project] Calling method '>' {{(pid=103759) _process_stack /opt/stack/nova/nova/api/openstack/wsgi.py:513}}
Oct 18 07:59:00.358916 dv-neutron-861625-1-hyperv devstack@n-api.service[103759]: DEBUG nova.compute.api [None req-9f96495a-5cc9-4812-b3b0-132b7a4fb13f tempest-TestNetworkAdvancedServerOps-616781225 tempest-TestNetworkAdvancedServerOps-616781225-project] [instance: c7be673f-68c9-42c7-b38f-b796fda43830] Fetching instance by UUID {{(pid=103759) get /opt/stack/nova/nova/compute/api.py:2815}}
Oct 18 07:59:00.376290 dv-neutron-861625-1-hyperv devstack@n-api.service[103759]: DEBUG oslo_concurrency.lockutils [None req-9f96495a-5cc9-4812-b3b0-132b7a4fb13f tempest-TestNetworkAdvancedServerOps-616781225 tempest-TestNetworkAdvancedServerOps-616781225-project] Lock "076270a1-de31-482f-a189-d39bdbec055f" acquired by "nova.context.set_target_cell..get_or_set_cached_cell_and_set_connections" :: waited 0.000s {{(pid=103759) inner /usr/local/lib/python3.8/dist-packages/oslo_concurrency/lockutils.py:355}}
