Oct 14 13:06:50.159153 dv-neutron-861169-4-hyperv neutron-server[105777]: INFO neutron.wsgi [None req-a57ee8a5-a62b-429e-be4d-05cc1ec2ea2f tempest-MeteringTestJSON-992257515 tempest-MeteringTestJSON-992257515-project-admin] 10.222.0.13 "POST /networking/v2.0/metering/metering-label-rules HTTP/1.1" status: 201 len: 466 time: 0.9500439
Oct 14 13:06:50.197529 dv-neutron-861169-4-hyperv neutron-server[105778]: DEBUG neutron.db.l3_hamode_db [None req-c51c67b1-6965-4b57-947d-83d51acdfeb7 None None] neutron.services.l3_router.l3_router_plugin.L3RouterPlugin method _process_sync_ha_data called with arguments (, [{'id': '39fcdd36-058b-44b3-9b99-8f82c574bb14', 'name': 'tempest-ServersTestJSON-661331809-router', 'tenant_id': '346ee4df5c834c5984fdb2c45e3c4d37', 'admin_state_up': True, 'status': 'ACTIVE', 'external_gateway_info': {'network_id': 'b1fe76f0-57b9-42eb-8de2-e8eb985c77ea', 'external_fixed_ips': [{'subnet_id': '281f6c84-ecdb-40ea-8adf-3b31c0bb9978', 'ip_address': '172.26.2.39'}], 'enable_snat': True}, 'gw_port_id': '42a52413-5530-41f3-8e20-82c0d48fb9f1', 'description': '', 'availability_zones': ['nova'], 'distributed': False, 'ha': False, 'ha_vr_id': 0, 'availability_zone_hints': [], 'routes': [], 'flavor_id': None, 'tags': [], 'created_at': '2022-10-14T13:06:34Z', 'updated_at': '2022-10-14T13:06:45Z', 'revision_number': 4, 'project_id': '346ee4df5c834c5984fdb2c45e3c4d37', 'gw_port': {'id': '42a52413-5530-41f3-8e20-82c0d48fb9f1', 'name': '', 'network_id': 'b1fe76f0-57b9-42eb-8de2-e8eb985c77ea', 'tenant_id': '', 'mac_address': 'fa:16:3e:ad:12:eb', 'admin_state_up': True, 'status': 'ACTIVE', 'device_id': '39fcdd36-058b-44b3-9b99-8f82c574bb14', 'device_owner': 'network:router_gateway', 'standard_attr_id': 56, 'fixed_ips': [{'subnet_id': '281f6c84-ecdb-40ea-8adf-3b31c0bb9978', 'ip_address': '172.26.2.39', 'prefixlen': 24}], 'allowed_address_pairs': [], 'extra_dhcp_opts': [], 'security_groups': [], 'description': '', 'binding:vnic_type': 'normal', 'binding:profile': {}, 'binding:host_id': 'dv-neutron-861169-4-hyperv', 'binding:vif_type': 'ovs', 'binding:vif_details': {'connectivity': 'l2', 'port_filter': True, 'ovs_hybrid_plug': False, 'datapath_type': 'system', 'bridge_name': 'br-int', 'bound_drivers': {'0': 'openvswitch'}}, 'port_security_enabled': False, 'tags': [], 'created_at': '2022-10-14T13:06:35Z', 'updated_at': '2022-10-14T13:06:44Z', 'revision_number': 4, 'project_id': '', 'subnets': [{'id': '281f6c84-ecdb-40ea-8adf-3b31c0bb9978', 'cidr': '172.26.2.0/24', 'gateway_ip': '172.26.2.1', 'dns_nameservers': [], 'ipv6_ra_mode': None, 'subnetpool_id': None}], 'extra_subnets': [], 'address_scopes': {4: None, 6: None}, 'mtu': 1500}, 'enable_snat': True, 'gw_port_host': 'dv-neutron-861169-4-hyperv', '_interfaces': [{'id': '96f7e6b6-60d6-48d1-a7a2-160bf4a4911b', 'name': '', 'network_id': 'a47ab95a-a4ac-4d5c-8005-25896b97ee70', 'tenant_id': '346ee4df5c834c5984fdb2c45e3c4d37', 'mac_address': 'fa:16:3e:b6:39:d7', 'admin_state_up': True, 'status': 'DOWN', 'device_id': '39fcdd36-058b-44b3-9b99-8f82c574bb14', 'device_owner': 'network:router_interface', 'standard_attr_id': 117, 'fixed_ips': [{'subnet_id': '267b311d-aca6-46c5-9ee9-bca88ba97a69', 'ip_address': '172.20.0.1', 'prefixlen': 28}], 'allowed_address_pairs': [], 'extra_dhcp_opts': [], 'security_groups': [], 'description': '', 'binding:vnic_type': 'normal', 'binding:profile': {}, 'binding:host_id': '', 'binding:vif_type': 'unbound', 'binding:vif_details': {}, 'port_security_enabled': False, 'tags': [], 'created_at': '2022-10-14T13:06:43Z', 'updated_at': '2022-10-14T13:06:46Z', 'revision_number': 2, 'project_id': '346ee4df5c834c5984fdb2c45e3c4d37', 'subnets': [{'id': '267b311d-aca6-46c5-9ee9-bca88ba97a69', 'cidr': '172.20.0.0/28', 'gateway_ip': '172.20.0.1', 'dns_nameservers': [], 'ipv6_ra_mode': None, 'subnetpool_id': None}], 'extra_subnets': [], 'address_scopes': {4: None, 6: None}, 'mtu': 1500}]}], 'dv-neutron-861169-4-hyperv', False) {} {{(pid=105778) wrapper /usr/local/lib/python3.8/dist-packages/oslo_log/helpers.py:65}}
Oct 14 13:06:50.203316 dv-neutron-861169-4-hyperv neutron-server[105776]: DEBUG neutron.wsgi [-] (105776) accepted ('10.222.0.13', 44152) {{(pid=105776) server /usr/local/lib/python3.8/dist-packages/eventlet/wsgi.py:1004}}
Oct 14 13:06:50.235871 dv-neutron-861169-4-hyperv neutron-server[105778]: DEBUG neutron.api.rpc.handlers.l3_rpc [None req-c51c67b1-6965-4b57-947d-83d51acdfeb7 None None] Checking router: 39fcdd36-058b-44b3-9b99-8f82c574bb14 for host: dv-neutron-861169-4-hyperv {{(pid=105778) _ensure_host_set_on_ports /opt/stack/neutron/neutron/api/rpc/handlers/l3_rpc.py:155}}
Oct 14 13:06:50.236279 dv-neutron-861169-4-hyperv neutron-server[105778]: DEBUG neutron.api.rpc.handlers.l3_rpc [None req-c51c67b1-6965-4b57-947d-83d51acdfeb7 None None] Updating router 39fcdd36-058b-44b3-9b99-8f82c574bb14 port 96f7e6b6-60d6-48d1-a7a2-160bf4a4911b binding host dv-neutron-861169-4-hyperv {{(pid=105778) _ensure_host_set_on_port /opt/stack/neutron/neutron/api/rpc/handlers/l3_rpc.py:205}}
Oct 14 13:06:50.261644 dv-neutron-861169-4-hyperv neutron-server[105776]: DEBUG dbcounter [-] [105776] Writing DB stats neutron:SELECT=95,neutron:INSERT=3,neutron:UPDATE=2 {{(pid=105776) stat_writer /usr/local/lib/python3.8/dist-packages/dbcounter.py:114}}
Oct 14 13:06:50.279956 dv-neutron-861169-4-hyperv neutron-server[105777]: DEBUG neutron.objects.ports [None req-84901734-7c4a-496a-b97f-a5bbdd83ffd1 tempest-ExternalNetworksTestJSON-1780778723 tempest-ExternalNetworksTestJSON-1780778723-project-admin] Time-cost: Fetching 0 ports in 0 security groups {{(pid=105777) get_objects /opt/stack/neutron/neutron/objects/ports.py:471}}
Oct 14 13:06:50.284924 dv-neutron-861169-4-hyperv neutron-server[105777]: DEBUG neutron_lib.callbacks.manager [None req-84901734-7c4a-496a-b97f-a5bbdd83ffd1 tempest-ExternalNetworksTestJSON-1780778723 tempest-ExternalNetworksTestJSON-1780778723-project-admin] Publish callbacks ['neutron.plugins.ml2.ovo_rpc._ObjectChangeHandler.handle_event-7873911', 'neutron.api.rpc.agentnotifiers.dhcp_rpc_agent_api.DhcpAgentNotifyAPI._native_event_send_dhcp_notification-7885684', 'neutron.services.segments.plugin.NovaSegmentNotifier._notify_subnet_created-5249763', 'neutron.services.segments.plugin.SegmentHostRoutes.host_routes_after_create-5383092'] for subnet (6be7b4a3-4ff6-4e8c-b777-fb2c5b2341c6), after_create {{(pid=105777) _notify_loop /usr/local/lib/python3.8/dist-packages/neutron_lib/callbacks/manager.py:176}}
Oct 14 13:06:50.298540 dv-neutron-861169-4-hyperv neutron-server[105777]: DEBUG neutron.wsgi [-] (105777) accepted ('10.222.0.13', 44154) {{(pid=105777) server /usr/local/lib/python3.8/dist-packages/eventlet/wsgi.py:1004}}
Oct 14 13:06:50.301217 dv-neutron-861169-4-hyperv neutron-server[105778]: DEBUG neutron_lib.callbacks.manager [None req-c51c67b1-6965-4b57-947d-83d51acdfeb7 None None] Publish callbacks ['neutron.plugins.ml2.plugin.SecurityGroupDbMixin._ensure_default_security_group_handler-753918'] for port (96f7e6b6-60d6-48d1-a7a2-160bf4a4911b), before_update {{(pid=105778) _notify_loop /usr/local/lib/python3.8/dist-packages/neutron_lib/callbacks/manager.py:176}}
Oct 14 13:06:50.303015 dv-neutron-861169-4-hyperv neutron-server[105776]: INFO neutron.wsgi [None req-9721817c-4c91-4a2d-a5c1-a2799a24792f tempest-MeteringTestJSON-992257515 tempest-MeteringTestJSON-992257515-project-admin] 10.222.0.13 "GET /networking/v2.0/metering/metering-label-rules?id=adbdee4b-4716-4fbf-8e2f-9762adbafec9 HTTP/1.1" status: 200 len: 464 time: 0.0965497
Oct 14 13:06:50.314992 dv-neutron-861169-4-hyperv neutron-server[105778]: DEBUG neutron.plugins.ml2.plugin [None req-14e42614-41d5-40b1-b46c-98eab25bd35e None None] Current status of the port c3e7f5c1-fab6-43ed-a05b-a300e8447a3e is: DOWN; New status is: ACTIVE {{(pid=105778) _update_individual_port_db_status /opt/stack/neutron/neutron/plugins/ml2/plugin.py:2333}}
Oct 14 13:06:50.315796 dv-neutron-861169-4-hyperv neutron-server[105778]: DEBUG neutron_lib.callbacks.manager [None req-14e42614-41d5-40b1-b46c-98eab25bd35e None None] Publish callbacks ['neutron.plugins.ml2.plugin.SecurityGroupDbMixin._ensure_default_security_group_handler-753918'] for port (c3e7f5c1-fab6-43ed-a05b-a300e8447a3e), before_update {{(pid=105778) _notify_loop /usr/local/lib/python3.8/dist-packages/neutron_lib/callbacks/manager.py:176}}
Oct 14 13:06:50.325814 dv-neutron-861169-4-hyperv neutron-server[105776]: DEBUG neutron.wsgi [-] (105776) accepted ('10.222.0.13', 44156) {{(pid=105776) server /usr/local/lib/python3.8/dist-packages/eventlet/wsgi.py:1004}}
Oct 14 13:06:50.367701 dv-neutron-861169-4-hyperv neutron-server[105778]: DEBUG dbcounter [-] [105778] Writing DB stats neutron:SELECT=99,neutron:UPDATE=1 {{(pid=105778) stat_writer /usr/local/lib/python3.8/dist-packages/dbcounter.py:114}}
Oct 14 13:06:50.371700 dv-neutron-861169-4-hyperv neutron-server[105778]: DEBUG neutron.plugins.ml2.db [None req-14e42614-41d5-40b1-b46c-98eab25bd35e None None] For port c3e7f5c1-fab6-43ed-a05b-a300e8447a3e, host dv-neutron-861169-4-hyperv, got binding levels [PortBindingLevel(driver='openvswitch',host='dv-neutron-861169-4-hyperv',level=0,port_id=c3e7f5c1-fab6-43ed-a05b-a300e8447a3e,segment=NetworkSegment(85f813fd-f509-44e0-a2d4-5de384a79c06),segment_id=85f813fd-f509-44e0-a2d4-5de384a79c06)] {{(pid=105778) get_binding_level_objs /opt/stack/neutron/neutron/plugins/ml2/db.py:74}}
Oct 14 13:06:50.389059 dv-neutron-861169-4-hyperv neutron-server[105777]: DEBUG neutron.pecan_wsgi.hooks.quota_enforcement [None req-46730dd6-80f6-45e3-9ab3-f34dc545932b tempest-RoutersAdminTest-1442548206 tempest-RoutersAdminTest-1442548206-project-admin] Made reservation on behalf of 20066e39c21b4ef79e8967294e68395c for: {'network': 1} {{(pid=105777) before /opt/stack/neutron/neutron/pecan_wsgi/hooks/quota_enforcement.py:53}}
Oct 14 13:06:50.392399 dv-neutron-861169-4-hyperv neutron-server[105777]: DEBUG neutron_lib.callbacks.manager [None req-46730dd6-80f6-45e3-9ab3-f34dc545932b tempest-RoutersAdminTest-1442548206 tempest-RoutersAdminTest-1442548206-project-admin] Publish callbacks ['neutron.plugins.ml2.plugin.SecurityGroupDbMixin._ensure_default_security_group_handler-753918'] for network (None), before_create {{(pid=105777) _notify_loop /usr/local/lib/python3.8/dist-packages/neutron_lib/callbacks/manager.py:176}}
Oct 14 13:06:50.395898 dv-neutron-861169-4-hyperv neutron-server[105777]: DEBUG neutron_lib.callbacks.manager [None req-91bd3de5-21fe-43cd-a3ef-d18888a3c100 admin admin] Publish callbacks [] for security_group (None), before_create {{(pid=105777) _notify_loop /usr/local/lib/python3.8/dist-packages/neutron_lib/callbacks/manager.py:176}}
Oct 14 13:06:50.461587 dv-neutron-861169-4-hyperv neutron-server[105777]: DEBUG neutron_lib.callbacks.manager [None req-46730dd6-80f6-45e3-9ab3-f34dc545932b tempest-RoutersAdminTest-1442548206 tempest-RoutersAdminTest-1442548206-project-admin] Publish callbacks [] for security_group (None), before_create {{(pid=105777) _notify_loop /usr/local/lib/python3.8/dist-packages/neutron_lib/callbacks/manager.py:176}}
Oct 14 13:06:50.480543 dv-neutron-861169-4-hyperv neutron-server[105778]: DEBUG neutron_lib.callbacks.manager [None req-14e42614-41d5-40b1-b46c-98eab25bd35e None None] Publish callbacks ['neutron.plugins.ml2.plugin.SecurityGroupServerNotifierRpcMixin._notify_sg_on_port_change-784929', 'neutron.plugins.ml2.ovo_rpc._ObjectChangeHandler.handle_event-325423', 'neutron.api.rpc.agentnotifiers.dhcp_rpc_agent_api.DhcpAgentNotifyAPI._native_event_send_dhcp_notification-7885684', 'neutron.db.l3_db.L3RpcNotifierMixin._notify_gateway_port_ip_changed-8765999151041', 'neutron.db.l3_dvrscheduler_db._notify_l3_agent_port_update-8765998693380', 'neutron.db.l3_hascheduler_db._notify_l3_agent_ha_port_update-8765998693398'] for port (c3e7f5c1-fab6-43ed-a05b-a300e8447a3e), after_update {{(pid=105778) _notify_loop /usr/local/lib/python3.8/dist-packages/neutron_lib/callbacks/manager.py:176}}
Oct 14 13:06:50.482209 dv-neutron-861169-4-hyperv neutron-server[105778]: DEBUG neutron.plugins.ml2.rpc [None req-14e42614-41d5-40b1-b46c-98eab25bd35e None None] Device 960e126b-55b6-40ad-b895-4c98db9510ab up at agent ovs-agent-dv-neutron-861169-4-hyperv {{(pid=105778) update_device_up /opt/stack/neutron/neutron/plugins/ml2/rpc.py:296}}
Oct 14 13:06:50.556946 dv-neutron-861169-4-hyperv neutron-server[105777]: DEBUG dbcounter [-] [105777] Writing DB stats neutron:SELECT=96,neutron:INSERT=2,neutron:DELETE=2 {{(pid=105777) stat_writer /usr/local/lib/python3.8/dist-packages/dbcounter.py:114}}
Oct 14 13:06:50.571032 dv-neutron-861169-4-hyperv neutron-server[105777]: DEBUG dbcounter [-] [105777] Writing DB stats neutron:SELECT=90,neutron:INSERT=9,neutron:UPDATE=1 {{(pid=105777) stat_writer /usr/local/lib/python3.8/dist-packages/dbcounter.py:114}}
Oct 14 13:06:50.583163 dv-neutron-861169-4-hyperv neutron-server[105776]: INFO neutron.wsgi [None req-7d497cb5-9e2b-4db2-ad84-69bc08e391e6 tempest-DHCPAgentSchedulersTestJSON-412706230 tempest-DHCPAgentSchedulersTestJSON-412706230-project-admin] 10.222.0.13 "GET /networking/v2.0/agents/43553dfa-a613-4466-a5cf-8cc652f927b5/dhcp-networks HTTP/1.1" status: 200 len: 5674 time: 0.5091894
Oct 14 13:06:50.583331 dv-neutron-861169-4-hyperv neutron-server[105777]: DEBUG neutron.api.rpc.handlers.resources_rpc [None req-84901734-7c4a-496a-b97f-a5bbdd83ffd1 tempest-ExternalNetworksTestJSON-1780778723 tempest-ExternalNetworksTestJSON-1780778723-project-admin] Pushing event updated for resources: {'Subnet': ['ID=6be7b4a3-4ff6-4e8c-b777-fb2c5b2341c6,revision_number=0']} {{(pid=105777) push /opt/stack/neutron/neutron/api/rpc/handlers/resources_rpc.py:237}}
Oct 14 13:06:50.584467 dv-neutron-861169-4-hyperv neutron-server[105776]: DEBUG neutron.wsgi [-] (105776) accepted ('10.222.0.13', 44160) {{(pid=105776) server /usr/local/lib/python3.8/dist-packages/eventlet/wsgi.py:1004}}
Oct 14 13:06:50.591566 dv-neutron-861169-4-hyperv neutron-server[105777]: DEBUG neutron.plugins.ml2.drivers.mech_agent [None req-84901734-7c4a-496a-b97f-a5bbdd83ffd1 tempest-ExternalNetworksTestJSON-1780778723 tempest-ExternalNetworksTestJSON-1780778723-project-admin] Checking segment: {'id': 'd2dd33e0-2253-44be-a85f-d82e1a461704', 'network_type': 'vlan', 'physical_network': 'physnet1', 'segmentation_id': 309, 'network_id': 'd41ce5fd-ab00-4eb1-8e12-aae79c3bda98'} for mappings: {'physnet1': 'br-data'} with network types: ['local', 'flat', 'vlan'] {{(pid=105777) check_segment_for_agent /opt/stack/neutron/neutron/plugins/ml2/drivers/mech_agent.py:399}}
Oct 14 13:06:50.592350 dv-neutron-861169-4-hyperv neutron-server[105777]: DEBUG neutron.scheduler.dhcp_agent_scheduler [None req-84901734-7c4a-496a-b97f-a5bbdd83ffd1 tempest-ExternalNetworksTestJSON-1780778723 tempest-ExternalNetworksTestJSON-1780778723-project-admin] Network hostable DHCP agents. Network: d41ce5fd-ab00-4eb1-8e12-aae79c3bda98, hostable agents: ['43553dfa-a613-4466-a5cf-8cc652f927b5'], hosted agents: [] {{(pid=105777) _get_network_hostable_dhcp_agents /opt/stack/neutron/neutron/scheduler/dhcp_agent_scheduler.py:329}}
Oct 14 13:06:50.615016 dv-neutron-861169-4-hyperv neutron-server[105777]: DEBUG neutron_lib.callbacks.manager [None req-46730dd6-80f6-45e3-9ab3-f34dc545932b tempest-RoutersAdminTest-1442548206 tempest-RoutersAdminTest-1442548206-project-admin] Publish callbacks [] for security_group (a8667cd7-86fd-401d-bfe3-1dd99468658f), precommit_create {{(pid=105777) _notify_loop /usr/local/lib/python3.8/dist-packages/neutron_lib/callbacks/manager.py:176}}
Oct 14 13:06:50.629886 dv-neutron-861169-4-hyperv neutron-server[105778]: DEBUG neutron.api.rpc.handlers.resources_rpc [None req-14e42614-41d5-40b1-b46c-98eab25bd35e None None] Pushing event updated for resources: {'Port': ['ID=c3e7f5c1-fab6-43ed-a05b-a300e8447a3e,revision_number=4']} {{(pid=105778) push /opt/stack/neutron/neutron/api/rpc/handlers/resources_rpc.py:237}}
Oct 14 13:06:50.640401 dv-neutron-861169-4-hyperv neutron-server[105777]: DEBUG neutron.wsgi [-] (105777) accepted ('10.222.0.13', 44162) {{(pid=105777) server /usr/local/lib/python3.8/dist-packages/eventlet/wsgi.py:1004}}
Oct 14 13:06:50.647347 dv-neutron-861169-4-hyperv neutron-server[105777]: DEBUG neutron.api.v2.base [None req-bc7651f7-feb6-4109-b956-01fbf2e81297 tempest-ServersTestJSON-831048460 tempest-ServersTestJSON-831048460-project] Request body: {'security_group': {'name': 'tempest-securitygroup--1263732075', 'description': 'tempest-description--1214670002'}} {{(pid=105777) prepare_request_body /opt/stack/neutron/neutron/api/v2/base.py:730}}
Oct 14 13:06:50.673848 dv-neutron-861169-4-hyperv neutron-server[105778]: DEBUG neutron.db.provisioning_blocks [None req-14e42614-41d5-40b1-b46c-98eab25bd35e None None] Provisioning complete for port 960e126b-55b6-40ad-b895-4c98db9510ab triggered by entity L2. {{(pid=105778) provisioning_complete /opt/stack/neutron/neutron/db/provisioning_blocks.py:144}}
Oct 14 13:06:50.674532 dv-neutron-861169-4-hyperv neutron-server[105778]: DEBUG neutron_lib.callbacks.manager [None req-14e42614-41d5-40b1-b46c-98eab25bd35e None None] Publish callbacks ['neutron.plugins.ml2.plugin.Ml2Plugin._port_provisioned-677966'] for port (960e126b-55b6-40ad-b895-4c98db9510ab), provisioning_complete {{(pid=105778) _notify_loop /usr/local/lib/python3.8/dist-packages/neutron_lib/callbacks/manager.py:176}}
Oct 14 13:06:50.675082 dv-neutron-861169-4-hyperv neutron-server[105778]: INFO neutron.plugins.ml2.plugin [None req-14e42614-41d5-40b1-b46c-98eab25bd35e None None] Attempt 1 to provision port 960e126b-55b6-40ad-b895-4c98db9510ab
Oct 14 13:06:50.683580 dv-neutron-861169-4-hyperv neutron-server[105777]: DEBUG neutron_lib.callbacks.manager [None req-91bd3de5-21fe-43cd-a3ef-d18888a3c100 admin admin] Publish callbacks [] for security_group (8f107cdb-5fce-495e-a847-5bf58a4a7dd0), precommit_create {{(pid=105777) _notify_loop /usr/local/lib/python3.8/dist-packages/neutron_lib/callbacks/manager.py:176}}
Oct 14 13:06:50.715775 dv-neutron-861169-4-hyperv neutron-server[105778]: DEBUG dbcounter [-] [105778] Writing DB stats neutron:SELECT=99,neutron:UPDATE=1 {{(pid=105778) stat_writer /usr/local/lib/python3.8/dist-packages/dbcounter.py:114}}
Oct 14 13:06:50.744015 dv-neutron-861169-4-hyperv neutron-server[105777]: DEBUG neutron.scheduler.dhcp_agent_scheduler [None req-84901734-7c4a-496a-b97f-a5bbdd83ffd1 tempest-ExternalNetworksTestJSON-1780778723 tempest-ExternalNetworksTestJSON-1780778723-project-admin] Network d41ce5fd-ab00-4eb1-8e12-aae79c3bda98 is scheduled to be hosted by DHCP agent 43553dfa-a613-4466-a5cf-8cc652f927b5 with binding_index 1 {{(pid=105777) bind /opt/stack/neutron/neutron/scheduler/dhcp_agent_scheduler.py:227}}
Oct 14 13:06:50.746552 dv-neutron-861169-4-hyperv neutron-server[105777]: DEBUG neutron_lib.callbacks.manager [None req-46730dd6-80f6-45e3-9ab3-f34dc545932b tempest-RoutersAdminTest-1442548206 tempest-RoutersAdminTest-1442548206-project-admin] Publish callbacks ['neutron.plugins.ml2.ovo_rpc._ObjectChangeHandler.handle_event-7875611'] for security_group (a8667cd7-86fd-401d-bfe3-1dd99468658f), after_create {{(pid=105777) _notify_loop /usr/local/lib/python3.8/dist-packages/neutron_lib/callbacks/manager.py:176}}
Oct 14 13:06:50.771362 dv-neutron-861169-4-hyperv neutron-server[105778]: DEBUG dbcounter [-] [105778] Writing DB stats neutron:SELECT=99,neutron:UPDATE=1 {{(pid=105778) stat_writer /usr/local/lib/python3.8/dist-packages/dbcounter.py:114}}
Oct 14 13:06:50.780777 dv-neutron-861169-4-hyperv neutron-server[105777]: DEBUG neutron.plugins.ml2.drivers.helpers [None req-46730dd6-80f6-45e3-9ab3-f34dc545932b tempest-RoutersAdminTest-1442548206 tempest-RoutersAdminTest-1442548206-project-admin] vlan segment allocate from pool success with {'physical_network': 'physnet1', 'vlan_id': 310} {{(pid=105777) allocate_partially_specified_segment /opt/stack/neutron/neutron/plugins/ml2/drivers/helpers.py:153}}
Oct 14 13:06:50.783291 dv-neutron-861169-4-hyperv neutron-server[105777]: DEBUG neutron_lib.callbacks.manager [None req-91bd3de5-21fe-43cd-a3ef-d18888a3c100 admin admin] Publish callbacks ['neutron.plugins.ml2.ovo_rpc._ObjectChangeHandler.handle_event-7875611'] for security_group (8f107cdb-5fce-495e-a847-5bf58a4a7dd0), after_create {{(pid=105777) _notify_loop /usr/local/lib/python3.8/dist-packages/neutron_lib/callbacks/manager.py:176}}
Oct 14 13:06:50.811800 dv-neutron-861169-4-hyperv neutron-server[105776]: DEBUG neutron_lib.callbacks.manager [None req-befd0d9d-fa4f-4315-91a8-d2b69efd793d tempest-MeteringTestJSON-992257515 tempest-MeteringTestJSON-992257515-project-admin] Publish callbacks [] for metering_label_rule (None), before_response {{(pid=105776) _notify_loop /usr/local/lib/python3.8/dist-packages/neutron_lib/callbacks/manager.py:176}}
Oct 14 13:06:50.812979 dv-neutron-861169-4-hyperv neutron-server[105776]: INFO neutron.wsgi [None req-befd0d9d-fa4f-4315-91a8-d2b69efd793d tempest-MeteringTestJSON-992257515 tempest-MeteringTestJSON-992257515-project-admin] 10.222.0.13 "DELETE /networking/v2.0/metering/metering-label-rules/adbdee4b-4716-4fbf-8e2f-9762adbafec9 HTTP/1.1" status: 204 len: 168 time: 0.4864962
Oct 14 13:06:50.820798 dv-neutron-861169-4-hyperv neutron-server[105778]: DEBUG neutron_lib.callbacks.manager [None req-c51c67b1-6965-4b57-947d-83d51acdfeb7 None None] Publish callbacks [] for port (96f7e6b6-60d6-48d1-a7a2-160bf4a4911b), precommit_update {{(pid=105778) _notify_loop /usr/local/lib/python3.8/dist-packages/neutron_lib/callbacks/manager.py:176}}
Oct 14 13:06:50.826188 dv-neutron-861169-4-hyperv neutron-server[105776]: DEBUG neutron.wsgi [-] (105776) accepted ('10.222.0.13', 44164) {{(pid=105776) server /usr/local/lib/python3.8/dist-packages/eventlet/wsgi.py:1004}}
Oct 14 13:06:50.826827 dv-neutron-861169-4-hyperv neutron-server[105778]: DEBUG neutron.plugins.ml2.plugin [None req-14e42614-41d5-40b1-b46c-98eab25bd35e None None] Current status of the port 960e126b-55b6-40ad-b895-4c98db9510ab is: DOWN; New status is: ACTIVE {{(pid=105778) _update_individual_port_db_status /opt/stack/neutron/neutron/plugins/ml2/plugin.py:2333}}
Oct 14 13:06:50.827441 dv-neutron-861169-4-hyperv neutron-server[105778]: DEBUG neutron_lib.callbacks.manager [None req-14e42614-41d5-40b1-b46c-98eab25bd35e None None] Publish callbacks ['neutron.plugins.ml2.plugin.SecurityGroupDbMixin._ensure_default_security_group_handler-753918'] for port (960e126b-55b6-40ad-b895-4c98db9510ab), before_update {{(pid=105778) _notify_loop /usr/local/lib/python3.8/dist-packages/neutron_lib/callbacks/manager.py:176}}
Oct 14 13:06:50.838306 dv-neutron-861169-4-hyperv neutron-server[105777]: INFO neutron.wsgi [None req-91bd3de5-21fe-43cd-a3ef-d18888a3c100 admin admin] 10.222.0.13 "GET /networking/v2.0/security-groups?tenant_id=cd24b45438c84ef4bb6542d502c48425&name=default HTTP/1.1" status: 200 len: 2996 time: 0.5362782
Oct 14 13:06:50.839688 dv-neutron-861169-4-hyperv neutron-server[105777]: DEBUG neutron_lib.callbacks.manager [None req-bc7651f7-feb6-4109-b956-01fbf2e81297 tempest-ServersTestJSON-831048460 tempest-ServersTestJSON-831048460-project] Publish callbacks [] for security_group (None), before_create {{(pid=105777) _notify_loop /usr/local/lib/python3.8/dist-packages/neutron_lib/callbacks/manager.py:176}}
Oct 14 13:06:50.848431 dv-neutron-861169-4-hyperv neutron-server[105776]: DEBUG neutron_lib.callbacks.manager [None req-f49aa6d6-513e-4df9-90cc-dfce4e1fdbda admin admin] Publish callbacks [] for port (9fdfdd82-2817-4750-95f0-cbb5cb09fd80), precommit_update {{(pid=105776) _notify_loop /usr/local/lib/python3.8/dist-packages/neutron_lib/callbacks/manager.py:176}}
Oct 14 13:06:50.850080 dv-neutron-861169-4-hyperv neutron-server[105777]: DEBUG neutron.wsgi [-] (105777) accepted ('10.222.0.13', 44166) {{(pid=105777) server /usr/local/lib/python3.8/dist-packages/eventlet/wsgi.py:1004}}
Oct 14 13:06:50.851103 dv-neutron-861169-4-hyperv neutron-server[105777]: DEBUG neutron.api.rpc.handlers.resources_rpc [None req-46730dd6-80f6-45e3-9ab3-f34dc545932b tempest-RoutersAdminTest-1442548206 tempest-RoutersAdminTest-1442548206-project-admin] Pushing event updated for resources: {'SecurityGroup': ['ID=a8667cd7-86fd-401d-bfe3-1dd99468658f,revision_number=1']} {{(pid=105777) push /opt/stack/neutron/neutron/api/rpc/handlers/resources_rpc.py:237}}
Oct 14 13:06:50.851981 dv-neutron-861169-4-hyperv neutron-server[105778]: DEBUG neutron.plugins.ml2.db [None req-14e42614-41d5-40b1-b46c-98eab25bd35e None None] For port 960e126b-55b6-40ad-b895-4c98db9510ab, host dv-neutron-861169-4-hyperv, got binding levels [PortBindingLevel(driver='openvswitch',host='dv-neutron-861169-4-hyperv',level=0,port_id=960e126b-55b6-40ad-b895-4c98db9510ab,segment=NetworkSegment(85f813fd-f509-44e0-a2d4-5de384a79c06),segment_id=85f813fd-f509-44e0-a2d4-5de384a79c06)] {{(pid=105778) get_binding_level_objs /opt/stack/neutron/neutron/plugins/ml2/db.py:74}}
Oct 14 13:06:50.863386 dv-neutron-861169-4-hyperv neutron-server[105776]: INFO neutron.wsgi [None req-876bbe88-7f56-41cd-b6a6-65e9f9caa1ea tempest-MeteringTestJSON-992257515 tempest-MeteringTestJSON-992257515-project-admin] 10.222.0.13 "GET /networking/v2.0/metering/metering-label-rules?id=adbdee4b-4716-4fbf-8e2f-9762adbafec9 HTTP/1.1" status: 200 len: 221 time: 0.0275471
Oct 14 13:06:50.864018 dv-neutron-861169-4-hyperv neutron-server[105776]: DEBUG neutron_lib.callbacks.manager [None req-91e0a04a-f018-4204-b33b-10a8f1b06c80 admin admin] Publish callbacks [] for port (41c4d0c0-90a1-4faa-808a-114d3d11f8c9), precommit_update {{(pid=105776) _notify_loop /usr/local/lib/python3.8/dist-packages/neutron_lib/callbacks/manager.py:176}}
Oct 14 13:06:50.865177 dv-neutron-861169-4-hyperv neutron-server[105776]: DEBUG neutron.wsgi [-] (105776) accepted ('10.222.0.13', 44168) {{(pid=105776) server /usr/local/lib/python3.8/dist-packages/eventlet/wsgi.py:1004}}
Oct 14 13:06:50.869285 dv-neutron-861169-4-hyperv neutron-server[105776]: DEBUG neutron.api.v2.base [None req-06262dc5-6c76-4ee2-85f1-37d1f1696a37 tempest-MeteringTestJSON-992257515 tempest-MeteringTestJSON-992257515-project-admin] Request body: {'metering_label': {'name': 'tempest-metering-label--634783852', 'description': 'label created by tempest'}} {{(pid=105776) prepare_request_body /opt/stack/neutron/neutron/api/v2/base.py:730}}
Oct 14 13:06:50.869715 dv-neutron-861169-4-hyperv neutron-server[105776]: DEBUG neutron.api.v2.base [None req-06262dc5-6c76-4ee2-85f1-37d1f1696a37 tempest-MeteringTestJSON-992257515 tempest-MeteringTestJSON-992257515-project-admin] Unknown quota resources ['metering_label']. {{(pid=105776) _create /opt/stack/neutron/neutron/api/v2/base.py:497}}
Oct 14 13:06:50.875119 dv-neutron-861169-4-hyperv neutron-server[105776]: DEBUG neutron.scheduler.dhcp_agent_scheduler [None req-4f5f525b-be67-45c9-a951-d6e3fe4ab0d9 tempest-DHCPAgentSchedulersTestJSON-412706230 tempest-DHCPAgentSchedulersTestJSON-412706230-project-admin] Network 964ee9d9-93b3-4d91-8ec8-be15e390dbbe is scheduled to be hosted by DHCP agent 43553dfa-a613-4466-a5cf-8cc652f927b5 with binding_index 1 {{(pid=105776) bind /opt/stack/neutron/neutron/scheduler/dhcp_agent_scheduler.py:227}}
Oct 14 13:06:50.878104 dv-neutron-861169-4-hyperv neutron-server[105777]: DEBUG neutron_lib.callbacks.manager [None req-46730dd6-80f6-45e3-9ab3-f34dc545932b tempest-RoutersAdminTest-1442548206 tempest-RoutersAdminTest-1442548206-project-admin] Publish callbacks ['neutron.plugins.ml2.plugin.Ml2Plugin._handle_segment_change-682458'] for segment (a2391b51-4182-4cc7-8200-ef8bd6a33a58), precommit_create {{(pid=105777) _notify_loop /usr/local/lib/python3.8/dist-packages/neutron_lib/callbacks/manager.py:176}}
Oct 14 13:06:50.878437 dv-neutron-861169-4-hyperv neutron-server[105777]: INFO neutron.db.segments_db [None req-46730dd6-80f6-45e3-9ab3-f34dc545932b tempest-RoutersAdminTest-1442548206 tempest-RoutersAdminTest-1442548206-project-admin] Added segment a2391b51-4182-4cc7-8200-ef8bd6a33a58 of type vlan for network 5479205d-ddc4-4217-b7e1-f15db958ba72
Oct 14 13:06:50.898524 dv-neutron-861169-4-hyperv neutron-server[105777]: DEBUG neutron.scheduler.base_scheduler [None req-84901734-7c4a-496a-b97f-a5bbdd83ffd1 tempest-ExternalNetworksTestJSON-1780778723 tempest-ExternalNetworksTestJSON-1780778723-project-admin] Resources bound (agent type, host, resource id): (DHCP agent, dv-neutron-861169-4-hyperv, d41ce5fd-ab00-4eb1-8e12-aae79c3bda98) {{(pid=105777) schedule /opt/stack/neutron/neutron/scheduler/base_scheduler.py:57}}
Oct 14 13:06:50.904110 dv-neutron-861169-4-hyperv neutron-server[105778]: DEBUG neutron_lib.callbacks.manager [None req-c51c67b1-6965-4b57-947d-83d51acdfeb7 None None] Publish callbacks ['neutron.plugins.ml2.plugin.SecurityGroupServerNotifierRpcMixin._notify_sg_on_port_change-784929', 'neutron.plugins.ml2.ovo_rpc._ObjectChangeHandler.handle_event-325423', 'neutron.api.rpc.agentnotifiers.dhcp_rpc_agent_api.DhcpAgentNotifyAPI._native_event_send_dhcp_notification-7885684', 'neutron.db.l3_db.L3RpcNotifierMixin._notify_gateway_port_ip_changed-8765999151041', 'neutron.db.l3_dvrscheduler_db._notify_l3_agent_port_update-8765998693380', 'neutron.db.l3_hascheduler_db._notify_l3_agent_ha_port_update-8765998693398'] for port (96f7e6b6-60d6-48d1-a7a2-160bf4a4911b), after_update {{(pid=105778) _notify_loop /usr/local/lib/python3.8/dist-packages/neutron_lib/callbacks/manager.py:176}}
Oct 14 13:06:50.925782 dv-neutron-861169-4-hyperv neutron-server[105777]: DEBUG neutron.pecan_wsgi.hooks.policy_enforcement [None req-84901734-7c4a-496a-b97f-a5bbdd83ffd1 tempest-ExternalNetworksTestJSON-1780778723 tempest-ExternalNetworksTestJSON-1780778723-project-admin] Attributes excluded by policy engine: ['standard_attr_id', 'shared', 'segment_id', 'network'] {{(pid=105777) _exclude_attributes_by_policy /opt/stack/neutron/neutron/pecan_wsgi/hooks/policy_enforcement.py:259}}
Oct 14 13:06:50.926381 dv-neutron-861169-4-hyperv neutron-server[105777]: DEBUG neutron_lib.callbacks.manager [None req-84901734-7c4a-496a-b97f-a5bbdd83ffd1 tempest-ExternalNetworksTestJSON-1780778723 tempest-ExternalNetworksTestJSON-1780778723-project-admin] Publish callbacks ['neutron.api.rpc.agentnotifiers.dhcp_rpc_agent_api.DhcpAgentNotifyAPI._send_dhcp_notification-7885666'] for subnet (None), before_response {{(pid=105777) _notify_loop /usr/local/lib/python3.8/dist-packages/neutron_lib/callbacks/manager.py:176}}
Oct 14 13:06:50.928657 dv-neutron-861169-4-hyperv neutron-server[105778]: DEBUG neutron.api.rpc.handlers.dhcp_rpc [None req-c198db67-5ab4-4f20-ac7e-25111076332b None None] Network d41ce5fd-ab00-4eb1-8e12-aae79c3bda98 requested from dv-neutron-861169-4-hyperv {{(pid=105778) get_network_info /opt/stack/neutron/neutron/api/rpc/handlers/dhcp_rpc.py:193}}
Oct 14 13:06:50.934192 dv-neutron-861169-4-hyperv neutron-server[105779]: DEBUG neutron.db.agents_db [None req-52be6138-d7bb-499a-b143-4d038ce1fcd5 None None] Agent healthcheck: found 6 active agents {{(pid=105779) agent_health_check /opt/stack/neutron/neutron/db/agents_db.py:317}}
Oct 14 13:06:50.961421 dv-neutron-861169-4-hyperv neutron-server[105776]: DEBUG neutron_lib.callbacks.manager [None req-f49aa6d6-513e-4df9-90cc-dfce4e1fdbda admin admin] Publish callbacks ['neutron.plugins.ml2.plugin.SecurityGroupServerNotifierRpcMixin._notify_sg_on_port_change-784929', 'neutron.plugins.ml2.ovo_rpc._ObjectChangeHandler.handle_event-325423', 'neutron.api.rpc.agentnotifiers.dhcp_rpc_agent_api.DhcpAgentNotifyAPI._native_event_send_dhcp_notification-7885684', 'neutron.db.l3_db.L3RpcNotifierMixin._notify_gateway_port_ip_changed-8765999151041', 'neutron.db.l3_dvrscheduler_db._notify_l3_agent_port_update-8765998693380', 'neutron.db.l3_hascheduler_db._notify_l3_agent_ha_port_update-8765998693398', 'neutron.services.segments.plugin.NovaSegmentNotifier._notify_port_updated-5394559'] for port (9fdfdd82-2817-4750-95f0-cbb5cb09fd80), after_update {{(pid=105776) _notify_loop /usr/local/lib/python3.8/dist-packages/neutron_lib/callbacks/manager.py:176}}
Oct 14 13:06:50.980102 dv-neutron-861169-4-hyperv neutron-server[105777]: DEBUG neutron.api.rpc.handlers.resources_rpc [None req-91bd3de5-21fe-43cd-a3ef-d18888a3c100 admin admin] Pushing event updated for resources: {'SecurityGroup': ['ID=8f107cdb-5fce-495e-a847-5bf58a4a7dd0,revision_number=1']} {{(pid=105777) push /opt/stack/neutron/neutron/api/rpc/handlers/resources_rpc.py:237}}
Oct 14 13:06:51.002544 dv-neutron-861169-4-hyperv neutron-server[105778]: DEBUG neutron_lib.callbacks.manager [None req-14e42614-41d5-40b1-b46c-98eab25bd35e None None] Publish callbacks ['neutron.plugins.ml2.plugin.SecurityGroupServerNotifierRpcMixin._notify_sg_on_port_change-784929', 'neutron.plugins.ml2.ovo_rpc._ObjectChangeHandler.handle_event-325423', 'neutron.api.rpc.agentnotifiers.dhcp_rpc_agent_api.DhcpAgentNotifyAPI._native_event_send_dhcp_notification-7885684', 'neutron.db.l3_db.L3RpcNotifierMixin._notify_gateway_port_ip_changed-8765999151041', 'neutron.db.l3_dvrscheduler_db._notify_l3_agent_port_update-8765998693380', 'neutron.db.l3_hascheduler_db._notify_l3_agent_ha_port_update-8765998693398'] for port (960e126b-55b6-40ad-b895-4c98db9510ab), after_update {{(pid=105778) _notify_loop /usr/local/lib/python3.8/dist-packages/neutron_lib/callbacks/manager.py:176}}
Oct 14 13:06:51.014000 dv-neutron-861169-4-hyperv neutron-server[105777]: DEBUG neutron_lib.callbacks.manager [None req-46730dd6-80f6-45e3-9ab3-f34dc545932b tempest-RoutersAdminTest-1442548206 tempest-RoutersAdminTest-1442548206-project-admin] Publish callbacks ['neutron.services.auto_allocate.db._ensure_external_network_default_value_callback-8765998680531'] for network (5479205d-ddc4-4217-b7e1-f15db958ba72), precommit_create {{(pid=105777) _notify_loop /usr/local/lib/python3.8/dist-packages/neutron_lib/callbacks/manager.py:176}}
Oct 14 13:06:51.029512 dv-neutron-861169-4-hyperv neutron-server[105778]: DEBUG neutron.api.rpc.handlers.resources_rpc [None req-d07ea7ab-833b-45ec-af30-01f949aa77ff None None] Pushing event updated for resources: {'Port': ['ID=96f7e6b6-60d6-48d1-a7a2-160bf4a4911b,revision_number=3']} {{(pid=105778) push /opt/stack/neutron/neutron/api/rpc/handlers/resources_rpc.py:237}}
Oct 14 13:06:51.042731 dv-neutron-861169-4-hyperv neutron-server[105776]: DEBUG neutron_lib.callbacks.manager [None req-91e0a04a-f018-4204-b33b-10a8f1b06c80 admin admin] Publish callbacks ['neutron.plugins.ml2.plugin.SecurityGroupServerNotifierRpcMixin._notify_sg_on_port_change-784929', 'neutron.plugins.ml2.ovo_rpc._ObjectChangeHandler.handle_event-325423', 'neutron.api.rpc.agentnotifiers.dhcp_rpc_agent_api.DhcpAgentNotifyAPI._native_event_send_dhcp_notification-7885684', 'neutron.db.l3_db.L3RpcNotifierMixin._notify_gateway_port_ip_changed-8765999151041', 'neutron.db.l3_dvrscheduler_db._notify_l3_agent_port_update-8765998693380', 'neutron.db.l3_hascheduler_db._notify_l3_agent_ha_port_update-8765998693398', 'neutron.services.segments.plugin.NovaSegmentNotifier._notify_port_updated-5394559'] for port (41c4d0c0-90a1-4faa-808a-114d3d11f8c9), after_update {{(pid=105776) _notify_loop /usr/local/lib/python3.8/dist-packages/neutron_lib/callbacks/manager.py:176}}
Oct 14 13:06:51.056679 dv-neutron-861169-4-hyperv neutron-server[105776]: INFO neutron.wsgi [None req-4f5f525b-be67-45c9-a951-d6e3fe4ab0d9 tempest-DHCPAgentSchedulersTestJSON-412706230 tempest-DHCPAgentSchedulersTestJSON-412706230-project-admin] 10.222.0.13 "POST /networking/v2.0/agents/43553dfa-a613-4466-a5cf-8cc652f927b5/dhcp-networks HTTP/1.1" status: 201 len: 201 time: 0.4672978
Oct 14 13:06:51.060186 dv-neutron-861169-4-hyperv neutron-server[105777]: DEBUG neutron.wsgi [-] (105777) accepted ('10.222.0.13', 44170) {{(pid=105777) server /usr/local/lib/python3.8/dist-packages/eventlet/wsgi.py:1004}}
Oct 14 13:06:51.060518 dv-neutron-861169-4-hyperv neutron-server[105778]: DEBUG neutron.api.rpc.handlers.dhcp_rpc [None req-9164998b-aadc-427f-a6a0-f608552496f5 None None] Network 964ee9d9-93b3-4d91-8ec8-be15e390dbbe requested from dv-neutron-861169-4-hyperv {{(pid=105778) get_network_info /opt/stack/neutron/neutron/api/rpc/handlers/dhcp_rpc.py:193}}
Oct 14 13:06:51.086253 dv-neutron-861169-4-hyperv neutron-server[105777]: DEBUG neutron_lib.callbacks.manager [None req-bc7651f7-feb6-4109-b956-01fbf2e81297 tempest-ServersTestJSON-831048460 tempest-ServersTestJSON-831048460-project] Publish callbacks [] for security_group (3f4793b8-dc8a-40ae-8253-33a080467d20), precommit_create {{(pid=105777) _notify_loop /usr/local/lib/python3.8/dist-packages/neutron_lib/callbacks/manager.py:176}}
Oct 14 13:06:51.092023 dv-neutron-861169-4-hyperv neutron-server[105777]: DEBUG neutron_lib.callbacks.manager [None req-ad17019d-4614-451b-bc9c-2f908a428ddc admin admin] Publish callbacks [] for security_group (8f107cdb-5fce-495e-a847-5bf58a4a7dd0), before_delete {{(pid=105777) _notify_loop /usr/local/lib/python3.8/dist-packages/neutron_lib/callbacks/manager.py:176}}
Oct 14 13:06:51.112510 dv-neutron-861169-4-hyperv neutron-server[105777]: INFO neutron.wsgi [None req-84901734-7c4a-496a-b97f-a5bbdd83ffd1 tempest-ExternalNetworksTestJSON-1780778723 tempest-ExternalNetworksTestJSON-1780778723-project-admin] 10.222.0.13 "POST /networking/v2.0/subnets HTTP/1.1" status: 201 len: 802 time: 2.9565225
Oct 14 13:06:51.120485 dv-neutron-861169-4-hyperv neutron-server[105777]: DEBUG neutron.wsgi [-] (105777) accepted ('10.222.0.13', 44172) {{(pid=105777) server /usr/local/lib/python3.8/dist-packages/eventlet/wsgi.py:1004}}
Oct 14 13:06:51.143953 dv-neutron-861169-4-hyperv neutron-server[105777]: DEBUG neutron.api.v2.base [None req-c317f33f-b49a-4947-b2a8-3d72b6daac66 tempest-ExternalNetworksTestJSON-1780778723 tempest-ExternalNetworksTestJSON-1780778723-project-admin] Request body: {'floatingip': {'floating_network_id': 'd41ce5fd-ab00-4eb1-8e12-aae79c3bda98'}} {{(pid=105777) prepare_request_body /opt/stack/neutron/neutron/api/v2/base.py:730}}
Oct 14 13:06:51.202407 dv-neutron-861169-4-hyperv neutron-server[105777]: DEBUG neutron_lib.callbacks.manager [None req-bc7651f7-feb6-4109-b956-01fbf2e81297 tempest-ServersTestJSON-831048460 tempest-ServersTestJSON-831048460-project] Publish callbacks ['neutron.plugins.ml2.ovo_rpc._ObjectChangeHandler.handle_event-7875611'] for security_group (3f4793b8-dc8a-40ae-8253-33a080467d20), after_create {{(pid=105777) _notify_loop /usr/local/lib/python3.8/dist-packages/neutron_lib/callbacks/manager.py:176}}
Oct 14 13:06:51.211735 dv-neutron-861169-4-hyperv neutron-server[105778]: DEBUG neutron.plugins.ml2.managers [None req-c51c67b1-6965-4b57-947d-83d51acdfeb7 None None] Attempting to bind port 96f7e6b6-60d6-48d1-a7a2-160bf4a4911b on host dv-neutron-861169-4-hyperv for vnic_type normal with profile {{(pid=105778) bind_port /opt/stack/neutron/neutron/plugins/ml2/managers.py:810}}
Oct 14 13:06:51.212254 dv-neutron-861169-4-hyperv neutron-server[105778]: DEBUG neutron.plugins.ml2.managers [None req-c51c67b1-6965-4b57-947d-83d51acdfeb7 None None] Attempting to bind port 96f7e6b6-60d6-48d1-a7a2-160bf4a4911b by drivers openvswitch,hyperv on host dv-neutron-861169-4-hyperv at level 0 using segments [{'id': 'fb3f0108-dfa5-4a97-83b0-cbabffc62b46', 'network_type': 'vlan', 'physical_network': 'physnet1', 'segmentation_id': 326, 'network_id': 'a47ab95a-a4ac-4d5c-8005-25896b97ee70'}] {{(pid=105778) _bind_port_level /opt/stack/neutron/neutron/plugins/ml2/managers.py:835}}
Oct 14 13:06:51.212572 dv-neutron-861169-4-hyperv neutron-server[105778]: DEBUG neutron.plugins.ml2.drivers.mech_agent [None req-c51c67b1-6965-4b57-947d-83d51acdfeb7 None None] Attempting to bind port 96f7e6b6-60d6-48d1-a7a2-160bf4a4911b on network a47ab95a-a4ac-4d5c-8005-25896b97ee70 {{(pid=105778) bind_port /opt/stack/neutron/neutron/plugins/ml2/drivers/mech_agent.py:91}}
Oct 14 13:06:51.221504 dv-neutron-861169-4-hyperv neutron-server[105777]: DEBUG neutron_lib.callbacks.manager [None req-ad17019d-4614-451b-bc9c-2f908a428ddc admin admin] Publish callbacks [] for security_group (8f107cdb-5fce-495e-a847-5bf58a4a7dd0), precommit_delete {{(pid=105777) _notify_loop /usr/local/lib/python3.8/dist-packages/neutron_lib/callbacks/manager.py:176}}
Oct 14 13:06:51.248031 dv-neutron-861169-4-hyperv neutron-server[105778]: DEBUG neutron.api.rpc.handlers.resources_rpc [None req-14e42614-41d5-40b1-b46c-98eab25bd35e None None] Pushing event updated for resources: {'Port': ['ID=960e126b-55b6-40ad-b895-4c98db9510ab,revision_number=4']} {{(pid=105778) push /opt/stack/neutron/neutron/api/rpc/handlers/resources_rpc.py:237}}
Oct 14 13:06:51.250685 dv-neutron-861169-4-hyperv neutron-server[105778]: DEBUG neutron.api.rpc.handlers.dhcp_rpc [None req-9d34425d-9731-4e9b-baac-af2b6623364a None None] Network d41ce5fd-ab00-4eb1-8e12-aae79c3bda98 requested from dv-neutron-861169-4-hyperv {{(pid=105778) get_network_info /opt/stack/neutron/neutron/api/rpc/handlers/dhcp_rpc.py:193}}
Oct 14 13:06:51.258580 dv-neutron-861169-4-hyperv neutron-server[105777]: DEBUG neutron_lib.callbacks.manager [None req-46730dd6-80f6-45e3-9ab3-f34dc545932b tempest-RoutersAdminTest-1442548206 tempest-RoutersAdminTest-1442548206-project-admin] Publish callbacks ['neutron.plugins.ml2.ovo_rpc._ObjectChangeHandler.handle_event-7873998', 'neutron.api.rpc.agentnotifiers.dhcp_rpc_agent_api.DhcpAgentNotifyAPI._native_event_send_dhcp_notification-7885684'] for network (5479205d-ddc4-4217-b7e1-f15db958ba72), after_create {{(pid=105777) _notify_loop /usr/local/lib/python3.8/dist-packages/neutron_lib/callbacks/manager.py:176}}
Oct 14 13:06:51.258580 dv-neutron-861169-4-hyperv neutron-server[105777]: DEBUG neutron.pecan_wsgi.hooks.policy_enforcement [None req-46730dd6-80f6-45e3-9ab3-f34dc545932b tempest-RoutersAdminTest-1442548206 tempest-RoutersAdminTest-1442548206-project-admin] Attributes excluded by policy engine: ['standard_attr_id', 'vlan_transparent'] {{(pid=105777) _exclude_attributes_by_policy /opt/stack/neutron/neutron/pecan_wsgi/hooks/policy_enforcement.py:259}}
Oct 14 13:06:51.258887 dv-neutron-861169-4-hyperv neutron-server[105777]: DEBUG neutron_lib.callbacks.manager [None req-46730dd6-80f6-45e3-9ab3-f34dc545932b tempest-RoutersAdminTest-1442548206 tempest-RoutersAdminTest-1442548206-project-admin] Publish callbacks ['neutron.api.rpc.agentnotifiers.dhcp_rpc_agent_api.DhcpAgentNotifyAPI._send_dhcp_notification-7885666'] for network (None), before_response {{(pid=105777) _notify_loop /usr/local/lib/python3.8/dist-packages/neutron_lib/callbacks/manager.py:176}}
Oct 14 13:06:51.269086 dv-neutron-861169-4-hyperv neutron-server[105776]: DEBUG neutron.api.rpc.handlers.resources_rpc [None req-f49aa6d6-513e-4df9-90cc-dfce4e1fdbda admin admin] Pushing event updated for resources: {'Port': ['ID=9fdfdd82-2817-4750-95f0-cbb5cb09fd80,revision_number=2']} {{(pid=105776) push /opt/stack/neutron/neutron/api/rpc/handlers/resources_rpc.py:237}}
Oct 14 13:06:51.286754 dv-neutron-861169-4-hyperv neutron-server[105776]: DEBUG neutron_lib.callbacks.manager [None req-06262dc5-6c76-4ee2-85f1-37d1f1696a37 tempest-MeteringTestJSON-992257515 tempest-MeteringTestJSON-992257515-project-admin] Publish callbacks [] for metering_label (None), before_response {{(pid=105776) _notify_loop /usr/local/lib/python3.8/dist-packages/neutron_lib/callbacks/manager.py:176}}
Oct 14 13:06:51.290949 dv-neutron-861169-4-hyperv neutron-server[105776]: INFO neutron.wsgi [None req-06262dc5-6c76-4ee2-85f1-37d1f1696a37 tempest-MeteringTestJSON-992257515 tempest-MeteringTestJSON-992257515-project-admin] 10.222.0.13 "POST /networking/v2.0/metering/metering-labels HTTP/1.1" status: 201 len: 469 time: 0.4248264
Oct 14 13:06:51.295642 dv-neutron-861169-4-hyperv neutron-server[105777]: DEBUG neutron.wsgi [-] (105777) accepted ('10.222.0.13', 44174) {{(pid=105777) server /usr/local/lib/python3.8/dist-packages/eventlet/wsgi.py:1004}}
Oct 14 13:06:51.322476 dv-neutron-861169-4-hyperv neutron-server[105776]: DEBUG neutron_lib.callbacks.manager [None req-91e0a04a-f018-4204-b33b-10a8f1b06c80 admin admin] Publish callbacks ['neutron.api.rpc.agentnotifiers.dhcp_rpc_agent_api.DhcpAgentNotifyAPI._after_router_interface_created-7885574', 'neutron.services.l3_router.l3_router_plugin.DVRResourceOperationHandler._update_snat_v6_addrs_after_intf_update-7954851'] for router_interface (65e6f362-155c-4942-a54b-5d7e7f255cb4), after_create {{(pid=105776) _notify_loop /usr/local/lib/python3.8/dist-packages/neutron_lib/callbacks/manager.py:176}}
Oct 14 13:06:51.331032 dv-neutron-861169-4-hyperv neutron-server[105776]: DEBUG neutron_lib.callbacks.manager [None req-f49aa6d6-513e-4df9-90cc-dfce4e1fdbda admin admin] Publish callbacks ['neutron.api.rpc.agentnotifiers.dhcp_rpc_agent_api.DhcpAgentNotifyAPI._after_router_interface_created-7885574', 'neutron.services.l3_router.l3_router_plugin.DVRResourceOperationHandler._update_snat_v6_addrs_after_intf_update-7954851'] for router_interface (44a777f3-e057-44eb-8a7f-d2615282daee), after_create {{(pid=105776) _notify_loop /usr/local/lib/python3.8/dist-packages/neutron_lib/callbacks/manager.py:176}}
Oct 14 13:06:51.368333 dv-neutron-861169-4-hyperv neutron-server[105776]: DEBUG neutron.api.rpc.handlers.resources_rpc [None req-91e0a04a-f018-4204-b33b-10a8f1b06c80 admin admin] Pushing event updated for resources: {'Port': ['ID=41c4d0c0-90a1-4faa-808a-114d3d11f8c9,revision_number=2']} {{(pid=105776) push /opt/stack/neutron/neutron/api/rpc/handlers/resources_rpc.py:237}}
Oct 14 13:06:51.369797 dv-neutron-861169-4-hyperv neutron-server[105778]: DEBUG neutron.plugins.ml2.drivers.mech_agent [None req-c51c67b1-6965-4b57-947d-83d51acdfeb7 None None] Checking agent: {'id': '1d24ddac-ddcb-4aac-9c35-845fb6236abb', 'agent_type': 'Open vSwitch agent', 'binary': 'neutron-openvswitch-agent', 'topic': 'N/A', 'host': 'dv-neutron-861169-4-hyperv', 'admin_state_up': True, 'created_at': datetime.datetime(2022, 10, 14, 12, 58, 41), 'started_at': datetime.datetime(2022, 10, 14, 12, 59, 11), 'heartbeat_timestamp': datetime.datetime(2022, 10, 14, 13, 6, 41), 'description': None, 'resources_synced': None, 'availability_zone': None, 'alive': True, 'configurations': {'arp_responder_enabled': False, 'baremetal_smartnic': False, 'bridge_mappings': {'physnet1': 'br-data'}, 'datapath_type': 'system', 'devices': 0, 'enable_distributed_routing': False, 'extensions': [], 'in_distributed_mode': False, 'integration_bridge': 'br-int', 'l2_population': False, 'log_agent_heartbeats': False, 'ovs_capabilities': {'datapath_types': ['netdev', 'system'], 'iface_types': ['erspan', 'geneve', 'gre', 'internal', 'ip6erspan', 'ip6gre', 'lisp', 'patch', 'stt', 'system', 'tap', 'vxlan']}, 'ovs_hybrid_plug': False, 'resource_provider_bandwidths': {}, 'resource_provider_hypervisors': {'br-data': 'dv-neutron-861169-4-hyperv'}, 'resource_provider_inventory_defaults': {'allocation_ratio': 1.0, 'min_unit': 1, 'step_size': 1, 'reserved': 0}, 'resource_provider_packet_processing_inventory_defaults': {'allocation_ratio': 1.0, 'min_unit': 1, 'step_size': 1, 'reserved': 0}, 'resource_provider_packet_processing_with_direction': {}, 'resource_provider_packet_processing_without_direction': {}, 'tunnel_types': [], 'tunneling_ip': None, 'vhostuser_socket_dir': '/var/run/openvswitch'}, 'resource_versions': {'AddressGroup': '1.2', 'Agent': '1.1', 'ConntrackHelper': '1.0', 'LocalIPAssociation': '1.0', 'Log': '1.0', 'NDPProxy': '1.0', 'Network': '1.1', 'Port': '1.7', 'PortForwarding': '1.3', 'QosPolicy': '1.10', 'SecurityGroup': '1.5', 'SecurityGroupRule': '1.2', 'SubPort': '1.0', 'Subnet': '1.1', 'Trunk': '1.1'}} {{(pid=105778) bind_port /opt/stack/neutron/neutron/plugins/ml2/drivers/mech_agent.py:127}}
Oct 14 13:06:51.370177 dv-neutron-861169-4-hyperv neutron-server[105778]: DEBUG neutron.plugins.ml2.drivers.mech_agent [None req-c51c67b1-6965-4b57-947d-83d51acdfeb7 None None] Checking segment: {'id': 'fb3f0108-dfa5-4a97-83b0-cbabffc62b46', 'network_type': 'vlan', 'physical_network': 'physnet1', 'segmentation_id': 326, 'network_id': 'a47ab95a-a4ac-4d5c-8005-25896b97ee70'} for mappings: {'physnet1': 'br-data'} with network types: ['local', 'flat', 'vlan'] {{(pid=105778) check_segment_for_agent /opt/stack/neutron/neutron/plugins/ml2/drivers/mech_agent.py:399}}
Oct 14 13:06:51.370576 dv-neutron-861169-4-hyperv neutron-server[105778]: DEBUG neutron_lib.callbacks.manager [None req-c51c67b1-6965-4b57-947d-83d51acdfeb7 None None] Publish callbacks [] for ovs_bridge_name (None), before_read {{(pid=105778) _notify_loop /usr/local/lib/python3.8/dist-packages/neutron_lib/callbacks/manager.py:176}}
Oct 14 13:06:51.371024 dv-neutron-861169-4-hyperv neutron-server[105778]: DEBUG neutron.plugins.ml2.drivers.mech_agent [None req-c51c67b1-6965-4b57-947d-83d51acdfeb7 None None] Bound using segment: {'id': 'fb3f0108-dfa5-4a97-83b0-cbabffc62b46', 'network_type': 'vlan', 'physical_network': 'physnet1', 'segmentation_id': 326, 'network_id': 'a47ab95a-a4ac-4d5c-8005-25896b97ee70'} {{(pid=105778) bind_port /opt/stack/neutron/neutron/plugins/ml2/drivers/mech_agent.py:137}}
Oct 14 13:06:51.371551 dv-neutron-861169-4-hyperv neutron-server[105778]: DEBUG neutron.plugins.ml2.managers [None req-c51c67b1-6965-4b57-947d-83d51acdfeb7 None None] Bound port: 96f7e6b6-60d6-48d1-a7a2-160bf4a4911b, host: dv-neutron-861169-4-hyperv, vif_type: ovs, vif_details: {"connectivity": "l2", "port_filter": true, "ovs_hybrid_plug": false, "datapath_type": "system", "bridge_name": "br-int"}, binding_levels: [{'bound_driver': 'openvswitch', 'bound_segment': {'id': 'fb3f0108-dfa5-4a97-83b0-cbabffc62b46', 'network_type': 'vlan', 'physical_network': 'physnet1', 'segmentation_id': 326, 'network_id': 'a47ab95a-a4ac-4d5c-8005-25896b97ee70'}}] {{(pid=105778) _bind_port_level /opt/stack/neutron/neutron/plugins/ml2/managers.py:947}}
