Oct 13 12:17:48.407161 dv-neutron-861169-1-hyperv devstack@keystone.service[81716]: DEBUG keystone.common.rbac_enforcer.enforcer [None req-a436546a-92b0-4e72-a1d4-c1c64a8f6fb4 None admin] RBAC: Authorization granted {{(pid=81716) enforce_call /opt/stack/keystone/keystone/common/rbac_enforcer/enforcer.py:457}}
Oct 13 12:17:48.408341 dv-neutron-861169-1-hyperv devstack@keystone.service[81717]: [pid: 81717|app: 0|req: 85/156] 10.222.0.18 () {56 vars in 1186 bytes} [Thu Oct 13 12:17:48 2022] GET /identity/v3/projects/e2b9f7ae2b0c43cf8ce1c18e5028936e => generated 302 bytes in 158 msecs (HTTP/1.1 200) 5 headers in 177 bytes (2 switches on core 0)
Oct 13 12:17:48.408772 dv-neutron-861169-1-hyperv devstack@keystone.service[81716]: [pid: 81716|app: 0|req: 72/157] 10.222.0.18 () {56 vars in 1186 bytes} [Thu Oct 13 12:17:48 2022] GET /identity/v3/projects/e2b9f7ae2b0c43cf8ce1c18e5028936e => generated 302 bytes in 202 msecs (HTTP/1.1 200) 5 headers in 177 bytes (1 switches on core 0)
Oct 13 12:17:48.413926 dv-neutron-861169-1-hyperv devstack@keystone.service[81717]: DEBUG keystone.server.flask.request_processing.middleware.auth_context [None req-f8a47154-df58-4707-aaed-519226e3eebd None admin] Authenticating user token {{(pid=81717) process_request /usr/local/lib/python3.8/dist-packages/keystonemiddleware/auth_token/__init__.py:407}}
Oct 13 12:17:48.414546 dv-neutron-861169-1-hyperv devstack@keystone.service[81716]: DEBUG keystone.server.flask.request_processing.middleware.auth_context [None req-a436546a-92b0-4e72-a1d4-c1c64a8f6fb4 None admin] Authenticating user token {{(pid=81716) process_request /usr/local/lib/python3.8/dist-packages/keystonemiddleware/auth_token/__init__.py:407}}
Oct 13 12:17:48.494163 dv-neutron-861169-1-hyperv devstack@keystone.service[81716]: DEBUG dbcounter [-] [81716] Writing DB stats keystone:INSERT=1,keystone:SELECT=99 {{(pid=81716) stat_writer /usr/local/lib/python3.8/dist-packages/dbcounter.py:114}}
Oct 13 12:17:48.537903 dv-neutron-861169-1-hyperv devstack@keystone.service[81717]: DEBUG keystone.server.flask.request_processing.middleware.auth_context [None req-f8a47154-df58-4707-aaed-519226e3eebd None admin] Validating token access rules against request {{(pid=81717) validate_allowed_request /usr/local/lib/python3.8/dist-packages/keystonemiddleware/auth_token/__init__.py:545}}
Oct 13 12:17:48.543361 dv-neutron-861169-1-hyperv devstack@keystone.service[81716]: DEBUG keystone.server.flask.request_processing.middleware.auth_context [None req-a436546a-92b0-4e72-a1d4-c1c64a8f6fb4 None admin] Validating token access rules against request {{(pid=81716) validate_allowed_request /usr/local/lib/python3.8/dist-packages/keystonemiddleware/auth_token/__init__.py:545}}
Oct 13 12:17:48.580053 dv-neutron-861169-1-hyperv devstack@keystone.service[81717]: DEBUG keystone.server.flask.request_processing.middleware.auth_context [None req-a1ce88e4-4428-467e-aea4-adf385d7f7f1 None admin] RBAC: auth_context: {'token': , 'domain_id': None, 'trust_id': None, 'trustor_id': None, 'trustee_id': None, 'domain_name': None, 'group_ids': [], 'user_id': '27792760446947618cd7ae28df54eef1', 'user_domain_id': 'default', 'system_scope': 'all', 'project_id': None, 'project_domain_id': None, 'roles': ['admin', 'member', 'reader'], 'is_admin_project': True, 'service_user_id': None, 'service_user_domain_id': None, 'service_project_id': None, 'service_project_domain_id': None, 'service_roles': []} {{(pid=81717) fill_context /opt/stack/keystone/keystone/server/flask/request_processing/middleware/auth_context.py:478}}
Oct 13 12:17:48.580723 dv-neutron-861169-1-hyperv devstack@keystone.service[81717]: DEBUG keystone.server.flask.request_processing.req_logging [None req-a1ce88e4-4428-467e-aea4-adf385d7f7f1 None admin] REQUEST_METHOD: `PUT` {{(pid=81717) log_request_info /opt/stack/keystone/keystone/server/flask/request_processing/req_logging.py:27}}
Oct 13 12:17:48.580999 dv-neutron-861169-1-hyperv devstack@keystone.service[81717]: DEBUG keystone.server.flask.request_processing.req_logging [None req-a1ce88e4-4428-467e-aea4-adf385d7f7f1 None admin] SCRIPT_NAME: `/identity` {{(pid=81717) log_request_info /opt/stack/keystone/keystone/server/flask/request_processing/req_logging.py:28}}
Oct 13 12:17:48.581272 dv-neutron-861169-1-hyperv devstack@keystone.service[81717]: DEBUG keystone.server.flask.request_processing.req_logging [None req-a1ce88e4-4428-467e-aea4-adf385d7f7f1 None admin] PATH_INFO: `/v3/projects/e2b9f7ae2b0c43cf8ce1c18e5028936e/users/3cf756f137d64dcdad24c00fcebe6d69/roles/8b99da5a75e04c10abf4ca822fe1c8d9` {{(pid=81717) log_request_info /opt/stack/keystone/keystone/server/flask/request_processing/req_logging.py:29}}
Oct 13 12:17:48.583548 dv-neutron-861169-1-hyperv devstack@keystone.service[81717]: DEBUG keystone.common.rbac_enforcer.enforcer [None req-a1ce88e4-4428-467e-aea4-adf385d7f7f1 None admin] RBAC: Authorizing `identity:create_grant(project_id=e2b9f7ae2b0c43cf8ce1c18e5028936e, user_id=3cf756f137d64dcdad24c00fcebe6d69, role_id=8b99da5a75e04c10abf4ca822fe1c8d9)` {{(pid=81717) enforce_call /opt/stack/keystone/keystone/common/rbac_enforcer/enforcer.py:449}}
Oct 13 12:17:48.585028 dv-neutron-861169-1-hyperv devstack@keystone.service[81717]: DEBUG keystone.common.rbac_enforcer.enforcer [None req-a1ce88e4-4428-467e-aea4-adf385d7f7f1 None admin] RBAC: Authorization granted {{(pid=81717) enforce_call /opt/stack/keystone/keystone/common/rbac_enforcer/enforcer.py:457}}
Oct 13 12:17:48.589989 dv-neutron-861169-1-hyperv devstack@keystone.service[81716]: DEBUG keystone.server.flask.request_processing.middleware.auth_context [None req-e54164f9-5036-4182-8863-566876a292cd None admin] RBAC: auth_context: {'token': , 'domain_id': None, 'trust_id': None, 'trustor_id': None, 'trustee_id': None, 'domain_name': None, 'group_ids': [], 'user_id': '27792760446947618cd7ae28df54eef1', 'user_domain_id': 'default', 'system_scope': 'all', 'project_id': None, 'project_domain_id': None, 'roles': ['admin', 'member', 'reader'], 'is_admin_project': True, 'service_user_id': None, 'service_user_domain_id': None, 'service_project_id': None, 'service_project_domain_id': None, 'service_roles': []} {{(pid=81716) fill_context /opt/stack/keystone/keystone/server/flask/request_processing/middleware/auth_context.py:478}}
Oct 13 12:17:48.590668 dv-neutron-861169-1-hyperv devstack@keystone.service[81716]: DEBUG keystone.server.flask.request_processing.req_logging [None req-e54164f9-5036-4182-8863-566876a292cd None admin] REQUEST_METHOD: `PUT` {{(pid=81716) log_request_info /opt/stack/keystone/keystone/server/flask/request_processing/req_logging.py:27}}
Oct 13 12:17:48.591617 dv-neutron-861169-1-hyperv devstack@keystone.service[81716]: DEBUG keystone.server.flask.request_processing.req_logging [None req-e54164f9-5036-4182-8863-566876a292cd None admin] SCRIPT_NAME: `/identity` {{(pid=81716) log_request_info /opt/stack/keystone/keystone/server/flask/request_processing/req_logging.py:28}}
Oct 13 12:17:48.591957 dv-neutron-861169-1-hyperv devstack@keystone.service[81716]: DEBUG keystone.server.flask.request_processing.req_logging [None req-e54164f9-5036-4182-8863-566876a292cd None admin] PATH_INFO: `/v3/projects/e2b9f7ae2b0c43cf8ce1c18e5028936e/users/3cf756f137d64dcdad24c00fcebe6d69/roles/c1f8eadabfb44c77881b35964fdd5d83` {{(pid=81716) log_request_info /opt/stack/keystone/keystone/server/flask/request_processing/req_logging.py:29}}
Oct 13 12:17:48.594328 dv-neutron-861169-1-hyperv devstack@keystone.service[81716]: DEBUG keystone.common.rbac_enforcer.enforcer [None req-e54164f9-5036-4182-8863-566876a292cd None admin] RBAC: Authorizing `identity:create_grant(project_id=e2b9f7ae2b0c43cf8ce1c18e5028936e, user_id=3cf756f137d64dcdad24c00fcebe6d69, role_id=c1f8eadabfb44c77881b35964fdd5d83)` {{(pid=81716) enforce_call /opt/stack/keystone/keystone/common/rbac_enforcer/enforcer.py:449}}
Oct 13 12:17:48.595996 dv-neutron-861169-1-hyperv devstack@keystone.service[81716]: DEBUG keystone.common.rbac_enforcer.enforcer [None req-e54164f9-5036-4182-8863-566876a292cd None admin] RBAC: Authorization granted {{(pid=81716) enforce_call /opt/stack/keystone/keystone/common/rbac_enforcer/enforcer.py:457}}
Oct 13 12:17:48.599764 dv-neutron-861169-1-hyperv devstack@keystone.service[81717]: [pid: 81717|app: 0|req: 86/158] 10.222.0.18 () {58 vars in 1439 bytes} [Thu Oct 13 12:17:48 2022] PUT /identity/v3/projects/e2b9f7ae2b0c43cf8ce1c18e5028936e/users/3cf756f137d64dcdad24c00fcebe6d69/roles/8b99da5a75e04c10abf4ca822fe1c8d9 => generated 0 bytes in 186 msecs (HTTP/1.1 204) 3 headers in 132 bytes (0 switches on core 0)
Oct 13 12:17:48.624641 dv-neutron-861169-1-hyperv devstack@keystone.service[81716]: [pid: 81716|app: 0|req: 73/159] 10.222.0.18 () {58 vars in 1439 bytes} [Thu Oct 13 12:17:48 2022] PUT /identity/v3/projects/e2b9f7ae2b0c43cf8ce1c18e5028936e/users/3cf756f137d64dcdad24c00fcebe6d69/roles/c1f8eadabfb44c77881b35964fdd5d83 => generated 0 bytes in 210 msecs (HTTP/1.1 204) 3 headers in 132 bytes (0 switches on core 0)
Oct 13 12:17:50.499036 dv-neutron-861169-1-hyperv devstack@keystone.service[81717]: DEBUG keystone.server.flask.request_processing.req_logging [None req-b3325d60-9ee0-413c-8874-ea9e33cf0ed2 None None] REQUEST_METHOD: `GET` {{(pid=81717) log_request_info /opt/stack/keystone/keystone/server/flask/request_processing/req_logging.py:27}}
Oct 13 12:17:50.499585 dv-neutron-861169-1-hyperv devstack@keystone.service[81717]: DEBUG keystone.server.flask.request_processing.req_logging [None req-b3325d60-9ee0-413c-8874-ea9e33cf0ed2 None None] SCRIPT_NAME: `/identity` {{(pid=81717) log_request_info /opt/stack/keystone/keystone/server/flask/request_processing/req_logging.py:28}}
Oct 13 12:17:50.499585 dv-neutron-861169-1-hyperv devstack@keystone.service[81717]: DEBUG keystone.server.flask.request_processing.req_logging [None req-b3325d60-9ee0-413c-8874-ea9e33cf0ed2 None None] PATH_INFO: `/` {{(pid=81717) log_request_info /opt/stack/keystone/keystone/server/flask/request_processing/req_logging.py:29}}
Oct 13 12:17:50.500974 dv-neutron-861169-1-hyperv devstack@keystone.service[81717]: [pid: 81717|app: 0|req: 87/160] 10.222.0.18 () {54 vars in 927 bytes} [Thu Oct 13 12:17:50 2022] GET /identity => generated 270 bytes in 4 msecs (HTTP/1.1 300) 6 headers in 234 bytes (1 switches on core 0)
Oct 13 12:17:50.506922 dv-neutron-861169-1-hyperv devstack@keystone.service[81716]: DEBUG keystone.server.flask.request_processing.req_logging [None req-3fc4107a-d001-4867-8886-829490d2f8be None None] REQUEST_METHOD: `POST` {{(pid=81716) log_request_info /opt/stack/keystone/keystone/server/flask/request_processing/req_logging.py:27}}
Oct 13 12:17:50.507439 dv-neutron-861169-1-hyperv devstack@keystone.service[81716]: DEBUG keystone.server.flask.request_processing.req_logging [None req-3fc4107a-d001-4867-8886-829490d2f8be None None] SCRIPT_NAME: `/identity` {{(pid=81716) log_request_info /opt/stack/keystone/keystone/server/flask/request_processing/req_logging.py:28}}
Oct 13 12:17:50.507520 dv-neutron-861169-1-hyperv devstack@keystone.service[81716]: DEBUG keystone.server.flask.request_processing.req_logging [None req-3fc4107a-d001-4867-8886-829490d2f8be None None] PATH_INFO: `/v3/auth/tokens` {{(pid=81716) log_request_info /opt/stack/keystone/keystone/server/flask/request_processing/req_logging.py:29}}
Oct 13 12:17:50.526333 dv-neutron-861169-1-hyperv devstack@keystone.service[81716]: DEBUG keystone.auth.core [None req-3fc4107a-d001-4867-8886-829490d2f8be None None] MFA Rules not processed for user `27792760446947618cd7ae28df54eef1`. Rule list: `[]` (Enabled: `True`). {{(pid=81716) check_auth_methods_against_rules /opt/stack/keystone/keystone/auth/core.py:438}}
Oct 13 12:17:50.527560 dv-neutron-861169-1-hyperv devstack@keystone.service[81716]: DEBUG keystone.common.fernet_utils [None req-3fc4107a-d001-4867-8886-829490d2f8be None None] Loaded 2 Fernet keys from /etc/keystone/fernet-keys/, but `[fernet_tokens] max_active_keys = 3`; perhaps there have not been enough key rotations to reach `max_active_keys` yet? {{(pid=81716) load_keys /opt/stack/keystone/keystone/common/fernet_utils.py:286}}
Oct 13 12:17:50.599137 dv-neutron-861169-1-hyperv devstack@keystone.service[81717]: DEBUG keystone.server.flask.request_processing.req_logging [None req-a7309c6e-76d9-447f-9044-4e1cf84b48d2 None None] REQUEST_METHOD: `GET` {{(pid=81717) log_request_info /opt/stack/keystone/keystone/server/flask/request_processing/req_logging.py:27}}
Oct 13 12:17:50.599467 dv-neutron-861169-1-hyperv devstack@keystone.service[81716]: [pid: 81716|app: 0|req: 74/161] 10.222.0.18 () {58 vars in 1024 bytes} [Thu Oct 13 12:17:50 2022] POST /identity/v3/auth/tokens => generated 799 bytes in 93 msecs (HTTP/1.1 201) 6 headers in 363 bytes (1 switches on core 0)
Oct 13 12:17:50.599565 dv-neutron-861169-1-hyperv devstack@keystone.service[81717]: DEBUG keystone.server.flask.request_processing.req_logging [None req-a7309c6e-76d9-447f-9044-4e1cf84b48d2 None None] SCRIPT_NAME: `/identity` {{(pid=81717) log_request_info /opt/stack/keystone/keystone/server/flask/request_processing/req_logging.py:28}}
Oct 13 12:17:50.599654 dv-neutron-861169-1-hyperv devstack@keystone.service[81717]: DEBUG keystone.server.flask.request_processing.req_logging [None req-a7309c6e-76d9-447f-9044-4e1cf84b48d2 None None] PATH_INFO: `/` {{(pid=81717) log_request_info /opt/stack/keystone/keystone/server/flask/request_processing/req_logging.py:29}}
Oct 13 12:17:50.600911 dv-neutron-861169-1-hyperv devstack@keystone.service[81717]: [pid: 81717|app: 0|req: 88/162] 10.222.0.18 () {54 vars in 927 bytes} [Thu Oct 13 12:17:50 2022] GET /identity => generated 270 bytes in 3 msecs (HTTP/1.1 300) 6 headers in 234 bytes (1 switches on core 0)
Oct 13 12:17:50.606103 dv-neutron-861169-1-hyperv devstack@keystone.service[81716]: DEBUG keystone.server.flask.request_processing.req_logging [None req-6134d98f-7983-44fc-a470-2dfa03bef3ae None None] REQUEST_METHOD: `POST` {{(pid=81716) log_request_info /opt/stack/keystone/keystone/server/flask/request_processing/req_logging.py:27}}
Oct 13 12:17:50.606964 dv-neutron-861169-1-hyperv devstack@keystone.service[81716]: DEBUG keystone.server.flask.request_processing.req_logging [None req-6134d98f-7983-44fc-a470-2dfa03bef3ae None None] SCRIPT_NAME: `/identity` {{(pid=81716) log_request_info /opt/stack/keystone/keystone/server/flask/request_processing/req_logging.py:28}}
Oct 13 12:17:50.607251 dv-neutron-861169-1-hyperv devstack@keystone.service[81716]: DEBUG keystone.server.flask.request_processing.req_logging [None req-6134d98f-7983-44fc-a470-2dfa03bef3ae None None] PATH_INFO: `/v3/auth/tokens` {{(pid=81716) log_request_info /opt/stack/keystone/keystone/server/flask/request_processing/req_logging.py:29}}
Oct 13 12:17:50.626753 dv-neutron-861169-1-hyperv devstack@keystone.service[81716]: DEBUG keystone.auth.core [None req-6134d98f-7983-44fc-a470-2dfa03bef3ae None None] MFA Rules not processed for user `27792760446947618cd7ae28df54eef1`. Rule list: `[]` (Enabled: `True`). {{(pid=81716) check_auth_methods_against_rules /opt/stack/keystone/keystone/auth/core.py:438}}
Oct 13 12:17:50.627949 dv-neutron-861169-1-hyperv devstack@keystone.service[81716]: DEBUG keystone.common.fernet_utils [None req-6134d98f-7983-44fc-a470-2dfa03bef3ae None None] Loaded 2 Fernet keys from /etc/keystone/fernet-keys/, but `[fernet_tokens] max_active_keys = 3`; perhaps there have not been enough key rotations to reach `max_active_keys` yet? {{(pid=81716) load_keys /opt/stack/keystone/keystone/common/fernet_utils.py:286}}
Oct 13 12:17:50.676230 dv-neutron-861169-1-hyperv devstack@keystone.service[81716]: DEBUG dbcounter [-] [81716] Writing DB stats keystone:SELECT=99,keystone:INSERT=1 {{(pid=81716) stat_writer /usr/local/lib/python3.8/dist-packages/dbcounter.py:114}}
Oct 13 12:17:50.707239 dv-neutron-861169-1-hyperv devstack@keystone.service[81716]: [pid: 81716|app: 0|req: 75/163] 10.222.0.18 () {58 vars in 1024 bytes} [Thu Oct 13 12:17:50 2022] POST /identity/v3/auth/tokens => generated 799 bytes in 102 msecs (HTTP/1.1 201) 6 headers in 363 bytes (1 switches on core 0)
Oct 13 12:17:50.810565 dv-neutron-861169-1-hyperv devstack@keystone.service[81717]: DEBUG keystone.server.flask.request_processing.req_logging [None req-f1d54791-2f01-4c13-8e6c-18cfa035d532 None None] REQUEST_METHOD: `GET` {{(pid=81717) log_request_info /opt/stack/keystone/keystone/server/flask/request_processing/req_logging.py:27}}
Oct 13 12:17:50.810917 dv-neutron-861169-1-hyperv devstack@keystone.service[81717]: DEBUG keystone.server.flask.request_processing.req_logging [None req-f1d54791-2f01-4c13-8e6c-18cfa035d532 None None] SCRIPT_NAME: `/identity` {{(pid=81717) log_request_info /opt/stack/keystone/keystone/server/flask/request_processing/req_logging.py:28}}
Oct 13 12:17:50.811149 dv-neutron-861169-1-hyperv devstack@keystone.service[81717]: DEBUG keystone.server.flask.request_processing.req_logging [None req-f1d54791-2f01-4c13-8e6c-18cfa035d532 None None] PATH_INFO: `/` {{(pid=81717) log_request_info /opt/stack/keystone/keystone/server/flask/request_processing/req_logging.py:29}}
Oct 13 12:17:50.812715 dv-neutron-861169-1-hyperv devstack@keystone.service[81717]: [pid: 81717|app: 0|req: 89/164] 10.222.0.18 () {54 vars in 927 bytes} [Thu Oct 13 12:17:50 2022] GET /identity => generated 270 bytes in 4 msecs (HTTP/1.1 300) 6 headers in 234 bytes (1 switches on core 0)
Oct 13 12:17:50.818209 dv-neutron-861169-1-hyperv devstack@keystone.service[81716]: DEBUG keystone.server.flask.request_processing.req_logging [None req-feba1f3d-0552-4754-9f6f-46fa898ce3fb None None] REQUEST_METHOD: `POST` {{(pid=81716) log_request_info /opt/stack/keystone/keystone/server/flask/request_processing/req_logging.py:27}}
Oct 13 12:17:50.818501 dv-neutron-861169-1-hyperv devstack@keystone.service[81716]: DEBUG keystone.server.flask.request_processing.req_logging [None req-feba1f3d-0552-4754-9f6f-46fa898ce3fb None None] SCRIPT_NAME: `/identity` {{(pid=81716) log_request_info /opt/stack/keystone/keystone/server/flask/request_processing/req_logging.py:28}}
Oct 13 12:17:50.818805 dv-neutron-861169-1-hyperv devstack@keystone.service[81716]: DEBUG keystone.server.flask.request_processing.req_logging [None req-feba1f3d-0552-4754-9f6f-46fa898ce3fb None None] PATH_INFO: `/v3/auth/tokens` {{(pid=81716) log_request_info /opt/stack/keystone/keystone/server/flask/request_processing/req_logging.py:29}}
Oct 13 12:17:50.829012 dv-neutron-861169-1-hyperv devstack@keystone.service[81717]: DEBUG keystone.server.flask.request_processing.req_logging [None req-73791fda-dcde-4bd4-a629-77db5af9da6f None None] REQUEST_METHOD: `GET` {{(pid=81717) log_request_info /opt/stack/keystone/keystone/server/flask/request_processing/req_logging.py:27}}
Oct 13 12:17:50.829557 dv-neutron-861169-1-hyperv devstack@keystone.service[81717]: DEBUG keystone.server.flask.request_processing.req_logging [None req-73791fda-dcde-4bd4-a629-77db5af9da6f None None] SCRIPT_NAME: `/identity` {{(pid=81717) log_request_info /opt/stack/keystone/keystone/server/flask/request_processing/req_logging.py:28}}
Oct 13 12:17:50.830038 dv-neutron-861169-1-hyperv devstack@keystone.service[81717]: DEBUG keystone.server.flask.request_processing.req_logging [None req-73791fda-dcde-4bd4-a629-77db5af9da6f None None] PATH_INFO: `/` {{(pid=81717) log_request_info /opt/stack/keystone/keystone/server/flask/request_processing/req_logging.py:29}}
Oct 13 12:17:50.831582 dv-neutron-861169-1-hyperv devstack@keystone.service[81717]: [pid: 81717|app: 0|req: 90/165] 10.222.0.18 () {54 vars in 927 bytes} [Thu Oct 13 12:17:50 2022] GET /identity => generated 270 bytes in 3 msecs (HTTP/1.1 300) 6 headers in 234 bytes (2 switches on core 0)
Oct 13 12:17:50.839159 dv-neutron-861169-1-hyperv devstack@keystone.service[81716]: DEBUG keystone.auth.core [None req-feba1f3d-0552-4754-9f6f-46fa898ce3fb None None] MFA Rules not processed for user `27792760446947618cd7ae28df54eef1`. Rule list: `[]` (Enabled: `True`). {{(pid=81716) check_auth_methods_against_rules /opt/stack/keystone/keystone/auth/core.py:438}}
Oct 13 12:17:50.839536 dv-neutron-861169-1-hyperv devstack@keystone.service[81717]: DEBUG keystone.server.flask.request_processing.req_logging [None req-b707a649-3901-44ba-a723-580d80d77d4e None None] REQUEST_METHOD: `POST` {{(pid=81717) log_request_info /opt/stack/keystone/keystone/server/flask/request_processing/req_logging.py:27}}
Oct 13 12:17:50.839824 dv-neutron-861169-1-hyperv devstack@keystone.service[81717]: DEBUG keystone.server.flask.request_processing.req_logging [None req-b707a649-3901-44ba-a723-580d80d77d4e None None] SCRIPT_NAME: `/identity` {{(pid=81717) log_request_info /opt/stack/keystone/keystone/server/flask/request_processing/req_logging.py:28}}
Oct 13 12:17:50.840101 dv-neutron-861169-1-hyperv devstack@keystone.service[81717]: DEBUG keystone.server.flask.request_processing.req_logging [None req-b707a649-3901-44ba-a723-580d80d77d4e None None] PATH_INFO: `/v3/auth/tokens` {{(pid=81717) log_request_info /opt/stack/keystone/keystone/server/flask/request_processing/req_logging.py:29}}
Oct 13 12:17:50.840335 dv-neutron-861169-1-hyperv devstack@keystone.service[81716]: DEBUG keystone.common.fernet_utils [None req-feba1f3d-0552-4754-9f6f-46fa898ce3fb None None] Loaded 2 Fernet keys from /etc/keystone/fernet-keys/, but `[fernet_tokens] max_active_keys = 3`; perhaps there have not been enough key rotations to reach `max_active_keys` yet? {{(pid=81716) load_keys /opt/stack/keystone/keystone/common/fernet_utils.py:286}}
Oct 13 12:17:50.858464 dv-neutron-861169-1-hyperv devstack@keystone.service[81717]: DEBUG keystone.auth.core [None req-b707a649-3901-44ba-a723-580d80d77d4e None None] MFA Rules not processed for user `27792760446947618cd7ae28df54eef1`. Rule list: `[]` (Enabled: `True`). {{(pid=81717) check_auth_methods_against_rules /opt/stack/keystone/keystone/auth/core.py:438}}
Oct 13 12:17:50.859625 dv-neutron-861169-1-hyperv devstack@keystone.service[81717]: DEBUG keystone.common.fernet_utils [None req-b707a649-3901-44ba-a723-580d80d77d4e None None] Loaded 2 Fernet keys from /etc/keystone/fernet-keys/, but `[fernet_tokens] max_active_keys = 3`; perhaps there have not been enough key rotations to reach `max_active_keys` yet? {{(pid=81717) load_keys /opt/stack/keystone/keystone/common/fernet_utils.py:286}}
Oct 13 12:17:50.908220 dv-neutron-861169-1-hyperv devstack@keystone.service[81717]: DEBUG dbcounter [-] [81717] Writing DB stats keystone:SELECT=99,keystone:INSERT=1 {{(pid=81717) stat_writer /usr/local/lib/python3.8/dist-packages/dbcounter.py:114}}
Oct 13 12:17:50.913382 dv-neutron-861169-1-hyperv devstack@keystone.service[81716]: [pid: 81716|app: 0|req: 76/166] 10.222.0.18 () {58 vars in 1024 bytes} [Thu Oct 13 12:17:50 2022] POST /identity/v3/auth/tokens => generated 799 bytes in 96 msecs (HTTP/1.1 201) 6 headers in 363 bytes (1 switches on core 0)
Oct 13 12:17:50.914381 dv-neutron-861169-1-hyperv devstack@keystone.service[81716]: DEBUG keystone.server.flask.request_processing.middleware.auth_context [None req-feba1f3d-0552-4754-9f6f-46fa898ce3fb None None] Authenticating user token {{(pid=81716) process_request /usr/local/lib/python3.8/dist-packages/keystonemiddleware/auth_token/__init__.py:407}}
Oct 13 12:17:50.938655 dv-neutron-861169-1-hyperv devstack@keystone.service[81717]: [pid: 81717|app: 0|req: 91/167] 10.222.0.18 () {58 vars in 1024 bytes} [Thu Oct 13 12:17:50 2022] POST /identity/v3/auth/tokens => generated 799 bytes in 100 msecs (HTTP/1.1 201) 6 headers in 363 bytes (1 switches on core 0)
Oct 13 12:17:50.985433 dv-neutron-861169-1-hyperv devstack@keystone.service[81717]: DEBUG keystone.server.flask.request_processing.middleware.auth_context [None req-b707a649-3901-44ba-a723-580d80d77d4e None None] Authenticating user token {{(pid=81717) process_request /usr/local/lib/python3.8/dist-packages/keystonemiddleware/auth_token/__init__.py:407}}
Oct 13 12:17:51.035525 dv-neutron-861169-1-hyperv devstack@keystone.service[81716]: DEBUG keystone.server.flask.request_processing.middleware.auth_context [None req-feba1f3d-0552-4754-9f6f-46fa898ce3fb None None] Validating token access rules against request {{(pid=81716) validate_allowed_request /usr/local/lib/python3.8/dist-packages/keystonemiddleware/auth_token/__init__.py:545}}
Oct 13 12:17:51.055619 dv-neutron-861169-1-hyperv devstack@keystone.service[81716]: DEBUG dbcounter [-] [81716] Writing DB stats keystone:SELECT=100 {{(pid=81716) stat_writer /usr/local/lib/python3.8/dist-packages/dbcounter.py:114}}
Oct 13 12:17:51.086069 dv-neutron-861169-1-hyperv devstack@keystone.service[81716]: DEBUG keystone.server.flask.request_processing.middleware.auth_context [None req-06c8e17d-295b-40cc-a627-4dd8e14cabb9 None admin] RBAC: auth_context: {'token': , 'domain_id': None, 'trust_id': None, 'trustor_id': None, 'trustee_id': None, 'domain_name': None, 'group_ids': [], 'user_id': '27792760446947618cd7ae28df54eef1', 'user_domain_id': 'default', 'system_scope': 'all', 'project_id': None, 'project_domain_id': None, 'roles': ['admin', 'member', 'reader'], 'is_admin_project': True, 'service_user_id': None, 'service_user_domain_id': None, 'service_project_id': None, 'service_project_domain_id': None, 'service_roles': []} {{(pid=81716) fill_context /opt/stack/keystone/keystone/server/flask/request_processing/middleware/auth_context.py:478}}
Oct 13 12:17:51.087501 dv-neutron-861169-1-hyperv devstack@keystone.service[81716]: DEBUG keystone.server.flask.request_processing.req_logging [None req-06c8e17d-295b-40cc-a627-4dd8e14cabb9 None admin] REQUEST_METHOD: `GET` {{(pid=81716) log_request_info /opt/stack/keystone/keystone/server/flask/request_processing/req_logging.py:27}}
Oct 13 12:17:51.088217 dv-neutron-861169-1-hyperv devstack@keystone.service[81716]: DEBUG keystone.server.flask.request_processing.req_logging [None req-06c8e17d-295b-40cc-a627-4dd8e14cabb9 None admin] SCRIPT_NAME: `/identity` {{(pid=81716) log_request_info /opt/stack/keystone/keystone/server/flask/request_processing/req_logging.py:28}}
Oct 13 12:17:51.088682 dv-neutron-861169-1-hyperv devstack@keystone.service[81716]: DEBUG keystone.server.flask.request_processing.req_logging [None req-06c8e17d-295b-40cc-a627-4dd8e14cabb9 None admin] PATH_INFO: `/v3/roles/member` {{(pid=81716) log_request_info /opt/stack/keystone/keystone/server/flask/request_processing/req_logging.py:29}}
Oct 13 12:17:51.099072 dv-neutron-861169-1-hyperv devstack@keystone.service[81717]: DEBUG keystone.server.flask.request_processing.middleware.auth_context [None req-b707a649-3901-44ba-a723-580d80d77d4e None None] Validating token access rules against request {{(pid=81717) validate_allowed_request /usr/local/lib/python3.8/dist-packages/keystonemiddleware/auth_token/__init__.py:545}}
Oct 13 12:17:51.104912 dv-neutron-861169-1-hyperv devstack@keystone.service[81716]: DEBUG keystone.common.rbac_enforcer.enforcer [None req-06c8e17d-295b-40cc-a627-4dd8e14cabb9 None admin] Extracting inferred target data resulted in "NOT FOUND (404)". {{(pid=81716) enforce_call /opt/stack/keystone/keystone/common/rbac_enforcer/enforcer.py:409}}
Oct 13 12:17:51.111354 dv-neutron-861169-1-hyperv devstack@keystone.service[81716]: ERROR keystone.server.flask.application [None req-06c8e17d-295b-40cc-a627-4dd8e14cabb9 None admin] Could not find role: member.: keystone.exception.RoleNotFound: Could not find role: member.
Oct 13 12:17:51.111354 dv-neutron-861169-1-hyperv devstack@keystone.service[81716]: ERROR keystone.server.flask.application
Traceback (most recent call last):
Oct 13 12:17:51.111354 dv-neutron-861169-1-hyperv devstack@keystone.service[81716]: ERROR keystone.server.flask.application
File "/usr/local/lib/python3.8/dist-packages/flask/app.py", line 1820, in full_dispatch_request
Oct 13 12:17:51.111354 dv-neutron-861169-1-hyperv devstack@keystone.service[81716]: ERROR keystone.server.flask.application rv = self.dispatch_request()
Oct 13 12:17:51.111354 dv-neutron-861169-1-hyperv devstack@keystone.service[81716]: ERROR keystone.server.flask.application
File "/usr/local/lib/python3.8/dist-packages/flask/app.py", line 1796, in dispatch_request
Oct 13 12:17:51.111354 dv-neutron-861169-1-hyperv devstack@keystone.service[81716]: ERROR keystone.server.flask.application return self.ensure_sync(self.view_functions[rule.endpoint])(**view_args)
Oct 13 12:17:51.111354 dv-neutron-861169-1-hyperv devstack@keystone.service[81716]: ERROR keystone.server.flask.application
File "/usr/local/lib/python3.8/dist-packages/flask_restful/__init__.py", line 467, in wrapper
Oct 13 12:17:51.111354 dv-neutron-861169-1-hyperv devstack@keystone.service[81716]: ERROR keystone.server.flask.application resp = resource(*args, **kwargs)
Oct 13 12:17:51.111354 dv-neutron-861169-1-hyperv devstack@keystone.service[81716]: ERROR keystone.server.flask.application
File "/usr/local/lib/python3.8/dist-packages/flask/views.py", line 107, in view
Oct 13 12:17:51.111354 dv-neutron-861169-1-hyperv devstack@keystone.service[81716]: ERROR keystone.server.flask.application return current_app.ensure_sync(self.dispatch_request)(**kwargs)
Oct 13 12:17:51.111354 dv-neutron-861169-1-hyperv devstack@keystone.service[81716]: ERROR keystone.server.flask.application
File "/usr/local/lib/python3.8/dist-packages/flask_restful/__init__.py", line 582, in dispatch_request
Oct 13 12:17:51.111354 dv-neutron-861169-1-hyperv devstack@keystone.service[81716]: ERROR keystone.server.flask.application resp = meth(*args, **kwargs)
Oct 13 12:17:51.111354 dv-neutron-861169-1-hyperv devstack@keystone.service[81716]: ERROR keystone.server.flask.application
File "/opt/stack/keystone/keystone/api/roles.py", line 50, in get
Oct 13 12:17:51.111354 dv-neutron-861169-1-hyperv devstack@keystone.service[81716]: ERROR keystone.server.flask.application return self._get_role(role_id)
Oct 13 12:17:51.111354 dv-neutron-861169-1-hyperv devstack@keystone.service[81716]: ERROR keystone.server.flask.application
File "/opt/stack/keystone/keystone/api/roles.py", line 70, in _get_role
Oct 13 12:17:51.111354 dv-neutron-861169-1-hyperv devstack@keystone.service[81716]: ERROR keystone.server.flask.application ENFORCER.enforce_call(action='identity:get_role')
Oct 13 12:17:51.112330 dv-neutron-861169-1-hyperv devstack@keystone.service[81716]: ERROR keystone.server.flask.application
File "/opt/stack/keystone/keystone/common/rbac_enforcer/enforcer.py", line 402, in enforce_call
Oct 13 12:17:51.112330 dv-neutron-861169-1-hyperv devstack@keystone.service[81716]: ERROR keystone.server.flask.application policy_dict.update(cls._extract_member_target_data(
Oct 13 12:17:51.112330 dv-neutron-861169-1-hyperv devstack@keystone.service[81716]: ERROR keystone.server.flask.application
File "/opt/stack/keystone/keystone/common/rbac_enforcer/enforcer.py", line 234, in _extract_member_target_data
Oct 13 12:17:51.112330 dv-neutron-861169-1-hyperv devstack@keystone.service[81716]: ERROR keystone.server.flask.application member_name: func(flask.request.view_args[key])
Oct 13 12:17:51.112330 dv-neutron-861169-1-hyperv devstack@keystone.service[81716]: ERROR keystone.server.flask.application
File "/opt/stack/keystone/keystone/common/manager.py", line 115, in wrapped
Oct 13 12:17:51.112330 dv-neutron-861169-1-hyperv devstack@keystone.service[81716]: ERROR keystone.server.flask.application __ret_val = __f(*args, **kwargs)
Oct 13 12:17:51.112330 dv-neutron-861169-1-hyperv devstack@keystone.service[81716]: ERROR keystone.server.flask.application
File "/usr/local/lib/python3.8/dist-packages/decorator.py", line 232, in fun
Oct 13 12:17:51.112330 dv-neutron-861169-1-hyperv devstack@keystone.service[81716]: ERROR keystone.server.flask.application return caller(func, *(extras + args), **kw)
Oct 13 12:17:51.112330 dv-neutron-861169-1-hyperv devstack@keystone.service[81716]: ERROR keystone.server.flask.application
File "/usr/local/lib/python3.8/dist-packages/dogpile/cache/region.py", line 1577, in get_or_create_for_user_func
Oct 13 12:17:51.112330 dv-neutron-861169-1-hyperv devstack@keystone.service[81716]: ERROR keystone.server.flask.application return self.get_or_create(
Oct 13 12:17:51.112330 dv-neutron-861169-1-hyperv devstack@keystone.service[81716]: ERROR keystone.server.flask.application
File "/usr/local/lib/python3.8/dist-packages/dogpile/cache/region.py", line 1042, in get_or_create
Oct 13 12:17:51.112330 dv-neutron-861169-1-hyperv devstack@keystone.service[81716]: ERROR keystone.server.flask.application with Lock(
Oct 13 12:17:51.112330 dv-neutron-861169-1-hyperv devstack@keystone.service[81716]: ERROR keystone.server.flask.application
File "/usr/local/lib/python3.8/dist-packages/dogpile/lock.py", line 185, in __enter__
Oct 13 12:17:51.112330 dv-neutron-861169-1-hyperv devstack@keystone.service[81716]: ERROR keystone.server.flask.application return self._enter()
Oct 13 12:17:51.112330 dv-neutron-861169-1-hyperv devstack@keystone.service[81716]: ERROR keystone.server.flask.application
File "/usr/local/lib/python3.8/dist-packages/dogpile/lock.py", line 94, in _enter
Oct 13 12:17:51.112330 dv-neutron-861169-1-hyperv devstack@keystone.service[81716]: ERROR keystone.server.flask.application generated = self._enter_create(value, createdtime)
Oct 13 12:17:51.113156 dv-neutron-861169-1-hyperv devstack@keystone.service[81716]: ERROR keystone.server.flask.application
File "/usr/local/lib/python3.8/dist-packages/dogpile/lock.py", line 178, in _enter_create
Oct 13 12:17:51.113156 dv-neutron-861169-1-hyperv devstack@keystone.service[81716]: ERROR keystone.server.flask.application return self.creator()
Oct 13 12:17:51.113156 dv-neutron-861169-1-hyperv devstack@keystone.service[81716]: ERROR keystone.server.flask.application
File "/usr/local/lib/python3.8/dist-packages/dogpile/cache/region.py", line 995, in gen_value
Oct 13 12:17:51.113156 dv-neutron-861169-1-hyperv devstack@keystone.service[81716]: ERROR keystone.server.flask.application created_value = creator(
Oct 13 12:17:51.113156 dv-neutron-861169-1-hyperv devstack@keystone.service[81716]: ERROR keystone.server.flask.application
File "/opt/stack/keystone/keystone/assignment/core.py", line 1276, in get_role
Oct 13 12:17:51.113156 dv-neutron-861169-1-hyperv devstack@keystone.service[81716]: ERROR keystone.server.flask.application return self.driver.get_role(role_id)
Oct 13 12:17:51.113156 dv-neutron-861169-1-hyperv devstack@keystone.service[81716]: ERROR keystone.server.flask.application
File "/opt/stack/keystone/keystone/assignment/role_backends/sql.py", line 70, in get_role
Oct 13 12:17:51.113156 dv-neutron-861169-1-hyperv devstack@keystone.service[81716]: ERROR keystone.server.flask.application return self._get_role(session, role_id).to_dict()
Oct 13 12:17:51.113156 dv-neutron-861169-1-hyperv devstack@keystone.service[81716]: ERROR keystone.server.flask.application
File "/opt/stack/keystone/keystone/assignment/role_backends/sql.py", line 65, in _get_role
Oct 13 12:17:51.113156 dv-neutron-861169-1-hyperv devstack@keystone.service[81716]: ERROR keystone.server.flask.application raise exception.RoleNotFound(role_id=role_id)
Oct 13 12:17:51.113156 dv-neutron-861169-1-hyperv devstack@keystone.service[81716]: ERROR keystone.server.flask.application keystone.exception.RoleNotFound: Could not find role: member.
Oct 13 12:17:51.113156 dv-neutron-861169-1-hyperv devstack@keystone.service[81716]: ERROR keystone.server.flask.application
Oct 13 12:17:51.115536 dv-neutron-861169-1-hyperv devstack@keystone.service[81716]: [pid: 81716|app: 0|req: 77/168] 10.222.0.18 () {56 vars in 1099 bytes} [Thu Oct 13 12:17:50 2022] GET /identity/v3/roles/member => generated 84 bytes in 202 msecs (HTTP/1.1 404) 5 headers in 183 bytes (1 switches on core 0)
Oct 13 12:17:51.124912 dv-neutron-861169-1-hyperv devstack@keystone.service[81716]: DEBUG keystone.server.flask.request_processing.middleware.auth_context [None req-06c8e17d-295b-40cc-a627-4dd8e14cabb9 None admin] Authenticating user token {{(pid=81716) process_request /usr/local/lib/python3.8/dist-packages/keystonemiddleware/auth_token/__init__.py:407}}
Oct 13 12:17:51.145552 dv-neutron-861169-1-hyperv devstack@keystone.service[81717]: DEBUG keystone.server.flask.request_processing.middleware.auth_context [None req-17d1f98a-fb41-43ce-b229-cdb0d4490818 None admin] RBAC: auth_context: {'token': , 'domain_id': None, 'trust_id': None, 'trustor_id': None, 'trustee_id': None, 'domain_name': None, 'group_ids': [], 'user_id': '27792760446947618cd7ae28df54eef1', 'user_domain_id': 'default', 'system_scope': 'all', 'project_id': None, 'project_domain_id': None, 'roles': ['admin', 'member', 'reader'], 'is_admin_project': True, 'service_user_id': None, 'service_user_domain_id': None, 'service_project_id': None, 'service_project_domain_id': None, 'service_roles': []} {{(pid=81717) fill_context /opt/stack/keystone/keystone/server/flask/request_processing/middleware/auth_context.py:478}}
Oct 13 12:17:51.146320 dv-neutron-861169-1-hyperv devstack@keystone.service[81717]: DEBUG keystone.server.flask.request_processing.req_logging [None req-17d1f98a-fb41-43ce-b229-cdb0d4490818 None admin] REQUEST_METHOD: `GET` {{(pid=81717) log_request_info /opt/stack/keystone/keystone/server/flask/request_processing/req_logging.py:27}}
Oct 13 12:17:51.146696 dv-neutron-861169-1-hyperv devstack@keystone.service[81717]: DEBUG keystone.server.flask.request_processing.req_logging [None req-17d1f98a-fb41-43ce-b229-cdb0d4490818 None admin] SCRIPT_NAME: `/identity` {{(pid=81717) log_request_info /opt/stack/keystone/keystone/server/flask/request_processing/req_logging.py:28}}
Oct 13 12:17:51.147093 dv-neutron-861169-1-hyperv devstack@keystone.service[81717]: DEBUG keystone.server.flask.request_processing.req_logging [None req-17d1f98a-fb41-43ce-b229-cdb0d4490818 None admin] PATH_INFO: `/v3/domains/default` {{(pid=81717) log_request_info /opt/stack/keystone/keystone/server/flask/request_processing/req_logging.py:29}}
Oct 13 12:17:51.148325 dv-neutron-861169-1-hyperv devstack@keystone.service[81717]: DEBUG keystone.common.rbac_enforcer.enforcer [None req-17d1f98a-fb41-43ce-b229-cdb0d4490818 None admin] RBAC: Authorizing `identity:get_domain(domain_id=default)` {{(pid=81717) enforce_call /opt/stack/keystone/keystone/common/rbac_enforcer/enforcer.py:449}}
Oct 13 12:17:51.150205 dv-neutron-861169-1-hyperv devstack@keystone.service[81717]: DEBUG keystone.common.rbac_enforcer.enforcer [None req-17d1f98a-fb41-43ce-b229-cdb0d4490818 None admin] RBAC: Authorization granted {{(pid=81717) enforce_call /opt/stack/keystone/keystone/common/rbac_enforcer/enforcer.py:457}}
Oct 13 12:17:51.151980 dv-neutron-861169-1-hyperv devstack@keystone.service[81717]: [pid: 81717|app: 0|req: 92/169] 10.222.0.18 () {56 vars in 1108 bytes} [Thu Oct 13 12:17:50 2022] GET /identity/v3/domains/default => generated 199 bytes in 167 msecs (HTTP/1.1 200) 5 headers in 177 bytes (2 switches on core 0)
Oct 13 12:17:51.157453 dv-neutron-861169-1-hyperv devstack@keystone.service[81717]: DEBUG keystone.server.flask.request_processing.middleware.auth_context [None req-17d1f98a-fb41-43ce-b229-cdb0d4490818 None admin] Authenticating user token {{(pid=81717) process_request /usr/local/lib/python3.8/dist-packages/keystonemiddleware/auth_token/__init__.py:407}}
Oct 13 12:17:51.208951 dv-neutron-861169-1-hyperv devstack@keystone.service[81717]: DEBUG dbcounter [-] [81717] Writing DB stats keystone:SELECT=100 {{(pid=81717) stat_writer /usr/local/lib/python3.8/dist-packages/dbcounter.py:114}}
Oct 13 12:17:51.247870 dv-neutron-861169-1-hyperv devstack@keystone.service[81716]: DEBUG keystone.server.flask.request_processing.middleware.auth_context [None req-06c8e17d-295b-40cc-a627-4dd8e14cabb9 None admin] Validating token access rules against request {{(pid=81716) validate_allowed_request /usr/local/lib/python3.8/dist-packages/keystonemiddleware/auth_token/__init__.py:545}}
Oct 13 12:17:51.264569 dv-neutron-861169-1-hyperv devstack@keystone.service[81717]: DEBUG keystone.server.flask.request_processing.middleware.auth_context [None req-17d1f98a-fb41-43ce-b229-cdb0d4490818 None admin] Validating token access rules against request {{(pid=81717) validate_allowed_request /usr/local/lib/python3.8/dist-packages/keystonemiddleware/auth_token/__init__.py:545}}
Oct 13 12:17:51.282296 dv-neutron-861169-1-hyperv devstack@keystone.service[81716]: DEBUG keystone.server.flask.request_processing.middleware.auth_context [None req-87e2da44-0a52-48c4-beb4-b6620e1d03e2 None admin] RBAC: auth_context: {'token': , 'domain_id': None, 'trust_id': None, 'trustor_id': None, 'trustee_id': None, 'domain_name': None, 'group_ids': [], 'user_id': '27792760446947618cd7ae28df54eef1', 'user_domain_id': 'default', 'system_scope': 'all', 'project_id': None, 'project_domain_id': None, 'roles': ['admin', 'member', 'reader'], 'is_admin_project': True, 'service_user_id': None, 'service_user_domain_id': None, 'service_project_id': None, 'service_project_domain_id': None, 'service_roles': []} {{(pid=81716) fill_context /opt/stack/keystone/keystone/server/flask/request_processing/middleware/auth_context.py:478}}
Oct 13 12:17:51.282944 dv-neutron-861169-1-hyperv devstack@keystone.service[81716]: DEBUG keystone.server.flask.request_processing.req_logging [None req-87e2da44-0a52-48c4-beb4-b6620e1d03e2 None admin] REQUEST_METHOD: `GET` {{(pid=81716) log_request_info /opt/stack/keystone/keystone/server/flask/request_processing/req_logging.py:27}}
Oct 13 12:17:51.283220 dv-neutron-861169-1-hyperv devstack@keystone.service[81716]: DEBUG keystone.server.flask.request_processing.req_logging [None req-87e2da44-0a52-48c4-beb4-b6620e1d03e2 None admin] SCRIPT_NAME: `/identity` {{(pid=81716) log_request_info /opt/stack/keystone/keystone/server/flask/request_processing/req_logging.py:28}}
Oct 13 12:17:51.283488 dv-neutron-861169-1-hyperv devstack@keystone.service[81716]: DEBUG keystone.server.flask.request_processing.req_logging [None req-87e2da44-0a52-48c4-beb4-b6620e1d03e2 None admin] PATH_INFO: `/v3/roles` {{(pid=81716) log_request_info /opt/stack/keystone/keystone/server/flask/request_processing/req_logging.py:29}}
Oct 13 12:17:51.284142 dv-neutron-861169-1-hyperv devstack@keystone.service[81716]: DEBUG keystone.common.rbac_enforcer.enforcer [None req-87e2da44-0a52-48c4-beb4-b6620e1d03e2 None admin] RBAC: Adding query filter params (name=member) {{(pid=81716) _extract_filter_values /opt/stack/keystone/keystone/common/rbac_enforcer/enforcer.py:167}}
Oct 13 12:17:51.284441 dv-neutron-861169-1-hyperv devstack@keystone.service[81716]: DEBUG keystone.common.rbac_enforcer.enforcer [None req-87e2da44-0a52-48c4-beb4-b6620e1d03e2 None admin] RBAC: Authorizing `identity:list_roles()` {{(pid=81716) enforce_call /opt/stack/keystone/keystone/common/rbac_enforcer/enforcer.py:449}}
Oct 13 12:17:51.285799 dv-neutron-861169-1-hyperv devstack@keystone.service[81716]: DEBUG keystone.common.rbac_enforcer.enforcer [None req-87e2da44-0a52-48c4-beb4-b6620e1d03e2 None admin] RBAC: Authorization granted {{(pid=81716) enforce_call /opt/stack/keystone/keystone/common/rbac_enforcer/enforcer.py:457}}
Oct 13 12:17:51.294851 dv-neutron-861169-1-hyperv devstack@keystone.service[81716]: [pid: 81716|app: 0|req: 78/170] 10.222.0.18 () {56 vars in 1101 bytes} [Thu Oct 13 12:17:51 2022] GET /identity/v3/roles?name=member => generated 341 bytes in 170 msecs (HTTP/1.1 200) 5 headers in 177 bytes (2 switches on core 0)
Oct 13 12:17:51.296062 dv-neutron-861169-1-hyperv devstack@keystone.service[81716]: DEBUG keystone.server.flask.request_processing.middleware.auth_context [None req-87e2da44-0a52-48c4-beb4-b6620e1d03e2 None admin] Authenticating user token {{(pid=81716) process_request /usr/local/lib/python3.8/dist-packages/keystonemiddleware/auth_token/__init__.py:407}}
Oct 13 12:17:51.302784 dv-neutron-861169-1-hyperv devstack@keystone.service[81717]: DEBUG keystone.server.flask.request_processing.middleware.auth_context [None req-acc179d9-c689-4f45-adce-8861d2a0355f None admin] RBAC: auth_context: {'token': , 'domain_id': None, 'trust_id': None, 'trustor_id': None, 'trustee_id': None, 'domain_name': None, 'group_ids': [], 'user_id': '27792760446947618cd7ae28df54eef1', 'user_domain_id': 'default', 'system_scope': 'all', 'project_id': None, 'project_domain_id': None, 'roles': ['admin', 'member', 'reader'], 'is_admin_project': True, 'service_user_id': None, 'service_user_domain_id': None, 'service_project_id': None, 'service_project_domain_id': None, 'service_roles': []} {{(pid=81717) fill_context /opt/stack/keystone/keystone/server/flask/request_processing/middleware/auth_context.py:478}}
Oct 13 12:17:51.303406 dv-neutron-861169-1-hyperv devstack@keystone.service[81717]: DEBUG keystone.server.flask.request_processing.req_logging [None req-acc179d9-c689-4f45-adce-8861d2a0355f None admin] REQUEST_METHOD: `POST` {{(pid=81717) log_request_info /opt/stack/keystone/keystone/server/flask/request_processing/req_logging.py:27}}
Oct 13 12:17:51.303685 dv-neutron-861169-1-hyperv devstack@keystone.service[81717]: DEBUG keystone.server.flask.request_processing.req_logging [None req-acc179d9-c689-4f45-adce-8861d2a0355f None admin] SCRIPT_NAME: `/identity` {{(pid=81717) log_request_info /opt/stack/keystone/keystone/server/flask/request_processing/req_logging.py:28}}
Oct 13 12:17:51.303956 dv-neutron-861169-1-hyperv devstack@keystone.service[81717]: DEBUG keystone.server.flask.request_processing.req_logging [None req-acc179d9-c689-4f45-adce-8861d2a0355f None admin] PATH_INFO: `/v3/users` {{(pid=81717) log_request_info /opt/stack/keystone/keystone/server/flask/request_processing/req_logging.py:29}}
Oct 13 12:17:51.304622 dv-neutron-861169-1-hyperv devstack@keystone.service[81717]: DEBUG keystone.common.rbac_enforcer.enforcer [None req-acc179d9-c689-4f45-adce-8861d2a0355f None admin] RBAC: Authorizing `identity:create_user()` {{(pid=81717) enforce_call /opt/stack/keystone/keystone/common/rbac_enforcer/enforcer.py:449}}
Oct 13 12:17:51.306144 dv-neutron-861169-1-hyperv devstack@keystone.service[81717]: DEBUG keystone.common.rbac_enforcer.enforcer [None req-acc179d9-c689-4f45-adce-8861d2a0355f None admin] RBAC: Authorization granted {{(pid=81717) enforce_call /opt/stack/keystone/keystone/common/rbac_enforcer/enforcer.py:457}}
Oct 13 12:17:51.333996 dv-neutron-861169-1-hyperv devstack@keystone.service[81716]: DEBUG dbcounter [-] [81716] Writing DB stats keystone:SELECT=100 {{(pid=81716) stat_writer /usr/local/lib/python3.8/dist-packages/dbcounter.py:114}}
Oct 13 12:17:51.342980 dv-neutron-861169-1-hyperv devstack@keystone.service[81717]: [pid: 81717|app: 0|req: 93/171] 10.222.0.18 () {60 vars in 1132 bytes} [Thu Oct 13 12:17:51 2022] POST /identity/v3/users => generated 297 bytes in 182 msecs (HTTP/1.1 201) 5 headers in 182 bytes (2 switches on core 0)
Oct 13 12:17:51.342980 dv-neutron-861169-1-hyperv devstack@keystone.service[81717]: DEBUG keystone.server.flask.request_processing.middleware.auth_context [None req-acc179d9-c689-4f45-adce-8861d2a0355f None admin] Authenticating user token {{(pid=81717) process_request /usr/local/lib/python3.8/dist-packages/keystonemiddleware/auth_token/__init__.py:407}}
Oct 13 12:17:51.421438 dv-neutron-861169-1-hyperv devstack@keystone.service[81716]: DEBUG keystone.server.flask.request_processing.middleware.auth_context [None req-87e2da44-0a52-48c4-beb4-b6620e1d03e2 None admin] Validating token access rules against request {{(pid=81716) validate_allowed_request /usr/local/lib/python3.8/dist-packages/keystonemiddleware/auth_token/__init__.py:545}}
Oct 13 12:17:51.461222 dv-neutron-861169-1-hyperv devstack@keystone.service[81716]: DEBUG keystone.server.flask.request_processing.middleware.auth_context [None req-2814d9a8-1b28-43e3-9e4b-232857b74b82 None admin] RBAC: auth_context: {'token': , 'domain_id': None, 'trust_id': None, 'trustor_id': None, 'trustee_id': None, 'domain_name': None, 'group_ids': [], 'user_id': '27792760446947618cd7ae28df54eef1', 'user_domain_id': 'default', 'system_scope': 'all', 'project_id': None, 'project_domain_id': None, 'roles': ['admin', 'member', 'reader'], 'is_admin_project': True, 'service_user_id': None, 'service_user_domain_id': None, 'service_project_id': None, 'service_project_domain_id': None, 'service_roles': []} {{(pid=81716) fill_context /opt/stack/keystone/keystone/server/flask/request_processing/middleware/auth_context.py:478}}
Oct 13 12:17:51.462161 dv-neutron-861169-1-hyperv devstack@keystone.service[81716]: DEBUG keystone.server.flask.request_processing.req_logging [None req-2814d9a8-1b28-43e3-9e4b-232857b74b82 None admin] REQUEST_METHOD: `GET` {{(pid=81716) log_request_info /opt/stack/keystone/keystone/server/flask/request_processing/req_logging.py:27}}
Oct 13 12:17:51.462581 dv-neutron-861169-1-hyperv devstack@keystone.service[81716]: DEBUG keystone.server.flask.request_processing.req_logging [None req-2814d9a8-1b28-43e3-9e4b-232857b74b82 None admin] SCRIPT_NAME: `/identity` {{(pid=81716) log_request_info /opt/stack/keystone/keystone/server/flask/request_processing/req_logging.py:28}}
Oct 13 12:17:51.463113 dv-neutron-861169-1-hyperv devstack@keystone.service[81716]: DEBUG keystone.server.flask.request_processing.req_logging [None req-2814d9a8-1b28-43e3-9e4b-232857b74b82 None admin] PATH_INFO: `/v3/roles/anotherrole` {{(pid=81716) log_request_info /opt/stack/keystone/keystone/server/flask/request_processing/req_logging.py:29}}
Oct 13 12:17:51.468778 dv-neutron-861169-1-hyperv devstack@keystone.service[81717]: DEBUG dbcounter [-] [81717] Writing DB stats keystone:SELECT=97,keystone:INSERT=3 {{(pid=81717) stat_writer /usr/local/lib/python3.8/dist-packages/dbcounter.py:114}}
Oct 13 12:17:51.474177 dv-neutron-861169-1-hyperv devstack@keystone.service[81717]: DEBUG keystone.server.flask.request_processing.middleware.auth_context [None req-acc179d9-c689-4f45-adce-8861d2a0355f None admin] Validating token access rules against request {{(pid=81717) validate_allowed_request /usr/local/lib/python3.8/dist-packages/keystonemiddleware/auth_token/__init__.py:545}}
