Oct 27 03:19:02.889154 dv-neutron-861124-4-hyperv neutron-server[105930]: DEBUG neutron_lib.callbacks.manager [None req-33747305-cbf1-42c5-94c8-8af3e10cfc7d tempest-QuotasNegativeTest-1721374415 tempest-QuotasNegativeTest-1721374415-project-admin] Publish callbacks ['neutron.plugins.ml2.plugin.Ml2Plugin._handle_segment_change-1570570'] for segment (97908f40-e0dd-4f93-a92f-631011b795c7), precommit_delete {{(pid=105930) _notify_loop /usr/local/lib/python3.8/dist-packages/neutron_lib/callbacks/manager.py:176}}
Oct 27 03:19:02.894137 dv-neutron-861124-4-hyperv neutron-server[105930]: DEBUG neutron_lib.callbacks.manager [None req-f242d575-18ff-46f8-b742-c3a61ca1db34 tempest-ServersTestJSON-810494086 tempest-ServersTestJSON-810494086-project] Publish callbacks [] for security_group (None), before_create {{(pid=105930) _notify_loop /usr/local/lib/python3.8/dist-packages/neutron_lib/callbacks/manager.py:176}}
Oct 27 03:19:02.919565 dv-neutron-861124-4-hyperv neutron-server[105930]: DEBUG neutron.plugins.ml2.drivers.type_vlan [None req-33747305-cbf1-42c5-94c8-8af3e10cfc7d tempest-QuotasNegativeTest-1721374415 tempest-QuotasNegativeTest-1721374415-project-admin] Releasing vlan 342 on physical network physnet1 to pool {{(pid=105930) release_segment /opt/stack/neutron/neutron/plugins/ml2/drivers/type_vlan.py:304}}
Oct 27 03:19:02.919960 dv-neutron-861124-4-hyperv neutron-server[105930]: DEBUG neutron_lib.callbacks.manager [None req-33747305-cbf1-42c5-94c8-8af3e10cfc7d tempest-QuotasNegativeTest-1721374415 tempest-QuotasNegativeTest-1721374415-project-admin] Publish callbacks ['neutron.plugins.ml2.plugin.Ml2Plugin._handle_segment_change-1570570', 'neutron.services.segments.plugin.NovaSegmentNotifier._notify_segment_deleted-7067711'] for segment (97908f40-e0dd-4f93-a92f-631011b795c7), after_delete {{(pid=105930) _notify_loop /usr/local/lib/python3.8/dist-packages/neutron_lib/callbacks/manager.py:176}}
Oct 27 03:19:02.920894 dv-neutron-861124-4-hyperv neutron-server[105931]: DEBUG neutron_lib.callbacks.manager [None req-13cebcb0-72e6-4672-a559-92be0e289dd4 tempest-ExternalNetworksTestJSON-532685152 tempest-ExternalNetworksTestJSON-532685152-project-admin] Publish callbacks ['neutron.plugins.ml2.plugin.Ml2Plugin._network_delete_after_delete_handler-1390658', 'neutron.plugins.ml2.ovo_rpc._ObjectChangeHandler.handle_event-664153', 'neutron.api.rpc.agentnotifiers.dhcp_rpc_agent_api.DhcpAgentNotifyAPI._native_event_send_dhcp_notification-592395', 'neutron.services.l3_router.l3_router_plugin.DVRResourceOperationHandler.delete_fip_namespaces_for_ext_net-708735'] for network (6d634e82-b15e-4290-8a0c-88e9b09e55ee), after_delete {{(pid=105931) _notify_loop /usr/local/lib/python3.8/dist-packages/neutron_lib/callbacks/manager.py:176}}
Oct 27 03:19:02.923640 dv-neutron-861124-4-hyperv neutron-server[105932]: DEBUG neutron_lib.callbacks.manager [None req-aa2ccbe6-5ee9-479d-82c5-3dd9fddfe10f None None] Publish callbacks ['neutron.plugins.ml2.plugin.SecurityGroupServerNotifierRpcMixin._notify_sg_on_port_change-1316955', 'neutron.plugins.ml2.ovo_rpc._ObjectChangeHandler.handle_event-395297', 'neutron.api.rpc.agentnotifiers.dhcp_rpc_agent_api.DhcpAgentNotifyAPI._native_event_send_dhcp_notification-592395', 'neutron.db.l3_db.L3RpcNotifierMixin._notify_gateway_port_ip_changed-8749381862777', 'neutron.db.l3_dvrscheduler_db._notify_l3_agent_port_update-8749381502091', 'neutron.db.l3_hascheduler_db._notify_l3_agent_ha_port_update-8749381502109'] for port (eb85e96c-7ac6-45c5-a157-607efa663fe7), after_update {{(pid=105932) _notify_loop /usr/local/lib/python3.8/dist-packages/neutron_lib/callbacks/manager.py:176}}
Oct 27 03:19:02.939839 dv-neutron-861124-4-hyperv neutron-server[105931]: DEBUG neutron_lib.callbacks.manager [None req-a85cd466-8ea1-449b-b375-f329f278164f admin admin] Publish callbacks [] for router (None), before_response {{(pid=105931) _notify_loop /usr/local/lib/python3.8/dist-packages/neutron_lib/callbacks/manager.py:176}}
Oct 27 03:19:02.945383 dv-neutron-861124-4-hyperv neutron-server[105931]: INFO neutron.wsgi [None req-a85cd466-8ea1-449b-b375-f329f278164f admin admin] 10.222.0.43 "POST /networking/v2.0/routers HTTP/1.1" status: 201 len: 923 time: 8.8809111
Oct 27 03:19:02.962100 dv-neutron-861124-4-hyperv neutron-server[105930]: DEBUG neutron.wsgi [-] (105930) accepted ('10.222.0.43', 44852) {{(pid=105930) server /usr/local/lib/python3.8/dist-packages/eventlet/wsgi.py:1004}}
Oct 27 03:19:02.990163 dv-neutron-861124-4-hyperv neutron-server[105932]: DEBUG neutron_lib.callbacks.manager [None req-dda4fbb1-4cc6-416b-a1fd-65cd8f045d4e None None] Publish callbacks ['neutron.plugins.ml2.plugin.SecurityGroupServerNotifierRpcMixin._notify_sg_on_port_change-1316955', 'neutron.plugins.ml2.ovo_rpc._ObjectChangeHandler.handle_event-395297', 'neutron.api.rpc.agentnotifiers.dhcp_rpc_agent_api.DhcpAgentNotifyAPI._native_event_send_dhcp_notification-592395', 'neutron.db.l3_db.L3RpcNotifierMixin._notify_gateway_port_ip_changed-8749381862777', 'neutron.db.l3_dvrscheduler_db._notify_l3_agent_port_update-8749381502091', 'neutron.db.l3_hascheduler_db._notify_l3_agent_ha_port_update-8749381502109'] for port (7bcd4dda-ba69-46f7-ad18-affc44eaf83c), after_update {{(pid=105932) _notify_loop /usr/local/lib/python3.8/dist-packages/neutron_lib/callbacks/manager.py:176}}
Oct 27 03:19:03.008449 dv-neutron-861124-4-hyperv neutron-server[105932]: DEBUG neutron_lib.callbacks.manager [None req-540acc69-e119-4168-9f82-71e8ffebac9c None None] Publish callbacks ['neutron.plugins.ml2.plugin.SecurityGroupDbMixin._ensure_default_security_group_handler-1316892'] for port (9368a40b-8d2e-4e42-b577-02e3997cafbb), before_update {{(pid=105932) _notify_loop /usr/local/lib/python3.8/dist-packages/neutron_lib/callbacks/manager.py:176}}
Oct 27 03:19:03.013952 dv-neutron-861124-4-hyperv neutron-server[105933]: DEBUG neutron.db.l3_hamode_db [None req-07b93eef-cd00-47d4-94a7-cb4349dc455a None None] neutron.services.l3_router.l3_router_plugin.L3RouterPlugin method _process_sync_ha_data called with arguments (, [{'id': '69214fe0-8d66-466b-9169-d5f49335d0db', 'name': 'tempest-ServersTestManualDisk-1654566857-router', 'tenant_id': '7902262fc56644e3ac8a3e22777d6d26', 'admin_state_up': True, 'status': 'ACTIVE', 'external_gateway_info': {'network_id': 'eb0dabb3-ab75-478e-9766-5fca94064617', 'external_fixed_ips': [{'subnet_id': '6cc7e719-59a0-4708-8b89-a2b4c0c88e24', 'ip_address': '172.26.2.53'}], 'enable_snat': True}, 'gw_port_id': 'dd537f7b-0628-4494-a925-551a98e190fd', 'description': '', 'availability_zones': ['nova'], 'distributed': False, 'ha': False, 'ha_vr_id': 0, 'availability_zone_hints': [], 'routes': [], 'flavor_id': None, 'tags': [], 'created_at': '2022-10-27T03:18:54Z', 'updated_at': '2022-10-27T03:18:57Z', 'revision_number': 3, 'project_id': '7902262fc56644e3ac8a3e22777d6d26', 'gw_port': {'id': 'dd537f7b-0628-4494-a925-551a98e190fd', 'name': '', 'network_id': 'eb0dabb3-ab75-478e-9766-5fca94064617', 'tenant_id': '', 'mac_address': 'fa:16:3e:48:71:c2', 'admin_state_up': True, 'status': 'DOWN', 'device_id': '69214fe0-8d66-466b-9169-d5f49335d0db', 'device_owner': 'network:router_gateway', 'standard_attr_id': 62, 'fixed_ips': [{'subnet_id': '6cc7e719-59a0-4708-8b89-a2b4c0c88e24', 'ip_address': '172.26.2.53', 'prefixlen': 24}], 'allowed_address_pairs': [], 'extra_dhcp_opts': [], 'security_groups': [], 'description': '', 'binding:vnic_type': 'normal', 'binding:profile': {}, 'binding:host_id': '', 'binding:vif_type': 'unbound', 'binding:vif_details': {}, 'port_security_enabled': False, 'tags': [], 'created_at': '2022-10-27T03:18:55Z', 'updated_at': '2022-10-27T03:18:55Z', 'revision_number': 1, 'project_id': '', 'subnets': [{'id': '6cc7e719-59a0-4708-8b89-a2b4c0c88e24', 'cidr': '172.26.2.0/24', 'gateway_ip': '172.26.2.1', 'dns_nameservers': [], 'ipv6_ra_mode': None, 'subnetpool_id': None}], 'extra_subnets': [], 'address_scopes': {4: None, 6: None}, 'mtu': 1500}, 'enable_snat': True, 'gw_port_host': 'dv-neutron-861124-4-hyperv'}], 'dv-neutron-861124-4-hyperv', False) {} {{(pid=105933) wrapper /usr/local/lib/python3.8/dist-packages/oslo_log/helpers.py:65}}
Oct 27 03:19:03.057242 dv-neutron-861124-4-hyperv neutron-server[105933]: DEBUG neutron.api.rpc.handlers.l3_rpc [None req-07b93eef-cd00-47d4-94a7-cb4349dc455a None None] Checking router: 69214fe0-8d66-466b-9169-d5f49335d0db for host: dv-neutron-861124-4-hyperv {{(pid=105933) _ensure_host_set_on_ports /opt/stack/neutron/neutron/api/rpc/handlers/l3_rpc.py:155}}
Oct 27 03:19:03.057593 dv-neutron-861124-4-hyperv neutron-server[105933]: DEBUG neutron.api.rpc.handlers.l3_rpc [None req-07b93eef-cd00-47d4-94a7-cb4349dc455a None None] Updating router 69214fe0-8d66-466b-9169-d5f49335d0db port dd537f7b-0628-4494-a925-551a98e190fd binding host dv-neutron-861124-4-hyperv {{(pid=105933) _ensure_host_set_on_port /opt/stack/neutron/neutron/api/rpc/handlers/l3_rpc.py:205}}
Oct 27 03:19:03.063657 dv-neutron-861124-4-hyperv neutron-server[105931]: INFO neutron.services.segments.plugin [-] Segment 01b04d48-d64e-4d76-a6bd-8dc4d18dccbe resource provider aggregate not found
Oct 27 03:19:03.079144 dv-neutron-861124-4-hyperv neutron-server[105932]: DEBUG neutron.api.rpc.handlers.resources_rpc [None req-aa2ccbe6-5ee9-479d-82c5-3dd9fddfe10f None None] Pushing event updated for resources: {'Port': ['ID=eb85e96c-7ac6-45c5-a157-607efa663fe7,revision_number=2']} {{(pid=105932) push /opt/stack/neutron/neutron/api/rpc/handlers/resources_rpc.py:237}}
Oct 27 03:19:03.099009 dv-neutron-861124-4-hyperv neutron-server[105931]: DEBUG neutron.api.rpc.handlers.resources_rpc [None req-13cebcb0-72e6-4672-a559-92be0e289dd4 tempest-ExternalNetworksTestJSON-532685152 tempest-ExternalNetworksTestJSON-532685152-project-admin] Pushing event deleted for resources: {'Network': ['ID=6d634e82-b15e-4290-8a0c-88e9b09e55ee,revision_number=None']} {{(pid=105931) push /opt/stack/neutron/neutron/api/rpc/handlers/resources_rpc.py:237}}
Oct 27 03:19:03.101296 dv-neutron-861124-4-hyperv neutron-server[105931]: DEBUG neutron_lib.callbacks.manager [None req-104af3ce-7a3a-428a-9f0c-20038f266d1e tempest-FloatingIPAdminTestJSON-569408006 tempest-FloatingIPAdminTestJSON-569408006-project] Publish callbacks ['neutron.plugins.ml2.plugin.SecurityGroupServerNotifierRpcMixin._notify_sg_on_port_change-1316955', 'neutron.plugins.ml2.ovo_rpc._ObjectChangeHandler.handle_event-395297', 'neutron.api.rpc.agentnotifiers.dhcp_rpc_agent_api.DhcpAgentNotifyAPI._native_event_send_dhcp_notification-592395', 'neutron.db.l3_db.L3RpcNotifierMixin._notify_gateway_port_ip_changed-8749381862777', 'neutron.db.l3_dvrscheduler_db._notify_l3_agent_port_update-8749381502091', 'neutron.db.l3_hascheduler_db._notify_l3_agent_ha_port_update-8749381502109', 'neutron.services.segments.plugin.NovaSegmentNotifier._notify_port_updated-6657036'] for port (7ab03ad4-e51f-4500-8143-d6d1facb304a), after_update {{(pid=105931) _notify_loop /usr/local/lib/python3.8/dist-packages/neutron_lib/callbacks/manager.py:176}}
Oct 27 03:19:03.116653 dv-neutron-861124-4-hyperv neutron-server[105931]: DEBUG neutron.api.rpc.agentnotifiers.l3_rpc_agent_api [None req-13cebcb0-72e6-4672-a559-92be0e289dd4 tempest-ExternalNetworksTestJSON-532685152 tempest-ExternalNetworksTestJSON-532685152-project-admin] Fanout notify agent at l3_agent the message fipnamespace_delete_on_ext_net for external_network 6d634e82-b15e-4290-8a0c-88e9b09e55ee {{(pid=105931) _notification_fanout /opt/stack/neutron/neutron/api/rpc/agentnotifiers/l3_rpc_agent_api.py:120}}
Oct 27 03:19:03.137093 dv-neutron-861124-4-hyperv neutron-server[105933]: DEBUG neutron_lib.callbacks.manager [None req-07b93eef-cd00-47d4-94a7-cb4349dc455a None None] Publish callbacks ['neutron.plugins.ml2.plugin.SecurityGroupDbMixin._ensure_default_security_group_handler-1316892'] for port (dd537f7b-0628-4494-a925-551a98e190fd), before_update {{(pid=105933) _notify_loop /usr/local/lib/python3.8/dist-packages/neutron_lib/callbacks/manager.py:176}}
Oct 27 03:19:03.165759 dv-neutron-861124-4-hyperv neutron-server[105931]: DEBUG dbcounter [-] [105931] Writing DB stats neutron:SELECT=78,neutron:INSERT=14,neutron:UPDATE=8 {{(pid=105931) stat_writer /usr/local/lib/python3.8/dist-packages/dbcounter.py:114}}
Oct 27 03:19:03.178124 dv-neutron-861124-4-hyperv neutron-server[105931]: INFO neutron.services.segments.plugin [-] Segment 01b04d48-d64e-4d76-a6bd-8dc4d18dccbe resource provider not found; error: Placement Client Error (4xx): {"errors": [{"status": 404, "title": "Not Found", "detail": "The resource could not be found.\n\n No resource provider with uuid 01b04d48-d64e-4d76-a6bd-8dc4d18dccbe found for delete ", "request_id": "req-31817d2a-9629-417c-bdc3-e5c5c342a75f"}]}
Oct 27 03:19:03.181618 dv-neutron-861124-4-hyperv neutron-server[105931]: DEBUG neutron_lib.callbacks.manager [None req-13cebcb0-72e6-4672-a559-92be0e289dd4 tempest-ExternalNetworksTestJSON-532685152 tempest-ExternalNetworksTestJSON-532685152-project-admin] Publish callbacks ['neutron.api.rpc.agentnotifiers.dhcp_rpc_agent_api.DhcpAgentNotifyAPI._send_dhcp_notification-592409'] for network (None), before_response {{(pid=105931) _notify_loop /usr/local/lib/python3.8/dist-packages/neutron_lib/callbacks/manager.py:176}}
Oct 27 03:19:03.190515 dv-neutron-861124-4-hyperv neutron-server[105931]: INFO neutron.wsgi [None req-13cebcb0-72e6-4672-a559-92be0e289dd4 tempest-ExternalNetworksTestJSON-532685152 tempest-ExternalNetworksTestJSON-532685152-project-admin] 10.222.0.43 "DELETE /networking/v2.0/networks/6d634e82-b15e-4290-8a0c-88e9b09e55ee HTTP/1.1" status: 204 len: 168 time: 1.9651489
Oct 27 03:19:03.219857 dv-neutron-861124-4-hyperv neutron-server[105932]: DEBUG neutron.api.rpc.handlers.resources_rpc [None req-dda4fbb1-4cc6-416b-a1fd-65cd8f045d4e None None] Pushing event updated for resources: {'Port': ['ID=7bcd4dda-ba69-46f7-ad18-affc44eaf83c,revision_number=4']} {{(pid=105932) push /opt/stack/neutron/neutron/api/rpc/handlers/resources_rpc.py:237}}
Oct 27 03:19:03.248000 dv-neutron-861124-4-hyperv neutron-server[105931]: DEBUG neutron.wsgi [-] (105931) accepted ('10.222.0.43', 44856) {{(pid=105931) server /usr/local/lib/python3.8/dist-packages/eventlet/wsgi.py:1004}}
Oct 27 03:19:03.253710 dv-neutron-861124-4-hyperv neutron-server[105931]: DEBUG neutron.api.v2.base [None req-dc631d08-17c9-48c0-a6a5-8fb343fce8d2 tempest-ExternalNetworksTestJSON-532685152 tempest-ExternalNetworksTestJSON-532685152-project-admin] Request body: {'network': {'router:external': True}} {{(pid=105931) prepare_request_body /opt/stack/neutron/neutron/api/v2/base.py:730}}
Oct 27 03:19:03.269648 dv-neutron-861124-4-hyperv neutron-server[105931]: DEBUG neutron.api.rpc.handlers.resources_rpc [None req-104af3ce-7a3a-428a-9f0c-20038f266d1e tempest-FloatingIPAdminTestJSON-569408006 tempest-FloatingIPAdminTestJSON-569408006-project] Pushing event updated for resources: {'Port': ['ID=7ab03ad4-e51f-4500-8143-d6d1facb304a,revision_number=2']} {{(pid=105931) push /opt/stack/neutron/neutron/api/rpc/handlers/resources_rpc.py:237}}
Oct 27 03:19:03.391349 dv-neutron-861124-4-hyperv neutron-server[105931]: DEBUG neutron.wsgi [-] (105931) accepted ('10.222.0.43', 44858) {{(pid=105931) server /usr/local/lib/python3.8/dist-packages/eventlet/wsgi.py:1004}}
Oct 27 03:19:03.471427 dv-neutron-861124-4-hyperv neutron-server[105931]: DEBUG neutron_lib.callbacks.manager [None req-08fceb28-91b1-4da4-bf6f-3d4e74df7db6 admin admin] Publish callbacks [] for security_group (None), before_create {{(pid=105931) _notify_loop /usr/local/lib/python3.8/dist-packages/neutron_lib/callbacks/manager.py:176}}
Oct 27 03:19:03.487209 dv-neutron-861124-4-hyperv neutron-server[105932]: DEBUG neutron_lib.callbacks.manager [None req-540acc69-e119-4168-9f82-71e8ffebac9c None None] Publish callbacks [] for port (9368a40b-8d2e-4e42-b577-02e3997cafbb), precommit_update {{(pid=105932) _notify_loop /usr/local/lib/python3.8/dist-packages/neutron_lib/callbacks/manager.py:176}}
Oct 27 03:19:03.507740 dv-neutron-861124-4-hyperv neutron-server[105930]: DEBUG dbcounter [-] [105930] Writing DB stats neutron:SELECT=99,neutron:INSERT=1 {{(pid=105930) stat_writer /usr/local/lib/python3.8/dist-packages/dbcounter.py:114}}
Oct 27 03:19:03.516117 dv-neutron-861124-4-hyperv neutron-server[105931]: DEBUG neutron_lib.callbacks.manager [None req-104af3ce-7a3a-428a-9f0c-20038f266d1e tempest-FloatingIPAdminTestJSON-569408006 tempest-FloatingIPAdminTestJSON-569408006-project] Publish callbacks ['neutron.services.l3_router.l3_router_plugin.DVRResourceOperationHandler._create_dvr_floating_gw_port-708628'] for floatingip (4c630d7a-53e7-4b82-93fd-e380f8f5f1b1), after_create {{(pid=105931) _notify_loop /usr/local/lib/python3.8/dist-packages/neutron_lib/callbacks/manager.py:176}}
Oct 27 03:19:03.525206 dv-neutron-861124-4-hyperv neutron-server[105931]: DEBUG neutron.pecan_wsgi.hooks.quota_enforcement [None req-dc631d08-17c9-48c0-a6a5-8fb343fce8d2 tempest-ExternalNetworksTestJSON-532685152 tempest-ExternalNetworksTestJSON-532685152-project-admin] Made reservation on behalf of fc5e6f03bb354a32b6b97794fe4f4912 for: {'network': 1} {{(pid=105931) before /opt/stack/neutron/neutron/pecan_wsgi/hooks/quota_enforcement.py:53}}
Oct 27 03:19:03.527606 dv-neutron-861124-4-hyperv neutron-server[105931]: DEBUG neutron_lib.callbacks.manager [None req-dc631d08-17c9-48c0-a6a5-8fb343fce8d2 tempest-ExternalNetworksTestJSON-532685152 tempest-ExternalNetworksTestJSON-532685152-project-admin] Publish callbacks ['neutron.plugins.ml2.plugin.SecurityGroupDbMixin._ensure_default_security_group_handler-1316892'] for network (None), before_create {{(pid=105931) _notify_loop /usr/local/lib/python3.8/dist-packages/neutron_lib/callbacks/manager.py:176}}
Oct 27 03:19:03.539504 dv-neutron-861124-4-hyperv neutron-server[105931]: DEBUG neutron.db.db_base_plugin_common [None req-18b98850-a866-4a7d-afae-8c9831f600ad tempest-DHCPAgentSchedulersTestJSON-1170394655 tempest-DHCPAgentSchedulersTestJSON-1170394655-project] Allocated IP 172.20.0.7 (dec6d2e4-5bf0-44ab-ae05-9e0df1085ad2/4ef6e4ee-0eda-47f4-933f-d659d625f3e9/11e5dcae-3bf1-435c-b15a-d6796e9a0bd5) {{(pid=105931) _store_ip_allocation /opt/stack/neutron/neutron/db/db_base_plugin_common.py:131}}
Oct 27 03:19:03.544374 dv-neutron-861124-4-hyperv neutron-server[105931]: DEBUG neutron.api.rpc.agentnotifiers.l3_rpc_agent_api [None req-cd1e0c3e-eeed-4ccb-84d2-1966e6a626ed admin admin] Notify agent at l3_agent.dv-neutron-861124-4-hyperv the message routers_updated {{(pid=105931) _agent_notification /opt/stack/neutron/neutron/api/rpc/agentnotifiers/l3_rpc_agent_api.py:65}}
Oct 27 03:19:03.548348 dv-neutron-861124-4-hyperv neutron-server[105930]: DEBUG neutron_lib.callbacks.manager [None req-f242d575-18ff-46f8-b742-c3a61ca1db34 tempest-ServersTestJSON-810494086 tempest-ServersTestJSON-810494086-project] Publish callbacks [] for security_group (5ec6eb9f-0be1-4990-a68b-0aa768868ecc), precommit_create {{(pid=105930) _notify_loop /usr/local/lib/python3.8/dist-packages/neutron_lib/callbacks/manager.py:176}}
Oct 27 03:19:03.567597 dv-neutron-861124-4-hyperv neutron-server[105930]: DEBUG neutron_lib.callbacks.manager [None req-33747305-cbf1-42c5-94c8-8af3e10cfc7d tempest-QuotasNegativeTest-1721374415 tempest-QuotasNegativeTest-1721374415-project-admin] Publish callbacks ['neutron.plugins.ml2.plugin.Ml2Plugin._network_delete_after_delete_handler-1390658', 'neutron.plugins.ml2.ovo_rpc._ObjectChangeHandler.handle_event-664153', 'neutron.api.rpc.agentnotifiers.dhcp_rpc_agent_api.DhcpAgentNotifyAPI._native_event_send_dhcp_notification-592395', 'neutron.services.l3_router.l3_router_plugin.DVRResourceOperationHandler.delete_fip_namespaces_for_ext_net-708735'] for network (f9ee7fee-dd7a-4fc9-a84b-fb36dd411079), after_delete {{(pid=105930) _notify_loop /usr/local/lib/python3.8/dist-packages/neutron_lib/callbacks/manager.py:176}}
Oct 27 03:19:03.572493 dv-neutron-861124-4-hyperv neutron-server[105932]: DEBUG neutron_lib.callbacks.manager [None req-540acc69-e119-4168-9f82-71e8ffebac9c None None] Publish callbacks ['neutron.plugins.ml2.plugin.SecurityGroupServerNotifierRpcMixin._notify_sg_on_port_change-1316955', 'neutron.plugins.ml2.ovo_rpc._ObjectChangeHandler.handle_event-395297', 'neutron.api.rpc.agentnotifiers.dhcp_rpc_agent_api.DhcpAgentNotifyAPI._native_event_send_dhcp_notification-592395', 'neutron.db.l3_db.L3RpcNotifierMixin._notify_gateway_port_ip_changed-8749381862777', 'neutron.db.l3_dvrscheduler_db._notify_l3_agent_port_update-8749381502091', 'neutron.db.l3_hascheduler_db._notify_l3_agent_ha_port_update-8749381502109'] for port (9368a40b-8d2e-4e42-b577-02e3997cafbb), after_update {{(pid=105932) _notify_loop /usr/local/lib/python3.8/dist-packages/neutron_lib/callbacks/manager.py:176}}
Oct 27 03:19:03.573438 dv-neutron-861124-4-hyperv neutron-server[105930]: DEBUG neutron_lib.callbacks.manager [None req-33747305-cbf1-42c5-94c8-8af3e10cfc7d tempest-QuotasNegativeTest-1721374415 tempest-QuotasNegativeTest-1721374415-project-admin] Publish callbacks ['neutron.api.rpc.agentnotifiers.dhcp_rpc_agent_api.DhcpAgentNotifyAPI._send_dhcp_notification-592409'] for network (None), before_response {{(pid=105930) _notify_loop /usr/local/lib/python3.8/dist-packages/neutron_lib/callbacks/manager.py:176}}
Oct 27 03:19:03.577851 dv-neutron-861124-4-hyperv neutron-server[105930]: INFO neutron.wsgi [None req-33747305-cbf1-42c5-94c8-8af3e10cfc7d tempest-QuotasNegativeTest-1721374415 tempest-QuotasNegativeTest-1721374415-project-admin] 10.222.0.43 "DELETE /networking/v2.0/networks/f9ee7fee-dd7a-4fc9-a84b-fb36dd411079 HTTP/1.1" status: 204 len: 168 time: 1.1750004
Oct 27 03:19:03.607818 dv-neutron-861124-4-hyperv neutron-server[105933]: DEBUG dbcounter [-] [105933] Writing DB stats neutron:SELECT=99,neutron:UPDATE=1 {{(pid=105933) stat_writer /usr/local/lib/python3.8/dist-packages/dbcounter.py:114}}
Oct 27 03:19:03.615653 dv-neutron-861124-4-hyperv neutron-server[105930]: DEBUG neutron.api.rpc.handlers.resources_rpc [None req-33747305-cbf1-42c5-94c8-8af3e10cfc7d tempest-QuotasNegativeTest-1721374415 tempest-QuotasNegativeTest-1721374415-project-admin] Pushing event deleted for resources: {'Network': ['ID=f9ee7fee-dd7a-4fc9-a84b-fb36dd411079,revision_number=None']} {{(pid=105930) push /opt/stack/neutron/neutron/api/rpc/handlers/resources_rpc.py:237}}
Oct 27 03:19:03.696006 dv-neutron-861124-4-hyperv neutron-server[105933]: DEBUG neutron_lib.callbacks.manager [None req-07b93eef-cd00-47d4-94a7-cb4349dc455a None None] Publish callbacks [] for port (dd537f7b-0628-4494-a925-551a98e190fd), precommit_update {{(pid=105933) _notify_loop /usr/local/lib/python3.8/dist-packages/neutron_lib/callbacks/manager.py:176}}
Oct 27 03:19:03.732887 dv-neutron-861124-4-hyperv neutron-server[105930]: DEBUG neutron_lib.callbacks.manager [None req-f242d575-18ff-46f8-b742-c3a61ca1db34 tempest-ServersTestJSON-810494086 tempest-ServersTestJSON-810494086-project] Publish callbacks ['neutron.plugins.ml2.ovo_rpc._ObjectChangeHandler.handle_event-664074'] for security_group (5ec6eb9f-0be1-4990-a68b-0aa768868ecc), after_create {{(pid=105930) _notify_loop /usr/local/lib/python3.8/dist-packages/neutron_lib/callbacks/manager.py:176}}
Oct 27 03:19:03.759372 dv-neutron-861124-4-hyperv neutron-server[105933]: DEBUG neutron_lib.callbacks.manager [None req-07b93eef-cd00-47d4-94a7-cb4349dc455a None None] Publish callbacks ['neutron.plugins.ml2.plugin.SecurityGroupServerNotifierRpcMixin._notify_sg_on_port_change-1316955', 'neutron.plugins.ml2.ovo_rpc._ObjectChangeHandler.handle_event-395297', 'neutron.api.rpc.agentnotifiers.dhcp_rpc_agent_api.DhcpAgentNotifyAPI._native_event_send_dhcp_notification-592395', 'neutron.db.l3_db.L3RpcNotifierMixin._notify_gateway_port_ip_changed-8749381862777', 'neutron.db.l3_dvrscheduler_db._notify_l3_agent_port_update-8749381502091', 'neutron.db.l3_hascheduler_db._notify_l3_agent_ha_port_update-8749381502109'] for port (dd537f7b-0628-4494-a925-551a98e190fd), after_update {{(pid=105933) _notify_loop /usr/local/lib/python3.8/dist-packages/neutron_lib/callbacks/manager.py:176}}
Oct 27 03:19:03.783885 dv-neutron-861124-4-hyperv neutron-server[105932]: DEBUG neutron.plugins.ml2.managers [None req-540acc69-e119-4168-9f82-71e8ffebac9c None None] Attempting to bind port 9368a40b-8d2e-4e42-b577-02e3997cafbb on host dv-neutron-861124-4-hyperv for vnic_type normal with profile {{(pid=105932) bind_port /opt/stack/neutron/neutron/plugins/ml2/managers.py:810}}
Oct 27 03:19:03.784271 dv-neutron-861124-4-hyperv neutron-server[105932]: DEBUG neutron.plugins.ml2.managers [None req-540acc69-e119-4168-9f82-71e8ffebac9c None None] Attempting to bind port 9368a40b-8d2e-4e42-b577-02e3997cafbb by drivers openvswitch,hyperv on host dv-neutron-861124-4-hyperv at level 0 using segments [{'id': 'f230e0a8-00c6-4bbe-8c59-cf5241b3a74f', 'network_type': 'vlan', 'physical_network': 'physnet1', 'segmentation_id': 324, 'network_id': '1fc5980e-4a83-44dc-b593-254f33e8c724'}] {{(pid=105932) _bind_port_level /opt/stack/neutron/neutron/plugins/ml2/managers.py:835}}
Oct 27 03:19:03.784642 dv-neutron-861124-4-hyperv neutron-server[105932]: DEBUG neutron.plugins.ml2.drivers.mech_agent [None req-540acc69-e119-4168-9f82-71e8ffebac9c None None] Attempting to bind port 9368a40b-8d2e-4e42-b577-02e3997cafbb on network 1fc5980e-4a83-44dc-b593-254f33e8c724 {{(pid=105932) bind_port /opt/stack/neutron/neutron/plugins/ml2/drivers/mech_agent.py:91}}
Oct 27 03:19:03.799616 dv-neutron-861124-4-hyperv neutron-server[105932]: DEBUG neutron.api.rpc.handlers.resources_rpc [None req-2e4c4399-02c4-46be-89df-3c689a9f2881 None None] Pushing event updated for resources: {'Port': ['ID=9368a40b-8d2e-4e42-b577-02e3997cafbb,revision_number=3']} {{(pid=105932) push /opt/stack/neutron/neutron/api/rpc/handlers/resources_rpc.py:237}}
Oct 27 03:19:03.804298 dv-neutron-861124-4-hyperv neutron-server[105931]: DEBUG neutron_lib.callbacks.manager [None req-cd1e0c3e-eeed-4ccb-84d2-1966e6a626ed admin admin] Publish callbacks [] for router (None), before_response {{(pid=105931) _notify_loop /usr/local/lib/python3.8/dist-packages/neutron_lib/callbacks/manager.py:176}}
Oct 27 03:19:03.808870 dv-neutron-861124-4-hyperv neutron-server[105931]: INFO neutron.wsgi [None req-cd1e0c3e-eeed-4ccb-84d2-1966e6a626ed admin admin] 10.222.0.43 "POST /networking/v2.0/routers HTTP/1.1" status: 201 len: 924 time: 9.2308156
Oct 27 03:19:03.810894 dv-neutron-861124-4-hyperv neutron-server[105931]: DEBUG neutron.wsgi [-] (105931) accepted ('10.222.0.43', 44862) {{(pid=105931) server /usr/local/lib/python3.8/dist-packages/eventlet/wsgi.py:1004}}
Oct 27 03:19:03.812400 dv-neutron-861124-4-hyperv neutron-server[105931]: DEBUG neutron.plugins.ml2.drivers.helpers [None req-dc631d08-17c9-48c0-a6a5-8fb343fce8d2 tempest-ExternalNetworksTestJSON-532685152 tempest-ExternalNetworksTestJSON-532685152-project-admin] vlan segment allocate from pool success with {'vlan_id': 312, 'physical_network': 'physnet1'} {{(pid=105931) allocate_partially_specified_segment /opt/stack/neutron/neutron/plugins/ml2/drivers/helpers.py:153}}
Oct 27 03:19:03.839878 dv-neutron-861124-4-hyperv neutron-server[105933]: DEBUG neutron.plugins.ml2.managers [None req-07b93eef-cd00-47d4-94a7-cb4349dc455a None None] Attempting to bind port dd537f7b-0628-4494-a925-551a98e190fd on host dv-neutron-861124-4-hyperv for vnic_type normal with profile {{(pid=105933) bind_port /opt/stack/neutron/neutron/plugins/ml2/managers.py:810}}
Oct 27 03:19:03.840227 dv-neutron-861124-4-hyperv neutron-server[105933]: DEBUG neutron.plugins.ml2.managers [None req-07b93eef-cd00-47d4-94a7-cb4349dc455a None None] Attempting to bind port dd537f7b-0628-4494-a925-551a98e190fd by drivers openvswitch,hyperv on host dv-neutron-861124-4-hyperv at level 0 using segments [{'id': '7d1437aa-d1a0-4c38-9b85-a935ace66046', 'network_type': 'flat', 'physical_network': 'physnet1', 'segmentation_id': None, 'network_id': 'eb0dabb3-ab75-478e-9766-5fca94064617'}] {{(pid=105933) _bind_port_level /opt/stack/neutron/neutron/plugins/ml2/managers.py:835}}
Oct 27 03:19:03.840591 dv-neutron-861124-4-hyperv neutron-server[105933]: DEBUG neutron.plugins.ml2.drivers.mech_agent [None req-07b93eef-cd00-47d4-94a7-cb4349dc455a None None] Attempting to bind port dd537f7b-0628-4494-a925-551a98e190fd on network eb0dabb3-ab75-478e-9766-5fca94064617 {{(pid=105933) bind_port /opt/stack/neutron/neutron/plugins/ml2/drivers/mech_agent.py:91}}
Oct 27 03:19:03.876918 dv-neutron-861124-4-hyperv neutron-server[105933]: DEBUG neutron.api.rpc.handlers.resources_rpc [None req-38784cef-88bf-43f6-b97a-05855666d777 None None] Pushing event updated for resources: {'Port': ['ID=dd537f7b-0628-4494-a925-551a98e190fd,revision_number=2']} {{(pid=105933) push /opt/stack/neutron/neutron/api/rpc/handlers/resources_rpc.py:237}}
Oct 27 03:19:03.882281 dv-neutron-861124-4-hyperv neutron-server[105932]: DEBUG neutron.plugins.ml2.drivers.mech_agent [None req-540acc69-e119-4168-9f82-71e8ffebac9c None None] Checking agent: {'id': 'a24e2ff0-5807-4161-ba77-4996fc9dd632', 'agent_type': 'Open vSwitch agent', 'binary': 'neutron-openvswitch-agent', 'topic': 'N/A', 'host': 'dv-neutron-861124-4-hyperv', 'admin_state_up': True, 'created_at': datetime.datetime(2022, 10, 27, 3, 10, 56), 'started_at': datetime.datetime(2022, 10, 27, 3, 11, 26), 'heartbeat_timestamp': datetime.datetime(2022, 10, 27, 3, 18, 56), 'description': None, 'resources_synced': None, 'availability_zone': None, 'alive': True, 'configurations': {'arp_responder_enabled': False, 'baremetal_smartnic': False, 'bridge_mappings': {'physnet1': 'br-data'}, 'datapath_type': 'system', 'devices': 0, 'enable_distributed_routing': False, 'extensions': [], 'in_distributed_mode': False, 'integration_bridge': 'br-int', 'l2_population': False, 'log_agent_heartbeats': False, 'ovs_capabilities': {'datapath_types': ['netdev', 'system'], 'iface_types': ['erspan', 'geneve', 'gre', 'internal', 'ip6erspan', 'ip6gre', 'lisp', 'patch', 'stt', 'system', 'tap', 'vxlan']}, 'ovs_hybrid_plug': False, 'resource_provider_bandwidths': {}, 'resource_provider_hypervisors': {'br-data': 'dv-neutron-861124-4-hyperv'}, 'resource_provider_inventory_defaults': {'allocation_ratio': 1.0, 'min_unit': 1, 'step_size': 1, 'reserved': 0}, 'resource_provider_packet_processing_inventory_defaults': {'allocation_ratio': 1.0, 'min_unit': 1, 'step_size': 1, 'reserved': 0}, 'resource_provider_packet_processing_with_direction': {}, 'resource_provider_packet_processing_without_direction': {}, 'tunnel_types': [], 'tunneling_ip': None, 'vhostuser_socket_dir': '/var/run/openvswitch'}, 'resource_versions': {'AddressGroup': '1.2', 'Agent': '1.1', 'ConntrackHelper': '1.0', 'LocalIPAssociation': '1.0', 'Log': '1.0', 'NDPProxy': '1.0', 'Network': '1.1', 'Port': '1.7', 'PortForwarding': '1.3', 'QosPolicy': '1.10', 'SecurityGroup': '1.5', 'SecurityGroupRule': '1.2', 'SubPort': '1.0', 'Subnet': '1.1', 'Trunk': '1.1'}} {{(pid=105932) bind_port /opt/stack/neutron/neutron/plugins/ml2/drivers/mech_agent.py:127}}
Oct 27 03:19:03.882737 dv-neutron-861124-4-hyperv neutron-server[105932]: DEBUG neutron.plugins.ml2.drivers.mech_agent [None req-540acc69-e119-4168-9f82-71e8ffebac9c None None] Checking segment: {'id': 'f230e0a8-00c6-4bbe-8c59-cf5241b3a74f', 'network_type': 'vlan', 'physical_network': 'physnet1', 'segmentation_id': 324, 'network_id': '1fc5980e-4a83-44dc-b593-254f33e8c724'} for mappings: {'physnet1': 'br-data'} with network types: ['local', 'flat', 'vlan'] {{(pid=105932) check_segment_for_agent /opt/stack/neutron/neutron/plugins/ml2/drivers/mech_agent.py:399}}
Oct 27 03:19:03.883154 dv-neutron-861124-4-hyperv neutron-server[105932]: DEBUG neutron_lib.callbacks.manager [None req-540acc69-e119-4168-9f82-71e8ffebac9c None None] Publish callbacks [] for ovs_bridge_name (None), before_read {{(pid=105932) _notify_loop /usr/local/lib/python3.8/dist-packages/neutron_lib/callbacks/manager.py:176}}
Oct 27 03:19:03.883557 dv-neutron-861124-4-hyperv neutron-server[105932]: DEBUG neutron.plugins.ml2.drivers.mech_agent [None req-540acc69-e119-4168-9f82-71e8ffebac9c None None] Bound using segment: {'id': 'f230e0a8-00c6-4bbe-8c59-cf5241b3a74f', 'network_type': 'vlan', 'physical_network': 'physnet1', 'segmentation_id': 324, 'network_id': '1fc5980e-4a83-44dc-b593-254f33e8c724'} {{(pid=105932) bind_port /opt/stack/neutron/neutron/plugins/ml2/drivers/mech_agent.py:137}}
Oct 27 03:19:03.884656 dv-neutron-861124-4-hyperv neutron-server[105932]: DEBUG neutron.plugins.ml2.managers [None req-540acc69-e119-4168-9f82-71e8ffebac9c None None] Bound port: 9368a40b-8d2e-4e42-b577-02e3997cafbb, host: dv-neutron-861124-4-hyperv, vif_type: ovs, vif_details: {"connectivity": "l2", "port_filter": true, "ovs_hybrid_plug": false, "datapath_type": "system", "bridge_name": "br-int"}, binding_levels: [{'bound_driver': 'openvswitch', 'bound_segment': {'id': 'f230e0a8-00c6-4bbe-8c59-cf5241b3a74f', 'network_type': 'vlan', 'physical_network': 'physnet1', 'segmentation_id': 324, 'network_id': '1fc5980e-4a83-44dc-b593-254f33e8c724'}}] {{(pid=105932) _bind_port_level /opt/stack/neutron/neutron/plugins/ml2/managers.py:947}}
Oct 27 03:19:03.886397 dv-neutron-861124-4-hyperv neutron-server[105932]: DEBUG neutron_lib.callbacks.manager [None req-540acc69-e119-4168-9f82-71e8ffebac9c None None] Publish callbacks ['neutron.plugins.ml2.plugin.SecurityGroupDbMixin._ensure_default_security_group_handler-1316892'] for port (9368a40b-8d2e-4e42-b577-02e3997cafbb), before_update {{(pid=105932) _notify_loop /usr/local/lib/python3.8/dist-packages/neutron_lib/callbacks/manager.py:176}}
Oct 27 03:19:03.893863 dv-neutron-861124-4-hyperv neutron-server[105933]: DEBUG dbcounter [-] [105933] Writing DB stats neutron:SELECT=98,neutron:UPDATE=2 {{(pid=105933) stat_writer /usr/local/lib/python3.8/dist-packages/dbcounter.py:114}}
Oct 27 03:19:03.900325 dv-neutron-861124-4-hyperv neutron-server[105930]: DEBUG neutron_lib.callbacks.manager [None req-f242d575-18ff-46f8-b742-c3a61ca1db34 tempest-ServersTestJSON-810494086 tempest-ServersTestJSON-810494086-project] Publish callbacks [] for security_group (None), before_response {{(pid=105930) _notify_loop /usr/local/lib/python3.8/dist-packages/neutron_lib/callbacks/manager.py:176}}
Oct 27 03:19:03.901659 dv-neutron-861124-4-hyperv neutron-server[105930]: INFO neutron.wsgi [None req-f242d575-18ff-46f8-b742-c3a61ca1db34 tempest-ServersTestJSON-810494086 tempest-ServersTestJSON-810494086-project] 10.222.0.43 "POST /networking/v2.0/security-groups HTTP/1.1" status: 201 len: 1795 time: 1.5022130
Oct 27 03:19:03.904870 dv-neutron-861124-4-hyperv neutron-server[105930]: DEBUG neutron.wsgi [-] (105930) accepted ('10.222.0.43', 44864) {{(pid=105930) server /usr/local/lib/python3.8/dist-packages/eventlet/wsgi.py:1004}}
Oct 27 03:19:03.908607 dv-neutron-861124-4-hyperv neutron-server[105930]: DEBUG neutron.api.rpc.handlers.resources_rpc [None req-f242d575-18ff-46f8-b742-c3a61ca1db34 tempest-ServersTestJSON-810494086 tempest-ServersTestJSON-810494086-project] Pushing event updated for resources: {'SecurityGroup': ['ID=5ec6eb9f-0be1-4990-a68b-0aa768868ecc,revision_number=1']} {{(pid=105930) push /opt/stack/neutron/neutron/api/rpc/handlers/resources_rpc.py:237}}
Oct 27 03:19:03.918450 dv-neutron-861124-4-hyperv neutron-server[105933]: DEBUG neutron.plugins.ml2.drivers.mech_agent [None req-07b93eef-cd00-47d4-94a7-cb4349dc455a None None] Checking agent: {'id': 'a24e2ff0-5807-4161-ba77-4996fc9dd632', 'agent_type': 'Open vSwitch agent', 'binary': 'neutron-openvswitch-agent', 'topic': 'N/A', 'host': 'dv-neutron-861124-4-hyperv', 'admin_state_up': True, 'created_at': datetime.datetime(2022, 10, 27, 3, 10, 56), 'started_at': datetime.datetime(2022, 10, 27, 3, 11, 26), 'heartbeat_timestamp': datetime.datetime(2022, 10, 27, 3, 18, 56), 'description': None, 'resources_synced': None, 'availability_zone': None, 'alive': True, 'configurations': {'arp_responder_enabled': False, 'baremetal_smartnic': False, 'bridge_mappings': {'physnet1': 'br-data'}, 'datapath_type': 'system', 'devices': 0, 'enable_distributed_routing': False, 'extensions': [], 'in_distributed_mode': False, 'integration_bridge': 'br-int', 'l2_population': False, 'log_agent_heartbeats': False, 'ovs_capabilities': {'datapath_types': ['netdev', 'system'], 'iface_types': ['erspan', 'geneve', 'gre', 'internal', 'ip6erspan', 'ip6gre', 'lisp', 'patch', 'stt', 'system', 'tap', 'vxlan']}, 'ovs_hybrid_plug': False, 'resource_provider_bandwidths': {}, 'resource_provider_hypervisors': {'br-data': 'dv-neutron-861124-4-hyperv'}, 'resource_provider_inventory_defaults': {'allocation_ratio': 1.0, 'min_unit': 1, 'step_size': 1, 'reserved': 0}, 'resource_provider_packet_processing_inventory_defaults': {'allocation_ratio': 1.0, 'min_unit': 1, 'step_size': 1, 'reserved': 0}, 'resource_provider_packet_processing_with_direction': {}, 'resource_provider_packet_processing_without_direction': {}, 'tunnel_types': [], 'tunneling_ip': None, 'vhostuser_socket_dir': '/var/run/openvswitch'}, 'resource_versions': {'AddressGroup': '1.2', 'Agent': '1.1', 'ConntrackHelper': '1.0', 'LocalIPAssociation': '1.0', 'Log': '1.0', 'NDPProxy': '1.0', 'Network': '1.1', 'Port': '1.7', 'PortForwarding': '1.3', 'QosPolicy': '1.10', 'SecurityGroup': '1.5', 'SecurityGroupRule': '1.2', 'SubPort': '1.0', 'Subnet': '1.1', 'Trunk': '1.1'}} {{(pid=105933) bind_port /opt/stack/neutron/neutron/plugins/ml2/drivers/mech_agent.py:127}}
Oct 27 03:19:03.918450 dv-neutron-861124-4-hyperv neutron-server[105933]: DEBUG neutron.plugins.ml2.drivers.mech_agent [None req-07b93eef-cd00-47d4-94a7-cb4349dc455a None None] Checking segment: {'id': '7d1437aa-d1a0-4c38-9b85-a935ace66046', 'network_type': 'flat', 'physical_network': 'physnet1', 'segmentation_id': None, 'network_id': 'eb0dabb3-ab75-478e-9766-5fca94064617'} for mappings: {'physnet1': 'br-data'} with network types: ['local', 'flat', 'vlan'] {{(pid=105933) check_segment_for_agent /opt/stack/neutron/neutron/plugins/ml2/drivers/mech_agent.py:399}}
Oct 27 03:19:03.918450 dv-neutron-861124-4-hyperv neutron-server[105933]: DEBUG neutron_lib.callbacks.manager [None req-07b93eef-cd00-47d4-94a7-cb4349dc455a None None] Publish callbacks [] for ovs_bridge_name (None), before_read {{(pid=105933) _notify_loop /usr/local/lib/python3.8/dist-packages/neutron_lib/callbacks/manager.py:176}}
Oct 27 03:19:03.919083 dv-neutron-861124-4-hyperv neutron-server[105933]: DEBUG neutron.plugins.ml2.drivers.mech_agent [None req-07b93eef-cd00-47d4-94a7-cb4349dc455a None None] Bound using segment: {'id': '7d1437aa-d1a0-4c38-9b85-a935ace66046', 'network_type': 'flat', 'physical_network': 'physnet1', 'segmentation_id': None, 'network_id': 'eb0dabb3-ab75-478e-9766-5fca94064617'} {{(pid=105933) bind_port /opt/stack/neutron/neutron/plugins/ml2/drivers/mech_agent.py:137}}
Oct 27 03:19:03.919767 dv-neutron-861124-4-hyperv neutron-server[105933]: DEBUG neutron.plugins.ml2.managers [None req-07b93eef-cd00-47d4-94a7-cb4349dc455a None None] Bound port: dd537f7b-0628-4494-a925-551a98e190fd, host: dv-neutron-861124-4-hyperv, vif_type: ovs, vif_details: {"connectivity": "l2", "port_filter": true, "ovs_hybrid_plug": false, "datapath_type": "system", "bridge_name": "br-int"}, binding_levels: [{'bound_driver': 'openvswitch', 'bound_segment': {'id': '7d1437aa-d1a0-4c38-9b85-a935ace66046', 'network_type': 'flat', 'physical_network': 'physnet1', 'segmentation_id': None, 'network_id': 'eb0dabb3-ab75-478e-9766-5fca94064617'}}] {{(pid=105933) _bind_port_level /opt/stack/neutron/neutron/plugins/ml2/managers.py:947}}
Oct 27 03:19:03.920233 dv-neutron-861124-4-hyperv neutron-server[105933]: DEBUG neutron_lib.callbacks.manager [None req-07b93eef-cd00-47d4-94a7-cb4349dc455a None None] Publish callbacks ['neutron.plugins.ml2.plugin.SecurityGroupDbMixin._ensure_default_security_group_handler-1316892'] for port (dd537f7b-0628-4494-a925-551a98e190fd), before_update {{(pid=105933) _notify_loop /usr/local/lib/python3.8/dist-packages/neutron_lib/callbacks/manager.py:176}}
Oct 27 03:19:03.928353 dv-neutron-861124-4-hyperv neutron-server[105930]: DEBUG neutron.api.v2.base [None req-cfd23bd5-87cf-4d84-ae38-5ff904cb3063 tempest-ServersTestJSON-810494086 tempest-ServersTestJSON-810494086-project] Request body: {'security_group_rule': {'security_group_id': '5ec6eb9f-0be1-4990-a68b-0aa768868ecc', 'protocol': 'tcp', 'ethertype': 'IPv4', 'port_range_min': 22, 'port_range_max': 22, 'direction': 'ingress'}} {{(pid=105930) prepare_request_body /opt/stack/neutron/neutron/api/v2/base.py:730}}
Oct 27 03:19:03.969426 dv-neutron-861124-4-hyperv neutron-server[105932]: DEBUG neutron.plugins.ml2.db [None req-540acc69-e119-4168-9f82-71e8ffebac9c None None] For port 9368a40b-8d2e-4e42-b577-02e3997cafbb, host dv-neutron-861124-4-hyperv, cleared binding levels {{(pid=105932) clear_binding_levels /opt/stack/neutron/neutron/plugins/ml2/db.py:87}}
Oct 27 03:19:03.975026 dv-neutron-861124-4-hyperv neutron-server[105932]: DEBUG dbcounter [-] [105932] Writing DB stats neutron:SELECT=98,neutron:UPDATE=2 {{(pid=105932) stat_writer /usr/local/lib/python3.8/dist-packages/dbcounter.py:114}}
Oct 27 03:19:03.978877 dv-neutron-861124-4-hyperv neutron-server[105932]: DEBUG neutron.plugins.ml2.db [None req-540acc69-e119-4168-9f82-71e8ffebac9c None None] For port 9368a40b-8d2e-4e42-b577-02e3997cafbb, host dv-neutron-861124-4-hyperv, set binding levels [PortBindingLevel(driver='openvswitch',host='dv-neutron-861124-4-hyperv',level=0,port_id=9368a40b-8d2e-4e42-b577-02e3997cafbb,segment=NetworkSegment(f230e0a8-00c6-4bbe-8c59-cf5241b3a74f),segment_id=f230e0a8-00c6-4bbe-8c59-cf5241b3a74f)] {{(pid=105932) set_binding_levels /opt/stack/neutron/neutron/plugins/ml2/db.py:59}}
Oct 27 03:19:03.997917 dv-neutron-861124-4-hyperv neutron-server[105933]: DEBUG neutron.plugins.ml2.db [None req-07b93eef-cd00-47d4-94a7-cb4349dc455a None None] For port dd537f7b-0628-4494-a925-551a98e190fd, host dv-neutron-861124-4-hyperv, cleared binding levels {{(pid=105933) clear_binding_levels /opt/stack/neutron/neutron/plugins/ml2/db.py:87}}
Oct 27 03:19:04.002624 dv-neutron-861124-4-hyperv neutron-server[105933]: DEBUG neutron.plugins.ml2.db [None req-07b93eef-cd00-47d4-94a7-cb4349dc455a None None] For port dd537f7b-0628-4494-a925-551a98e190fd, host dv-neutron-861124-4-hyperv, set binding levels [PortBindingLevel(driver='openvswitch',host='dv-neutron-861124-4-hyperv',level=0,port_id=dd537f7b-0628-4494-a925-551a98e190fd,segment=NetworkSegment(7d1437aa-d1a0-4c38-9b85-a935ace66046),segment_id=7d1437aa-d1a0-4c38-9b85-a935ace66046)] {{(pid=105933) set_binding_levels /opt/stack/neutron/neutron/plugins/ml2/db.py:59}}
Oct 27 03:19:04.024876 dv-neutron-861124-4-hyperv neutron-server[105931]: DEBUG neutron_lib.callbacks.manager [None req-104af3ce-7a3a-428a-9f0c-20038f266d1e tempest-FloatingIPAdminTestJSON-569408006 tempest-FloatingIPAdminTestJSON-569408006-project] Publish callbacks ['neutron.notifiers.nova.Notifier._send_nova_notification-247691'] for floatingip (None), before_response {{(pid=105931) _notify_loop /usr/local/lib/python3.8/dist-packages/neutron_lib/callbacks/manager.py:176}}
Oct 27 03:19:04.028940 dv-neutron-861124-4-hyperv neutron-server[105931]: INFO neutron.wsgi [None req-104af3ce-7a3a-428a-9f0c-20038f266d1e tempest-FloatingIPAdminTestJSON-569408006 tempest-FloatingIPAdminTestJSON-569408006-project] 10.222.0.43 "POST /networking/v2.0/floatingips HTTP/1.1" status: 201 len: 692 time: 6.1654370
Oct 27 03:19:04.030730 dv-neutron-861124-4-hyperv neutron-server[105930]: DEBUG neutron.wsgi [-] (105930) accepted ('10.222.0.43', 44866) {{(pid=105930) server /usr/local/lib/python3.8/dist-packages/eventlet/wsgi.py:1004}}
Oct 27 03:19:04.038941 dv-neutron-861124-4-hyperv neutron-server[105930]: DEBUG neutron.api.v2.base [None req-ff605451-4c59-486b-8dbe-16d5f2468a37 tempest-FloatingIPAdminTestJSON-569408006 tempest-FloatingIPAdminTestJSON-569408006-project] Request body: {'network': {'name': 'tempest-FloatingIPAdminTestJSON-test-network-172510379'}} {{(pid=105930) prepare_request_body /opt/stack/neutron/neutron/api/v2/base.py:730}}
Oct 27 03:19:04.056395 dv-neutron-861124-4-hyperv neutron-server[105931]: DEBUG neutron_lib.callbacks.manager [None req-dc631d08-17c9-48c0-a6a5-8fb343fce8d2 tempest-ExternalNetworksTestJSON-532685152 tempest-ExternalNetworksTestJSON-532685152-project-admin] Publish callbacks ['neutron.plugins.ml2.plugin.Ml2Plugin._handle_segment_change-1570570'] for segment (01ca059b-b96e-4378-a522-b8f5492e3e73), precommit_create {{(pid=105931) _notify_loop /usr/local/lib/python3.8/dist-packages/neutron_lib/callbacks/manager.py:176}}
Oct 27 03:19:04.057253 dv-neutron-861124-4-hyperv neutron-server[105931]: INFO neutron.db.segments_db [None req-dc631d08-17c9-48c0-a6a5-8fb343fce8d2 tempest-ExternalNetworksTestJSON-532685152 tempest-ExternalNetworksTestJSON-532685152-project-admin] Added segment 01ca059b-b96e-4378-a522-b8f5492e3e73 of type vlan for network 5618ebbd-37da-426e-befb-cfb22f6f762a
Oct 27 03:19:04.077714 dv-neutron-861124-4-hyperv neutron-server[105932]: DEBUG neutron.api.rpc.handlers.l3_rpc [None req-6bdc52a4-f986-44fb-964c-20449c2eae76 None None] Sync routers for ids ['b8626843-8625-48a9-8473-8b880e41582c'] in dv-neutron-861124-4-hyperv {{(pid=105932) sync_routers /opt/stack/neutron/neutron/api/rpc/handlers/l3_rpc.py:125}}
Oct 27 03:19:04.081789 dv-neutron-861124-4-hyperv neutron-server[105932]: DEBUG neutron_lib.callbacks.manager [None req-540acc69-e119-4168-9f82-71e8ffebac9c None None] Publish callbacks ['neutron.plugins.ml2.plugin.SecurityGroupServerNotifierRpcMixin._notify_sg_on_port_change-1316955', 'neutron.plugins.ml2.ovo_rpc._ObjectChangeHandler.handle_event-395297', 'neutron.api.rpc.agentnotifiers.dhcp_rpc_agent_api.DhcpAgentNotifyAPI._native_event_send_dhcp_notification-592395', 'neutron.db.l3_db.L3RpcNotifierMixin._notify_gateway_port_ip_changed-8749381862777', 'neutron.db.l3_dvrscheduler_db._notify_l3_agent_port_update-8749381502091', 'neutron.db.l3_hascheduler_db._notify_l3_agent_ha_port_update-8749381502109'] for port (9368a40b-8d2e-4e42-b577-02e3997cafbb), after_update {{(pid=105932) _notify_loop /usr/local/lib/python3.8/dist-packages/neutron_lib/callbacks/manager.py:176}}
Oct 27 03:19:04.150803 dv-neutron-861124-4-hyperv neutron-server[105933]: DEBUG neutron_lib.callbacks.manager [None req-07b93eef-cd00-47d4-94a7-cb4349dc455a None None] Publish callbacks ['neutron.plugins.ml2.plugin.SecurityGroupServerNotifierRpcMixin._notify_sg_on_port_change-1316955', 'neutron.plugins.ml2.ovo_rpc._ObjectChangeHandler.handle_event-395297', 'neutron.api.rpc.agentnotifiers.dhcp_rpc_agent_api.DhcpAgentNotifyAPI._native_event_send_dhcp_notification-592395', 'neutron.db.l3_db.L3RpcNotifierMixin._notify_gateway_port_ip_changed-8749381862777', 'neutron.db.l3_dvrscheduler_db._notify_l3_agent_port_update-8749381502091', 'neutron.db.l3_hascheduler_db._notify_l3_agent_ha_port_update-8749381502109'] for port (dd537f7b-0628-4494-a925-551a98e190fd), after_update {{(pid=105933) _notify_loop /usr/local/lib/python3.8/dist-packages/neutron_lib/callbacks/manager.py:176}}
Oct 27 03:19:04.182528 dv-neutron-861124-4-hyperv neutron-server[105930]: DEBUG neutron_lib.callbacks.manager [None req-cfd23bd5-87cf-4d84-ae38-5ff904cb3063 tempest-ServersTestJSON-810494086 tempest-ServersTestJSON-810494086-project] Publish callbacks [] for security_group_rule (492e0fcd-d40c-41f8-8bc4-19257e3f47e1), before_create {{(pid=105930) _notify_loop /usr/local/lib/python3.8/dist-packages/neutron_lib/callbacks/manager.py:176}}
Oct 27 03:19:04.207764 dv-neutron-861124-4-hyperv neutron-server[105930]: DEBUG neutron.pecan_wsgi.hooks.quota_enforcement [None req-ff605451-4c59-486b-8dbe-16d5f2468a37 tempest-FloatingIPAdminTestJSON-569408006 tempest-FloatingIPAdminTestJSON-569408006-project] Made reservation on behalf of 429916a272384a98a0c47bd46070080b for: {'network': 1} {{(pid=105930) before /opt/stack/neutron/neutron/pecan_wsgi/hooks/quota_enforcement.py:53}}
Oct 27 03:19:04.208165 dv-neutron-861124-4-hyperv neutron-server[105931]: DEBUG neutron_lib.callbacks.manager [None req-dc631d08-17c9-48c0-a6a5-8fb343fce8d2 tempest-ExternalNetworksTestJSON-532685152 tempest-ExternalNetworksTestJSON-532685152-project-admin] Publish callbacks ['neutron.services.auto_allocate.db._ensure_external_network_default_value_callback-8749381472184'] for network (5618ebbd-37da-426e-befb-cfb22f6f762a), precommit_create {{(pid=105931) _notify_loop /usr/local/lib/python3.8/dist-packages/neutron_lib/callbacks/manager.py:176}}
Oct 27 03:19:04.212216 dv-neutron-861124-4-hyperv neutron-server[105932]: DEBUG neutron.db.l3_dvrscheduler_db [None req-6bdc52a4-f986-44fb-964c-20449c2eae76 None None] Routers {'b8626843-8625-48a9-8473-8b880e41582c'} bound to L3 agent in host dv-neutron-861124-4-hyperv {{(pid=105932) _get_router_ids_for_agent /opt/stack/neutron/neutron/db/l3_dvrscheduler_db.py:426}}
Oct 27 03:19:04.214996 dv-neutron-861124-4-hyperv neutron-server[105932]: DEBUG neutron.db.l3_hamode_db [None req-6bdc52a4-f986-44fb-964c-20449c2eae76 None None] neutron.services.l3_router.l3_router_plugin.L3RouterPlugin method get_ha_sync_data_for_host called with arguments (, 'dv-neutron-861124-4-hyperv', Agent(admin_state_up=True,agent_type='L3 agent',availability_zone='nova',binary='neutron-l3-agent',configurations={"agent_mode": "legacy", "ex_gw_ports": 1, "extensions": [], "floating_ips": 0, "handle_internal_only_routers": true, "interface_driver": "openvswitch", "interfaces": 1, "log_agent_heartbeats": false, "routers": 1},created_at=2022-10-27T03:10:53Z,description=,heartbeat_timestamp=2022-10-27T03:18:53Z,host='dv-neutron-861124-4-hyperv',id=fbe62278-1149-4a2b-911d-75291633adc7,load=0,resource_versions=,resources_synced=,started_at=2022-10-27T03:10:54Z,topic='l3_agent')) {'router_ids': ['b8626843-8625-48a9-8473-8b880e41582c'], 'active': True} {{(pid=105932) wrapper /usr/local/lib/python3.8/dist-packages/oslo_log/helpers.py:65}}
