Oct 27 04:15:05.028552 dv-neutron-861124-4-hyperv devstack@placement-api.service[106457]: [pid: 106457|app: 0|req: 529/1058] 10.222.0.43 () {60 vars in 1380 bytes} [Thu Oct 27 04:15:05 2022] GET /placement/allocations/f18c176d-056e-4c1a-8149-e0b1959bab44 => generated 19 bytes in 15 msecs (HTTP/1.1 200) 8 headers in 295 bytes (1 switches on core 0)
Oct 27 04:15:05.036751 dv-neutron-861124-4-hyperv devstack@placement-api.service[106458]: DEBUG placement.requestlog [req-ac28545a-776a-43c4-9a1f-17a5e2bc2968 req-2173a245-e719-4ecf-93fc-4f8ed25cf94f None None] Starting request: 10.222.0.43 "PUT /placement/allocations/f18c176d-056e-4c1a-8149-e0b1959bab44" {{(pid=106458) __call__ /opt/stack/placement/placement/requestlog.py:55}}
Oct 27 04:15:05.165226 dv-neutron-861124-4-hyperv devstack@placement-api.service[106458]: DEBUG placement.handlers.allocation [req-ac28545a-776a-43c4-9a1f-17a5e2bc2968 req-2173a245-e719-4ecf-93fc-4f8ed25cf94f service placement] Successfully wrote allocations [, , ] {{(pid=106458) _update_consumers_and_create_allocations /opt/stack/placement/placement/handlers/allocation.py:462}}
Oct 27 04:15:05.239871 dv-neutron-861124-4-hyperv devstack@placement-api.service[106458]: INFO placement.requestlog [req-ac28545a-776a-43c4-9a1f-17a5e2bc2968 req-2173a245-e719-4ecf-93fc-4f8ed25cf94f service placement] 10.222.0.43 "PUT /placement/allocations/f18c176d-056e-4c1a-8149-e0b1959bab44" status: 204 len: 0 microversion: 1.36
Oct 27 04:15:05.239871 dv-neutron-861124-4-hyperv devstack@placement-api.service[106458]: [pid: 106458|app: 0|req: 530/1059] 10.222.0.43 () {64 vars in 1433 bytes} [Thu Oct 27 04:15:05 2022] PUT /placement/allocations/f18c176d-056e-4c1a-8149-e0b1959bab44 => generated 0 bytes in 201 msecs (HTTP/1.1 204) 5 headers in 199 bytes (1 switches on core 0)
Oct 27 04:15:06.128953 dv-neutron-861124-4-hyperv devstack@placement-api.service[106457]: DEBUG placement.requestlog [req-ac28545a-776a-43c4-9a1f-17a5e2bc2968 req-9fd881a7-6e49-410f-96b0-a4e60cb66f2c None None] Starting request: 10.222.0.16 "GET /placement/allocations/f18c176d-056e-4c1a-8149-e0b1959bab44" {{(pid=106457) __call__ /opt/stack/placement/placement/requestlog.py:55}}
Oct 27 04:15:06.194791 dv-neutron-861124-4-hyperv devstack@placement-api.service[106457]: INFO placement.requestlog [req-ac28545a-776a-43c4-9a1f-17a5e2bc2968 req-9fd881a7-6e49-410f-96b0-a4e60cb66f2c service placement] 10.222.0.16 "GET /placement/allocations/f18c176d-056e-4c1a-8149-e0b1959bab44" status: 200 len: 259 microversion: 1.28
Oct 27 04:15:06.195315 dv-neutron-861124-4-hyperv devstack@placement-api.service[106457]: [pid: 106457|app: 0|req: 530/1060] 10.222.0.16 () {60 vars in 1377 bytes} [Thu Oct 27 04:15:06 2022] GET /placement/allocations/f18c176d-056e-4c1a-8149-e0b1959bab44 => generated 259 bytes in 67 msecs (HTTP/1.1 200) 8 headers in 296 bytes (1 switches on core 0)
Oct 27 04:15:06.472550 dv-neutron-861124-4-hyperv devstack@placement-api.service[106458]: DEBUG placement.requestlog [req-ac28545a-776a-43c4-9a1f-17a5e2bc2968 req-ad09c3ae-2cb1-45ce-b361-0cd81a79ae60 None None] Starting request: 10.222.0.16 "GET /placement/resource_providers/7fc47fbd-148f-49f3-9780-c56259b282d3/allocations" {{(pid=106458) __call__ /opt/stack/placement/placement/requestlog.py:55}}
Oct 27 04:15:06.493167 dv-neutron-861124-4-hyperv devstack@placement-api.service[106458]: INFO placement.requestlog [req-ac28545a-776a-43c4-9a1f-17a5e2bc2968 req-ad09c3ae-2cb1-45ce-b361-0cd81a79ae60 service placement] 10.222.0.16 "GET /placement/resource_providers/7fc47fbd-148f-49f3-9780-c56259b282d3/allocations" status: 200 len: 154 microversion: 1.0
Oct 27 04:15:06.493542 dv-neutron-861124-4-hyperv devstack@placement-api.service[106458]: [pid: 106458|app: 0|req: 531/1061] 10.222.0.16 () {58 vars in 1390 bytes} [Thu Oct 27 04:15:06 2022] GET /placement/resource_providers/7fc47fbd-148f-49f3-9780-c56259b282d3/allocations => generated 154 bytes in 21 msecs (HTTP/1.1 200) 6 headers in 224 bytes (1 switches on core 0)
Oct 27 04:15:06.503693 dv-neutron-861124-4-hyperv devstack@placement-api.service[106457]: DEBUG placement.requestlog [req-ac28545a-776a-43c4-9a1f-17a5e2bc2968 req-e052a8c7-c282-4a41-9c49-ba86e3830e6d None None] Starting request: 10.222.0.16 "GET /placement/allocations/f18c176d-056e-4c1a-8149-e0b1959bab44" {{(pid=106457) __call__ /opt/stack/placement/placement/requestlog.py:55}}
Oct 27 04:15:06.519322 dv-neutron-861124-4-hyperv devstack@placement-api.service[106457]: INFO placement.requestlog [req-ac28545a-776a-43c4-9a1f-17a5e2bc2968 req-e052a8c7-c282-4a41-9c49-ba86e3830e6d service placement] 10.222.0.16 "GET /placement/allocations/f18c176d-056e-4c1a-8149-e0b1959bab44" status: 200 len: 259 microversion: 1.28
Oct 27 04:15:06.519692 dv-neutron-861124-4-hyperv devstack@placement-api.service[106457]: [pid: 106457|app: 0|req: 531/1062] 10.222.0.16 () {60 vars in 1377 bytes} [Thu Oct 27 04:15:06 2022] GET /placement/allocations/f18c176d-056e-4c1a-8149-e0b1959bab44 => generated 259 bytes in 16 msecs (HTTP/1.1 200) 8 headers in 296 bytes (2 switches on core 0)
Oct 27 04:15:11.831573 dv-neutron-861124-4-hyperv devstack@placement-api.service[106458]: DEBUG placement.requestlog [req-212242e1-700a-47a5-a0d4-9d22ae63c407 req-d3f0ee50-006a-4594-9946-1c5a24b4fc23 None None] Starting request: 10.222.0.16 "GET /placement/resource_providers/7fc47fbd-148f-49f3-9780-c56259b282d3/allocations" {{(pid=106458) __call__ /opt/stack/placement/placement/requestlog.py:55}}
Oct 27 04:15:11.851776 dv-neutron-861124-4-hyperv devstack@placement-api.service[106458]: INFO placement.requestlog [req-212242e1-700a-47a5-a0d4-9d22ae63c407 req-d3f0ee50-006a-4594-9946-1c5a24b4fc23 service placement] 10.222.0.16 "GET /placement/resource_providers/7fc47fbd-148f-49f3-9780-c56259b282d3/allocations" status: 200 len: 154 microversion: 1.0
Oct 27 04:15:11.852134 dv-neutron-861124-4-hyperv devstack@placement-api.service[106458]: [pid: 106458|app: 0|req: 532/1063] 10.222.0.16 () {58 vars in 1390 bytes} [Thu Oct 27 04:15:11 2022] GET /placement/resource_providers/7fc47fbd-148f-49f3-9780-c56259b282d3/allocations => generated 154 bytes in 21 msecs (HTTP/1.1 200) 6 headers in 224 bytes (1 switches on core 0)
Oct 27 04:15:11.972234 dv-neutron-861124-4-hyperv devstack@placement-api.service[106457]: DEBUG placement.requestlog [req-212242e1-700a-47a5-a0d4-9d22ae63c407 req-14232871-c92d-4136-94b2-3bd9d496e93b None None] Starting request: 10.222.0.16 "GET /placement/resource_providers/7fc47fbd-148f-49f3-9780-c56259b282d3/allocations" {{(pid=106457) __call__ /opt/stack/placement/placement/requestlog.py:55}}
Oct 27 04:15:11.992745 dv-neutron-861124-4-hyperv devstack@placement-api.service[106457]: INFO placement.requestlog [req-212242e1-700a-47a5-a0d4-9d22ae63c407 req-14232871-c92d-4136-94b2-3bd9d496e93b service placement] 10.222.0.16 "GET /placement/resource_providers/7fc47fbd-148f-49f3-9780-c56259b282d3/allocations" status: 200 len: 154 microversion: 1.0
Oct 27 04:15:11.993566 dv-neutron-861124-4-hyperv devstack@placement-api.service[106457]: [pid: 106457|app: 0|req: 532/1064] 10.222.0.16 () {58 vars in 1390 bytes} [Thu Oct 27 04:15:11 2022] GET /placement/resource_providers/7fc47fbd-148f-49f3-9780-c56259b282d3/allocations => generated 154 bytes in 22 msecs (HTTP/1.1 200) 6 headers in 224 bytes (1 switches on core 0)
Oct 27 04:15:12.003911 dv-neutron-861124-4-hyperv devstack@placement-api.service[106458]: DEBUG placement.requestlog [req-212242e1-700a-47a5-a0d4-9d22ae63c407 req-8e117f7d-e28e-473c-9043-172a810456d9 None None] Starting request: 10.222.0.16 "GET /placement/allocations/f18c176d-056e-4c1a-8149-e0b1959bab44" {{(pid=106458) __call__ /opt/stack/placement/placement/requestlog.py:55}}
Oct 27 04:15:12.021028 dv-neutron-861124-4-hyperv devstack@placement-api.service[106458]: INFO placement.requestlog [req-212242e1-700a-47a5-a0d4-9d22ae63c407 req-8e117f7d-e28e-473c-9043-172a810456d9 service placement] 10.222.0.16 "GET /placement/allocations/f18c176d-056e-4c1a-8149-e0b1959bab44" status: 200 len: 259 microversion: 1.28
Oct 27 04:15:12.021690 dv-neutron-861124-4-hyperv devstack@placement-api.service[106458]: [pid: 106458|app: 0|req: 533/1065] 10.222.0.16 () {60 vars in 1377 bytes} [Thu Oct 27 04:15:12 2022] GET /placement/allocations/f18c176d-056e-4c1a-8149-e0b1959bab44 => generated 259 bytes in 18 msecs (HTTP/1.1 200) 8 headers in 296 bytes (1 switches on core 0)
Oct 27 04:15:21.990475 dv-neutron-861124-4-hyperv devstack@placement-api.service[106457]: DEBUG dbcounter [-] [106457] Writing DB stats placement:SELECT=31,placement:DELETE=2 {{(pid=106457) stat_writer /usr/local/lib/python3.8/dist-packages/dbcounter.py:114}}
Oct 27 04:15:22.017993 dv-neutron-861124-4-hyperv devstack@placement-api.service[106458]: DEBUG dbcounter [-] [106458] Writing DB stats placement:SELECT=47,placement:INSERT=4,placement:DELETE=2,placement:UPDATE=2 {{(pid=106458) stat_writer /usr/local/lib/python3.8/dist-packages/dbcounter.py:114}}
Oct 27 04:16:01.690450 dv-neutron-861124-4-hyperv devstack@placement-api.service[106457]: DEBUG placement.requestlog [req-8766c8b4-dd79-4ddd-a1d9-ebc146c8918b req-d21a8d94-1456-4c53-a075-61409d9b0a65 None None] Starting request: 10.222.0.16 "GET /placement/resource_providers/7fc47fbd-148f-49f3-9780-c56259b282d3/allocations" {{(pid=106457) __call__ /opt/stack/placement/placement/requestlog.py:55}}
Oct 27 04:16:01.710774 dv-neutron-861124-4-hyperv devstack@placement-api.service[106457]: INFO placement.requestlog [req-8766c8b4-dd79-4ddd-a1d9-ebc146c8918b req-d21a8d94-1456-4c53-a075-61409d9b0a65 service placement] 10.222.0.16 "GET /placement/resource_providers/7fc47fbd-148f-49f3-9780-c56259b282d3/allocations" status: 200 len: 154 microversion: 1.0
Oct 27 04:16:01.711124 dv-neutron-861124-4-hyperv devstack@placement-api.service[106457]: [pid: 106457|app: 0|req: 533/1066] 10.222.0.16 () {58 vars in 1390 bytes} [Thu Oct 27 04:16:01 2022] GET /placement/resource_providers/7fc47fbd-148f-49f3-9780-c56259b282d3/allocations => generated 154 bytes in 21 msecs (HTTP/1.1 200) 6 headers in 224 bytes (1 switches on core 0)
Oct 27 04:16:01.722687 dv-neutron-861124-4-hyperv devstack@placement-api.service[106458]: DEBUG placement.requestlog [req-8766c8b4-dd79-4ddd-a1d9-ebc146c8918b req-be31d743-a431-4382-9f40-62a5d3c0b23f None None] Starting request: 10.222.0.16 "GET /placement/allocations/f18c176d-056e-4c1a-8149-e0b1959bab44" {{(pid=106458) __call__ /opt/stack/placement/placement/requestlog.py:55}}
Oct 27 04:16:01.740247 dv-neutron-861124-4-hyperv devstack@placement-api.service[106458]: INFO placement.requestlog [req-8766c8b4-dd79-4ddd-a1d9-ebc146c8918b req-be31d743-a431-4382-9f40-62a5d3c0b23f service placement] 10.222.0.16 "GET /placement/allocations/f18c176d-056e-4c1a-8149-e0b1959bab44" status: 200 len: 259 microversion: 1.28
Oct 27 04:16:01.740577 dv-neutron-861124-4-hyperv devstack@placement-api.service[106458]: [pid: 106458|app: 0|req: 534/1067] 10.222.0.16 () {60 vars in 1377 bytes} [Thu Oct 27 04:16:01 2022] GET /placement/allocations/f18c176d-056e-4c1a-8149-e0b1959bab44 => generated 259 bytes in 18 msecs (HTTP/1.1 200) 8 headers in 296 bytes (1 switches on core 0)
Oct 27 04:16:02.080483 dv-neutron-861124-4-hyperv devstack@placement-api.service[106457]: DEBUG placement.requestlog [req-8766c8b4-dd79-4ddd-a1d9-ebc146c8918b req-8bbe60e4-c207-4bfc-8635-d18c8d7840ce None None] Starting request: 10.222.0.16 "DELETE /placement/allocations/f18c176d-056e-4c1a-8149-e0b1959bab44" {{(pid=106457) __call__ /opt/stack/placement/placement/requestlog.py:55}}
Oct 27 04:16:02.278578 dv-neutron-861124-4-hyperv devstack@placement-api.service[106457]: DEBUG placement.handlers.allocation [req-8766c8b4-dd79-4ddd-a1d9-ebc146c8918b req-8bbe60e4-c207-4bfc-8635-d18c8d7840ce service placement] Successfully deleted allocations [, , ] {{(pid=106457) delete_allocations /opt/stack/placement/placement/handlers/allocation.py:627}}
Oct 27 04:16:02.279176 dv-neutron-861124-4-hyperv devstack@placement-api.service[106457]: INFO placement.requestlog [req-8766c8b4-dd79-4ddd-a1d9-ebc146c8918b req-8bbe60e4-c207-4bfc-8635-d18c8d7840ce service placement] 10.222.0.16 "DELETE /placement/allocations/f18c176d-056e-4c1a-8149-e0b1959bab44" status: 204 len: 0 microversion: 1.0
Oct 27 04:16:02.279625 dv-neutron-861124-4-hyperv devstack@placement-api.service[106457]: [pid: 106457|app: 0|req: 534/1068] 10.222.0.16 () {60 vars in 1355 bytes} [Thu Oct 27 04:16:02 2022] DELETE /placement/allocations/f18c176d-056e-4c1a-8149-e0b1959bab44 => generated 0 bytes in 199 msecs (HTTP/1.1 204) 5 headers in 198 bytes (1 switches on core 0)
Oct 27 04:16:06.855508 dv-neutron-861124-4-hyperv devstack@placement-api.service[106458]: DEBUG placement.requestlog [None req-508cd2b3-f01e-4077-9b5d-be11b9f2bfd4 None None] Starting request: 10.222.0.43 "GET /placement/resource_providers/9aa34169-1566-4c53-bb6b-273d17ff2e00/aggregates" {{(pid=106458) __call__ /opt/stack/placement/placement/requestlog.py:55}}
Oct 27 04:16:06.865725 dv-neutron-861124-4-hyperv devstack@placement-api.service[106458]: INFO placement.requestlog [None req-508cd2b3-f01e-4077-9b5d-be11b9f2bfd4 service placement] 10.222.0.43 "GET /placement/resource_providers/9aa34169-1566-4c53-bb6b-273d17ff2e00/aggregates" status: 404 len: 235 microversion: 1.1
Oct 27 04:16:06.866334 dv-neutron-861124-4-hyperv devstack@placement-api.service[106458]: [pid: 106458|app: 0|req: 535/1069] 10.222.0.43 () {58 vars in 1362 bytes} [Thu Oct 27 04:16:06 2022] GET /placement/resource_providers/9aa34169-1566-4c53-bb6b-273d17ff2e00/aggregates => generated 235 bytes in 11 msecs (HTTP/1.1 404) 5 headers in 202 bytes (1 switches on core 0)
Oct 27 04:16:07.190797 dv-neutron-861124-4-hyperv devstack@placement-api.service[106457]: DEBUG placement.requestlog [None req-782efef0-97b7-4e8b-932a-f64bc433ba8f None None] Starting request: 10.222.0.43 "DELETE /placement/resource_providers/9aa34169-1566-4c53-bb6b-273d17ff2e00" {{(pid=106457) __call__ /opt/stack/placement/placement/requestlog.py:55}}
Oct 27 04:16:07.200734 dv-neutron-861124-4-hyperv devstack@placement-api.service[106457]: DEBUG placement.wsgi_wrapper [None req-782efef0-97b7-4e8b-932a-f64bc433ba8f service placement] Placement API returning an error response: No resource provider with uuid 9aa34169-1566-4c53-bb6b-273d17ff2e00 found for delete {{(pid=106457) call_func /opt/stack/placement/placement/wsgi_wrapper.py:31}}
Oct 27 04:16:07.201496 dv-neutron-861124-4-hyperv devstack@placement-api.service[106457]: INFO placement.requestlog [None req-782efef0-97b7-4e8b-932a-f64bc433ba8f service placement] 10.222.0.43 "DELETE /placement/resource_providers/9aa34169-1566-4c53-bb6b-273d17ff2e00" status: 404 len: 246 microversion: 1.1
Oct 27 04:16:07.202062 dv-neutron-861124-4-hyperv devstack@placement-api.service[106457]: [pid: 106457|app: 0|req: 535/1070] 10.222.0.43 () {60 vars in 1351 bytes} [Thu Oct 27 04:16:07 2022] DELETE /placement/resource_providers/9aa34169-1566-4c53-bb6b-273d17ff2e00 => generated 246 bytes in 12 msecs (HTTP/1.1 404) 6 headers in 231 bytes (2 switches on core 0)
Oct 27 04:16:13.862140 dv-neutron-861124-4-hyperv devstack@placement-api.service[106458]: DEBUG placement.requestlog [req-9551fa00-c944-4a9d-9eec-4b8da9e37457 req-f04fe924-9203-46ed-99f2-0d34717a3e81 None None] Starting request: 10.222.0.16 "GET /placement/resource_providers/7fc47fbd-148f-49f3-9780-c56259b282d3/allocations" {{(pid=106458) __call__ /opt/stack/placement/placement/requestlog.py:55}}
Oct 27 04:16:13.878814 dv-neutron-861124-4-hyperv devstack@placement-api.service[106458]: INFO placement.requestlog [req-9551fa00-c944-4a9d-9eec-4b8da9e37457 req-f04fe924-9203-46ed-99f2-0d34717a3e81 service placement] 10.222.0.16 "GET /placement/resource_providers/7fc47fbd-148f-49f3-9780-c56259b282d3/allocations" status: 200 len: 55 microversion: 1.0
Oct 27 04:16:13.879469 dv-neutron-861124-4-hyperv devstack@placement-api.service[106458]: [pid: 106458|app: 0|req: 536/1071] 10.222.0.16 () {58 vars in 1390 bytes} [Thu Oct 27 04:16:13 2022] GET /placement/resource_providers/7fc47fbd-148f-49f3-9780-c56259b282d3/allocations => generated 55 bytes in 18 msecs (HTTP/1.1 200) 6 headers in 223 bytes (1 switches on core 0)
Oct 27 04:16:14.017823 dv-neutron-861124-4-hyperv devstack@placement-api.service[106457]: DEBUG placement.requestlog [req-9551fa00-c944-4a9d-9eec-4b8da9e37457 req-e365291e-3ed0-479c-93ae-cea3d23773bd None None] Starting request: 10.222.0.16 "GET /placement/resource_providers/7fc47fbd-148f-49f3-9780-c56259b282d3/allocations" {{(pid=106457) __call__ /opt/stack/placement/placement/requestlog.py:55}}
Oct 27 04:16:14.039258 dv-neutron-861124-4-hyperv devstack@placement-api.service[106457]: INFO placement.requestlog [req-9551fa00-c944-4a9d-9eec-4b8da9e37457 req-e365291e-3ed0-479c-93ae-cea3d23773bd service placement] 10.222.0.16 "GET /placement/resource_providers/7fc47fbd-148f-49f3-9780-c56259b282d3/allocations" status: 200 len: 55 microversion: 1.0
Oct 27 04:16:14.039629 dv-neutron-861124-4-hyperv devstack@placement-api.service[106457]: [pid: 106457|app: 0|req: 536/1072] 10.222.0.16 () {58 vars in 1390 bytes} [Thu Oct 27 04:16:14 2022] GET /placement/resource_providers/7fc47fbd-148f-49f3-9780-c56259b282d3/allocations => generated 55 bytes in 22 msecs (HTTP/1.1 200) 6 headers in 223 bytes (1 switches on core 0)
Oct 27 04:16:23.876859 dv-neutron-861124-4-hyperv devstack@placement-api.service[106458]: DEBUG dbcounter [-] [106458] Writing DB stats placement:SELECT=10 {{(pid=106458) stat_writer /usr/local/lib/python3.8/dist-packages/dbcounter.py:114}}
Oct 27 04:16:24.037688 dv-neutron-861124-4-hyperv devstack@placement-api.service[106457]: DEBUG dbcounter [-] [106457] Writing DB stats placement:SELECT=19,placement:DELETE=2 {{(pid=106457) stat_writer /usr/local/lib/python3.8/dist-packages/dbcounter.py:114}}
Oct 27 04:16:25.615847 dv-neutron-861124-4-hyperv devstack@placement-api.service[106458]: DEBUG placement.requestlog [req-5260ce3e-28aa-471d-90cb-b73683c57235 req-6432dfa8-ed37-4507-9d5c-19c8e190e172 None None] Starting request: 10.222.0.43 "GET /placement/allocation_candidates?limit=1000&resources=DISK_GB%3A1%2CMEMORY_MB%3A1024%2CVCPU%3A1&root_required=%21COMPUTE_STATUS_DISABLED" {{(pid=106458) __call__ /opt/stack/placement/placement/requestlog.py:55}}
Oct 27 04:16:25.782887 dv-neutron-861124-4-hyperv devstack@placement-api.service[106458]: DEBUG placement.objects.research_context [req-5260ce3e-28aa-471d-90cb-b73683c57235 req-6432dfa8-ed37-4507-9d5c-19c8e190e172 service placement] getting providers with 1 DISK_GB {{(pid=106458) __init__ /opt/stack/placement/placement/objects/research_context.py:136}}
Oct 27 04:16:25.788112 dv-neutron-861124-4-hyperv devstack@placement-api.service[106458]: DEBUG placement.objects.research_context [req-5260ce3e-28aa-471d-90cb-b73683c57235 req-6432dfa8-ed37-4507-9d5c-19c8e190e172 service placement] getting providers with 1024 MEMORY_MB {{(pid=106458) __init__ /opt/stack/placement/placement/objects/research_context.py:136}}
Oct 27 04:16:25.793529 dv-neutron-861124-4-hyperv devstack@placement-api.service[106458]: DEBUG placement.objects.research_context [req-5260ce3e-28aa-471d-90cb-b73683c57235 req-6432dfa8-ed37-4507-9d5c-19c8e190e172 service placement] getting providers with 1 VCPU {{(pid=106458) __init__ /opt/stack/placement/placement/objects/research_context.py:136}}
Oct 27 04:16:25.799166 dv-neutron-861124-4-hyperv devstack@placement-api.service[106458]: DEBUG placement.objects.research_context [req-5260ce3e-28aa-471d-90cb-b73683c57235 req-6432dfa8-ed37-4507-9d5c-19c8e190e172 service placement] found 1 providers with available 1 DISK_GB {{(pid=106458) get_provider_ids_matching /opt/stack/placement/placement/objects/research_context.py:563}}
Oct 27 04:16:25.799443 dv-neutron-861124-4-hyperv devstack@placement-api.service[106458]: DEBUG placement.objects.research_context [req-5260ce3e-28aa-471d-90cb-b73683c57235 req-6432dfa8-ed37-4507-9d5c-19c8e190e172 service placement] found 1 providers with available 1024 MEMORY_MB {{(pid=106458) get_provider_ids_matching /opt/stack/placement/placement/objects/research_context.py:563}}
Oct 27 04:16:25.799706 dv-neutron-861124-4-hyperv devstack@placement-api.service[106458]: DEBUG placement.objects.research_context [req-5260ce3e-28aa-471d-90cb-b73683c57235 req-6432dfa8-ed37-4507-9d5c-19c8e190e172 service placement] found 1 providers after filtering by previous result {{(pid=106458) get_provider_ids_matching /opt/stack/placement/placement/objects/research_context.py:594}}
Oct 27 04:16:25.799956 dv-neutron-861124-4-hyperv devstack@placement-api.service[106458]: DEBUG placement.objects.research_context [req-5260ce3e-28aa-471d-90cb-b73683c57235 req-6432dfa8-ed37-4507-9d5c-19c8e190e172 service placement] found 1 providers with available 1 VCPU {{(pid=106458) get_provider_ids_matching /opt/stack/placement/placement/objects/research_context.py:563}}
Oct 27 04:16:25.800208 dv-neutron-861124-4-hyperv devstack@placement-api.service[106458]: DEBUG placement.objects.research_context [req-5260ce3e-28aa-471d-90cb-b73683c57235 req-6432dfa8-ed37-4507-9d5c-19c8e190e172 service placement] found 1 providers after filtering by previous result {{(pid=106458) get_provider_ids_matching /opt/stack/placement/placement/objects/research_context.py:594}}
Oct 27 04:16:25.810473 dv-neutron-861124-4-hyperv devstack@placement-api.service[106458]: DEBUG placement.objects.allocation_candidate [req-5260ce3e-28aa-471d-90cb-b73683c57235 req-6432dfa8-ed37-4507-9d5c-19c8e190e172 service placement] RequestGroup(use_same_provider=False, resources={DISK_GB:1, MEMORY_MB:1024, VCPU:1}, traits=(), aggregates=[]) (suffix '') returned 1 matches {{(pid=106458) _get_by_requests /opt/stack/placement/placement/objects/allocation_candidate.py:156}}
Oct 27 04:16:25.810877 dv-neutron-861124-4-hyperv devstack@placement-api.service[106458]: DEBUG placement.objects.allocation_candidate [req-5260ce3e-28aa-471d-90cb-b73683c57235 req-6432dfa8-ed37-4507-9d5c-19c8e190e172 service placement] Merging candidates yields 1 allocation requests and 1 provider summaries {{(pid=106458) _merge_candidates /opt/stack/placement/placement/objects/allocation_candidate.py:809}}
Oct 27 04:16:25.812313 dv-neutron-861124-4-hyperv devstack@placement-api.service[106458]: INFO placement.requestlog [req-5260ce3e-28aa-471d-90cb-b73683c57235 req-6432dfa8-ed37-4507-9d5c-19c8e190e172 service placement] 10.222.0.43 "GET /placement/allocation_candidates?limit=1000&resources=DISK_GB%3A1%2CMEMORY_MB%3A1024%2CVCPU%3A1&root_required=%21COMPUTE_STATUS_DISABLED" status: 200 len: 764 microversion: 1.36
Oct 27 04:16:25.812677 dv-neutron-861124-4-hyperv devstack@placement-api.service[106458]: [pid: 106458|app: 0|req: 537/1073] 10.222.0.43 () {60 vars in 1506 bytes} [Thu Oct 27 04:16:25 2022] GET /placement/allocation_candidates?limit=1000&resources=DISK_GB%3A1%2CMEMORY_MB%3A1024%2CVCPU%3A1&root_required=%21COMPUTE_STATUS_DISABLED => generated 764 bytes in 197 msecs (HTTP/1.1 200) 8 headers in 296 bytes (1 switches on core 0)
Oct 27 04:16:25.852683 dv-neutron-861124-4-hyperv devstack@placement-api.service[106457]: DEBUG placement.requestlog [req-5260ce3e-28aa-471d-90cb-b73683c57235 req-052aece2-6ee0-4b59-a477-ea73cc663bbc None None] Starting request: 10.222.0.43 "GET /placement/allocations/2ba0a8b2-bd82-43bc-95d6-8e2c9007b928" {{(pid=106457) __call__ /opt/stack/placement/placement/requestlog.py:55}}
Oct 27 04:16:25.864834 dv-neutron-861124-4-hyperv devstack@placement-api.service[106457]: INFO placement.requestlog [req-5260ce3e-28aa-471d-90cb-b73683c57235 req-052aece2-6ee0-4b59-a477-ea73cc663bbc service placement] 10.222.0.43 "GET /placement/allocations/2ba0a8b2-bd82-43bc-95d6-8e2c9007b928" status: 200 len: 19 microversion: 1.28
Oct 27 04:16:25.865176 dv-neutron-861124-4-hyperv devstack@placement-api.service[106457]: [pid: 106457|app: 0|req: 537/1074] 10.222.0.43 () {60 vars in 1380 bytes} [Thu Oct 27 04:16:25 2022] GET /placement/allocations/2ba0a8b2-bd82-43bc-95d6-8e2c9007b928 => generated 19 bytes in 13 msecs (HTTP/1.1 200) 8 headers in 295 bytes (2 switches on core 0)
Oct 27 04:16:25.871078 dv-neutron-861124-4-hyperv devstack@placement-api.service[106458]: DEBUG placement.requestlog [req-5260ce3e-28aa-471d-90cb-b73683c57235 req-9fcd8067-1c23-4c0a-9e39-fd9673602eaa None None] Starting request: 10.222.0.43 "PUT /placement/allocations/2ba0a8b2-bd82-43bc-95d6-8e2c9007b928" {{(pid=106458) __call__ /opt/stack/placement/placement/requestlog.py:55}}
Oct 27 04:16:26.327203 dv-neutron-861124-4-hyperv devstack@placement-api.service[106458]: DEBUG placement.handlers.allocation [req-5260ce3e-28aa-471d-90cb-b73683c57235 req-9fcd8067-1c23-4c0a-9e39-fd9673602eaa service placement] Successfully wrote allocations [, , ] {{(pid=106458) _update_consumers_and_create_allocations /opt/stack/placement/placement/handlers/allocation.py:462}}
Oct 27 04:16:26.387555 dv-neutron-861124-4-hyperv devstack@placement-api.service[106458]: INFO placement.requestlog [req-5260ce3e-28aa-471d-90cb-b73683c57235 req-9fcd8067-1c23-4c0a-9e39-fd9673602eaa service placement] 10.222.0.43 "PUT /placement/allocations/2ba0a8b2-bd82-43bc-95d6-8e2c9007b928" status: 204 len: 0 microversion: 1.36
Oct 27 04:16:26.388213 dv-neutron-861124-4-hyperv devstack@placement-api.service[106458]: [pid: 106458|app: 0|req: 538/1075] 10.222.0.43 () {64 vars in 1433 bytes} [Thu Oct 27 04:16:25 2022] PUT /placement/allocations/2ba0a8b2-bd82-43bc-95d6-8e2c9007b928 => generated 0 bytes in 517 msecs (HTTP/1.1 204) 5 headers in 199 bytes (1 switches on core 0)
Oct 27 04:16:27.453253 dv-neutron-861124-4-hyperv devstack@placement-api.service[106457]: DEBUG placement.requestlog [req-5260ce3e-28aa-471d-90cb-b73683c57235 req-16ac9a0d-2e09-4eeb-b5c6-5d4e8ad2f6d8 None None] Starting request: 10.222.0.16 "GET /placement/allocations/2ba0a8b2-bd82-43bc-95d6-8e2c9007b928" {{(pid=106457) __call__ /opt/stack/placement/placement/requestlog.py:55}}
Oct 27 04:16:27.470087 dv-neutron-861124-4-hyperv devstack@placement-api.service[106457]: INFO placement.requestlog [req-5260ce3e-28aa-471d-90cb-b73683c57235 req-16ac9a0d-2e09-4eeb-b5c6-5d4e8ad2f6d8 service placement] 10.222.0.16 "GET /placement/allocations/2ba0a8b2-bd82-43bc-95d6-8e2c9007b928" status: 200 len: 259 microversion: 1.28
Oct 27 04:16:27.470477 dv-neutron-861124-4-hyperv devstack@placement-api.service[106457]: [pid: 106457|app: 0|req: 538/1076] 10.222.0.16 () {60 vars in 1377 bytes} [Thu Oct 27 04:16:27 2022] GET /placement/allocations/2ba0a8b2-bd82-43bc-95d6-8e2c9007b928 => generated 259 bytes in 18 msecs (HTTP/1.1 200) 8 headers in 296 bytes (2 switches on core 0)
Oct 27 04:16:27.853658 dv-neutron-861124-4-hyperv devstack@placement-api.service[106458]: DEBUG placement.requestlog [req-5260ce3e-28aa-471d-90cb-b73683c57235 req-2d30bf8f-876d-4bff-89b6-f75e0b703616 None None] Starting request: 10.222.0.16 "GET /placement/resource_providers/7fc47fbd-148f-49f3-9780-c56259b282d3/allocations" {{(pid=106458) __call__ /opt/stack/placement/placement/requestlog.py:55}}
Oct 27 04:16:27.872989 dv-neutron-861124-4-hyperv devstack@placement-api.service[106458]: INFO placement.requestlog [req-5260ce3e-28aa-471d-90cb-b73683c57235 req-2d30bf8f-876d-4bff-89b6-f75e0b703616 service placement] 10.222.0.16 "GET /placement/resource_providers/7fc47fbd-148f-49f3-9780-c56259b282d3/allocations" status: 200 len: 154 microversion: 1.0
Oct 27 04:16:27.874042 dv-neutron-861124-4-hyperv devstack@placement-api.service[106458]: [pid: 106458|app: 0|req: 539/1077] 10.222.0.16 () {58 vars in 1390 bytes} [Thu Oct 27 04:16:27 2022] GET /placement/resource_providers/7fc47fbd-148f-49f3-9780-c56259b282d3/allocations => generated 154 bytes in 21 msecs (HTTP/1.1 200) 6 headers in 224 bytes (1 switches on core 0)
Oct 27 04:16:27.892224 dv-neutron-861124-4-hyperv devstack@placement-api.service[106457]: DEBUG placement.requestlog [req-5260ce3e-28aa-471d-90cb-b73683c57235 req-78b3e3cf-ee5c-4313-9a19-2df9fcfdca58 None None] Starting request: 10.222.0.16 "GET /placement/allocations/2ba0a8b2-bd82-43bc-95d6-8e2c9007b928" {{(pid=106457) __call__ /opt/stack/placement/placement/requestlog.py:55}}
Oct 27 04:16:27.906989 dv-neutron-861124-4-hyperv devstack@placement-api.service[106457]: INFO placement.requestlog [req-5260ce3e-28aa-471d-90cb-b73683c57235 req-78b3e3cf-ee5c-4313-9a19-2df9fcfdca58 service placement] 10.222.0.16 "GET /placement/allocations/2ba0a8b2-bd82-43bc-95d6-8e2c9007b928" status: 200 len: 259 microversion: 1.28
Oct 27 04:16:27.907319 dv-neutron-861124-4-hyperv devstack@placement-api.service[106457]: [pid: 106457|app: 0|req: 539/1078] 10.222.0.16 () {60 vars in 1377 bytes} [Thu Oct 27 04:16:27 2022] GET /placement/allocations/2ba0a8b2-bd82-43bc-95d6-8e2c9007b928 => generated 259 bytes in 15 msecs (HTTP/1.1 200) 8 headers in 296 bytes (2 switches on core 0)
Oct 27 04:16:37.870852 dv-neutron-861124-4-hyperv devstack@placement-api.service[106458]: DEBUG dbcounter [-] [106458] Writing DB stats placement:SELECT=33,placement:INSERT=6,placement:DELETE=2,placement:UPDATE=2 {{(pid=106458) stat_writer /usr/local/lib/python3.8/dist-packages/dbcounter.py:114}}
Oct 27 04:16:37.905216 dv-neutron-861124-4-hyperv devstack@placement-api.service[106457]: DEBUG dbcounter [-] [106457] Writing DB stats placement:SELECT=10 {{(pid=106457) stat_writer /usr/local/lib/python3.8/dist-packages/dbcounter.py:114}}
Oct 27 04:17:15.856373 dv-neutron-861124-4-hyperv devstack@placement-api.service[106458]: DEBUG placement.requestlog [req-1e5fb0b3-1233-4ad5-860f-a995a92162ea req-6e49fc94-886f-4493-877a-a4bcbc29eea8 None None] Starting request: 10.222.0.16 "GET /placement/resource_providers/7fc47fbd-148f-49f3-9780-c56259b282d3/allocations" {{(pid=106458) __call__ /opt/stack/placement/placement/requestlog.py:55}}
Oct 27 04:17:15.876188 dv-neutron-861124-4-hyperv devstack@placement-api.service[106458]: INFO placement.requestlog [req-1e5fb0b3-1233-4ad5-860f-a995a92162ea req-6e49fc94-886f-4493-877a-a4bcbc29eea8 service placement] 10.222.0.16 "GET /placement/resource_providers/7fc47fbd-148f-49f3-9780-c56259b282d3/allocations" status: 200 len: 154 microversion: 1.0
Oct 27 04:17:15.876524 dv-neutron-861124-4-hyperv devstack@placement-api.service[106458]: [pid: 106458|app: 0|req: 540/1079] 10.222.0.16 () {58 vars in 1390 bytes} [Thu Oct 27 04:17:15 2022] GET /placement/resource_providers/7fc47fbd-148f-49f3-9780-c56259b282d3/allocations => generated 154 bytes in 21 msecs (HTTP/1.1 200) 6 headers in 224 bytes (1 switches on core 0)
Oct 27 04:17:15.989621 dv-neutron-861124-4-hyperv devstack@placement-api.service[106457]: DEBUG placement.requestlog [req-1e5fb0b3-1233-4ad5-860f-a995a92162ea req-f06ac997-0061-4d4e-8795-c590c3bf39bb None None] Starting request: 10.222.0.16 "GET /placement/resource_providers/7fc47fbd-148f-49f3-9780-c56259b282d3/allocations" {{(pid=106457) __call__ /opt/stack/placement/placement/requestlog.py:55}}
Oct 27 04:17:16.009097 dv-neutron-861124-4-hyperv devstack@placement-api.service[106457]: INFO placement.requestlog [req-1e5fb0b3-1233-4ad5-860f-a995a92162ea req-f06ac997-0061-4d4e-8795-c590c3bf39bb service placement] 10.222.0.16 "GET /placement/resource_providers/7fc47fbd-148f-49f3-9780-c56259b282d3/allocations" status: 200 len: 154 microversion: 1.0
Oct 27 04:17:16.009428 dv-neutron-861124-4-hyperv devstack@placement-api.service[106457]: [pid: 106457|app: 0|req: 540/1080] 10.222.0.16 () {58 vars in 1390 bytes} [Thu Oct 27 04:17:15 2022] GET /placement/resource_providers/7fc47fbd-148f-49f3-9780-c56259b282d3/allocations => generated 154 bytes in 20 msecs (HTTP/1.1 200) 6 headers in 224 bytes (1 switches on core 0)
Oct 27 04:17:16.016977 dv-neutron-861124-4-hyperv devstack@placement-api.service[106458]: DEBUG placement.requestlog [req-1e5fb0b3-1233-4ad5-860f-a995a92162ea req-70b440ba-c3a7-477f-bb39-46ebcb4c7bf4 None None] Starting request: 10.222.0.16 "GET /placement/allocations/2ba0a8b2-bd82-43bc-95d6-8e2c9007b928" {{(pid=106458) __call__ /opt/stack/placement/placement/requestlog.py:55}}
Oct 27 04:17:16.030976 dv-neutron-861124-4-hyperv devstack@placement-api.service[106458]: INFO placement.requestlog [req-1e5fb0b3-1233-4ad5-860f-a995a92162ea req-70b440ba-c3a7-477f-bb39-46ebcb4c7bf4 service placement] 10.222.0.16 "GET /placement/allocations/2ba0a8b2-bd82-43bc-95d6-8e2c9007b928" status: 200 len: 259 microversion: 1.28
Oct 27 04:17:16.031302 dv-neutron-861124-4-hyperv devstack@placement-api.service[106458]: [pid: 106458|app: 0|req: 541/1081] 10.222.0.16 () {60 vars in 1377 bytes} [Thu Oct 27 04:17:16 2022] GET /placement/allocations/2ba0a8b2-bd82-43bc-95d6-8e2c9007b928 => generated 259 bytes in 15 msecs (HTTP/1.1 200) 8 headers in 296 bytes (1 switches on core 0)
Oct 27 04:17:26.006973 dv-neutron-861124-4-hyperv devstack@placement-api.service[106457]: DEBUG dbcounter [-] [106457] Writing DB stats placement:SELECT=6 {{(pid=106457) stat_writer /usr/local/lib/python3.8/dist-packages/dbcounter.py:114}}
Oct 27 04:17:26.028807 dv-neutron-861124-4-hyperv devstack@placement-api.service[106458]: DEBUG dbcounter [-] [106458] Writing DB stats placement:SELECT=10 {{(pid=106458) stat_writer /usr/local/lib/python3.8/dist-packages/dbcounter.py:114}}
Oct 27 04:18:16.875030 dv-neutron-861124-4-hyperv devstack@placement-api.service[106457]: DEBUG placement.requestlog [req-c9478b56-aaab-417b-8793-0b6b2d89744f req-19ebc33c-2bf1-49bb-a989-d4263721feb6 None None] Starting request: 10.222.0.16 "GET /placement/resource_providers/7fc47fbd-148f-49f3-9780-c56259b282d3/allocations" {{(pid=106457) __call__ /opt/stack/placement/placement/requestlog.py:55}}
Oct 27 04:18:16.897367 dv-neutron-861124-4-hyperv devstack@placement-api.service[106457]: INFO placement.requestlog [req-c9478b56-aaab-417b-8793-0b6b2d89744f req-19ebc33c-2bf1-49bb-a989-d4263721feb6 service placement] 10.222.0.16 "GET /placement/resource_providers/7fc47fbd-148f-49f3-9780-c56259b282d3/allocations" status: 200 len: 154 microversion: 1.0
Oct 27 04:18:16.897782 dv-neutron-861124-4-hyperv devstack@placement-api.service[106457]: [pid: 106457|app: 0|req: 541/1082] 10.222.0.16 () {58 vars in 1390 bytes} [Thu Oct 27 04:18:16 2022] GET /placement/resource_providers/7fc47fbd-148f-49f3-9780-c56259b282d3/allocations => generated 154 bytes in 23 msecs (HTTP/1.1 200) 6 headers in 224 bytes (1 switches on core 0)
Oct 27 04:18:16.931037 dv-neutron-861124-4-hyperv devstack@placement-api.service[106458]: DEBUG placement.requestlog [req-c9478b56-aaab-417b-8793-0b6b2d89744f req-cc2f4dee-0dfc-4306-986c-e1aeef1c6d26 None None] Starting request: 10.222.0.16 "GET /placement/resource_providers/7fc47fbd-148f-49f3-9780-c56259b282d3/allocations" {{(pid=106458) __call__ /opt/stack/placement/placement/requestlog.py:55}}
Oct 27 04:18:16.950173 dv-neutron-861124-4-hyperv devstack@placement-api.service[106458]: INFO placement.requestlog [req-c9478b56-aaab-417b-8793-0b6b2d89744f req-cc2f4dee-0dfc-4306-986c-e1aeef1c6d26 service placement] 10.222.0.16 "GET /placement/resource_providers/7fc47fbd-148f-49f3-9780-c56259b282d3/allocations" status: 200 len: 154 microversion: 1.0
Oct 27 04:18:16.950515 dv-neutron-861124-4-hyperv devstack@placement-api.service[106458]: [pid: 106458|app: 0|req: 542/1083] 10.222.0.16 () {58 vars in 1390 bytes} [Thu Oct 27 04:18:16 2022] GET /placement/resource_providers/7fc47fbd-148f-49f3-9780-c56259b282d3/allocations => generated 154 bytes in 20 msecs (HTTP/1.1 200) 6 headers in 224 bytes (1 switches on core 0)
Oct 27 04:18:16.958367 dv-neutron-861124-4-hyperv devstack@placement-api.service[106457]: DEBUG placement.requestlog [req-c9478b56-aaab-417b-8793-0b6b2d89744f req-ae9b5d6e-b9cf-4f41-940e-0800438f4e1f None None] Starting request: 10.222.0.16 "GET /placement/allocations/2ba0a8b2-bd82-43bc-95d6-8e2c9007b928" {{(pid=106457) __call__ /opt/stack/placement/placement/requestlog.py:55}}
Oct 27 04:18:16.974056 dv-neutron-861124-4-hyperv devstack@placement-api.service[106457]: INFO placement.requestlog [req-c9478b56-aaab-417b-8793-0b6b2d89744f req-ae9b5d6e-b9cf-4f41-940e-0800438f4e1f service placement] 10.222.0.16 "GET /placement/allocations/2ba0a8b2-bd82-43bc-95d6-8e2c9007b928" status: 200 len: 259 microversion: 1.28
Oct 27 04:18:16.975115 dv-neutron-861124-4-hyperv devstack@placement-api.service[106457]: [pid: 106457|app: 0|req: 542/1084] 10.222.0.16 () {60 vars in 1377 bytes} [Thu Oct 27 04:18:16 2022] GET /placement/allocations/2ba0a8b2-bd82-43bc-95d6-8e2c9007b928 => generated 259 bytes in 17 msecs (HTTP/1.1 200) 8 headers in 296 bytes (1 switches on core 0)
Oct 27 04:18:26.948264 dv-neutron-861124-4-hyperv devstack@placement-api.service[106458]: DEBUG dbcounter [-] [106458] Writing DB stats placement:SELECT=6 {{(pid=106458) stat_writer /usr/local/lib/python3.8/dist-packages/dbcounter.py:114}}
Oct 27 04:18:26.971958 dv-neutron-861124-4-hyperv devstack@placement-api.service[106457]: DEBUG dbcounter [-] [106457] Writing DB stats placement:SELECT=10 {{(pid=106457) stat_writer /usr/local/lib/python3.8/dist-packages/dbcounter.py:114}}
Oct 27 04:19:04.988133 dv-neutron-861124-4-hyperv devstack@placement-api.service[106458]: DEBUG placement.requestlog [req-67a6213b-6954-48d1-a09b-4d3351bc5879 req-856cf150-7c18-4d82-9d00-c50dec8cbcb0 None None] Starting request: 10.222.0.16 "DELETE /placement/allocations/2ba0a8b2-bd82-43bc-95d6-8e2c9007b928" {{(pid=106458) __call__ /opt/stack/placement/placement/requestlog.py:55}}
Oct 27 04:19:05.164037 dv-neutron-861124-4-hyperv devstack@placement-api.service[106458]: DEBUG placement.handlers.allocation [req-67a6213b-6954-48d1-a09b-4d3351bc5879 req-856cf150-7c18-4d82-9d00-c50dec8cbcb0 service placement] Successfully deleted allocations [, , ] {{(pid=106458) delete_allocations /opt/stack/placement/placement/handlers/allocation.py:627}}
Oct 27 04:19:05.164518 dv-neutron-861124-4-hyperv devstack@placement-api.service[106458]: INFO placement.requestlog [req-67a6213b-6954-48d1-a09b-4d3351bc5879 req-856cf150-7c18-4d82-9d00-c50dec8cbcb0 service placement] 10.222.0.16 "DELETE /placement/allocations/2ba0a8b2-bd82-43bc-95d6-8e2c9007b928" status: 204 len: 0 microversion: 1.0
Oct 27 04:19:05.164899 dv-neutron-861124-4-hyperv devstack@placement-api.service[106458]: [pid: 106458|app: 0|req: 543/1085] 10.222.0.16 () {60 vars in 1355 bytes} [Thu Oct 27 04:19:04 2022] DELETE /placement/allocations/2ba0a8b2-bd82-43bc-95d6-8e2c9007b928 => generated 0 bytes in 177 msecs (HTTP/1.1 204) 5 headers in 198 bytes (1 switches on core 0)
Oct 27 04:19:05.447442 dv-neutron-861124-4-hyperv devstack@placement-api.service[106457]: DEBUG placement.requestlog [req-67a6213b-6954-48d1-a09b-4d3351bc5879 req-40d4296c-398f-43ca-972a-afa83f318097 None None] Starting request: 10.222.0.16 "GET /placement/resource_providers/7fc47fbd-148f-49f3-9780-c56259b282d3/allocations" {{(pid=106457) __call__ /opt/stack/placement/placement/requestlog.py:55}}
Oct 27 04:19:05.464870 dv-neutron-861124-4-hyperv devstack@placement-api.service[106457]: INFO placement.requestlog [req-67a6213b-6954-48d1-a09b-4d3351bc5879 req-40d4296c-398f-43ca-972a-afa83f318097 service placement] 10.222.0.16 "GET /placement/resource_providers/7fc47fbd-148f-49f3-9780-c56259b282d3/allocations" status: 200 len: 55 microversion: 1.0
Oct 27 04:19:05.465370 dv-neutron-861124-4-hyperv devstack@placement-api.service[106457]: [pid: 106457|app: 0|req: 543/1086] 10.222.0.16 () {58 vars in 1390 bytes} [Thu Oct 27 04:19:05 2022] GET /placement/resource_providers/7fc47fbd-148f-49f3-9780-c56259b282d3/allocations => generated 55 bytes in 18 msecs (HTTP/1.1 200) 6 headers in 223 bytes (1 switches on core 0)
Oct 27 04:19:07.545848 dv-neutron-861124-4-hyperv devstack@placement-api.service[106458]: DEBUG placement.requestlog [req-3902742d-f111-4c4a-bf1b-59580c2039c7 req-f61fe520-9a12-49a4-980e-573bb0b70713 None None] Starting request: 10.222.0.43 "GET /placement/allocation_candidates?limit=1000&resources=DISK_GB%3A1%2CMEMORY_MB%3A1024%2CVCPU%3A1&root_required=%21COMPUTE_STATUS_DISABLED" {{(pid=106458) __call__ /opt/stack/placement/placement/requestlog.py:55}}
Oct 27 04:19:07.657436 dv-neutron-861124-4-hyperv devstack@placement-api.service[106458]: DEBUG placement.objects.research_context [req-3902742d-f111-4c4a-bf1b-59580c2039c7 req-f61fe520-9a12-49a4-980e-573bb0b70713 service placement] getting providers with 1 DISK_GB {{(pid=106458) __init__ /opt/stack/placement/placement/objects/research_context.py:136}}
Oct 27 04:19:07.663131 dv-neutron-861124-4-hyperv devstack@placement-api.service[106458]: DEBUG placement.objects.research_context [req-3902742d-f111-4c4a-bf1b-59580c2039c7 req-f61fe520-9a12-49a4-980e-573bb0b70713 service placement] getting providers with 1024 MEMORY_MB {{(pid=106458) __init__ /opt/stack/placement/placement/objects/research_context.py:136}}
Oct 27 04:19:07.668256 dv-neutron-861124-4-hyperv devstack@placement-api.service[106458]: DEBUG placement.objects.research_context [req-3902742d-f111-4c4a-bf1b-59580c2039c7 req-f61fe520-9a12-49a4-980e-573bb0b70713 service placement] getting providers with 1 VCPU {{(pid=106458) __init__ /opt/stack/placement/placement/objects/research_context.py:136}}
Oct 27 04:19:07.673166 dv-neutron-861124-4-hyperv devstack@placement-api.service[106458]: DEBUG placement.objects.research_context [req-3902742d-f111-4c4a-bf1b-59580c2039c7 req-f61fe520-9a12-49a4-980e-573bb0b70713 service placement] found 1 providers with available 1 DISK_GB {{(pid=106458) get_provider_ids_matching /opt/stack/placement/placement/objects/research_context.py:563}}
Oct 27 04:19:07.673432 dv-neutron-861124-4-hyperv devstack@placement-api.service[106458]: DEBUG placement.objects.research_context [req-3902742d-f111-4c4a-bf1b-59580c2039c7 req-f61fe520-9a12-49a4-980e-573bb0b70713 service placement] found 1 providers with available 1024 MEMORY_MB {{(pid=106458) get_provider_ids_matching /opt/stack/placement/placement/objects/research_context.py:563}}
Oct 27 04:19:07.673695 dv-neutron-861124-4-hyperv devstack@placement-api.service[106458]: DEBUG placement.objects.research_context [req-3902742d-f111-4c4a-bf1b-59580c2039c7 req-f61fe520-9a12-49a4-980e-573bb0b70713 service placement] found 1 providers after filtering by previous result {{(pid=106458) get_provider_ids_matching /opt/stack/placement/placement/objects/research_context.py:594}}
Oct 27 04:19:07.673963 dv-neutron-861124-4-hyperv devstack@placement-api.service[106458]: DEBUG placement.objects.research_context [req-3902742d-f111-4c4a-bf1b-59580c2039c7 req-f61fe520-9a12-49a4-980e-573bb0b70713 service placement] found 1 providers with available 1 VCPU {{(pid=106458) get_provider_ids_matching /opt/stack/placement/placement/objects/research_context.py:563}}
Oct 27 04:19:07.674197 dv-neutron-861124-4-hyperv devstack@placement-api.service[106458]: DEBUG placement.objects.research_context [req-3902742d-f111-4c4a-bf1b-59580c2039c7 req-f61fe520-9a12-49a4-980e-573bb0b70713 service placement] found 1 providers after filtering by previous result {{(pid=106458) get_provider_ids_matching /opt/stack/placement/placement/objects/research_context.py:594}}
Oct 27 04:19:07.685792 dv-neutron-861124-4-hyperv devstack@placement-api.service[106458]: DEBUG placement.objects.allocation_candidate [req-3902742d-f111-4c4a-bf1b-59580c2039c7 req-f61fe520-9a12-49a4-980e-573bb0b70713 service placement] RequestGroup(use_same_provider=False, resources={DISK_GB:1, MEMORY_MB:1024, VCPU:1}, traits=(), aggregates=[]) (suffix '') returned 1 matches {{(pid=106458) _get_by_requests /opt/stack/placement/placement/objects/allocation_candidate.py:156}}
Oct 27 04:19:07.686120 dv-neutron-861124-4-hyperv devstack@placement-api.service[106458]: DEBUG placement.objects.allocation_candidate [req-3902742d-f111-4c4a-bf1b-59580c2039c7 req-f61fe520-9a12-49a4-980e-573bb0b70713 service placement] Merging candidates yields 1 allocation requests and 1 provider summaries {{(pid=106458) _merge_candidates /opt/stack/placement/placement/objects/allocation_candidate.py:809}}
Oct 27 04:19:07.687508 dv-neutron-861124-4-hyperv devstack@placement-api.service[106458]: INFO placement.requestlog [req-3902742d-f111-4c4a-bf1b-59580c2039c7 req-f61fe520-9a12-49a4-980e-573bb0b70713 service placement] 10.222.0.43 "GET /placement/allocation_candidates?limit=1000&resources=DISK_GB%3A1%2CMEMORY_MB%3A1024%2CVCPU%3A1&root_required=%21COMPUTE_STATUS_DISABLED" status: 200 len: 764 microversion: 1.36
Oct 27 04:19:07.687839 dv-neutron-861124-4-hyperv devstack@placement-api.service[106458]: [pid: 106458|app: 0|req: 544/1087] 10.222.0.43 () {60 vars in 1506 bytes} [Thu Oct 27 04:19:07 2022] GET /placement/allocation_candidates?limit=1000&resources=DISK_GB%3A1%2CMEMORY_MB%3A1024%2CVCPU%3A1&root_required=%21COMPUTE_STATUS_DISABLED => generated 764 bytes in 142 msecs (HTTP/1.1 200) 8 headers in 296 bytes (1 switches on core 0)
Oct 27 04:19:07.727134 dv-neutron-861124-4-hyperv devstack@placement-api.service[106457]: DEBUG placement.requestlog [req-3902742d-f111-4c4a-bf1b-59580c2039c7 req-b1ae3790-e9c1-48ab-95e3-a4da902984d9 None None] Starting request: 10.222.0.43 "GET /placement/allocations/2ba0a8b2-bd82-43bc-95d6-8e2c9007b928" {{(pid=106457) __call__ /opt/stack/placement/placement/requestlog.py:55}}
Oct 27 04:19:07.737659 dv-neutron-861124-4-hyperv devstack@placement-api.service[106457]: INFO placement.requestlog [req-3902742d-f111-4c4a-bf1b-59580c2039c7 req-b1ae3790-e9c1-48ab-95e3-a4da902984d9 service placement] 10.222.0.43 "GET /placement/allocations/2ba0a8b2-bd82-43bc-95d6-8e2c9007b928" status: 200 len: 19 microversion: 1.28
Oct 27 04:19:07.737979 dv-neutron-861124-4-hyperv devstack@placement-api.service[106457]: [pid: 106457|app: 0|req: 544/1088] 10.222.0.43 () {60 vars in 1380 bytes} [Thu Oct 27 04:19:07 2022] GET /placement/allocations/2ba0a8b2-bd82-43bc-95d6-8e2c9007b928 => generated 19 bytes in 11 msecs (HTTP/1.1 200) 8 headers in 295 bytes (1 switches on core 0)
Oct 27 04:19:07.743597 dv-neutron-861124-4-hyperv devstack@placement-api.service[106458]: DEBUG placement.requestlog [req-3902742d-f111-4c4a-bf1b-59580c2039c7 req-9353fd88-cf11-4c9d-9f43-d49ee7ed7df2 None None] Starting request: 10.222.0.43 "PUT /placement/allocations/2ba0a8b2-bd82-43bc-95d6-8e2c9007b928" {{(pid=106458) __call__ /opt/stack/placement/placement/requestlog.py:55}}
Oct 27 04:19:07.857411 dv-neutron-861124-4-hyperv devstack@placement-api.service[106458]: DEBUG placement.handlers.allocation [req-3902742d-f111-4c4a-bf1b-59580c2039c7 req-9353fd88-cf11-4c9d-9f43-d49ee7ed7df2 service placement] Successfully wrote allocations [, , ] {{(pid=106458) _update_consumers_and_create_allocations /opt/stack/placement/placement/handlers/allocation.py:462}}
Oct 27 04:19:07.920381 dv-neutron-861124-4-hyperv devstack@placement-api.service[106458]: INFO placement.requestlog [req-3902742d-f111-4c4a-bf1b-59580c2039c7 req-9353fd88-cf11-4c9d-9f43-d49ee7ed7df2 service placement] 10.222.0.43 "PUT /placement/allocations/2ba0a8b2-bd82-43bc-95d6-8e2c9007b928" status: 204 len: 0 microversion: 1.36
Oct 27 04:19:07.920733 dv-neutron-861124-4-hyperv devstack@placement-api.service[106458]: [pid: 106458|app: 0|req: 545/1089] 10.222.0.43 () {64 vars in 1433 bytes} [Thu Oct 27 04:19:07 2022] PUT /placement/allocations/2ba0a8b2-bd82-43bc-95d6-8e2c9007b928 => generated 0 bytes in 177 msecs (HTTP/1.1 204) 5 headers in 199 bytes (1 switches on core 0)
Oct 27 04:19:08.435807 dv-neutron-861124-4-hyperv devstack@placement-api.service[106457]: DEBUG placement.requestlog [req-3902742d-f111-4c4a-bf1b-59580c2039c7 req-04d7f781-69c2-4ebe-9980-96be45c31822 None None] Starting request: 10.222.0.16 "GET /placement/allocations/2ba0a8b2-bd82-43bc-95d6-8e2c9007b928" {{(pid=106457) __call__ /opt/stack/placement/placement/requestlog.py:55}}
Oct 27 04:19:08.451352 dv-neutron-861124-4-hyperv devstack@placement-api.service[106457]: INFO placement.requestlog [req-3902742d-f111-4c4a-bf1b-59580c2039c7 req-04d7f781-69c2-4ebe-9980-96be45c31822 service placement] 10.222.0.16 "GET /placement/allocations/2ba0a8b2-bd82-43bc-95d6-8e2c9007b928" status: 200 len: 259 microversion: 1.28
Oct 27 04:19:08.451687 dv-neutron-861124-4-hyperv devstack@placement-api.service[106457]: [pid: 106457|app: 0|req: 545/1090] 10.222.0.16 () {60 vars in 1377 bytes} [Thu Oct 27 04:19:08 2022] GET /placement/allocations/2ba0a8b2-bd82-43bc-95d6-8e2c9007b928 => generated 259 bytes in 16 msecs (HTTP/1.1 200) 8 headers in 296 bytes (1 switches on core 0)
Oct 27 04:19:08.855459 dv-neutron-861124-4-hyperv devstack@placement-api.service[106458]: DEBUG placement.requestlog [req-3902742d-f111-4c4a-bf1b-59580c2039c7 req-09119bec-2c2b-4f9b-be84-7ea1c5985b7c None None] Starting request: 10.222.0.16 "GET /placement/resource_providers/7fc47fbd-148f-49f3-9780-c56259b282d3/allocations" {{(pid=106458) __call__ /opt/stack/placement/placement/requestlog.py:55}}
Oct 27 04:19:08.876259 dv-neutron-861124-4-hyperv devstack@placement-api.service[106458]: INFO placement.requestlog [req-3902742d-f111-4c4a-bf1b-59580c2039c7 req-09119bec-2c2b-4f9b-be84-7ea1c5985b7c service placement] 10.222.0.16 "GET /placement/resource_providers/7fc47fbd-148f-49f3-9780-c56259b282d3/allocations" status: 200 len: 154 microversion: 1.0
Oct 27 04:19:08.876725 dv-neutron-861124-4-hyperv devstack@placement-api.service[106458]: [pid: 106458|app: 0|req: 546/1091] 10.222.0.16 () {58 vars in 1390 bytes} [Thu Oct 27 04:19:08 2022] GET /placement/resource_providers/7fc47fbd-148f-49f3-9780-c56259b282d3/allocations => generated 154 bytes in 22 msecs (HTTP/1.1 200) 6 headers in 224 bytes (1 switches on core 0)
Oct 27 04:19:08.887931 dv-neutron-861124-4-hyperv devstack@placement-api.service[106457]: DEBUG placement.requestlog [req-3902742d-f111-4c4a-bf1b-59580c2039c7 req-d022d7d3-8cbf-4514-a3d6-56465bb0dfaa None None] Starting request: 10.222.0.16 "GET /placement/allocations/2ba0a8b2-bd82-43bc-95d6-8e2c9007b928" {{(pid=106457) __call__ /opt/stack/placement/placement/requestlog.py:55}}
